-- Table structure for table `design_change`
--

CREATE TABLE `design_change` (
  `design_change_id` int(11) NOT NULL AUTO_INCREMENT COMMENT 'Design Change ID',
  `store_id` smallint(5) unsigned NOT NULL DEFAULT '0' COMMENT 'Store ID',
  `design` varchar(255) DEFAULT NULL COMMENT 'Design',
  `date_from` date DEFAULT NULL COMMENT 'First Date of Design Activity',
  `date_to` date DEFAULT NULL COMMENT 'Last Date of Design Activity',
  PRIMARY KEY (`design_change_id`),
  KEY `DESIGN_CHANGE_STORE_ID` (`store_id`),
  CONSTRAINT `DESIGN_CHANGE_STORE_ID_STORE_STORE_ID` FOREIGN KEY (`store_id`) REFERENCES `store` (`store_id`) ON DELETE CASCADE
) ENGINE=InnoDB DEFAULT CHARSET=utf8 COMMENT='Design Changes';

--
-- Dumping data for table `design_change`
--


--
-- Table structure for table `design_config_dummy_cl`
--

CREATE TABLE `design_config_dummy_cl` (
  `version_id` int(10) unsigned NOT NULL AUTO_INCREMENT COMMENT 'Version ID',
  `entity_id` int(10) unsigned NOT NULL DEFAULT '0' COMMENT 'Entity ID',
  PRIMARY KEY (`version_id`)
) ENGINE=InnoDB DEFAULT CHARSET=utf8 COMMENT='design_config_dummy_cl';

--
-- Dumping data for table `design_config_dummy_cl`
--


--
-- Table structure for table `design_config_grid_flat`
--

CREATE TABLE `design_config_grid_flat` (
  `entity_id` int(10) unsigned NOT NULL COMMENT 'Entity ID',
  `store_website_id` int(11) DEFAULT NULL COMMENT 'Store_website_id',
  `store_group_id` int(11) DEFAULT NULL COMMENT 'Store_group_id',
  `store_id` int(11) DEFAULT NULL COMMENT 'Store_id',
  `theme_theme_id` varchar(255) DEFAULT NULL COMMENT 'Theme_theme_id',
  PRIMARY KEY (`entity_id`),
  KEY `DESIGN_CONFIG_GRID_FLAT_STORE_WEBSITE_ID` (`store_website_id`),
  KEY `DESIGN_CONFIG_GRID_FLAT_STORE_GROUP_ID` (`store_group_id`),
  KEY `DESIGN_CONFIG_GRID_FLAT_STORE_ID` (`store_id`),
  FULLTEXT KEY `DESIGN_CONFIG_GRID_FLAT_THEME_THEME_ID` (`theme_theme_id`)
) ENGINE=InnoDB DEFAULT CHARSET=utf8 COMMENT='design_config_grid_flat';

--
-- Dumping data for table `design_config_grid_flat`
--

INSERT INTO `design_config_grid_flat` VALUES (0,NULL,NULL,NULL,'9'),(1,1,NULL,NULL,'9'),(2,1,1,5,'9'),(3,1,1,6,'9'),(4,1,1,7,'9');

--
-- Table structure for table `directory_country`
--

CREATE TABLE `directory_country` (
  `country_id` varchar(2) NOT NULL COMMENT 'Country ID in ISO-2',
  `iso2_code` varchar(2) DEFAULT NULL COMMENT 'Country ISO-2 format',
  `iso3_code` varchar(3) DEFAULT NULL COMMENT 'Country ISO-3',
  PRIMARY KEY (`country_id`)
) ENGINE=InnoDB DEFAULT CHARSET=utf8 COMMENT='Directory Country';

--
-- Dumping data for table `directory_country`
--

INSERT INTO `directory_country` VALUES ('AD','AD','AND'),('AE','AE','ARE'),('AF','AF','AFG'),('AG','AG','ATG'),('AI','AI','AIA'),('AL','AL','ALB'),('AM','AM','ARM'),('AN','AN','ANT'),('AO','AO','AGO'),('AQ','AQ','ATA'),('AR','AR','ARG'),('AS','AS','ASM'),('AT','AT','AUT'),('AU','AU','AUS'),('AW','AW','ABW'),('AX','AX','ALA'),('AZ','AZ','AZE'),('BA','BA','BIH'),('BB','BB','BRB'),('BD','BD','BGD'),('BE','BE','BEL'),('BF','BF','BFA'),('BG','BG','BGR'),('BH','BH','BHR'),('BI','BI','BDI'),('BJ','BJ','BEN'),('BL','BL','BLM'),('BM','BM','BMU'),('BN','BN','BRN'),('BO','BO','BOL'),('BQ','BQ','BES'),('BR','BR','BRA'),('BS','BS','BHS'),('BT','BT','BTN'),('BV','BV','BVT'),('BW','BW','BWA'),('BY','BY','BLR'),('BZ','BZ','BLZ'),('CA','CA','CAN'),('CC','CC','CCK'),('CD','CD','COD'),('CF','CF','CAF'),('CG','CG','COG'),('CH','CH','CHE'),('CI','CI','CIV'),('CK','CK','COK'),('CL','CL','CHL'),('CM','CM','CMR'),('CN','CN','CHN'),('CO','CO','COL'),('CR','CR','CRI'),('CU','CU','CUB'),('CV','CV','CPV'),('CW','CW','CUW'),('CX','CX','CXR'),('CY','CY','CYP'),('CZ','CZ','CZE'),('DE','DE','DEU'),('DJ','DJ','DJI'),('DK','DK','DNK'),('DM','DM','DMA'),('DO','DO','DOM'),('DZ','DZ','DZA'),('EC','EC','ECU'),('EE','EE','EST'),('EG','EG','EGY'),('EH','EH','ESH'),('ER','ER','ERI'),('ES','ES','ESP'),('ET','ET','ETH'),('FI','FI','FIN'),('FJ','FJ','FJI'),('FK','FK','FLK'),('FM','FM','FSM'),('FO','FO','FRO'),('FR','FR','FRA'),('GA','GA','GAB'),('GB','GB','GBR'),('GD','GD','GRD'),('GE','GE','GEO'),('GF','GF','GUF'),('GG','GG','GGY'),('GH','GH','GHA'),('GI','GI','GIB'),('GL','GL','GRL'),('GM','GM','GMB'),('GN','GN','GIN'),('GP','GP','GLP'),('GQ','GQ','GNQ'),('GR','GR','GRC'),('GS','GS','SGS'),('GT','GT','GTM'),('GU','GU','GUM'),('GW','GW','GNB'),('GY','GY','GUY'),('HK','HK','HKG'),('HM','HM','HMD'),('HN','HN','HND'),('HR','HR','HRV'),('HT','HT','HTI'),('HU','HU','HUN'),('ID','ID','IDN'),('IE','IE','IRL'),('IL','IL','ISR'),('IM','IM','IMN'),('IN','IN','IND'),('IO','IO','IOT'),('IQ','IQ','IRQ'),('IR','IR','IRN'),('IS','IS','ISL'),('IT','IT','ITA'),('JE','JE','JEY'),('JM','JM','JAM'),('JO','JO','JOR'),('JP','JP','JPN'),('KE','KE','KEN'),('KG','KG','KGZ'),('KH','KH','KHM'),('KI','KI','KIR'),('KM','KM','COM'),('KN','KN','KNA'),('KP','KP','PRK'),('KR','KR','KOR'),('KW','KW','KWT'),('KY','KY','CYM'),('KZ','KZ','KAZ'),('LA','LA','LAO'),('LB','LB','LBN'),('LC','LC','LCA'),('LI','LI','LIE'),('LK','LK','LKA'),('LR','LR','LBR'),('LS','LS','LSO'),('LT','LT','LTU'),('LU','LU','LUX'),('LV','LV','LVA'),('LY','LY','LBY'),('MA','MA','MAR'),('MC','MC','MCO'),('MD','MD','MDA'),('ME','ME','MNE'),('MF','MF','MAF'),('MG','MG','MDG'),('MH','MH','MHL'),('MK','MK','MKD'),('ML','ML','MLI'),('MM','MM','MMR'),('MN','MN','MNG'),('MO','MO','MAC'),('MP','MP','MNP'),('MQ','MQ','MTQ'),('MR','MR','MRT'),('MS','MS','MSR'),('MT','MT','MLT'),('MU','MU','MUS'),('MV','MV','MDV'),('MW','MW','MWI'),('MX','MX','MEX'),('MY','MY','MYS'),('MZ','MZ','MOZ'),('NA','NA','NAM'),('NC','NC','NCL'),('NE','NE','NER'),('NF','NF','NFK'),('NG','NG','NGA'),('NI','NI','NIC'),('NL','NL','NLD'),('NO','NO','NOR'),('NP','NP','NPL'),('NR','NR','NRU'),('NU','NU','NIU'),('NZ','NZ','NZL'),('OM','OM','OMN'),('PA','PA','PAN'),('PE','PE','PER'),('PF','PF','PYF'),('PG','PG','PNG'),('PH','PH','PHL'),('PK','PK','PAK'),('PL','PL','POL'),('PM','PM','SPM'),('PN','PN','PCN'),('PS','PS','PSE'),('PT','PT','PRT'),('PW','PW','PLW'),('PY','PY','PRY'),('QA','QA','QAT'),('RE','RE','REU'),('RO','RO','ROU'),('RS','RS','SRB'),('RU','RU','RUS'),('RW','RW','RWA'),('SA','SA','SAU'),('SB','SB','SLB'),('SC','SC','SYC'),('SD','SD','SDN'),('SE','SE','SWE'),('SG','SG','SGP'),('SH','SH','SHN'),('SI','SI','SVN'),('SJ','SJ','SJM'),('SK','SK','SVK'),('SL','SL','SLE'),('SM','SM','SMR'),('SN','SN','SEN'),('SO','SO','SOM'),('SR','SR','SUR'),('ST','ST','STP'),('SV','SV','SLV'),('SX','SX','SXM'),('SY','SY','SYR'),('SZ','SZ','SWZ'),('TC','TC','TCA'),('TD','TD','TCD'),('TF','TF','ATF'),('TG','TG','TGO'),('TH','TH','THA'),('TJ','TJ','TJK'),('TK','TK','TKL'),('TL','TL','TLS'),('TM','TM','TKM'),('TN','TN','TUN'),('TO','TO','TON'),('TR','TR','TUR'),('TT','TT','TTO'),('TV','TV','TUV'),('TW','TW','TWN'),('TZ','TZ','TZA'),('UA','UA','UKR'),('UG','UG','UGA'),('UM','UM','UMI'),('US','US','USA'),('UY','UY','URY'),('UZ','UZ','UZB'),('VA','VA','VAT'),('VC','VC','VCT'),('VE','VE','VEN'),('VG','VG','VGB'),('VI','VI','VIR'),('VN','VN','VNM'),('VU','VU','VUT'),('WF','WF','WLF'),('WS','WS','WSM'),('XK','XK','XKX'),('YE','YE','YEM'),('YT','YT','MYT'),('ZA','ZA','ZAF'),('ZM','ZM','ZMB'),('ZW','ZW','ZWE');

--
-- Table structure for table `directory_country_format`
--

CREATE TABLE `directory_country_format` (
  `country_format_id` int(10) unsigned NOT NULL AUTO_INCREMENT COMMENT 'Country Format ID',
  `country_id` varchar(2) DEFAULT NULL COMMENT 'Country ID in ISO-2',
  `type` varchar(30) DEFAULT NULL COMMENT 'Country Format Type',
  `format` text NOT NULL COMMENT 'Country Format',
  PRIMARY KEY (`country_format_id`),
  UNIQUE KEY `DIRECTORY_COUNTRY_FORMAT_COUNTRY_ID_TYPE` (`country_id`,`type`)
) ENGINE=InnoDB DEFAULT CHARSET=utf8 COMMENT='Directory Country Format';

--
-- Dumping data for table `directory_country_format`
--


--
-- Table structure for table `directory_country_region`
--

CREATE TABLE `directory_country_region` (
  `region_id` int(10) unsigned NOT NULL AUTO_INCREMENT COMMENT 'Region ID',
  `country_id` varchar(4) NOT NULL DEFAULT '0' COMMENT 'Country ID in ISO-2',
  `code` varchar(32) DEFAULT NULL COMMENT 'Region code',
  `default_name` varchar(255) DEFAULT NULL COMMENT 'Region Name',
  PRIMARY KEY (`region_id`),
  KEY `DIRECTORY_COUNTRY_REGION_COUNTRY_ID` (`country_id`)
) ENGINE=InnoDB AUTO_INCREMENT=1101 DEFAULT CHARSET=utf8 COMMENT='Directory Country Region';

--
-- Dumping data for table `directory_country_region`
--

INSERT INTO `directory_country_region` VALUES (1,'US','AL','Alabama'),(2,'US','AK','Alaska'),(3,'US','AS','American Samoa'),(4,'US','AZ','Arizona'),(5,'US','AR','Arkansas'),(6,'US','AE','Armed Forces Africa'),(7,'US','AA','Armed Forces Americas'),(8,'US','AE','Armed Forces Canada'),(9,'US','AE','Armed Forces Europe'),(10,'US','AE','Armed Forces Middle East'),(11,'US','AP','Armed Forces Pacific'),(12,'US','CA','California'),(13,'US','CO','Colorado'),(14,'US','CT','Connecticut'),(15,'US','DE','Delaware'),(16,'US','DC','District of Columbia'),(17,'US','FM','Federated States Of Micronesia'),(18,'US','FL','Florida'),(19,'US','GA','Georgia'),(20,'US','GU','Guam'),(21,'US','HI','Hawaii'),(22,'US','ID','Idaho'),(23,'US','IL','Illinois'),(24,'US','IN','Indiana'),(25,'US','IA','Iowa'),(26,'US','KS','Kansas'),(27,'US','KY','Kentucky'),(28,'US','LA','Louisiana'),(29,'US','ME','Maine'),(30,'US','MH','Marshall Islands'),(31,'US','MD','Maryland'),(32,'US','MA','Massachusetts'),(33,'US','MI','Michigan'),(34,'US','MN','Minnesota'),(35,'US','MS','Mississippi'),(36,'US','MO','Missouri'),(37,'US','MT','Montana'),(38,'US','NE','Nebraska'),(39,'US','NV','Nevada'),(40,'US','NH','New Hampshire'),(41,'US','NJ','New Jersey'),(42,'US','NM','New Mexico'),(43,'US','NY','New York'),(44,'US','NC','North Carolina'),(45,'US','ND','North Dakota'),(46,'US','MP','Northern Mariana Islands'),(47,'US','OH','Ohio'),(48,'US','OK','Oklahoma'),(49,'US','OR','Oregon'),(50,'US','PW','Palau'),(51,'US','PA','Pennsylvania'),(52,'US','PR','Puerto Rico'),(53,'US','RI','Rhode Island'),(54,'US','SC','South Carolina'),(55,'US','SD','South Dakota'),(56,'US','TN','Tennessee'),(57,'US','TX','Texas'),(58,'US','UT','Utah'),(59,'US','VT','Vermont'),(60,'US','VI','Virgin Islands'),(61,'US','VA','Virginia'),(62,'US','WA','Washington'),(63,'US','WV','West Virginia'),(64,'US','WI','Wisconsin'),(65,'US','WY','Wyoming'),(66,'CA','AB','Alberta'),(67,'CA','BC','British Columbia'),(68,'CA','MB','Manitoba'),(69,'CA','NL','Newfoundland and Labrador'),(70,'CA','NB','New Brunswick'),(71,'CA','NS','Nova Scotia'),(72,'CA','NT','Northwest Territories'),(73,'CA','NU','Nunavut'),(74,'CA','ON','Ontario'),(75,'CA','PE','Prince Edward Island'),(76,'CA','QC','Quebec'),(77,'CA','SK','Saskatchewan'),(78,'CA','YT','Yukon Territory'),(79,'DE','NDS','Niedersachsen'),(80,'DE','BAW','Baden-Württemberg'),(81,'DE','BAY','Bayern'),(82,'DE','BER','Berlin'),(83,'DE','BRG','Brandenburg'),(84,'DE','BRE','Bremen'),(85,'DE','HAM','Hamburg'),(86,'DE','HES','Hessen'),(87,'DE','MEC','Mecklenburg-Vorpommern'),(88,'DE','NRW','Nordrhein-Westfalen'),(89,'DE','RHE','Rheinland-Pfalz'),(90,'DE','SAR','Saarland'),(91,'DE','SAS','Sachsen'),(92,'DE','SAC','Sachsen-Anhalt'),(93,'DE','SCN','Schleswig-Holstein'),(94,'DE','THE','Thüringen'),(95,'AT','WI','Wien'),(96,'AT','NO','Niederösterreich'),(97,'AT','OO','Oberösterreich'),(98,'AT','SB','Salzburg'),(99,'AT','KN','Kärnten'),(100,'AT','ST','Steiermark'),(101,'AT','TI','Tirol'),(102,'AT','BL','Burgenland'),(103,'AT','VB','Vorarlberg'),(104,'CH','AG','Aargau'),(105,'CH','AI','Appenzell Innerrhoden'),(106,'CH','AR','Appenzell Ausserrhoden'),(107,'CH','BE','Bern'),(108,'CH','BL','Basel-Landschaft'),(109,'CH','BS','Basel-Stadt'),(110,'CH','FR','Freiburg'),(111,'CH','GE','Genf'),(112,'CH','GL','Glarus'),(113,'CH','GR','Graubünden'),(114,'CH','JU','Jura'),(115,'CH','LU','Luzern'),(116,'CH','NE','Neuenburg'),(117,'CH','NW','Nidwalden'),(118,'CH','OW','Obwalden'),(119,'CH','SG','St. Gallen'),(120,'CH','SH','Schaffhausen'),(121,'CH','SO','Solothurn'),(122,'CH','SZ','Schwyz'),(123,'CH','TG','Thurgau'),(124,'CH','TI','Tessin'),(125,'CH','UR','Uri'),(126,'CH','VD','Waadt'),(127,'CH','VS','Wallis'),(128,'CH','ZG','Zug'),(129,'CH','ZH','Zürich'),(130,'ES','A Coruсa','A Coruña'),(131,'ES','Alava','Alava'),(132,'ES','Albacete','Albacete'),(133,'ES','Alicante','Alicante'),(134,'ES','Almeria','Almeria'),(135,'ES','Asturias','Asturias'),(136,'ES','Avila','Avila'),(137,'ES','Badajoz','Badajoz'),(138,'ES','Baleares','Baleares'),(139,'ES','Barcelona','Barcelona'),(140,'ES','Burgos','Burgos'),(141,'ES','Caceres','Caceres'),(142,'ES','Cadiz','Cadiz'),(143,'ES','Cantabria','Cantabria'),(144,'ES','Castellon','Castellon'),(145,'ES','Ceuta','Ceuta'),(146,'ES','Ciudad Real','Ciudad Real'),(147,'ES','Cordoba','Cordoba'),(148,'ES','Cuenca','Cuenca'),(149,'ES','Girona','Girona'),(150,'ES','Granada','Granada'),(151,'ES','Guadalajara','Guadalajara'),(152,'ES','Guipuzcoa','Guipuzcoa'),(153,'ES','Huelva','Huelva'),(154,'ES','Huesca','Huesca'),(155,'ES','Jaen','Jaen'),(156,'ES','La Rioja','La Rioja'),(157,'ES','Las Palmas','Las Palmas'),(158,'ES','Leon','Leon'),(159,'ES','Lleida','Lleida'),(160,'ES','Lugo','Lugo'),(161,'ES','Madrid','Madrid'),(162,'ES','Malaga','Malaga'),(163,'ES','Melilla','Melilla'),(164,'ES','Murcia','Murcia'),(165,'ES','Navarra','Navarra'),(166,'ES','Ourense','Ourense'),(167,'ES','Palencia','Palencia'),(168,'ES','Pontevedra','Pontevedra'),(169,'ES','Salamanca','Salamanca'),(170,'ES','Santa Cruz de Tenerife','Santa Cruz de Tenerife'),(171,'ES','Segovia','Segovia'),(172,'ES','Sevilla','Sevilla'),(173,'ES','Soria','Soria'),(174,'ES','Tarragona','Tarragona'),(175,'ES','Teruel','Teruel'),(176,'ES','Toledo','Toledo'),(177,'ES','Valencia','Valencia'),(178,'ES','Valladolid','Valladolid'),(179,'ES','Vizcaya','Vizcaya'),(180,'ES','Zamora','Zamora'),(181,'ES','Zaragoza','Zaragoza'),(182,'FR','1','Ain'),(183,'FR','2','Aisne'),(184,'FR','3','Allier'),(185,'FR','4','Alpes-de-Haute-Provence'),(186,'FR','5','Hautes-Alpes'),(187,'FR','6','Alpes-Maritimes'),(188,'FR','7','Ardèche'),(189,'FR','8','Ardennes'),(190,'FR','9','Ariège'),(191,'FR','10','Aube'),(192,'FR','11','Aude'),(193,'FR','12','Aveyron'),(194,'FR','13','Bouches-du-Rhône'),(195,'FR','14','Calvados'),(196,'FR','15','Cantal'),(197,'FR','16','Charente'),(198,'FR','17','Charente-Maritime'),(199,'FR','18','Cher'),(200,'FR','19','Corrèze'),(201,'FR','2A','Corse-du-Sud'),(202,'FR','2B','Haute-Corse'),(203,'FR','21','Côte-d\'Or'),(204,'FR','22','Côtes-d\'Armor'),(205,'FR','23','Creuse'),(206,'FR','24','Dordogne'),(207,'FR','25','Doubs'),(208,'FR','26','Drôme'),(209,'FR','27','Eure'),(210,'FR','28','Eure-et-Loir'),(211,'FR','29','Finistère'),(212,'FR','30','Gard'),(213,'FR','31','Haute-Garonne'),(214,'FR','32','Gers'),(215,'FR','33','Gironde'),(216,'FR','34','Hérault'),(217,'FR','35','Ille-et-Vilaine'),(218,'FR','36','Indre'),(219,'FR','37','Indre-et-Loire'),(220,'FR','38','Isère'),(221,'FR','39','Jura'),(222,'FR','40','Landes'),(223,'FR','41','Loir-et-Cher'),(224,'FR','42','Loire'),(225,'FR','43','Haute-Loire'),(226,'FR','44','Loire-Atlantique'),(227,'FR','45','Loiret'),(228,'FR','46','Lot'),(229,'FR','47','Lot-et-Garonne'),(230,'FR','48','Lozère'),(231,'FR','49','Maine-et-Loire'),(232,'FR','50','Manche'),(233,'FR','51','Marne'),(234,'FR','52','Haute-Marne'),(235,'FR','53','Mayenne'),(236,'FR','54','Meurthe-et-Moselle'),(237,'FR','55','Meuse'),(238,'FR','56','Morbihan'),(239,'FR','57','Moselle'),(240,'FR','58','Nièvre'),(241,'FR','59','Nord'),(242,'FR','60','Oise'),(243,'FR','61','Orne'),(244,'FR','62','Pas-de-Calais'),(245,'FR','63','Puy-de-Dôme'),(246,'FR','64','Pyrénées-Atlantiques'),(247,'FR','65','Hautes-Pyrénées'),(248,'FR','66','Pyrénées-Orientales'),(249,'FR','67','Bas-Rhin'),(250,'FR','68','Haut-Rhin'),(251,'FR','69','Rhône'),(252,'FR','70','Haute-Saône'),(253,'FR','71','Saône-et-Loire'),(254,'FR','72','Sarthe'),(255,'FR','73','Savoie'),(256,'FR','74','Haute-Savoie'),(257,'FR','75','Paris'),(258,'FR','76','Seine-Maritime'),(259,'FR','77','Seine-et-Marne'),(260,'FR','78','Yvelines'),(261,'FR','79','Deux-Sèvres'),(262,'FR','80','Somme'),(263,'FR','81','Tarn'),(264,'FR','82','Tarn-et-Garonne'),(265,'FR','83','Var'),(266,'FR','84','Vaucluse'),(267,'FR','85','Vendée'),(268,'FR','86','Vienne'),(269,'FR','87','Haute-Vienne'),(270,'FR','88','Vosges'),(271,'FR','89','Yonne'),(272,'FR','90','Territoire-de-Belfort'),(273,'FR','91','Essonne'),(274,'FR','92','Hauts-de-Seine'),(275,'FR','93','Seine-Saint-Denis'),(276,'FR','94','Val-de-Marne'),(277,'FR','95','Val-d\'Oise'),(278,'RO','AB','Alba'),(279,'RO','AR','Arad'),(280,'RO','AG','Argeş'),(281,'RO','BC','Bacău'),(282,'RO','BH','Bihor'),(283,'RO','BN','Bistriţa-Năsăud'),(284,'RO','BT','Botoşani'),(285,'RO','BV','Braşov'),(286,'RO','BR','Brăila'),(287,'RO','B','Bucureşti'),(288,'RO','BZ','Buzău'),(289,'RO','CS','Caraş-Severin'),(290,'RO','CL','Călăraşi'),(291,'RO','CJ','Cluj'),(292,'RO','CT','Constanţa'),(293,'RO','CV','Covasna'),(294,'RO','DB','Dâmboviţa'),(295,'RO','DJ','Dolj'),(296,'RO','GL','Galaţi'),(297,'RO','GR','Giurgiu'),(298,'RO','GJ','Gorj'),(299,'RO','HR','Harghita'),(300,'RO','HD','Hunedoara'),(301,'RO','IL','Ialomiţa'),(302,'RO','IS','Iaşi'),(303,'RO','IF','Ilfov'),(304,'RO','MM','Maramureş'),(305,'RO','MH','Mehedinţi'),(306,'RO','MS','Mureş'),(307,'RO','NT','Neamţ'),(308,'RO','OT','Olt'),(309,'RO','PH','Prahova'),(310,'RO','SM','Satu-Mare'),(311,'RO','SJ','Sălaj'),(312,'RO','SB','Sibiu'),(313,'RO','SV','Suceava'),(314,'RO','TR','Teleorman'),(315,'RO','TM','Timiş'),(316,'RO','TL','Tulcea'),(317,'RO','VS','Vaslui'),(318,'RO','VL','Vâlcea'),(319,'RO','VN','Vrancea'),(320,'FI','Lappi','Lappi'),(321,'FI','Pohjois-Pohjanmaa','Pohjois-Pohjanmaa'),(322,'FI','Kainuu','Kainuu'),(323,'FI','Pohjois-Karjala','Pohjois-Karjala'),(324,'FI','Pohjois-Savo','Pohjois-Savo'),(325,'FI','Etelä-Savo','Etelä-Savo'),(326,'FI','Etelä-Pohjanmaa','Etelä-Pohjanmaa'),(327,'FI','Pohjanmaa','Pohjanmaa'),(328,'FI','Pirkanmaa','Pirkanmaa'),(329,'FI','Satakunta','Satakunta'),(330,'FI','Keski-Pohjanmaa','Keski-Pohjanmaa'),(331,'FI','Keski-Suomi','Keski-Suomi'),(332,'FI','Varsinais-Suomi','Varsinais-Suomi'),(333,'FI','Etelä-Karjala','Etelä-Karjala'),(334,'FI','Päijät-Häme','Päijät-Häme'),(335,'FI','Kanta-Häme','Kanta-Häme'),(336,'FI','Uusimaa','Uusimaa'),(337,'FI','Itä-Uusimaa','Itä-Uusimaa'),(338,'FI','Kymenlaakso','Kymenlaakso'),(339,'FI','Ahvenanmaa','Ahvenanmaa'),(340,'EE','EE-37','Harjumaa'),(341,'EE','EE-39','Hiiumaa'),(342,'EE','EE-44','Ida-Virumaa'),(343,'EE','EE-49','Jõgevamaa'),(344,'EE','EE-51','Järvamaa'),(345,'EE','EE-57','Läänemaa'),(346,'EE','EE-59','Lääne-Virumaa'),(347,'EE','EE-65','Põlvamaa'),(348,'EE','EE-67','Pärnumaa'),(349,'EE','EE-70','Raplamaa'),(350,'EE','EE-74','Saaremaa'),(351,'EE','EE-78','Tartumaa'),(352,'EE','EE-82','Valgamaa'),(353,'EE','EE-84','Viljandimaa'),(354,'EE','EE-86','Võrumaa'),(355,'LV','LV-DGV','Daugavpils'),(356,'LV','LV-JEL','Jelgava'),(357,'LV','Jēkabpils','Jēkabpils'),(358,'LV','LV-JUR','Jūrmala'),(359,'LV','LV-LPX','Liepāja'),(360,'LV','LV-LE','Liepājas novads'),(361,'LV','LV-REZ','Rēzekne'),(362,'LV','LV-RIX','Rīga'),(363,'LV','LV-RI','Rīgas novads'),(364,'LV','Valmiera','Valmiera'),(365,'LV','LV-VEN','Ventspils'),(366,'LV','Aglonas novads','Aglonas novads'),(367,'LV','LV-AI','Aizkraukles novads'),(368,'LV','Aizputes novads','Aizputes novads'),(369,'LV','Aknīstes novads','Aknīstes novads'),(370,'LV','Alojas novads','Alojas novads'),(371,'LV','Alsungas novads','Alsungas novads'),(372,'LV','LV-AL','Alūksnes novads'),(373,'LV','Amatas novads','Amatas novads'),(374,'LV','Apes novads','Apes novads'),(375,'LV','Auces novads','Auces novads'),(376,'LV','Babītes novads','Babītes novads'),(377,'LV','Baldones novads','Baldones novads'),(378,'LV','Baltinavas novads','Baltinavas novads'),(379,'LV','LV-BL','Balvu novads'),(380,'LV','LV-BU','Bauskas novads'),(381,'LV','Beverīnas novads','Beverīnas novads'),(382,'LV','Brocēnu novads','Brocēnu novads'),(383,'LV','Burtnieku novads','Burtnieku novads'),(384,'LV','Carnikavas novads','Carnikavas novads'),(385,'LV','Cesvaines novads','Cesvaines novads'),(386,'LV','Ciblas novads','Ciblas novads'),(387,'LV','LV-CE','Cēsu novads'),(388,'LV','Dagdas novads','Dagdas novads'),(389,'LV','LV-DA','Daugavpils novads'),(390,'LV','LV-DO','Dobeles novads'),(391,'LV','Dundagas novads','Dundagas novads'),(392,'LV','Durbes novads','Durbes novads'),(393,'LV','Engures novads','Engures novads'),(394,'LV','Garkalnes novads','Garkalnes novads'),(395,'LV','Grobiņas novads','Grobiņas novads'),(396,'LV','LV-GU','Gulbenes novads'),(397,'LV','Iecavas novads','Iecavas novads'),(398,'LV','Ikšķiles novads','Ikšķiles novads'),(399,'LV','Ilūkstes novads','Ilūkstes novads'),(400,'LV','Inčukalna novads','Inčukalna novads'),(401,'LV','Jaunjelgavas novads','Jaunjelgavas novads'),(402,'LV','Jaunpiebalgas novads','Jaunpiebalgas novads'),(403,'LV','Jaunpils novads','Jaunpils novads'),(404,'LV','LV-JL','Jelgavas novads'),(405,'LV','LV-JK','Jēkabpils novads'),(406,'LV','Kandavas novads','Kandavas novads'),(407,'LV','Kokneses novads','Kokneses novads'),(408,'LV','Krimuldas novads','Krimuldas novads'),(409,'LV','Krustpils novads','Krustpils novads'),(410,'LV','LV-KR','Krāslavas novads'),(411,'LV','LV-KU','Kuldīgas novads'),(412,'LV','Kārsavas novads','Kārsavas novads'),(413,'LV','Lielvārdes novads','Lielvārdes novads'),(414,'LV','LV-LM','Limbažu novads'),(415,'LV','Lubānas novads','Lubānas novads'),(416,'LV','LV-LU','Ludzas novads'),(417,'LV','Līgatnes novads','Līgatnes novads'),(418,'LV','Līvānu novads','Līvānu novads'),(419,'LV','LV-MA','Madonas novads'),(420,'LV','Mazsalacas novads','Mazsalacas novads'),(421,'LV','Mālpils novads','Mālpils novads'),(422,'LV','Mārupes novads','Mārupes novads'),(423,'LV','Naukšēnu novads','Naukšēnu novads'),(424,'LV','Neretas novads','Neretas novads'),(425,'LV','Nīcas novads','Nīcas novads'),(426,'LV','LV-OG','Ogres novads'),(427,'LV','Olaines novads','Olaines novads'),(428,'LV','Ozolnieku novads','Ozolnieku novads'),(429,'LV','LV-PR','Preiļu novads'),(430,'LV','Priekules novads','Priekules novads'),(431,'LV','Priekuļu novads','Priekuļu novads'),(432,'LV','Pārgaujas novads','Pārgaujas novads'),(433,'LV','Pāvilostas novads','Pāvilostas novads'),(434,'LV','Pļaviņu novads','Pļaviņu novads'),(435,'LV','Raunas novads','Raunas novads'),(436,'LV','Riebiņu novads','Riebiņu novads'),(437,'LV','Rojas novads','Rojas novads'),(438,'LV','Ropažu novads','Ropažu novads'),(439,'LV','Rucavas novads','Rucavas novads'),(440,'LV','Rugāju novads','Rugāju novads'),(441,'LV','Rundāles novads','Rundāles novads'),(442,'LV','LV-RE','Rēzeknes novads'),(443,'LV','Rūjienas novads','Rūjienas novads'),(444,'LV','Salacgrīvas novads','Salacgrīvas novads'),(445,'LV','Salas novads','Salas novads'),(446,'LV','Salaspils novads','Salaspils novads'),(447,'LV','LV-SA','Saldus novads'),(448,'LV','Saulkrastu novads','Saulkrastu novads'),(449,'LV','Siguldas novads','Siguldas novads'),(450,'LV','Skrundas novads','Skrundas novads'),(451,'LV','Skrīveru novads','Skrīveru novads'),(452,'LV','Smiltenes novads','Smiltenes novads'),(453,'LV','Stopiņu novads','Stopiņu novads'),(454,'LV','Strenču novads','Strenču novads'),(455,'LV','Sējas novads','Sējas novads'),(456,'LV','LV-TA','Talsu novads'),(457,'LV','LV-TU','Tukuma novads'),(458,'LV','Tērvetes novads','Tērvetes novads'),(459,'LV','Vaiņodes novads','Vaiņodes novads'),(460,'LV','LV-VK','Valkas novads'),(461,'LV','LV-VM','Valmieras novads'),(462,'LV','Varakļānu novads','Varakļānu novads'),(463,'LV','Vecpiebalgas novads','Vecpiebalgas novads'),(464,'LV','Vecumnieku novads','Vecumnieku novads'),(465,'LV','LV-VE','Ventspils novads'),(466,'LV','Viesītes novads','Viesītes novads'),(467,'LV','Viļakas novads','Viļakas novads'),(468,'LV','Viļānu novads','Viļānu novads'),(469,'LV','Vārkavas novads','Vārkavas novads'),(470,'LV','Zilupes novads','Zilupes novads'),(471,'LV','Ādažu novads','Ādažu novads'),(472,'LV','Ērgļu novads','Ērgļu novads'),(473,'LV','Ķeguma novads','Ķeguma novads'),(474,'LV','Ķekavas novads','Ķekavas novads'),(475,'LT','LT-AL','Alytaus Apskritis'),(476,'LT','LT-KU','Kauno Apskritis'),(477,'LT','LT-KL','Klaipėdos Apskritis'),(478,'LT','LT-MR','Marijampolės Apskritis'),(479,'LT','LT-PN','Panevėžio Apskritis'),(480,'LT','LT-SA','Šiaulių Apskritis'),(481,'LT','LT-TA','Tauragės Apskritis'),(482,'LT','LT-TE','Telšių Apskritis'),(483,'LT','LT-UT','Utenos Apskritis'),(484,'LT','LT-VL','Vilniaus Apskritis'),(485,'BR','AC','Acre'),(486,'BR','AL','Alagoas'),(487,'BR','AP','Amapá'),(488,'BR','AM','Amazonas'),(489,'BR','BA','Bahia'),(490,'BR','CE','Ceará'),(491,'BR','ES','Espírito Santo'),(492,'BR','GO','Goiás'),(493,'BR','MA','Maranhão'),(494,'BR','MT','Mato Grosso'),(495,'BR','MS','Mato Grosso do Sul'),(496,'BR','MG','Minas Gerais'),(497,'BR','PA','Pará'),(498,'BR','PB','Paraíba'),(499,'BR','PR','Paraná'),(500,'BR','PE','Pernambuco'),(501,'BR','PI','Piauí'),(502,'BR','RJ','Rio de Janeiro'),(503,'BR','RN','Rio Grande do Norte'),(504,'BR','RS','Rio Grande do Sul'),(505,'BR','RO','Rondônia'),(506,'BR','RR','Roraima'),(507,'BR','SC','Santa Catarina'),(508,'BR','SP','São Paulo'),(509,'BR','SE','Sergipe'),(510,'BR','TO','Tocantins'),(511,'BR','DF','Distrito Federal'),(512,'HR','HR-01','Zagrebačka županija'),(513,'HR','HR-02','Krapinsko-zagorska županija'),(514,'HR','HR-03','Sisačko-moslavačka županija'),(515,'HR','HR-04','Karlovačka županija'),(516,'HR','HR-05','Varaždinska županija'),(517,'HR','HR-06','Koprivničko-križevačka županija'),(518,'HR','HR-07','Bjelovarsko-bilogorska županija'),(519,'HR','HR-08','Primorsko-goranska županija'),(520,'HR','HR-09','Ličko-senjska županija'),(521,'HR','HR-10','Virovitičko-podravska županija'),(522,'HR','HR-11','Požeško-slavonska županija'),(523,'HR','HR-12','Brodsko-posavska županija'),(524,'HR','HR-13','Zadarska županija'),(525,'HR','HR-14','Osječko-baranjska županija'),(526,'HR','HR-15','Šibensko-kninska županija'),(527,'HR','HR-16','Vukovarsko-srijemska županija'),(528,'HR','HR-17','Splitsko-dalmatinska županija'),(529,'HR','HR-18','Istarska županija'),(530,'HR','HR-19','Dubrovačko-neretvanska županija'),(531,'HR','HR-20','Međimurska županija'),(532,'HR','HR-21','Grad Zagreb'),(533,'IN','AN','Andaman and Nicobar Islands'),(534,'IN','AP','Andhra Pradesh'),(535,'IN','AR','Arunachal Pradesh'),(536,'IN','AS','Assam'),(537,'IN','BR','Bihar'),(538,'IN','CH','Chandigarh'),(539,'IN','CT','Chhattisgarh'),(540,'IN','DN','Dadra and Nagar Haveli'),(541,'IN','DD','Daman and Diu'),(542,'IN','DL','Delhi'),(543,'IN','GA','Goa'),(544,'IN','GJ','Gujarat'),(545,'IN','HR','Haryana'),(546,'IN','HP','Himachal Pradesh'),(547,'IN','JK','Jammu and Kashmir'),(548,'IN','JH','Jharkhand'),(549,'IN','KA','Karnataka'),(550,'IN','KL','Kerala'),(551,'IN','LD','Lakshadweep'),(552,'IN','MP','Madhya Pradesh'),(553,'IN','MH','Maharashtra'),(554,'IN','MN','Manipur'),(555,'IN','ML','Meghalaya'),(556,'IN','MZ','Mizoram'),(557,'IN','NL','Nagaland'),(558,'IN','OR','Odisha'),(559,'IN','PY','Puducherry'),(560,'IN','PB','Punjab'),(561,'IN','RJ','Rajasthan'),(562,'IN','SK','Sikkim'),(563,'IN','TN','Tamil Nadu'),(564,'IN','TG','Telangana'),(565,'IN','TR','Tripura'),(566,'IN','UP','Uttar Pradesh'),(567,'IN','UT','Uttarakhand'),(568,'IN','WB','West Bengal'),(569,'AU','ACT','Australian Capital Territory'),(570,'AU','NSW','New South Wales'),(571,'AU','VIC','Victoria'),(572,'AU','QLD','Queensland'),(573,'AU','SA','South Australia'),(574,'AU','TAS','Tasmania'),(575,'AU','WA','Western Australia'),(576,'AU','NT','Northern Territory'),(577,'BE','VAN','Antwerpen'),(578,'BE','WBR','Brabant wallon'),(579,'BE','BRU','Brussels-Capital Region'),(580,'BE','WHT','Hainaut'),(581,'BE','VLI','Limburg'),(582,'BE','WLG','Liège'),(583,'BE','WLX','Luxembourg'),(584,'BE','WNA','Namur'),(585,'BE','VOV','Oost-Vlaanderen'),(586,'BE','VBR','Vlaams-Brabant'),(587,'BE','VWV','West-Vlaanderen'),(588,'BG','BG-01','Blagoevgrad'),(589,'BG','BG-02','Burgas'),(590,'BG','BG-03','Varna'),(591,'BG','BG-04','Veliko Tarnovo'),(592,'BG','BG-05','Vidin'),(593,'BG','BG-06','Vratsa'),(594,'BG','BG-07','Gabrovo'),(595,'BG','BG-08','Dobrich'),(596,'BG','BG-09','Kardzhali'),(597,'BG','BG-10','Kyustendil'),(598,'BG','BG-11','Lovech'),(599,'BG','BG-12','Montana'),(600,'BG','BG-13','Pazardzhik'),(601,'BG','BG-14','Pernik'),(602,'BG','BG-15','Pleven'),(603,'BG','BG-16','Plovdiv'),(604,'BG','BG-17','Razgrad'),(605,'BG','BG-18','Ruse'),(606,'BG','BG-19','Silistra'),(607,'BG','BG-20','Sliven'),(608,'BG','BG-21','Smolyan'),(609,'BG','BG-22','Sofia City'),(610,'BG','BG-23','Sofia Province'),(611,'BG','BG-24','Stara Zagora'),(612,'BG','BG-25','Targovishte'),(613,'BG','BG-26','Haskovo'),(614,'BG','BG-27','Shumen'),(615,'BG','BG-28','Yambol'),(616,'CN','CN-AH','Anhui Sheng'),(617,'CN','CN-BJ','Beijing Shi'),(618,'CN','CN-CQ','Chongqing Shi'),(619,'CN','CN-FJ','Fujian Sheng'),(620,'CN','CN-GS','Gansu Sheng'),(621,'CN','CN-GD','Guangdong Sheng'),(622,'CN','CN-GX','Guangxi Zhuangzu Zizhiqu'),(623,'CN','CN-GZ','Guizhou Sheng'),(624,'CN','CN-HI','Hainan Sheng'),(625,'CN','CN-HE','Hebei Sheng'),(626,'CN','CN-HL','Heilongjiang Sheng'),(627,'CN','CN-HA','Henan Sheng'),(628,'CN','CN-HK','Hong Kong SAR'),(629,'CN','CN-HB','Hubei Sheng'),(630,'CN','CN-HN','Hunan Sheng'),(631,'CN','CN-JS','Jiangsu Sheng'),(632,'CN','CN-JX','Jiangxi Sheng'),(633,'CN','CN-JL','Jilin Sheng'),(634,'CN','CN-LN','Liaoning Sheng'),(635,'CN','CN-MO','Macao SAR'),(636,'CN','CN-NM','Nei Mongol Zizhiqu'),(637,'CN','CN-NX','Ningxia Huizi Zizhiqu'),(638,'CN','CN-QH','Qinghai Sheng'),(639,'CN','CN-SN','Shaanxi Sheng'),(640,'CN','CN-SD','Shandong Sheng'),(641,'CN','CN-SH','Shanghai Shi'),(642,'CN','CN-SX','Shanxi Sheng'),(643,'CN','CN-SC','Sichuan Sheng'),(644,'CN','CN-TW','Taiwan Sheng'),(645,'CN','CN-TJ','Tianjin Shi'),(646,'CN','CN-XJ','Xinjiang Uygur Zizhiqu'),(647,'CN','CN-XZ','Xizang Zizhiqu'),(648,'CN','CN-YN','Yunnan Sheng'),(649,'CN','CN-ZJ','Zhejiang Sheng'),(650,'CO','CO-AMA','Amazonas'),(651,'CO','CO-ANT','Antioquia'),(652,'CO','CO-ARA','Arauca'),(653,'CO','CO-ATL','Atlántico'),(654,'CO','CO-BOL','Bolívar'),(655,'CO','CO-BOY','Boyacá'),(656,'CO','CO-CAL','Caldas'),(657,'CO','CO-CAQ','Caquetá'),(658,'CO','CO-CAS','Casanare'),(659,'CO','CO-CAU','Cauca'),(660,'CO','CO-CES','Cesar'),(661,'CO','CO-CHO','Chocó'),(662,'CO','CO-COR','Córdoba'),(663,'CO','CO-CUN','Cundinamarca'),(664,'CO','CO-GUA','Guainía'),(665,'CO','CO-GUV','Guaviare'),(666,'CO','CO-HUL','Huila'),(667,'CO','CO-LAG','La Guajira'),(668,'CO','CO-MAG','Magdalena'),(669,'CO','CO-MET','Meta'),(670,'CO','CO-NAR','Nariño'),(671,'CO','CO-NSA','Norte de Santander'),(672,'CO','CO-PUT','Putumayo'),(673,'CO','CO-QUI','Quindío'),(674,'CO','CO-RIS','Risaralda'),(675,'CO','CO-SAP','San Andrés y Providencia'),(676,'CO','CO-SAN','Santander'),(677,'CO','CO-SUC','Sucre'),(678,'CO','CO-TOL','Tolima'),(679,'CO','CO-VAC','Valle del Cauca'),(680,'CO','CO-VAU','Vaupés'),(681,'CO','CO-VID','Vichada'),(682,'IT','AG','Agrigento'),(683,'IT','AL','Alessandria'),(684,'IT','AN','Ancona'),(685,'IT','AO','Aosta'),(686,'IT','AQ','L\'Aquila'),(687,'IT','AR','Arezzo'),(688,'IT','AP','Ascoli-Piceno'),(689,'IT','AT','Asti'),(690,'IT','AV','Avellino'),(691,'IT','BA','Bari'),(692,'IT','BT','Barletta-Andria-Trani'),(693,'IT','BL','Belluno'),(694,'IT','BN','Benevento'),(695,'IT','BG','Bergamo'),(696,'IT','BI','Biella'),(697,'IT','BO','Bologna'),(698,'IT','BZ','Bolzano'),(699,'IT','BS','Brescia'),(700,'IT','BR','Brindisi'),(701,'IT','CA','Cagliari'),(702,'IT','CL','Caltanissetta'),(703,'IT','CB','Campobasso'),(704,'IT','CI','Carbonia Iglesias'),(705,'IT','CE','Caserta'),(706,'IT','CT','Catania'),(707,'IT','CZ','Catanzaro'),(708,'IT','CH','Chieti'),(709,'IT','CO','Como'),(710,'IT','CS','Cosenza'),(711,'IT','CR','Cremona'),(712,'IT','KR','Crotone'),(713,'IT','CN','Cuneo'),(714,'IT','EN','Enna'),(715,'IT','FM','Fermo'),(716,'IT','FE','Ferrara'),(717,'IT','FI','Firenze'),(718,'IT','FG','Foggia'),(719,'IT','FC','Forli-Cesena'),(720,'IT','FR','Frosinone'),(721,'IT','GE','Genova'),(722,'IT','GO','Gorizia'),(723,'IT','GR','Grosseto'),(724,'IT','IM','Imperia'),(725,'IT','IS','Isernia'),(726,'IT','SP','La-Spezia'),(727,'IT','LT','Latina'),(728,'IT','LE','Lecce'),(729,'IT','LC','Lecco'),(730,'IT','LI','Livorno'),(731,'IT','LO','Lodi'),(732,'IT','LU','Lucca'),(733,'IT','MC','Macerata'),(734,'IT','MN','Mantova'),(735,'IT','MS','Massa-Carrara'),(736,'IT','MT','Matera'),(737,'IT','VS','Medio Campidano'),(738,'IT','ME','Messina'),(739,'IT','MI','Milano'),(740,'IT','MO','Modena'),(741,'IT','MB','Monza-Brianza'),(742,'IT','NA','Napoli'),(743,'IT','NO','Novara'),(744,'IT','NU','Nuoro'),(745,'IT','OG','Ogliastra'),(746,'IT','OT','Olbia Tempio'),(747,'IT','OR','Oristano'),(748,'IT','PD','Padova'),(749,'IT','PA','Palermo'),(750,'IT','PR','Parma'),(751,'IT','PV','Pavia'),(752,'IT','PG','Perugia'),(753,'IT','PU','Pesaro-Urbino'),(754,'IT','PE','Pescara'),(755,'IT','PC','Piacenza'),(756,'IT','PI','Pisa'),(757,'IT','PT','Pistoia'),(758,'IT','PN','Pordenone'),(759,'IT','PZ','Potenza'),(760,'IT','PO','Prato'),(761,'IT','RG','Ragusa'),(762,'IT','RA','Ravenna'),(763,'IT','RC','Reggio-Calabria'),(764,'IT','RE','Reggio-Emilia'),(765,'IT','RI','Rieti'),(766,'IT','RN','Rimini'),(767,'IT','RM','Roma'),(768,'IT','RO','Rovigo'),(769,'IT','SA','Salerno'),(770,'IT','SS','Sassari'),(771,'IT','SV','Savona'),(772,'IT','SI','Siena'),(773,'IT','SR','Siracusa'),(774,'IT','SO','Sondrio'),(775,'IT','TA','Taranto'),(776,'IT','TE','Teramo'),(777,'IT','TR','Terni'),(778,'IT','TO','Torino'),(779,'IT','TP','Trapani'),(780,'IT','TN','Trento'),(781,'IT','TV','Treviso'),(782,'IT','TS','Trieste'),(783,'IT','UD','Udine'),(784,'IT','VA','Varese'),(785,'IT','VE','Venezia'),(786,'IT','VB','Verbania'),(787,'IT','VC','Vercelli'),(788,'IT','VR','Verona'),(789,'IT','VV','Vibo-Valentia'),(790,'IT','VI','Vicenza'),(791,'IT','VT','Viterbo'),(792,'MX','AGU','Aguascalientes'),(793,'MX','BCN','Baja California'),(794,'MX','BCS','Baja California Sur'),(795,'MX','CAM','Campeche'),(796,'MX','CHP','Chiapas'),(797,'MX','CHH','Chihuahua'),(798,'MX','CMX','Ciudad de México'),(799,'MX','COA','Coahuila'),(800,'MX','COL','Colima'),(801,'MX','DUR','Durango'),(802,'MX','MEX','Estado de México'),(803,'MX','GUA','Guanajuato'),(804,'MX','GRO','Guerrero'),(805,'MX','HID','Hidalgo'),(806,'MX','JAL','Jalisco'),(807,'MX','MIC','Michoacán'),(808,'MX','MOR','Morelos'),(809,'MX','NAY','Nayarit'),(810,'MX','NLE','Nuevo León'),(811,'MX','OAX','Oaxaca'),(812,'MX','PUE','Puebla'),(813,'MX','QUE','Querétaro'),(814,'MX','ROO','Quintana Roo'),(815,'MX','SLP','San Luis Potosí'),(816,'MX','SIN','Sinaloa'),(817,'MX','SON','Sonora'),(818,'MX','TAB','Tabasco'),(819,'MX','TAM','Tamaulipas'),(820,'MX','TLA','Tlaxcala'),(821,'MX','VER','Veracruz'),(822,'MX','YUC','Yucatán'),(823,'MX','ZAC','Zacatecas'),(824,'PL','PL-02','dolnośląskie'),(825,'PL','PL-04','kujawsko-pomorskie'),(826,'PL','PL-06','lubelskie'),(827,'PL','PL-08','lubuskie'),(828,'PL','PL-10','łódzkie'),(829,'PL','PL-12','małopolskie'),(830,'PL','PL-14','mazowieckie'),(831,'PL','PL-16','opolskie'),(832,'PL','PL-18','podkarpackie'),(833,'PL','PL-20','podlaskie'),(834,'PL','PL-22','pomorskie'),(835,'PL','PL-24','śląskie'),(836,'PL','PL-26','świętokrzyskie'),(837,'PL','PL-28','warmińsko-mazurskie'),(838,'PL','PL-30','wielkopolskie'),(839,'PL','PL-32','zachodniopomorskie'),(840,'UY','UY-AR','Artigas'),(841,'UY','UY-CA','Canelones'),(842,'UY','UY-CL','Cerro Largo'),(843,'UY','UY-CO','Colonia'),(844,'UY','UY-DU','Durazno'),(845,'UY','UY-FS','Flores'),(846,'UY','UY-FD','Florida'),(847,'UY','UY-LA','Lavalleja'),(848,'UY','UY-MA','Maldonado'),(849,'UY','UY-MO','Montevideo'),(850,'UY','UY-PA','Paysandu'),(851,'UY','UY-RN','Río Negro'),(852,'UY','UY-RV','Rivera'),(853,'UY','UY-RO','Rocha'),(854,'UY','UY-SA','Salto'),(855,'UY','UY-SJ','San José'),(856,'UY','UY-SO','Soriano'),(857,'UY','UY-TA','Tacuarembó'),(858,'UY','UY-TT','Treinta y Tres'),(859,'AL','AL-01','Berat'),(860,'AL','AL-09','Dibër'),(861,'AL','AL-02','Durrës'),(862,'AL','AL-03','Elbasan'),(863,'AL','AL-04','Fier'),(864,'AL','AL-05','Gjirokastër'),(865,'AL','AL-06','Korçë'),(866,'AL','AL-07','Kukës'),(867,'AL','AL-08','Lezhë'),(868,'AL','AL-10','Shkodër'),(869,'AL','AL-11','Tiranë'),(870,'AL','AL-12','Vlorë'),(871,'AR','AR-C','Ciudad Autónoma de Buenos Aires'),(872,'AR','AR-B','Buenos Aires'),(873,'AR','AR-K','Catamarca'),(874,'AR','AR-H','Chaco'),(875,'AR','AR-U','Chubut'),(876,'AR','AR-X','Córdoba'),(877,'AR','AR-W','Corrientes'),(878,'AR','AR-E','Entre Ríos'),(879,'AR','AR-P','Formosa'),(880,'AR','AR-Y','Jujuy'),(881,'AR','AR-L','La Pampa'),(882,'AR','AR-F','La Rioja'),(883,'AR','AR-M','Mendoza'),(884,'AR','AR-N','Misiones'),(885,'AR','AR-Q','Neuquén'),(886,'AR','AR-R','Río Negro'),(887,'AR','AR-A','Salta'),(888,'AR','AR-J','San Juan'),(889,'AR','AR-D','San Luis'),(890,'AR','AR-Z','Santa Cruz'),(891,'AR','AR-S','Santa Fe'),(892,'AR','AR-G','Santiago del Estero'),(893,'AR','AR-V','Tierra del Fuego'),(894,'AR','AR-T','Tucumán'),(895,'BO','BO-C','Cochabamba'),(896,'BO','BO-H','Chuquisaca'),(897,'BO','BO-B','El Beni'),(898,'BO','BO-L','La Paz'),(899,'BO','BO-O','Oruro'),(900,'BO','BO-N','Pando'),(901,'BO','BO-P','Potosí'),(902,'BO','BO-S','Santa Cruz'),(903,'BO','BO-T','Tarija'),(904,'CL','CL-AI','Aisén del General Carlos Ibañez del Campo'),(905,'CL','CL-AN','Antofagasta'),(906,'CL','CL-AP','Arica y Parinacota'),(907,'CL','CL-AR','La Araucanía'),(908,'CL','CL-AT','Atacama'),(909,'CL','CL-BI','Biobío'),(910,'CL','CL-CO','Coquimbo'),(911,'CL','CL-LI','Libertador General Bernardo O\'Higgins'),(912,'CL','CL-LL','Los Lagos'),(913,'CL','CL-LR','Los Ríos'),(914,'CL','CL-MA','Magallanes'),(915,'CL','CL-ML','Maule'),(916,'CL','CL-NB','Ñuble'),(917,'CL','CL-RM','Región Metropolitana de Santiago'),(918,'CL','CL-TA','Tarapacá'),(919,'CL','CL-VS','Valparaíso'),(920,'DK','DK-84','Hovedstaden'),(921,'DK','DK-82','Midtjylland'),(922,'DK','DK-81','Nordjylland'),(923,'DK','DK-85','Sjælland'),(924,'DK','DK-83','Syddanmark'),(925,'EC','EC-A','Azuay'),(926,'EC','EC-B','Bolívar'),(927,'EC','EC-F','Cañar'),(928,'EC','EC-C','Carchi'),(929,'EC','EC-H','Chimborazo'),(930,'EC','EC-X','Cotopaxi'),(931,'EC','EC-O','El Oro'),(932,'EC','EC-E','Esmeraldas'),(933,'EC','EC-W','Galápagos'),(934,'EC','EC-G','Guayas'),(935,'EC','EC-I','Imbabura'),(936,'EC','EC-L','Loja'),(937,'EC','EC-R','Los Ríos'),(938,'EC','EC-M','Manabí'),(939,'EC','EC-S','Morona Santiago'),(940,'EC','EC-N','Napo'),(941,'EC','EC-D','Orellana'),(942,'EC','EC-Y','Pastaza'),(943,'EC','EC-P','Pichincha'),(944,'EC','EC-SE','Santa Elena'),(945,'EC','EC-SD','Santo Domingo de los Tsáchilas'),(946,'EC','EC-U','Sucumbíos'),(947,'EC','EC-T','Tungurahua'),(948,'EC','EC-Z','Zamora Chinchipe'),(949,'GR','GR-A','Anatolikí Makedonía kai Thráki'),(950,'GR','GR-I','Attikí'),(951,'GR','GR-G','Dytikí Elláda'),(952,'GR','GR-C','Dytikí Makedonía'),(953,'GR','GR-F','Ionía Nísia'),(954,'GR','GR-D','Ípeiros'),(955,'GR','GR-B','Kentrikí Makedonía'),(956,'GR','GR-M','Kríti'),(957,'GR','GR-L','Nótio Aigaío'),(958,'GR','GR-J','Pelopónnisos'),(959,'GR','GR-H','Stereá Elláda'),(960,'GR','GR-E','Thessalía'),(961,'GR','GR-K','Vóreio Aigaío'),(962,'GR','GR-69','Ágion Óros'),(963,'GY','GY-BA','Barima-Waini'),(964,'GY','GY-CU','Cuyuni-Mazaruni'),(965,'GY','GY-DE','Demerara-Mahaica'),(966,'GY','GY-EB','East Berbice-Corentyne'),(967,'GY','GY-ES','Essequibo Islands-West Demerara'),(968,'GY','GY-MA','Mahaica-Berbice'),(969,'GY','GY-PM','Pomeroon-Supenaam'),(970,'GY','GY-PT','Potaro-Siparuni'),(971,'GY','GY-UD','Upper Demerara-Berbice'),(972,'GY','GY-UT','Upper Takutu-Upper Essequibo'),(973,'IS','IS-01','Höfuðborgarsvæði'),(974,'IS','IS-02','Suðurnes'),(975,'IS','IS-03','Vesturland'),(976,'IS','IS-04','Vestfirðir'),(977,'IS','IS-05','Norðurland vestra'),(978,'IS','IS-06','Norðurland eystra'),(979,'IS','IS-07','Austurland'),(980,'IS','IS-08','Suðurland'),(981,'PY','PY-ASU','Asunción'),(982,'PY','PY-16','Alto Paraguay'),(983,'PY','PY-10','Alto Paraná'),(984,'PY','PY-13','Amambay'),(985,'PY','PY-19','Boquerón'),(986,'PY','PY-5','Caaguazú'),(987,'PY','PY-6','Caazapá'),(988,'PY','PY-14','Canindeyú'),(989,'PY','PY-11','Central'),(990,'PY','PY-1','Concepción'),(991,'PY','PY-3','Cordillera'),(992,'PY','PY-4','Guairá'),(993,'PY','PY-7','Itapúa'),(994,'PY','PY-8','Misiones'),(995,'PY','PY-12','Ñeembucú'),(996,'PY','PY-9','Paraguarí'),(997,'PY','PY-15','Presidente Hayes'),(998,'PY','PY-2','San Pedro'),(999,'PE','PE-LMA','Municipalidad Metropolitana de Lima'),(1000,'PE','PE-AMA','Amazonas'),(1001,'PE','PE-ANC','Ancash'),(1002,'PE','PE-APU','Apurímac'),(1003,'PE','PE-ARE','Arequipa'),(1004,'PE','PE-AYA','Ayacucho'),(1005,'PE','PE-CAJ','Cajamarca'),(1006,'PE','PE-CUS','Cusco'),(1007,'PE','PE-CAL','El Callao'),(1008,'PE','PE-HUV','Huancavelica'),(1009,'PE','PE-HUC','Huánuco'),(1010,'PE','PE-ICA','Ica'),(1011,'PE','PE-JUN','Junín'),(1012,'PE','PE-LAL','La Libertad'),(1013,'PE','PE-LAM','Lambayeque'),(1014,'PE','PE-LIM','Lima'),(1015,'PE','PE-LOR','Loreto'),(1016,'PE','PE-MDD','Madre de Dios'),(1017,'PE','PE-MOQ','Moquegua'),(1018,'PE','PE-PAS','Pasco'),(1019,'PE','PE-PIU','Piura'),(1020,'PE','PE-PUN','Puno'),(1021,'PE','PE-SAM','San Martín'),(1022,'PE','PE-TAC','Tacna'),(1023,'PE','PE-TUM','Tumbes'),(1024,'PE','PE-UCA','Ucayali'),(1025,'PT','PT-01','Aveiro'),(1026,'PT','PT-02','Beja'),(1027,'PT','PT-03','Braga'),(1028,'PT','PT-04','Bragança'),(1029,'PT','PT-05','Castelo Branco'),(1030,'PT','PT-06','Coimbra'),(1031,'PT','PT-07','Évora'),(1032,'PT','PT-08','Faro'),(1033,'PT','PT-09','Guarda'),(1034,'PT','PT-10','Leiria'),(1035,'PT','PT-11','Lisboa'),(1036,'PT','PT-12','Portalegre'),(1037,'PT','PT-13','Porto'),(1038,'PT','PT-14','Santarém'),(1039,'PT','PT-15','Setúbal'),(1040,'PT','PT-16','Viana do Castelo'),(1041,'PT','PT-17','Vila Real'),(1042,'PT','PT-18','Viseu'),(1043,'PT','PT-20','Região Autónoma dos Açores'),(1044,'PT','PT-30','Região Autónoma da Madeira'),(1045,'SR','SR-BR','Brokopondo'),(1046,'SR','SR-CM','Commewijne'),(1047,'SR','SR-CR','Coronie'),(1048,'SR','SR-MA','Marowijne'),(1049,'SR','SR-NI','Nickerie'),(1050,'SR','SR-PR','Para'),(1051,'SR','SR-PM','Paramaribo'),(1052,'SR','SR-SA','Saramacca'),(1053,'SR','SR-SI','Sipaliwini'),(1054,'SR','SR-WA','Wanica'),(1055,'SE','SE-K','Blekinge län'),(1056,'SE','SE-W','Dalarnas län'),(1057,'SE','SE-I','Gotlands län'),(1058,'SE','SE-X','Gävleborgs län'),(1059,'SE','SE-N','Hallands län'),(1060,'SE','SE-Z','Jämtlands län'),(1061,'SE','SE-F','Jönköpings län'),(1062,'SE','SE-H','Kalmar län'),(1063,'SE','SE-G','Kronobergs län'),(1064,'SE','SE-BD','Norrbottens län'),(1065,'SE','SE-M','Skåne län'),(1066,'SE','SE-AB','Stockholms län'),(1067,'SE','SE-D','Södermanlands län'),(1068,'SE','SE-C','Uppsala län'),(1069,'SE','SE-S','Värmlands län'),(1070,'SE','SE-AC','Västerbottens län'),(1071,'SE','SE-Y','Västernorrlands län'),(1072,'SE','SE-U','Västmanlands län'),(1073,'SE','SE-O','Västra Götalands län'),(1074,'SE','SE-T','Örebro län'),(1075,'SE','SE-E','Östergötlands län'),(1076,'VE','VE-W','Dependencias Federales'),(1077,'VE','VE-A','Distrito Capital'),(1078,'VE','VE-Z','Amazonas'),(1079,'VE','VE-B','Anzoátegui'),(1080,'VE','VE-C','Apure'),(1081,'VE','VE-D','Aragua'),(1082,'VE','VE-E','Barinas'),(1083,'VE','VE-F','Bolívar'),(1084,'VE','VE-G','Carabobo'),(1085,'VE','VE-H','Cojedes'),(1086,'VE','VE-Y','Delta Amacuro'),(1087,'VE','VE-I','Falcón'),(1088,'VE','VE-J','Guárico'),(1089,'VE','VE-K','Lara'),(1090,'VE','VE-L','Mérida'),(1091,'VE','VE-M','Miranda'),(1092,'VE','VE-N','Monagas'),(1093,'VE','VE-O','Nueva Esparta'),(1094,'VE','VE-P','Portuguesa'),(1095,'VE','VE-R','Sucre'),(1096,'VE','VE-S','Táchira'),(1097,'VE','VE-T','Trujillo'),(1098,'VE','VE-X','Vargas'),(1099,'VE','VE-U','Yaracuy'),(1100,'VE','VE-V','Zulia');

--
-- Table structure for table `directory_country_region_name`
--

CREATE TABLE `directory_country_region_name` (
  `locale` varchar(16) NOT NULL COMMENT 'Locale',
  `region_id` int(10) unsigned NOT NULL DEFAULT '0' COMMENT 'Region ID',
  `name` varchar(255) DEFAULT NULL COMMENT 'Region Name',
  PRIMARY KEY (`locale`,`region_id`),
  KEY `DIRECTORY_COUNTRY_REGION_NAME_REGION_ID` (`region_id`),
  CONSTRAINT `DIR_COUNTRY_REGION_NAME_REGION_ID_DIR_COUNTRY_REGION_REGION_ID` FOREIGN KEY (`region_id`) REFERENCES `directory_country_region` (`region_id`) ON DELETE CASCADE
) ENGINE=InnoDB DEFAULT CHARSET=utf8 COMMENT='Directory Country Region Name';

--
-- Dumping data for table `directory_country_region_name`
--

INSERT INTO `directory_country_region_name` VALUES ('en_US',1,'Alabama'),('en_US',2,'Alaska'),('en_US',3,'American Samoa'),('en_US',4,'Arizona'),('en_US',5,'Arkansas'),('en_US',6,'Armed Forces Africa'),('en_US',7,'Armed Forces Americas'),('en_US',8,'Armed Forces Canada'),('en_US',9,'Armed Forces Europe'),('en_US',10,'Armed Forces Middle East'),('en_US',11,'Armed Forces Pacific'),('en_US',12,'California'),('en_US',13,'Colorado'),('en_US',14,'Connecticut'),('en_US',15,'Delaware'),('en_US',16,'District of Columbia'),('en_US',17,'Federated States Of Micronesia'),('en_US',18,'Florida'),('en_US',19,'Georgia'),('en_US',20,'Guam'),('en_US',21,'Hawaii'),('en_US',22,'Idaho'),('en_US',23,'Illinois'),('en_US',24,'Indiana'),('en_US',25,'Iowa'),('en_US',26,'Kansas'),('en_US',27,'Kentucky'),('en_US',28,'Louisiana'),('en_US',29,'Maine'),('en_US',30,'Marshall Islands'),('en_US',31,'Maryland'),('en_US',32,'Massachusetts'),('en_US',33,'Michigan'),('en_US',34,'Minnesota'),('en_US',35,'Mississippi'),('en_US',36,'Missouri'),('en_US',37,'Montana'),('en_US',38,'Nebraska'),('en_US',39,'Nevada'),('en_US',40,'New Hampshire'),('en_US',41,'New Jersey'),('en_US',42,'New Mexico'),('en_US',43,'New York'),('en_US',44,'North Carolina'),('en_US',45,'North Dakota'),('en_US',46,'Northern Mariana Islands'),('en_US',47,'Ohio'),('en_US',48,'Oklahoma'),('en_US',49,'Oregon'),('en_US',50,'Palau'),('en_US',51,'Pennsylvania'),('en_US',52,'Puerto Rico'),('en_US',53,'Rhode Island'),('en_US',54,'South Carolina'),('en_US',55,'South Dakota'),('en_US',56,'Tennessee'),('en_US',57,'Texas'),('en_US',58,'Utah'),('en_US',59,'Vermont'),('en_US',60,'Virgin Islands'),('en_US',61,'Virginia'),('en_US',62,'Washington'),('en_US',63,'West Virginia'),('en_US',64,'Wisconsin'),('en_US',65,'Wyoming'),('en_US',66,'Alberta'),('en_US',67,'British Columbia'),('en_US',68,'Manitoba'),('en_US',69,'Newfoundland and Labrador'),('en_US',70,'New Brunswick'),('en_US',71,'Nova Scotia'),('en_US',72,'Northwest Territories'),('en_US',73,'Nunavut'),('en_US',74,'Ontario'),('en_US',75,'Prince Edward Island'),('en_US',76,'Quebec'),('en_US',77,'Saskatchewan'),('en_US',78,'Yukon Territory'),('en_US',79,'Niedersachsen'),('en_US',80,'Baden-Württemberg'),('en_US',81,'Bayern'),('en_US',82,'Berlin'),('en_US',83,'Brandenburg'),('en_US',84,'Bremen'),('en_US',85,'Hamburg'),('en_US',86,'Hessen'),('en_US',87,'Mecklenburg-Vorpommern'),('en_US',88,'Nordrhein-Westfalen'),('en_US',89,'Rheinland-Pfalz'),('en_US',90,'Saarland'),('en_US',91,'Sachsen'),('en_US',92,'Sachsen-Anhalt'),('en_US',93,'Schleswig-Holstein'),('en_US',94,'Thüringen'),('en_US',95,'Wien'),('en_US',96,'Niederösterreich'),('en_US',97,'Oberösterreich'),('en_US',98,'Salzburg'),('en_US',99,'Kärnten'),('en_US',100,'Steiermark'),('en_US',101,'Tirol'),('en_US',102,'Burgenland'),('en_US',103,'Vorarlberg'),('en_US',104,'Aargau'),('en_US',105,'Appenzell Innerrhoden'),('en_US',106,'Appenzell Ausserrhoden'),('en_US',107,'Bern'),('en_US',108,'Basel-Landschaft'),('en_US',109,'Basel-Stadt'),('en_US',110,'Freiburg'),('en_US',111,'Genf'),('en_US',112,'Glarus'),('en_US',113,'Graubünden'),('en_US',114,'Jura'),('en_US',115,'Luzern'),('en_US',116,'Neuenburg'),('en_US',117,'Nidwalden'),('en_US',118,'Obwalden'),('en_US',119,'St. Gallen'),('en_US',120,'Schaffhausen'),('en_US',121,'Solothurn'),('en_US',122,'Schwyz'),('en_US',123,'Thurgau'),('en_US',124,'Tessin'),('en_US',125,'Uri'),('en_US',126,'Waadt'),('en_US',127,'Wallis'),('en_US',128,'Zug'),('en_US',129,'Zürich'),('en_US',130,'A Coruña'),('en_US',131,'Alava'),('en_US',132,'Albacete'),('en_US',133,'Alicante'),('en_US',134,'Almeria'),('en_US',135,'Asturias'),('en_US',136,'Avila'),('en_US',137,'Badajoz'),('en_US',138,'Baleares'),('en_US',139,'Barcelona'),('en_US',140,'Burgos'),('en_US',141,'Caceres'),('en_US',142,'Cadiz'),('en_US',143,'Cantabria'),('en_US',144,'Castellon'),('en_US',145,'Ceuta'),('en_US',146,'Ciudad Real'),('en_US',147,'Cordoba'),('en_US',148,'Cuenca'),('en_US',149,'Girona'),('en_US',150,'Granada'),('en_US',151,'Guadalajara'),('en_US',152,'Guipuzcoa'),('en_US',153,'Huelva'),('en_US',154,'Huesca'),('en_US',155,'Jaen'),('en_US',156,'La Rioja'),('en_US',157,'Las Palmas'),('en_US',158,'Leon'),('en_US',159,'Lleida'),('en_US',160,'Lugo'),('en_US',161,'Madrid'),('en_US',162,'Malaga'),('en_US',163,'Melilla'),('en_US',164,'Murcia'),('en_US',165,'Navarra'),('en_US',166,'Ourense'),('en_US',167,'Palencia'),('en_US',168,'Pontevedra'),('en_US',169,'Salamanca'),('en_US',170,'Santa Cruz de Tenerife'),('en_US',171,'Segovia'),('en_US',172,'Sevilla'),('en_US',173,'Soria'),('en_US',174,'Tarragona'),('en_US',175,'Teruel'),('en_US',176,'Toledo'),('en_US',177,'Valencia'),('en_US',178,'Valladolid'),('en_US',179,'Vizcaya'),('en_US',180,'Zamora'),('en_US',181,'Zaragoza'),('en_US',182,'Ain'),('en_US',183,'Aisne'),('en_US',184,'Allier'),('en_US',185,'Alpes-de-Haute-Provence'),('en_US',186,'Hautes-Alpes'),('en_US',187,'Alpes-Maritimes'),('en_US',188,'Ardèche'),('en_US',189,'Ardennes'),('en_US',190,'Ariège'),('en_US',191,'Aube'),('en_US',192,'Aude'),('en_US',193,'Aveyron'),('en_US',194,'Bouches-du-Rhône'),('en_US',195,'Calvados'),('en_US',196,'Cantal'),('en_US',197,'Charente'),('en_US',198,'Charente-Maritime'),('en_US',199,'Cher'),('en_US',200,'Corrèze'),('en_US',201,'Corse-du-Sud'),('en_US',202,'Haute-Corse'),('en_US',203,'Côte-d\'Or'),('en_US',204,'Côtes-d\'Armor'),('en_US',205,'Creuse'),('en_US',206,'Dordogne'),('en_US',207,'Doubs'),('en_US',208,'Drôme'),('en_US',209,'Eure'),('en_US',210,'Eure-et-Loir'),('en_US',211,'Finistère'),('en_US',212,'Gard'),('en_US',213,'Haute-Garonne'),('en_US',214,'Gers'),('en_US',215,'Gironde'),('en_US',216,'Hérault'),('en_US',217,'Ille-et-Vilaine'),('en_US',218,'Indre'),('en_US',219,'Indre-et-Loire'),('en_US',220,'Isère'),('en_US',221,'Jura'),('en_US',222,'Landes'),('en_US',223,'Loir-et-Cher'),('en_US',224,'Loire'),('en_US',225,'Haute-Loire'),('en_US',226,'Loire-Atlantique'),('en_US',227,'Loiret'),('en_US',228,'Lot'),('en_US',229,'Lot-et-Garonne'),('en_US',230,'Lozère'),('en_US',231,'Maine-et-Loire'),('en_US',232,'Manche'),('en_US',233,'Marne'),('en_US',234,'Haute-Marne'),('en_US',235,'Mayenne'),('en_US',236,'Meurthe-et-Moselle'),('en_US',237,'Meuse'),('en_US',238,'Morbihan'),('en_US',239,'Moselle'),('en_US',240,'Nièvre'),('en_US',241,'Nord'),('en_US',242,'Oise'),('en_US',243,'Orne'),('en_US',244,'Pas-de-Calais'),('en_US',245,'Puy-de-Dôme'),('en_US',246,'Pyrénées-Atlantiques'),('en_US',247,'Hautes-Pyrénées'),('en_US',248,'Pyrénées-Orientales'),('en_US',249,'Bas-Rhin'),('en_US',250,'Haut-Rhin'),('en_US',251,'Rhône'),('en_US',252,'Haute-Saône'),('en_US',253,'Saône-et-Loire'),('en_US',254,'Sarthe'),('en_US',255,'Savoie'),('en_US',256,'Haute-Savoie'),('en_US',257,'Paris'),('en_US',258,'Seine-Maritime'),('en_US',259,'Seine-et-Marne'),('en_US',260,'Yvelines'),('en_US',261,'Deux-Sèvres'),('en_US',262,'Somme'),('en_US',263,'Tarn'),('en_US',264,'Tarn-et-Garonne'),('en_US',265,'Var'),('en_US',266,'Vaucluse'),('en_US',267,'Vendée'),('en_US',268,'Vienne'),('en_US',269,'Haute-Vienne'),('en_US',270,'Vosges'),('en_US',271,'Yonne'),('en_US',272,'Territoire-de-Belfort'),('en_US',273,'Essonne'),('en_US',274,'Hauts-de-Seine'),('en_US',275,'Seine-Saint-Denis'),('en_US',276,'Val-de-Marne'),('en_US',277,'Val-d\'Oise'),('en_US',278,'Alba'),('en_US',279,'Arad'),('en_US',280,'Argeş'),('en_US',281,'Bacău'),('en_US',282,'Bihor'),('en_US',283,'Bistriţa-Năsăud'),('en_US',284,'Botoşani'),('en_US',285,'Braşov'),('en_US',286,'Brăila'),('en_US',287,'Bucureşti'),('en_US',288,'Buzău'),('en_US',289,'Caraş-Severin'),('en_US',290,'Călăraşi'),('en_US',291,'Cluj'),('en_US',292,'Constanţa'),('en_US',293,'Covasna'),('en_US',294,'Dâmboviţa'),('en_US',295,'Dolj'),('en_US',296,'Galaţi'),('en_US',297,'Giurgiu'),('en_US',298,'Gorj'),('en_US',299,'Harghita'),('en_US',300,'Hunedoara'),('en_US',301,'Ialomiţa'),('en_US',302,'Iaşi'),('en_US',303,'Ilfov'),('en_US',304,'Maramureş'),('en_US',305,'Mehedinţi'),('en_US',306,'Mureş'),('en_US',307,'Neamţ'),('en_US',308,'Olt'),('en_US',309,'Prahova'),('en_US',310,'Satu-Mare'),('en_US',311,'Sălaj'),('en_US',312,'Sibiu'),('en_US',313,'Suceava'),('en_US',314,'Teleorman'),('en_US',315,'Timiş'),('en_US',316,'Tulcea'),('en_US',317,'Vaslui'),('en_US',318,'Vâlcea'),('en_US',319,'Vrancea'),('en_US',320,'Lappi'),('en_US',321,'Pohjois-Pohjanmaa'),('en_US',322,'Kainuu'),('en_US',323,'Pohjois-Karjala'),('en_US',324,'Pohjois-Savo'),('en_US',325,'Etelä-Savo'),('en_US',326,'Etelä-Pohjanmaa'),('en_US',327,'Pohjanmaa'),('en_US',328,'Pirkanmaa'),('en_US',329,'Satakunta'),('en_US',330,'Keski-Pohjanmaa'),('en_US',331,'Keski-Suomi'),('en_US',332,'Varsinais-Suomi'),('en_US',333,'Etelä-Karjala'),('en_US',334,'Päijät-Häme'),('en_US',335,'Kanta-Häme'),('en_US',336,'Uusimaa'),('en_US',337,'Itä-Uusimaa'),('en_US',338,'Kymenlaakso'),('en_US',339,'Ahvenanmaa'),('en_US',340,'Harjumaa'),('en_US',341,'Hiiumaa'),('en_US',342,'Ida-Virumaa'),('en_US',343,'Jõgevamaa'),('en_US',344,'Järvamaa'),('en_US',345,'Läänemaa'),('en_US',346,'Lääne-Virumaa'),('en_US',347,'Põlvamaa'),('en_US',348,'Pärnumaa'),('en_US',349,'Raplamaa'),('en_US',350,'Saaremaa'),('en_US',351,'Tartumaa'),('en_US',352,'Valgamaa'),('en_US',353,'Viljandimaa'),('en_US',354,'Võrumaa'),('en_US',355,'Daugavpils'),('en_US',356,'Jelgava'),('en_US',357,'Jēkabpils'),('en_US',358,'Jūrmala'),('en_US',359,'Liepāja'),('en_US',360,'Liepājas novads'),('en_US',361,'Rēzekne'),('en_US',362,'Rīga'),('en_US',363,'Rīgas novads'),('en_US',364,'Valmiera'),('en_US',365,'Ventspils'),('en_US',366,'Aglonas novads'),('en_US',367,'Aizkraukles novads'),('en_US',368,'Aizputes novads'),('en_US',369,'Aknīstes novads'),('en_US',370,'Alojas novads'),('en_US',371,'Alsungas novads'),('en_US',372,'Alūksnes novads'),('en_US',373,'Amatas novads'),('en_US',374,'Apes novads'),('en_US',375,'Auces novads'),('en_US',376,'Babītes novads'),('en_US',377,'Baldones novads'),('en_US',378,'Baltinavas novads'),('en_US',379,'Balvu novads'),('en_US',380,'Bauskas novads'),('en_US',381,'Beverīnas novads'),('en_US',382,'Brocēnu novads'),('en_US',383,'Burtnieku novads'),('en_US',384,'Carnikavas novads'),('en_US',385,'Cesvaines novads'),('en_US',386,'Ciblas novads'),('en_US',387,'Cēsu novads'),('en_US',388,'Dagdas novads'),('en_US',389,'Daugavpils novads'),('en_US',390,'Dobeles novads'),('en_US',391,'Dundagas novads'),('en_US',392,'Durbes novads'),('en_US',393,'Engures novads'),('en_US',394,'Garkalnes novads'),('en_US',395,'Grobiņas novads'),('en_US',396,'Gulbenes novads'),('en_US',397,'Iecavas novads'),('en_US',398,'Ikšķiles novads'),('en_US',399,'Ilūkstes novads'),('en_US',400,'Inčukalna novads'),('en_US',401,'Jaunjelgavas novads'),('en_US',402,'Jaunpiebalgas novads'),('en_US',403,'Jaunpils novads'),('en_US',404,'Jelgavas novads'),('en_US',405,'Jēkabpils novads'),('en_US',406,'Kandavas novads'),('en_US',407,'Kokneses novads'),('en_US',408,'Krimuldas novads'),('en_US',409,'Krustpils novads'),('en_US',410,'Krāslavas novads'),('en_US',411,'Kuldīgas novads'),('en_US',412,'Kārsavas novads'),('en_US',413,'Lielvārdes novads'),('en_US',414,'Limbažu novads'),('en_US',415,'Lubānas novads'),('en_US',416,'Ludzas novads'),('en_US',417,'Līgatnes novads'),('en_US',418,'Līvānu novads'),('en_US',419,'Madonas novads'),('en_US',420,'Mazsalacas novads'),('en_US',421,'Mālpils novads'),('en_US',422,'Mārupes novads'),('en_US',423,'Naukšēnu novads'),('en_US',424,'Neretas novads'),('en_US',425,'Nīcas novads'),('en_US',426,'Ogres novads'),('en_US',427,'Olaines novads'),('en_US',428,'Ozolnieku novads'),('en_US',429,'Preiļu novads'),('en_US',430,'Priekules novads'),('en_US',431,'Priekuļu novads'),('en_US',432,'Pārgaujas novads'),('en_US',433,'Pāvilostas novads'),('en_US',434,'Pļaviņu novads'),('en_US',435,'Raunas novads'),('en_US',436,'Riebiņu novads'),('en_US',437,'Rojas novads'),('en_US',438,'Ropažu novads'),('en_US',439,'Rucavas novads'),('en_US',440,'Rugāju novads'),('en_US',441,'Rundāles novads'),('en_US',442,'Rēzeknes novads'),('en_US',443,'Rūjienas novads'),('en_US',444,'Salacgrīvas novads'),('en_US',445,'Salas novads'),('en_US',446,'Salaspils novads'),('en_US',447,'Saldus novads'),('en_US',448,'Saulkrastu novads'),('en_US',449,'Siguldas novads'),('en_US',450,'Skrundas novads'),('en_US',451,'Skrīveru novads'),('en_US',452,'Smiltenes novads'),('en_US',453,'Stopiņu novads'),('en_US',454,'Strenču novads'),('en_US',455,'Sējas novads'),('en_US',456,'Talsu novads'),('en_US',457,'Tukuma novads'),('en_US',458,'Tērvetes novads'),('en_US',459,'Vaiņodes novads'),('en_US',460,'Valkas novads'),('en_US',461,'Valmieras novads'),('en_US',462,'Varakļānu novads'),('en_US',463,'Vecpiebalgas novads'),('en_US',464,'Vecumnieku novads'),('en_US',465,'Ventspils novads'),('en_US',466,'Viesītes novads'),('en_US',467,'Viļakas novads'),('en_US',468,'Viļānu novads'),('en_US',469,'Vārkavas novads'),('en_US',470,'Zilupes novads'),('en_US',471,'Ādažu novads'),('en_US',472,'Ērgļu novads'),('en_US',473,'Ķeguma novads'),('en_US',474,'Ķekavas novads'),('en_US',475,'Alytaus Apskritis'),('en_US',476,'Kauno Apskritis'),('en_US',477,'Klaipėdos Apskritis'),('en_US',478,'Marijampolės Apskritis'),('en_US',479,'Panevėžio Apskritis'),('en_US',480,'Šiaulių Apskritis'),('en_US',481,'Tauragės Apskritis'),('en_US',482,'Telšių Apskritis'),('en_US',483,'Utenos Apskritis'),('en_US',484,'Vilniaus Apskritis'),('en_US',485,'Acre'),('en_US',486,'Alagoas'),('en_US',487,'Amapá'),('en_US',488,'Amazonas'),('en_US',489,'Bahia'),('en_US',490,'Ceará'),('en_US',491,'Espírito Santo'),('en_US',492,'Goiás'),('en_US',493,'Maranhão'),('en_US',494,'Mato Grosso'),('en_US',495,'Mato Grosso do Sul'),('en_US',496,'Minas Gerais'),('en_US',497,'Pará'),('en_US',498,'Paraíba'),('en_US',499,'Paraná'),('en_US',500,'Pernambuco'),('en_US',501,'Piauí'),('en_US',502,'Rio de Janeiro'),('en_US',503,'Rio Grande do Norte'),('en_US',504,'Rio Grande do Sul'),('en_US',505,'Rondônia'),('en_US',506,'Roraima'),('en_US',507,'Santa Catarina'),('en_US',508,'São Paulo'),('en_US',509,'Sergipe'),('en_US',510,'Tocantins'),('en_US',511,'Distrito Federal'),('en_US',512,'Zagrebačka županija'),('en_US',513,'Krapinsko-zagorska županija'),('en_US',514,'Sisačko-moslavačka županija'),('en_US',515,'Karlovačka županija'),('en_US',516,'Varaždinska županija'),('en_US',517,'Koprivničko-križevačka županija'),('en_US',518,'Bjelovarsko-bilogorska županija'),('en_US',519,'Primorsko-goranska županija'),('en_US',520,'Ličko-senjska županija'),('en_US',521,'Virovitičko-podravska županija'),('en_US',522,'Požeško-slavonska županija'),('en_US',523,'Brodsko-posavska županija'),('en_US',524,'Zadarska županija'),('en_US',525,'Osječko-baranjska županija'),('en_US',526,'Šibensko-kninska županija'),('en_US',527,'Vukovarsko-srijemska županija'),('en_US',528,'Splitsko-dalmatinska županija'),('en_US',529,'Istarska županija'),('en_US',530,'Dubrovačko-neretvanska županija'),('en_US',531,'Međimurska županija'),('en_US',532,'Grad Zagreb'),('en_US',533,'Andaman and Nicobar Islands'),('en_US',534,'Andhra Pradesh'),('en_US',535,'Arunachal Pradesh'),('en_US',536,'Assam'),('en_US',537,'Bihar'),('en_US',538,'Chandigarh'),('en_US',539,'Chhattisgarh'),('en_US',540,'Dadra and Nagar Haveli'),('en_US',541,'Daman and Diu'),('en_US',542,'Delhi'),('en_US',543,'Goa'),('en_US',544,'Gujarat'),('en_US',545,'Haryana'),('en_US',546,'Himachal Pradesh'),('en_US',547,'Jammu and Kashmir'),('en_US',548,'Jharkhand'),('en_US',549,'Karnataka'),('en_US',550,'Kerala'),('en_US',551,'Lakshadweep'),('en_US',552,'Madhya Pradesh'),('en_US',553,'Maharashtra'),('en_US',554,'Manipur'),('en_US',555,'Meghalaya'),('en_US',556,'Mizoram'),('en_US',557,'Nagaland'),('en_US',558,'Odisha'),('en_US',559,'Puducherry'),('en_US',560,'Punjab'),('en_US',561,'Rajasthan'),('en_US',562,'Sikkim'),('en_US',563,'Tamil Nadu'),('en_US',564,'Telangana'),('en_US',565,'Tripura'),('en_US',566,'Uttar Pradesh'),('en_US',567,'Uttarakhand'),('en_US',568,'West Bengal'),('en_US',569,'Australian Capital Territory'),('en_US',570,'New South Wales'),('en_US',571,'Victoria'),('en_US',572,'Queensland'),('en_US',573,'South Australia'),('en_US',574,'Tasmania'),('en_US',575,'Western Australia'),('en_US',576,'Northern Territory'),('en_US',577,'Antwerpen'),('en_US',578,'Brabant wallon'),('en_US',579,'Brussels-Capital Region'),('en_US',580,'Hainaut'),('en_US',581,'Limburg'),('en_US',582,'Liège'),('en_US',583,'Luxembourg'),('en_US',584,'Namur'),('en_US',585,'Oost-Vlaanderen'),('en_US',586,'Vlaams-Brabant'),('en_US',587,'West-Vlaanderen'),('en_US',588,'Blagoevgrad'),('en_US',589,'Burgas'),('en_US',590,'Varna'),('en_US',591,'Veliko Tarnovo'),('en_US',592,'Vidin'),('en_US',593,'Vratsa'),('en_US',594,'Gabrovo'),('en_US',595,'Dobrich'),('en_US',596,'Kardzhali'),('en_US',597,'Kyustendil'),('en_US',598,'Lovech'),('en_US',599,'Montana'),('en_US',600,'Pazardzhik'),('en_US',601,'Pernik'),('en_US',602,'Pleven'),('en_US',603,'Plovdiv'),('en_US',604,'Razgrad'),('en_US',605,'Ruse'),('en_US',606,'Silistra'),('en_US',607,'Sliven'),('en_US',608,'Smolyan'),('en_US',609,'Sofia City'),('en_US',610,'Sofia Province'),('en_US',611,'Stara Zagora'),('en_US',612,'Targovishte'),('en_US',613,'Haskovo'),('en_US',614,'Shumen'),('en_US',615,'Yambol'),('en_US',616,'Anhui Sheng'),('en_US',617,'Beijing Shi'),('en_US',618,'Chongqing Shi'),('en_US',619,'Fujian Sheng'),('en_US',620,'Gansu Sheng'),('en_US',621,'Guangdong Sheng'),('en_US',622,'Guangxi Zhuangzu Zizhiqu'),('en_US',623,'Guizhou Sheng'),('en_US',624,'Hainan Sheng'),('en_US',625,'Hebei Sheng'),('en_US',626,'Heilongjiang Sheng'),('en_US',627,'Henan Sheng'),('en_US',628,'Hong Kong SAR'),('en_US',629,'Hubei Sheng'),('en_US',630,'Hunan Sheng'),('en_US',631,'Jiangsu Sheng'),('en_US',632,'Jiangxi Sheng'),('en_US',633,'Jilin Sheng'),('en_US',634,'Liaoning Sheng'),('en_US',635,'Macao SAR'),('en_US',636,'Nei Mongol Zizhiqu'),('en_US',637,'Ningxia Huizi Zizhiqu'),('en_US',638,'Qinghai Sheng'),('en_US',639,'Shaanxi Sheng'),('en_US',640,'Shandong Sheng'),('en_US',641,'Shanghai Shi'),('en_US',642,'Shanxi Sheng'),('en_US',643,'Sichuan Sheng'),('en_US',644,'Taiwan Sheng'),('en_US',645,'Tianjin Shi'),('en_US',646,'Xinjiang Uygur Zizhiqu'),('en_US',647,'Xizang Zizhiqu'),('en_US',648,'Yunnan Sheng'),('en_US',649,'Zhejiang Sheng'),('en_US',650,'Amazonas'),('en_US',651,'Antioquia'),('en_US',652,'Arauca'),('en_US',653,'Atlántico'),('en_US',654,'Bolívar'),('en_US',655,'Boyacá'),('en_US',656,'Caldas'),('en_US',657,'Caquetá'),('en_US',658,'Casanare'),('en_US',659,'Cauca'),('en_US',660,'Cesar'),('en_US',661,'Chocó'),('en_US',662,'Córdoba'),('en_US',663,'Cundinamarca'),('en_US',664,'Guainía'),('en_US',665,'Guaviare'),('en_US',666,'Huila'),('en_US',667,'La Guajira'),('en_US',668,'Magdalena'),('en_US',669,'Meta'),('en_US',670,'Nariño'),('en_US',671,'Norte de Santander'),('en_US',672,'Putumayo'),('en_US',673,'Quindío'),('en_US',674,'Risaralda'),('en_US',675,'San Andrés y Providencia'),('en_US',676,'Santander'),('en_US',677,'Sucre'),('en_US',678,'Tolima'),('en_US',679,'Valle del Cauca'),('en_US',680,'Vaupés'),('en_US',681,'Vichada'),('en_US',682,'Agrigento'),('en_US',683,'Alessandria'),('en_US',684,'Ancona'),('en_US',685,'Aosta'),('en_US',686,'L\'Aquila'),('en_US',687,'Arezzo'),('en_US',688,'Ascoli-Piceno'),('en_US',689,'Asti'),('en_US',690,'Avellino'),('en_US',691,'Bari'),('en_US',692,'Barletta-Andria-Trani'),('en_US',693,'Belluno'),('en_US',694,'Benevento'),('en_US',695,'Bergamo'),('en_US',696,'Biella'),('en_US',697,'Bologna'),('en_US',698,'Bolzano'),('en_US',699,'Brescia'),('en_US',700,'Brindisi'),('en_US',701,'Cagliari'),('en_US',702,'Caltanissetta'),('en_US',703,'Campobasso'),('en_US',704,'Carbonia Iglesias'),('en_US',705,'Caserta'),('en_US',706,'Catania'),('en_US',707,'Catanzaro'),('en_US',708,'Chieti'),('en_US',709,'Como'),('en_US',710,'Cosenza'),('en_US',711,'Cremona'),('en_US',712,'Crotone'),('en_US',713,'Cuneo'),('en_US',714,'Enna'),('en_US',715,'Fermo'),('en_US',716,'Ferrara'),('en_US',717,'Firenze'),('en_US',718,'Foggia'),('en_US',719,'Forli-Cesena'),('en_US',720,'Frosinone'),('en_US',721,'Genova'),('en_US',722,'Gorizia'),('en_US',723,'Grosseto'),('en_US',724,'Imperia'),('en_US',725,'Isernia'),('en_US',726,'La-Spezia'),('en_US',727,'Latina'),('en_US',728,'Lecce'),('en_US',729,'Lecco'),('en_US',730,'Livorno'),('en_US',731,'Lodi'),('en_US',732,'Lucca'),('en_US',733,'Macerata'),('en_US',734,'Mantova'),('en_US',735,'Massa-Carrara'),('en_US',736,'Matera'),('en_US',737,'Medio Campidano'),('en_US',738,'Messina'),('en_US',739,'Milano'),('en_US',740,'Modena'),('en_US',741,'Monza-Brianza'),('en_US',742,'Napoli'),('en_US',743,'Novara'),('en_US',744,'Nuoro'),('en_US',745,'Ogliastra'),('en_US',746,'Olbia Tempio'),('en_US',747,'Oristano'),('en_US',748,'Padova'),('en_US',749,'Palermo'),('en_US',750,'Parma'),('en_US',751,'Pavia'),('en_US',752,'Perugia'),('en_US',753,'Pesaro-Urbino'),('en_US',754,'Pescara'),('en_US',755,'Piacenza'),('en_US',756,'Pisa'),('en_US',757,'Pistoia'),('en_US',758,'Pordenone'),('en_US',759,'Potenza'),('en_US',760,'Prato'),('en_US',761,'Ragusa'),('en_US',762,'Ravenna'),('en_US',763,'Reggio-Calabria'),('en_US',764,'Reggio-Emilia'),('en_US',765,'Rieti'),('en_US',766,'Rimini'),('en_US',767,'Roma'),('en_US',768,'Rovigo'),('en_US',769,'Salerno'),('en_US',770,'Sassari'),('en_US',771,'Savona'),('en_US',772,'Siena'),('en_US',773,'Siracusa'),('en_US',774,'Sondrio'),('en_US',775,'Taranto'),('en_US',776,'Teramo'),('en_US',777,'Terni'),('en_US',778,'Torino'),('en_US',779,'Trapani'),('en_US',780,'Trento'),('en_US',781,'Treviso'),('en_US',782,'Trieste'),('en_US',783,'Udine'),('en_US',784,'Varese'),('en_US',785,'Venezia'),('en_US',786,'Verbania'),('en_US',787,'Vercelli'),('en_US',788,'Verona'),('en_US',789,'Vibo-Valentia'),('en_US',790,'Vicenza'),('en_US',791,'Viterbo'),('en_US',792,'Aguascalientes'),('en_US',793,'Baja California'),('en_US',794,'Baja California Sur'),('en_US',795,'Campeche'),('en_US',796,'Chiapas'),('en_US',797,'Chihuahua'),('en_US',798,'Ciudad de México'),('en_US',799,'Coahuila'),('en_US',800,'Colima'),('en_US',801,'Durango'),('en_US',802,'Estado de México'),('en_US',803,'Guanajuato'),('en_US',804,'Guerrero'),('en_US',805,'Hidalgo'),('en_US',806,'Jalisco'),('en_US',807,'Michoacán'),('en_US',808,'Morelos'),('en_US',809,'Nayarit'),('en_US',810,'Nuevo León'),('en_US',811,'Oaxaca'),('en_US',812,'Puebla'),('en_US',813,'Querétaro'),('en_US',814,'Quintana Roo'),('en_US',815,'San Luis Potosí'),('en_US',816,'Sinaloa'),('en_US',817,'Sonora'),('en_US',818,'Tabasco'),('en_US',819,'Tamaulipas'),('en_US',820,'Tlaxcala'),('en_US',821,'Veracruz'),('en_US',822,'Yucatán'),('en_US',823,'Zacatecas'),('en_US',824,'dolnośląskie'),('en_US',825,'kujawsko-pomorskie'),('en_US',826,'lubelskie'),('en_US',827,'lubuskie'),('en_US',828,'łódzkie'),('en_US',829,'małopolskie'),('en_US',830,'mazowieckie'),('en_US',831,'opolskie'),('en_US',832,'podkarpackie'),('en_US',833,'podlaskie'),('en_US',834,'pomorskie'),('en_US',835,'śląskie'),('en_US',836,'świętokrzyskie'),('en_US',837,'warmińsko-mazurskie'),('en_US',838,'wielkopolskie'),('en_US',839,'zachodniopomorskie'),('en_US',840,'Artigas'),('en_US',841,'Canelones'),('en_US',842,'Cerro Largo'),('en_US',843,'Colonia'),('en_US',844,'Durazno'),('en_US',845,'Flores'),('en_US',846,'Florida'),('en_US',847,'Lavalleja'),('en_US',848,'Maldonado'),('en_US',849,'Montevideo'),('en_US',850,'Paysandu'),('en_US',851,'Río Negro'),('en_US',852,'Rivera'),('en_US',853,'Rocha'),('en_US',854,'Salto'),('en_US',855,'San José'),('en_US',856,'Soriano'),('en_US',857,'Tacuarembó'),('en_US',858,'Treinta y Tres'),('en_US',859,'Berat'),('en_US',860,'Dibër'),('en_US',861,'Durrës'),('en_US',862,'Elbasan'),('en_US',863,'Fier'),('en_US',864,'Gjirokastër'),('en_US',865,'Korçë'),('en_US',866,'Kukës'),('en_US',867,'Lezhë'),('en_US',868,'Shkodër'),('en_US',869,'Tiranë'),('en_US',870,'Vlorë'),('en_US',871,'Ciudad Autónoma de Buenos Aires'),('en_US',872,'Buenos Aires'),('en_US',873,'Catamarca'),('en_US',874,'Chaco'),('en_US',875,'Chubut'),('en_US',876,'Córdoba'),('en_US',877,'Corrientes'),('en_US',878,'Entre Ríos'),('en_US',879,'Formosa'),('en_US',880,'Jujuy'),('en_US',881,'La Pampa'),('en_US',882,'La Rioja'),('en_US',883,'Mendoza'),('en_US',884,'Misiones'),('en_US',885,'Neuquén'),('en_US',886,'Río Negro'),('en_US',887,'Salta'),('en_US',888,'San Juan'),('en_US',889,'San Luis'),('en_US',890,'Santa Cruz'),('en_US',891,'Santa Fe'),('en_US',892,'Santiago del Estero'),('en_US',893,'Tierra del Fuego'),('en_US',894,'Tucumán'),('en_US',895,'Cochabamba'),('en_US',896,'Chuquisaca'),('en_US',897,'El Beni'),('en_US',898,'La Paz'),('en_US',899,'Oruro'),('en_US',900,'Pando'),('en_US',901,'Potosí'),('en_US',902,'Santa Cruz'),('en_US',903,'Tarija'),('en_US',904,'Aisén del General Carlos Ibañez del Campo'),('en_US',905,'Antofagasta'),('en_US',906,'Arica y Parinacota'),('en_US',907,'La Araucanía'),('en_US',908,'Atacama'),('en_US',909,'Biobío'),('en_US',910,'Coquimbo'),('en_US',911,'Libertador General Bernardo O\'Higgins'),('en_US',912,'Los Lagos'),('en_US',913,'Los Ríos'),('en_US',914,'Magallanes'),('en_US',915,'Maule'),('en_US',916,'Ñuble'),('en_US',917,'Región Metropolitana de Santiago'),('en_US',918,'Tarapacá'),('en_US',919,'Valparaíso'),('en_US',920,'Hovedstaden'),('en_US',921,'Midtjylland'),('en_US',922,'Nordjylland'),('en_US',923,'Sjælland'),('en_US',924,'Syddanmark'),('en_US',925,'Azuay'),('en_US',926,'Bolívar'),('en_US',927,'Cañar'),('en_US',928,'Carchi'),('en_US',929,'Chimborazo'),('en_US',930,'Cotopaxi'),('en_US',931,'El Oro'),('en_US',932,'Esmeraldas'),('en_US',933,'Galápagos'),('en_US',934,'Guayas'),('en_US',935,'Imbabura'),('en_US',936,'Loja'),('en_US',937,'Los Ríos'),('en_US',938,'Manabí'),('en_US',939,'Morona Santiago'),('en_US',940,'Napo'),('en_US',941,'Orellana'),('en_US',942,'Pastaza'),('en_US',943,'Pichincha'),('en_US',944,'Santa Elena'),('en_US',945,'Santo Domingo de los Tsáchilas'),('en_US',946,'Sucumbíos'),('en_US',947,'Tungurahua'),('en_US',948,'Zamora Chinchipe'),('en_US',949,'Anatolikí Makedonía kai Thráki'),('en_US',950,'Attikí'),('en_US',951,'Dytikí Elláda'),('en_US',952,'Dytikí Makedonía'),('en_US',953,'Ionía Nísia'),('en_US',954,'Ípeiros'),('en_US',955,'Kentrikí Makedonía'),('en_US',956,'Kríti'),('en_US',957,'Nótio Aigaío'),('en_US',958,'Pelopónnisos'),('en_US',959,'Stereá Elláda'),('en_US',960,'Thessalía'),('en_US',961,'Vóreio Aigaío'),('en_US',962,'Ágion Óros'),('en_US',963,'Barima-Waini'),('en_US',964,'Cuyuni-Mazaruni'),('en_US',965,'Demerara-Mahaica'),('en_US',966,'East Berbice-Corentyne'),('en_US',967,'Essequibo Islands-West Demerara'),('en_US',968,'Mahaica-Berbice'),('en_US',969,'Pomeroon-Supenaam'),('en_US',970,'Potaro-Siparuni'),('en_US',971,'Upper Demerara-Berbice'),('en_US',972,'Upper Takutu-Upper Essequibo'),('en_US',973,'Höfuðborgarsvæði'),('en_US',974,'Suðurnes'),('en_US',975,'Vesturland'),('en_US',976,'Vestfirðir'),('en_US',977,'Norðurland vestra'),('en_US',978,'Norðurland eystra'),('en_US',979,'Austurland'),('en_US',980,'Suðurland'),('en_US',981,'Asunción'),('en_US',982,'Alto Paraguay'),('en_US',983,'Alto Paraná'),('en_US',984,'Amambay'),('en_US',985,'Boquerón'),('en_US',986,'Caaguazú'),('en_US',987,'Caazapá'),('en_US',988,'Canindeyú'),('en_US',989,'Central'),('en_US',990,'Concepción'),('en_US',991,'Cordillera'),('en_US',992,'Guairá'),('en_US',993,'Itapúa'),('en_US',994,'Misiones'),('en_US',995,'Ñeembucú'),('en_US',996,'Paraguarí'),('en_US',997,'Presidente Hayes'),('en_US',998,'San Pedro'),('en_US',999,'Municipalidad Metropolitana de Lima'),('en_US',1000,'Amazonas'),('en_US',1001,'Ancash'),('en_US',1002,'Apurímac'),('en_US',1003,'Arequipa'),('en_US',1004,'Ayacucho'),('en_US',1005,'Cajamarca'),('en_US',1006,'Cusco'),('en_US',1007,'El Callao'),('en_US',1008,'Huancavelica'),('en_US',1009,'Huánuco'),('en_US',1010,'Ica'),('en_US',1011,'Junín'),('en_US',1012,'La Libertad'),('en_US',1013,'Lambayeque'),('en_US',1014,'Lima'),('en_US',1015,'Loreto'),('en_US',1016,'Madre de Dios'),('en_US',1017,'Moquegua'),('en_US',1018,'Pasco'),('en_US',1019,'Piura'),('en_US',1020,'Puno'),('en_US',1021,'San Martín'),('en_US',1022,'Tacna'),('en_US',1023,'Tumbes'),('en_US',1024,'Ucayali'),('en_US',1025,'Aveiro'),('en_US',1026,'Beja'),('en_US',1027,'Braga'),('en_US',1028,'Bragança'),('en_US',1029,'Castelo Branco'),('en_US',1030,'Coimbra'),('en_US',1031,'Évora'),('en_US',1032,'Faro'),('en_US',1033,'Guarda'),('en_US',1034,'Leiria'),('en_US',1035,'Lisboa'),('en_US',1036,'Portalegre'),('en_US',1037,'Porto'),('en_US',1038,'Santarém'),('en_US',1039,'Setúbal'),('en_US',1040,'Viana do Castelo'),('en_US',1041,'Vila Real'),('en_US',1042,'Viseu'),('en_US',1043,'Região Autónoma dos Açores'),('en_US',1044,'Região Autónoma da Madeira'),('en_US',1045,'Brokopondo'),('en_US',1046,'Commewijne'),('en_US',1047,'Coronie'),('en_US',1048,'Marowijne'),('en_US',1049,'Nickerie'),('en_US',1050,'Para'),('en_US',1051,'Paramaribo'),('en_US',1052,'Saramacca'),('en_US',1053,'Sipaliwini'),('en_US',1054,'Wanica'),('en_US',1055,'Blekinge län'),('en_US',1056,'Dalarnas län'),('en_US',1057,'Gotlands län'),('en_US',1058,'Gävleborgs län'),('en_US',1059,'Hallands län'),('en_US',1060,'Jämtlands län'),('en_US',1061,'Jönköpings län'),('en_US',1062,'Kalmar län'),('en_US',1063,'Kronobergs län'),('en_US',1064,'Norrbottens län'),('en_US',1065,'Skåne län'),('en_US',1066,'Stockholms län'),('en_US',1067,'Södermanlands län'),('en_US',1068,'Uppsala län'),('en_US',1069,'Värmlands län'),('en_US',1070,'Västerbottens län'),('en_US',1071,'Västernorrlands län'),('en_US',1072,'Västmanlands län'),('en_US',1073,'Västra Götalands län'),('en_US',1074,'Örebro län'),('en_US',1075,'Östergötlands län'),('en_US',1076,'Dependencias Federales'),('en_US',1077,'Distrito Capital'),('en_US',1078,'Amazonas'),('en_US',1079,'Anzoátegui'),('en_US',1080,'Apure'),('en_US',1081,'Aragua'),('en_US',1082,'Barinas'),('en_US',1083,'Bolívar'),('en_US',1084,'Carabobo'),('en_US',1085,'Cojedes'),('en_US',1086,'Delta Amacuro'),('en_US',1087,'Falcón'),('en_US',1088,'Guárico'),('en_US',1089,'Lara'),('en_US',1090,'Mérida'),('en_US',1091,'Miranda'),('en_US',1092,'Monagas'),('en_US',1093,'Nueva Esparta'),('en_US',1094,'Portuguesa'),('en_US',1095,'Sucre'),('en_US',1096,'Táchira'),('en_US',1097,'Trujillo'),('en_US',1098,'Vargas'),('en_US',1099,'Yaracuy'),('en_US',1100,'Zulia');

--
-- Table structure for table `directory_currency_rate`
--

CREATE TABLE `directory_currency_rate` (
  `currency_from` varchar(3) NOT NULL COMMENT 'Currency Code Convert From',
  `currency_to` varchar(3) NOT NULL COMMENT 'Currency Code Convert To',
  `rate` decimal(24,12) NOT NULL DEFAULT '0.000000000000' COMMENT 'Currency Conversion Rate',
  PRIMARY KEY (`currency_from`,`currency_to`),
  KEY `DIRECTORY_CURRENCY_RATE_CURRENCY_TO` (`currency_to`)
) ENGINE=InnoDB DEFAULT CHARSET=utf8 COMMENT='Directory Currency Rate';

--
-- Dumping data for table `directory_currency_rate`
--

INSERT INTO `directory_currency_rate` VALUES ('EUR','EUR',1.000000000000),('EUR','USD',1.415000000000),('USD','EUR',1.000000000000),('USD','SGD',1.350000000000),('USD','USD',1.000000000000);

--
-- Table structure for table `downloadable_link`
--

CREATE TABLE `downloadable_link` (
  `link_id` int(10) unsigned NOT NULL AUTO_INCREMENT COMMENT 'Link ID',
  `product_id` int(10) unsigned NOT NULL DEFAULT '0' COMMENT 'Product ID',
  `sort_order` int(10) unsigned NOT NULL DEFAULT '0' COMMENT 'Sort order',
  `number_of_downloads` int(11) DEFAULT NULL COMMENT 'Number of downloads',
  `is_shareable` smallint(5) unsigned NOT NULL DEFAULT '0' COMMENT 'Shareable flag',
  `link_url` varchar(255) DEFAULT NULL COMMENT 'Link Url',
  `link_file` varchar(255) DEFAULT NULL COMMENT 'Link File',
  `link_type` varchar(20) DEFAULT NULL COMMENT 'Link Type',
  `sample_url` varchar(255) DEFAULT NULL COMMENT 'Sample Url',
  `sample_file` varchar(255) DEFAULT NULL COMMENT 'Sample File',
  `sample_type` varchar(20) DEFAULT NULL COMMENT 'Sample Type',
  PRIMARY KEY (`link_id`),
  KEY `DOWNLOADABLE_LINK_PRODUCT_ID_SORT_ORDER` (`product_id`,`sort_order`),
  CONSTRAINT `DOWNLOADABLE_LINK_PRODUCT_ID_CATALOG_PRODUCT_ENTITY_ENTITY_ID` FOREIGN KEY (`product_id`) REFERENCES `catalog_product_entity` (`entity_id`) ON DELETE CASCADE
) ENGINE=InnoDB DEFAULT CHARSET=utf8 COMMENT='Downloadable Link Table';

--
-- Dumping data for table `downloadable_link`
--


--
-- Table structure for table `downloadable_link_price`
--

CREATE TABLE `downloadable_link_price` (
  `price_id` int(10) unsigned NOT NULL AUTO_INCREMENT COMMENT 'Price ID',
  `link_id` int(10) unsigned NOT NULL DEFAULT '0' COMMENT 'Link ID',
  `website_id` smallint(5) unsigned NOT NULL DEFAULT '0' COMMENT 'Website ID',
  `price` decimal(20,6) NOT NULL DEFAULT '0.000000' COMMENT 'Price',
  PRIMARY KEY (`price_id`),
  KEY `DOWNLOADABLE_LINK_PRICE_LINK_ID` (`link_id`),
  KEY `DOWNLOADABLE_LINK_PRICE_WEBSITE_ID` (`website_id`),
  CONSTRAINT `DOWNLOADABLE_LINK_PRICE_LINK_ID_DOWNLOADABLE_LINK_LINK_ID` FOREIGN KEY (`link_id`) REFERENCES `downloadable_link` (`link_id`) ON DELETE CASCADE,
  CONSTRAINT `DOWNLOADABLE_LINK_PRICE_WEBSITE_ID_STORE_WEBSITE_WEBSITE_ID` FOREIGN KEY (`website_id`) REFERENCES `store_website` (`website_id`) ON DELETE CASCADE
) ENGINE=InnoDB DEFAULT CHARSET=utf8 COMMENT='Downloadable Link Price Table';

--
-- Dumping data for table `downloadable_link_price`
--


--
-- Table structure for table `downloadable_link_purchased`
--

CREATE TABLE `downloadable_link_purchased` (
  `purchased_id` int(10) unsigned NOT NULL AUTO_INCREMENT COMMENT 'Purchased ID',
  `order_id` int(10) unsigned DEFAULT '0' COMMENT 'Order ID',
  `order_increment_id` varchar(50) DEFAULT NULL COMMENT 'Order Increment ID',
  `order_item_id` int(10) unsigned NOT NULL DEFAULT '0' COMMENT 'Order Item ID',
  `created_at` timestamp NOT NULL DEFAULT CURRENT_TIMESTAMP COMMENT 'Date of creation',
  `updated_at` timestamp NOT NULL DEFAULT CURRENT_TIMESTAMP ON UPDATE CURRENT_TIMESTAMP COMMENT 'Date of modification',
  `customer_id` int(10) unsigned DEFAULT '0' COMMENT 'Customer ID',
  `product_name` varchar(255) DEFAULT NULL COMMENT 'Product name',
  `product_sku` varchar(255) DEFAULT NULL COMMENT 'Product sku',
  `link_section_title` varchar(255) DEFAULT NULL COMMENT 'Link_section_title',
  PRIMARY KEY (`purchased_id`),
  KEY `DOWNLOADABLE_LINK_PURCHASED_ORDER_ID` (`order_id`),
  KEY `DOWNLOADABLE_LINK_PURCHASED_ORDER_ITEM_ID` (`order_item_id`),
  KEY `DOWNLOADABLE_LINK_PURCHASED_CUSTOMER_ID` (`customer_id`),
  CONSTRAINT `DL_LNK_PURCHASED_CSTR_ID_CSTR_ENTT_ENTT_ID` FOREIGN KEY (`customer_id`) REFERENCES `customer_entity` (`entity_id`) ON DELETE SET NULL,
  CONSTRAINT `DOWNLOADABLE_LINK_PURCHASED_ORDER_ID_SALES_ORDER_ENTITY_ID` FOREIGN KEY (`order_id`) REFERENCES `sales_order` (`entity_id`) ON DELETE SET NULL
) ENGINE=InnoDB DEFAULT CHARSET=utf8 COMMENT='Downloadable Link Purchased Table';

--
-- Dumping data for table `downloadable_link_purchased`
--


--
-- Table structure for table `downloadable_link_purchased_item`
--

CREATE TABLE `downloadable_link_purchased_item` (
  `item_id` int(10) unsigned NOT NULL AUTO_INCREMENT COMMENT 'Item ID',
  `purchased_id` int(10) unsigned NOT NULL DEFAULT '0' COMMENT 'Purchased ID',
  `order_item_id` int(10) unsigned DEFAULT '0' COMMENT 'Order Item ID',
  `product_id` int(10) unsigned DEFAULT '0' COMMENT 'Product ID',
  `link_hash` varchar(255) DEFAULT NULL COMMENT 'Link hash',
  `number_of_downloads_bought` int(10) unsigned NOT NULL DEFAULT '0' COMMENT 'Number of downloads bought',
  `number_of_downloads_used` int(10) unsigned NOT NULL DEFAULT '0' COMMENT 'Number of downloads used',
  `link_id` int(10) unsigned NOT NULL DEFAULT '0' COMMENT 'Link ID',
  `link_title` varchar(255) DEFAULT NULL COMMENT 'Link Title',
  `is_shareable` smallint(5) unsigned NOT NULL DEFAULT '0' COMMENT 'Shareable Flag',
  `link_url` varchar(255) DEFAULT NULL COMMENT 'Link Url',
  `link_file` varchar(255) DEFAULT NULL COMMENT 'Link File',
  `link_type` varchar(255) DEFAULT NULL COMMENT 'Link Type',
  `status` varchar(50) DEFAULT NULL COMMENT 'Status',
  `created_at` timestamp NOT NULL DEFAULT CURRENT_TIMESTAMP COMMENT 'Creation Time',
  `updated_at` timestamp NOT NULL DEFAULT CURRENT_TIMESTAMP ON UPDATE CURRENT_TIMESTAMP COMMENT 'Update Time',
  PRIMARY KEY (`item_id`),
  KEY `DOWNLOADABLE_LINK_PURCHASED_ITEM_LINK_HASH` (`link_hash`),
  KEY `DOWNLOADABLE_LINK_PURCHASED_ITEM_ORDER_ITEM_ID` (`order_item_id`),
  KEY `DOWNLOADABLE_LINK_PURCHASED_ITEM_PURCHASED_ID` (`purchased_id`),
  CONSTRAINT `DL_LNK_PURCHASED_ITEM_ORDER_ITEM_ID_SALES_ORDER_ITEM_ITEM_ID` FOREIGN KEY (`order_item_id`) REFERENCES `sales_order_item` (`item_id`) ON DELETE SET NULL,
  CONSTRAINT `DL_LNK_PURCHASED_ITEM_PURCHASED_ID_DL_LNK_PURCHASED_PURCHASED_ID` FOREIGN KEY (`purchased_id`) REFERENCES `downloadable_link_purchased` (`purchased_id`) ON DELETE CASCADE
) ENGINE=InnoDB DEFAULT CHARSET=utf8 COMMENT='Downloadable Link Purchased Item Table';

--
-- Dumping data for table `downloadable_link_purchased_item`
--


--
-- Table structure for table `downloadable_link_title`
--

CREATE TABLE `downloadable_link_title` (
  `title_id` int(10) unsigned NOT NULL AUTO_INCREMENT COMMENT 'Title ID',
  `link_id` int(10) unsigned NOT NULL DEFAULT '0' COMMENT 'Link ID',
  `store_id` smallint(5) unsigned NOT NULL DEFAULT '0' COMMENT 'Store ID',
  `title` varchar(255) DEFAULT NULL COMMENT 'Title',
  PRIMARY KEY (`title_id`),
  UNIQUE KEY `DOWNLOADABLE_LINK_TITLE_LINK_ID_STORE_ID` (`link_id`,`store_id`),
  KEY `DOWNLOADABLE_LINK_TITLE_STORE_ID` (`store_id`),
  CONSTRAINT `DOWNLOADABLE_LINK_TITLE_LINK_ID_DOWNLOADABLE_LINK_LINK_ID` FOREIGN KEY (`link_id`) REFERENCES `downloadable_link` (`link_id`) ON DELETE CASCADE,
  CONSTRAINT `DOWNLOADABLE_LINK_TITLE_STORE_ID_STORE_STORE_ID` FOREIGN KEY (`store_id`) REFERENCES `store` (`store_id`) ON DELETE CASCADE
) ENGINE=InnoDB DEFAULT CHARSET=utf8 COMMENT='Link Title Table';

--
-- Dumping data for table `downloadable_link_title`
--


--
-- Table structure for table `downloadable_sample`
--

CREATE TABLE `downloadable_sample` (
  `sample_id` int(10) unsigned NOT NULL AUTO_INCREMENT COMMENT 'Sample ID',
  `product_id` int(10) unsigned NOT NULL DEFAULT '0' COMMENT 'Product ID',
  `sample_url` varchar(255) DEFAULT NULL COMMENT 'Sample URL',
  `sample_file` varchar(255) DEFAULT NULL COMMENT 'Sample file',
  `sample_type` varchar(20) DEFAULT NULL COMMENT 'Sample Type',
  `sort_order` int(10) unsigned NOT NULL DEFAULT '0' COMMENT 'Sort Order',
  PRIMARY KEY (`sample_id`),
  KEY `DOWNLOADABLE_SAMPLE_PRODUCT_ID` (`product_id`),
  CONSTRAINT `DOWNLOADABLE_SAMPLE_PRODUCT_ID_CATALOG_PRODUCT_ENTITY_ENTITY_ID` FOREIGN KEY (`product_id`) REFERENCES `catalog_product_entity` (`entity_id`) ON DELETE CASCADE
) ENGINE=InnoDB DEFAULT CHARSET=utf8 COMMENT='Downloadable Sample Table';

--
-- Dumping data for table `downloadable_sample`
--


--
-- Table structure for table `downloadable_sample_title`
--

CREATE TABLE `downloadable_sample_title` (
  `title_id` int(10) unsigned NOT NULL AUTO_INCREMENT COMMENT 'Title ID',
  `sample_id` int(10) unsigned NOT NULL DEFAULT '0' COMMENT 'Sample ID',
  `store_id` smallint(5) unsigned NOT NULL DEFAULT '0' COMMENT 'Store ID',
  `title` varchar(255) DEFAULT NULL COMMENT 'Title',
  PRIMARY KEY (`title_id`),
  UNIQUE KEY `DOWNLOADABLE_SAMPLE_TITLE_SAMPLE_ID_STORE_ID` (`sample_id`,`store_id`),
  KEY `DOWNLOADABLE_SAMPLE_TITLE_STORE_ID` (`store_id`),
  CONSTRAINT `DL_SAMPLE_TTL_SAMPLE_ID_DL_SAMPLE_SAMPLE_ID` FOREIGN KEY (`sample_id`) REFERENCES `downloadable_sample` (`sample_id`) ON DELETE CASCADE,
  CONSTRAINT `DOWNLOADABLE_SAMPLE_TITLE_STORE_ID_STORE_STORE_ID` FOREIGN KEY (`store_id`) REFERENCES `store` (`store_id`) ON DELETE CASCADE
) ENGINE=InnoDB DEFAULT CHARSET=utf8 COMMENT='Downloadable Sample Title Table';

--
-- Dumping data for table `downloadable_sample_title`
--


--
-- Table structure for table `eav_attribute`
--

CREATE TABLE `eav_attribute` (
  `attribute_id` smallint(5) unsigned NOT NULL AUTO_INCREMENT COMMENT 'Attribute ID',
  `entity_type_id` smallint(5) unsigned NOT NULL DEFAULT '0' COMMENT 'Entity Type ID',
  `attribute_code` varchar(255) NOT NULL COMMENT 'Attribute Code',
  `attribute_model` varchar(255) DEFAULT NULL COMMENT 'Attribute Model',
  `backend_model` varchar(255) DEFAULT NULL COMMENT 'Backend Model',
  `backend_type` varchar(8) NOT NULL DEFAULT 'static' COMMENT 'Backend Type',
  `backend_table` varchar(255) DEFAULT NULL COMMENT 'Backend Table',
  `frontend_model` varchar(255) DEFAULT NULL COMMENT 'Frontend Model',
  `frontend_input` varchar(50) DEFAULT NULL COMMENT 'Frontend Input',
  `frontend_label` varchar(255) DEFAULT NULL COMMENT 'Frontend Label',
  `frontend_class` varchar(255) DEFAULT NULL COMMENT 'Frontend Class',
  `source_model` varchar(255) DEFAULT NULL COMMENT 'Source Model',
  `is_required` smallint(5) unsigned NOT NULL DEFAULT '0' COMMENT 'Defines Is Required',
  `is_user_defined` smallint(5) unsigned NOT NULL DEFAULT '0' COMMENT 'Defines Is User Defined',
  `default_value` text COMMENT 'Default Value',
  `is_unique` smallint(5) unsigned NOT NULL DEFAULT '0' COMMENT 'Defines Is Unique',
  `note` varchar(255) DEFAULT NULL COMMENT 'Note',
  PRIMARY KEY (`attribute_id`),
  UNIQUE KEY `EAV_ATTRIBUTE_ENTITY_TYPE_ID_ATTRIBUTE_CODE` (`entity_type_id`,`attribute_code`),
  KEY `EAV_ATTRIBUTE_FRONTEND_INPUT_ENTITY_TYPE_ID_IS_USER_DEFINED` (`frontend_input`,`entity_type_id`,`is_user_defined`),
  CONSTRAINT `EAV_ATTRIBUTE_ENTITY_TYPE_ID_EAV_ENTITY_TYPE_ENTITY_TYPE_ID` FOREIGN KEY (`entity_type_id`) REFERENCES `eav_entity_type` (`entity_type_id`) ON DELETE CASCADE
) ENGINE=InnoDB AUTO_INCREMENT=156 DEFAULT CHARSET=utf8 COMMENT='Eav Attribute';

--
-- Dumping data for table `eav_attribute`
--

INSERT INTO `eav_attribute` VALUES (1,1,'website_id',NULL,'Magento\\Customer\\Model\\Customer\\Attribute\\Backend\\Website','static',NULL,NULL,'select','Associate to Website',NULL,'Magento\\Customer\\Model\\Customer\\Attribute\\Source\\Website',1,0,NULL,0,NULL),(2,1,'store_id',NULL,'Magento\\Customer\\Model\\Customer\\Attribute\\Backend\\Store','static',NULL,NULL,'select','Create In',NULL,'Magento\\Customer\\Model\\Customer\\Attribute\\Source\\Store',1,0,NULL,0,NULL),(3,1,'created_in',NULL,NULL,'static',NULL,NULL,'text','Created From',NULL,NULL,0,0,NULL,0,NULL),(4,1,'prefix',NULL,NULL,'static',NULL,NULL,'text','Name Prefix',NULL,NULL,0,0,NULL,0,NULL),(5,1,'firstname',NULL,NULL,'static',NULL,NULL,'text','First Name',NULL,NULL,1,0,NULL,0,NULL),(6,1,'middlename',NULL,NULL,'static',NULL,NULL,'text','Middle Name/Initial',NULL,NULL,0,0,NULL,0,NULL),(7,1,'lastname',NULL,NULL,'static',NULL,NULL,'text','Last Name',NULL,NULL,1,0,NULL,0,NULL),(8,1,'suffix',NULL,NULL,'static',NULL,NULL,'text','Name Suffix',NULL,NULL,0,0,NULL,0,NULL),(9,1,'email',NULL,NULL,'static',NULL,NULL,'text','Email',NULL,NULL,1,0,NULL,0,NULL),(10,1,'group_id',NULL,NULL,'static',NULL,NULL,'select','Group',NULL,'Magento\\Customer\\Model\\Customer\\Attribute\\Source\\Group',1,0,NULL,0,NULL),(11,1,'dob',NULL,'Magento\\Eav\\Model\\Entity\\Attribute\\Backend\\Datetime','static',NULL,'Magento\\Eav\\Model\\Entity\\Attribute\\Frontend\\Datetime','date','Date of Birth',NULL,NULL,0,0,NULL,0,NULL),(12,1,'password_hash',NULL,'Magento\\Customer\\Model\\Customer\\Attribute\\Backend\\Password','static',NULL,NULL,'hidden',NULL,NULL,NULL,0,0,NULL,0,NULL),(13,1,'rp_token',NULL,NULL,'static',NULL,NULL,'hidden',NULL,NULL,NULL,0,0,NULL,0,NULL),(14,1,'rp_token_created_at',NULL,NULL,'static',NULL,NULL,'date',NULL,NULL,NULL,0,0,NULL,0,NULL),(15,1,'default_billing',NULL,'Magento\\Customer\\Model\\Customer\\Attribute\\Backend\\Billing','static',NULL,NULL,'text','Default Billing Address',NULL,NULL,0,0,NULL,0,NULL),(16,1,'default_shipping',NULL,'Magento\\Customer\\Model\\Customer\\Attribute\\Backend\\Shipping','static',NULL,NULL,'text','Default Shipping Address',NULL,NULL,0,0,NULL,0,NULL),(17,1,'taxvat',NULL,NULL,'static',NULL,NULL,'text','Tax/VAT Number',NULL,NULL,0,0,NULL,0,NULL),(18,1,'confirmation',NULL,NULL,'static',NULL,NULL,'text','Is Confirmed',NULL,NULL,0,0,NULL,0,NULL),(19,1,'created_at',NULL,NULL,'static',NULL,NULL,'date','Created At',NULL,NULL,0,0,NULL,0,NULL),(20,1,'gender',NULL,NULL,'static',NULL,NULL,'select','Gender',NULL,'Magento\\Eav\\Model\\Entity\\Attribute\\Source\\Table',0,0,NULL,0,NULL),(21,1,'disable_auto_group_change','Magento\\Customer\\Model\\Attribute','Magento\\Customer\\Model\\Attribute\\Backend\\Data\\Boolean','static',NULL,NULL,'boolean','Disable Automatic Group Change Based on VAT ID',NULL,NULL,0,0,NULL,0,NULL),(22,2,'prefix',NULL,NULL,'static',NULL,NULL,'text','Name Prefix',NULL,NULL,0,0,NULL,0,NULL),(23,2,'firstname',NULL,NULL,'static',NULL,NULL,'text','First Name',NULL,NULL,1,0,NULL,0,NULL),(24,2,'middlename',NULL,NULL,'static',NULL,NULL,'text','Middle Name/Initial',NULL,NULL,0,0,NULL,0,NULL),(25,2,'lastname',NULL,NULL,'static',NULL,NULL,'text','Last Name',NULL,NULL,1,0,NULL,0,NULL),(26,2,'suffix',NULL,NULL,'static',NULL,NULL,'text','Name Suffix',NULL,NULL,0,0,NULL,0,NULL),(27,2,'company',NULL,NULL,'static',NULL,NULL,'text','Company',NULL,NULL,0,0,NULL,0,NULL),(28,2,'street',NULL,'Magento\\Eav\\Model\\Entity\\Attribute\\Backend\\DefaultBackend','static',NULL,NULL,'multiline','Street Address',NULL,NULL,1,0,NULL,0,NULL),(29,2,'city',NULL,NULL,'static',NULL,NULL,'text','City',NULL,NULL,1,0,NULL,0,NULL),(30,2,'country_id',NULL,NULL,'static',NULL,NULL,'select','Country',NULL,'Magento\\Customer\\Model\\ResourceModel\\Address\\Attribute\\Source\\Country',1,0,NULL,0,NULL),(31,2,'region',NULL,'Magento\\Customer\\Model\\ResourceModel\\Address\\Attribute\\Backend\\Region','static',NULL,NULL,'text','State/Province',NULL,NULL,0,0,NULL,0,NULL),(32,2,'region_id',NULL,NULL,'static',NULL,NULL,'hidden','State/Province',NULL,'Magento\\Customer\\Model\\ResourceModel\\Address\\Attribute\\Source\\Region',0,0,NULL,0,NULL),(33,2,'postcode',NULL,NULL,'static',NULL,NULL,'text','Zip/Postal Code',NULL,NULL,0,0,NULL,0,NULL),(34,2,'telephone',NULL,NULL,'static',NULL,NULL,'text','Phone Number',NULL,NULL,1,0,NULL,0,NULL),(35,2,'fax',NULL,NULL,'static',NULL,NULL,'text','Fax',NULL,NULL,0,0,NULL,0,NULL),(36,2,'vat_id','Magento\\Customer\\Model\\Attribute',NULL,'static',NULL,NULL,'text','VAT Number',NULL,NULL,0,0,NULL,0,NULL),(37,2,'vat_is_valid',NULL,NULL,'static',NULL,NULL,'text','VAT number validity',NULL,NULL,0,0,NULL,0,NULL),(38,2,'vat_request_id',NULL,NULL,'static',NULL,NULL,'text','VAT number validation request ID',NULL,NULL,0,0,NULL,0,NULL),(39,2,'vat_request_date',NULL,NULL,'static',NULL,NULL,'text','VAT number validation request date',NULL,NULL,0,0,NULL,0,NULL),(40,2,'vat_request_success',NULL,NULL,'static',NULL,NULL,'text','VAT number validation request success',NULL,NULL,0,0,NULL,0,NULL),(41,1,'updated_at',NULL,NULL,'static',NULL,NULL,'date','Updated At',NULL,NULL,0,0,NULL,0,NULL),(42,1,'failures_num',NULL,NULL,'static',NULL,NULL,'hidden','Failures Number',NULL,NULL,0,0,NULL,0,NULL),(43,1,'first_failure',NULL,NULL,'static',NULL,NULL,'date','First Failure Date',NULL,NULL,0,0,NULL,0,NULL),(44,1,'lock_expires',NULL,NULL,'static',NULL,NULL,'date','Failures Number',NULL,NULL,0,0,NULL,0,NULL),(45,3,'name',NULL,NULL,'varchar',NULL,NULL,'text','Name',NULL,NULL,1,0,NULL,0,NULL),(46,3,'is_active',NULL,NULL,'int',NULL,NULL,'select','Is Active',NULL,'Magento\\Eav\\Model\\Entity\\Attribute\\Source\\Boolean',1,0,NULL,0,NULL),(47,3,'description',NULL,NULL,'text',NULL,NULL,'textarea','Description',NULL,NULL,0,0,NULL,0,NULL),(48,3,'image',NULL,'Magento\\Catalog\\Model\\Category\\Attribute\\Backend\\Image','varchar',NULL,NULL,'image','Image',NULL,NULL,0,0,NULL,0,NULL),(49,3,'meta_title',NULL,NULL,'varchar',NULL,NULL,'text','Page Title',NULL,NULL,0,0,NULL,0,NULL),(50,3,'meta_keywords',NULL,NULL,'text',NULL,NULL,'textarea','Meta Keywords',NULL,NULL,0,0,NULL,0,NULL),(51,3,'meta_description',NULL,NULL,'text',NULL,NULL,'textarea','Meta Description',NULL,NULL,0,0,NULL,0,NULL),(52,3,'display_mode',NULL,NULL,'varchar',NULL,NULL,'select','Display Mode',NULL,'Magento\\Catalog\\Model\\Category\\Attribute\\Source\\Mode',0,0,NULL,0,NULL),(53,3,'landing_page',NULL,NULL,'int',NULL,NULL,'select','CMS Block',NULL,'Magento\\Catalog\\Model\\Category\\Attribute\\Source\\Page',0,0,NULL,0,NULL),(54,3,'is_anchor',NULL,NULL,'int',NULL,NULL,'select','Is Anchor',NULL,'Magento\\Eav\\Model\\Entity\\Attribute\\Source\\Boolean',0,0,'1',0,NULL),(55,3,'path',NULL,NULL,'static',NULL,NULL,'text','Path',NULL,NULL,0,0,NULL,0,NULL),(56,3,'position',NULL,NULL,'static',NULL,NULL,'text','Position',NULL,NULL,0,0,NULL,0,NULL),(57,3,'all_children',NULL,NULL,'text',NULL,NULL,'text',NULL,NULL,NULL,0,0,NULL,0,NULL),(58,3,'path_in_store',NULL,NULL,'text',NULL,NULL,'text',NULL,NULL,NULL,0,0,NULL,0,NULL),(59,3,'children',NULL,NULL,'text',NULL,NULL,'text',NULL,NULL,NULL,0,0,NULL,0,NULL),(60,3,'custom_design',NULL,NULL,'varchar',NULL,NULL,'select','Custom Design',NULL,'Magento\\Theme\\Model\\Theme\\Source\\Theme',0,0,NULL,0,NULL),(61,3,'custom_design_from','Magento\\Catalog\\Model\\ResourceModel\\Eav\\Attribute','Magento\\Catalog\\Model\\Attribute\\Backend\\Startdate','datetime',NULL,'Magento\\Eav\\Model\\Entity\\Attribute\\Frontend\\Datetime','date','Active From',NULL,NULL,0,0,NULL,0,NULL),(62,3,'custom_design_to',NULL,'Magento\\Eav\\Model\\Entity\\Attribute\\Backend\\Datetime','datetime',NULL,NULL,'date','Active To',NULL,NULL,0,0,NULL,0,NULL),(63,3,'page_layout',NULL,NULL,'varchar',NULL,NULL,'select','Page Layout',NULL,'Magento\\Catalog\\Model\\Category\\Attribute\\Source\\Layout',0,0,NULL,0,NULL),(64,3,'custom_layout_update',NULL,'Magento\\Catalog\\Model\\Attribute\\Backend\\Customlayoutupdate','text',NULL,NULL,'textarea','Custom Layout Update',NULL,NULL,0,0,NULL,0,NULL),(65,3,'level',NULL,NULL,'static',NULL,NULL,'text','Level',NULL,NULL,0,0,NULL,0,NULL),(66,3,'children_count',NULL,NULL,'static',NULL,NULL,'text','Children Count',NULL,NULL,0,0,NULL,0,NULL),(67,3,'available_sort_by',NULL,'Magento\\Catalog\\Model\\Category\\Attribute\\Backend\\Sortby','text',NULL,NULL,'multiselect','Available Product Listing Sort By',NULL,'Magento\\Catalog\\Model\\Category\\Attribute\\Source\\Sortby',1,0,NULL,0,NULL),(68,3,'default_sort_by',NULL,'Magento\\Catalog\\Model\\Category\\Attribute\\Backend\\Sortby','varchar',NULL,NULL,'select','Default Product Listing Sort By',NULL,'Magento\\Catalog\\Model\\Category\\Attribute\\Source\\Sortby',1,0,NULL,0,NULL),(69,3,'include_in_menu',NULL,NULL,'int',NULL,NULL,'select','Include in Navigation Menu',NULL,'Magento\\Eav\\Model\\Entity\\Attribute\\Source\\Boolean',1,0,'1',0,NULL),(70,3,'custom_use_parent_settings',NULL,NULL,'int',NULL,NULL,'select','Use Parent Category Settings',NULL,'Magento\\Eav\\Model\\Entity\\Attribute\\Source\\Boolean',0,0,NULL,0,NULL),(71,3,'custom_apply_to_products',NULL,NULL,'int',NULL,NULL,'select','Apply To Products',NULL,'Magento\\Eav\\Model\\Entity\\Attribute\\Source\\Boolean',0,0,NULL,0,NULL),(72,3,'filter_price_range',NULL,NULL,'decimal',NULL,NULL,'text','Layered Navigation Price Step',NULL,NULL,0,0,NULL,0,NULL),(73,4,'name',NULL,NULL,'varchar',NULL,NULL,'text','Product Name','validate-length maximum-length-255',NULL,1,0,NULL,0,NULL),(74,4,'sku','Magento\\Catalog\\Model\\ResourceModel\\Eav\\Attribute','Magento\\Catalog\\Model\\Product\\Attribute\\Backend\\Sku','static',NULL,NULL,'text','SKU','validate-length maximum-length-64',NULL,1,0,NULL,1,NULL),(75,4,'description',NULL,NULL,'text',NULL,NULL,'textarea','Description',NULL,NULL,0,0,NULL,0,NULL),(76,4,'short_description',NULL,NULL,'text',NULL,NULL,'textarea','Short Description',NULL,NULL,0,0,NULL,0,NULL),(77,4,'price','Magento\\Catalog\\Model\\ResourceModel\\Eav\\Attribute','Magento\\Catalog\\Model\\Product\\Attribute\\Backend\\Price','decimal',NULL,NULL,'price','Price',NULL,NULL,1,0,NULL,0,NULL),(78,4,'special_price','Magento\\Catalog\\Model\\ResourceModel\\Eav\\Attribute','Magento\\Catalog\\Model\\Product\\Attribute\\Backend\\Price','decimal',NULL,NULL,'price','Special Price',NULL,NULL,0,0,NULL,0,NULL),(79,4,'special_from_date',NULL,'Magento\\Catalog\\Model\\Attribute\\Backend\\Startdate','datetime',NULL,NULL,'date','Special Price From Date',NULL,NULL,0,0,NULL,0,NULL),(80,4,'special_to_date',NULL,'Magento\\Eav\\Model\\Entity\\Attribute\\Backend\\Datetime','datetime',NULL,NULL,'date','Special Price To Date',NULL,NULL,0,0,NULL,0,NULL),(81,4,'cost',NULL,'Magento\\Catalog\\Model\\Product\\Attribute\\Backend\\Price','decimal',NULL,NULL,'price','Cost',NULL,NULL,0,1,NULL,0,NULL),(82,4,'weight',NULL,'Magento\\Catalog\\Model\\Product\\Attribute\\Backend\\Weight','decimal',NULL,NULL,'weight','Weight',NULL,NULL,0,0,NULL,0,NULL),(83,4,'manufacturer',NULL,NULL,'int',NULL,NULL,'select','Manufacturer',NULL,NULL,0,1,'',0,NULL),(84,4,'meta_title',NULL,NULL,'varchar',NULL,NULL,'text','Meta Title',NULL,NULL,0,0,NULL,0,NULL),(85,4,'meta_keyword',NULL,NULL,'text',NULL,NULL,'textarea','Meta Keywords',NULL,NULL,0,0,NULL,0,NULL),(86,4,'meta_description',NULL,NULL,'varchar',NULL,NULL,'textarea','Meta Description',NULL,NULL,0,0,NULL,0,'Maximum 255 chars. Meta Description should optimally be between 150-160 characters'),(87,4,'image',NULL,NULL,'varchar',NULL,'Magento\\Catalog\\Model\\Product\\Attribute\\Frontend\\Image','media_image','Base',NULL,NULL,0,0,NULL,0,NULL),(88,4,'small_image',NULL,NULL,'varchar',NULL,'Magento\\Catalog\\Model\\Product\\Attribute\\Frontend\\Image','media_image','Small',NULL,NULL,0,0,NULL,0,NULL),(89,4,'thumbnail',NULL,NULL,'varchar',NULL,'Magento\\Catalog\\Model\\Product\\Attribute\\Frontend\\Image','media_image','Thumbnail',NULL,NULL,0,0,NULL,0,NULL),(90,4,'media_gallery',NULL,NULL,'static',NULL,NULL,'gallery','Media Gallery',NULL,NULL,0,0,NULL,0,NULL),(91,4,'old_id',NULL,NULL,'int',NULL,NULL,'text',NULL,NULL,NULL,0,0,NULL,0,NULL),(92,4,'tier_price',NULL,'Magento\\Catalog\\Model\\Product\\Attribute\\Backend\\Tierprice','decimal',NULL,NULL,'text','Tier Price',NULL,NULL,0,0,NULL,0,NULL),(93,4,'color',NULL,NULL,'int',NULL,NULL,'select','Color',NULL,NULL,0,1,'',0,NULL),(94,4,'news_from_date',NULL,'Magento\\Catalog\\Model\\Attribute\\Backend\\Startdate','datetime',NULL,NULL,'date','Set Product as New from Date',NULL,NULL,0,0,NULL,0,NULL),(95,4,'news_to_date',NULL,'Magento\\Eav\\Model\\Entity\\Attribute\\Backend\\Datetime','datetime',NULL,NULL,'date','Set Product as New to Date',NULL,NULL,0,0,NULL,0,NULL),(96,4,'gallery',NULL,NULL,'varchar',NULL,NULL,'gallery','Image Gallery',NULL,NULL,0,0,NULL,0,NULL),(97,4,'status',NULL,NULL,'int',NULL,NULL,'select','Enable Product',NULL,'Magento\\Catalog\\Model\\Product\\Attribute\\Source\\Status',0,0,'1',0,NULL),(98,4,'minimal_price','Magento\\Catalog\\Model\\ResourceModel\\Eav\\Attribute','Magento\\Catalog\\Model\\Product\\Attribute\\Backend\\Price','decimal',NULL,NULL,'price','Minimal Price',NULL,NULL,0,0,NULL,0,NULL),(99,4,'visibility',NULL,NULL,'int',NULL,NULL,'select','Visibility',NULL,'Magento\\Catalog\\Model\\Product\\Visibility',0,0,'4',0,NULL),(100,4,'custom_design',NULL,NULL,'varchar',NULL,NULL,'select','New Theme',NULL,'Magento\\Theme\\Model\\Theme\\Source\\Theme',0,0,NULL,0,NULL),(101,4,'custom_design_from',NULL,'Magento\\Catalog\\Model\\Attribute\\Backend\\Startdate','datetime',NULL,NULL,'date','Active From',NULL,NULL,0,0,NULL,0,NULL),(102,4,'custom_design_to',NULL,'Magento\\Eav\\Model\\Entity\\Attribute\\Backend\\Datetime','datetime',NULL,NULL,'date','Active To',NULL,NULL,0,0,NULL,0,NULL),(103,4,'custom_layout_update',NULL,'Magento\\Catalog\\Model\\Attribute\\Backend\\Customlayoutupdate','text',NULL,NULL,'textarea','Layout Update XML',NULL,NULL,0,0,NULL,0,NULL),(104,4,'page_layout',NULL,NULL,'varchar',NULL,NULL,'select','Layout',NULL,'Magento\\Catalog\\Model\\Product\\Attribute\\Source\\Layout',0,0,NULL,0,NULL),(105,4,'category_ids',NULL,'Magento\\Catalog\\Model\\Product\\Attribute\\Backend\\Category','static',NULL,NULL,'text','Categories',NULL,NULL,0,0,NULL,0,NULL),(106,4,'options_container',NULL,NULL,'varchar',NULL,NULL,'select','Display Product Options In',NULL,'Magento\\Catalog\\Model\\Entity\\Product\\Attribute\\Design\\Options\\Container',0,0,'container2',0,NULL),(107,4,'required_options',NULL,NULL,'static',NULL,NULL,'text',NULL,NULL,NULL,0,0,NULL,0,NULL),(108,4,'has_options',NULL,NULL,'static',NULL,NULL,'text',NULL,NULL,NULL,0,0,NULL,0,NULL),(109,4,'image_label',NULL,NULL,'varchar',NULL,NULL,'text','Image Label',NULL,NULL,0,0,NULL,0,NULL),(110,4,'small_image_label',NULL,NULL,'varchar',NULL,NULL,'text','Small Image Label',NULL,NULL,0,0,NULL,0,NULL),(111,4,'thumbnail_label',NULL,NULL,'varchar',NULL,NULL,'text','Thumbnail Label',NULL,NULL,0,0,NULL,0,NULL),(112,4,'created_at',NULL,NULL,'static',NULL,NULL,'date',NULL,NULL,NULL,1,0,NULL,0,NULL),(113,4,'updated_at',NULL,NULL,'static',NULL,NULL,'date',NULL,NULL,NULL,1,0,NULL,0,NULL),(114,4,'country_of_manufacture',NULL,NULL,'varchar',NULL,NULL,'select','Country of Manufacture',NULL,'Magento\\Catalog\\Model\\Product\\Attribute\\Source\\Countryofmanufacture',0,0,NULL,0,NULL),(115,4,'quantity_and_stock_status',NULL,'Magento\\Catalog\\Model\\Product\\Attribute\\Backend\\Stock','int',NULL,NULL,'select','Quantity',NULL,'Magento\\CatalogInventory\\Model\\Source\\Stock',0,0,'1',0,NULL),(116,4,'custom_layout',NULL,NULL,'varchar',NULL,NULL,'select','New Layout',NULL,'Magento\\Catalog\\Model\\Product\\Attribute\\Source\\Layout',0,0,NULL,0,NULL),(117,4,'custom_layout_update_file',NULL,'Magento\\Catalog\\Model\\Product\\Attribute\\Backend\\LayoutUpdate','varchar',NULL,NULL,'select','Custom Layout Update',NULL,'Magento\\Catalog\\Model\\Product\\Attribute\\Source\\LayoutUpdate',0,0,NULL,0,NULL),(118,3,'custom_layout_update_file',NULL,'Magento\\Catalog\\Model\\Category\\Attribute\\Backend\\LayoutUpdate','varchar',NULL,NULL,'select','Custom Layout Update',NULL,'Magento\\Catalog\\Model\\Category\\Attribute\\Source\\LayoutUpdate',0,0,NULL,0,NULL),(119,3,'url_key',NULL,NULL,'varchar',NULL,NULL,'text','URL Key',NULL,NULL,0,0,NULL,0,NULL),(120,3,'url_path',NULL,NULL,'varchar',NULL,NULL,'text',NULL,NULL,NULL,0,0,NULL,0,NULL),(121,4,'url_key',NULL,NULL,'varchar',NULL,NULL,'text','URL Key',NULL,NULL,0,0,NULL,0,NULL),(122,4,'url_path',NULL,NULL,'varchar',NULL,NULL,'text',NULL,NULL,NULL,0,0,NULL,0,NULL),(123,4,'msrp','Magento\\Catalog\\Model\\ResourceModel\\Eav\\Attribute','Magento\\Catalog\\Model\\Product\\Attribute\\Backend\\Price','decimal',NULL,NULL,'price','Minimum Advertised Price',NULL,NULL,0,0,NULL,0,NULL),(124,4,'msrp_display_actual_price_type',NULL,'Magento\\Catalog\\Model\\Product\\Attribute\\Backend\\Boolean','varchar',NULL,NULL,'select','Display Actual Price',NULL,'Magento\\Msrp\\Model\\Product\\Attribute\\Source\\Type\\Price',0,0,'0',0,NULL),(125,4,'links_purchased_separately',NULL,NULL,'int',NULL,NULL,NULL,'Links can be purchased separately',NULL,NULL,1,0,NULL,0,NULL),(126,4,'samples_title',NULL,NULL,'varchar',NULL,NULL,NULL,'Samples title',NULL,NULL,1,0,NULL,0,NULL),(127,4,'links_title',NULL,NULL,'varchar',NULL,NULL,NULL,'Links title',NULL,NULL,1,0,NULL,0,NULL),(128,4,'links_exist',NULL,NULL,'int',NULL,NULL,NULL,NULL,NULL,NULL,0,0,NULL,0,NULL),(129,4,'gift_message_available',NULL,'Magento\\Catalog\\Model\\Product\\Attribute\\Backend\\Boolean','varchar',NULL,NULL,'select','Allow Gift Message',NULL,'Magento\\Catalog\\Model\\Product\\Attribute\\Source\\Boolean',0,0,NULL,0,NULL),(130,4,'price_type',NULL,NULL,'int',NULL,NULL,'boolean','Dynamic Price',NULL,NULL,1,0,'0',0,NULL),(131,4,'sku_type',NULL,NULL,'int',NULL,NULL,'boolean','Dynamic SKU',NULL,NULL,1,0,'0',0,NULL),(132,4,'weight_type',NULL,NULL,'int',NULL,NULL,'boolean','Dynamic Weight',NULL,NULL,1,0,'0',0,NULL),(133,4,'price_view',NULL,NULL,'int',NULL,NULL,'select','Price View',NULL,'Magento\\Bundle\\Model\\Product\\Attribute\\Source\\Price\\View',1,0,NULL,0,NULL),(134,4,'shipment_type',NULL,NULL,'int',NULL,NULL,'select','Ship Bundle Items',NULL,'Magento\\Bundle\\Model\\Product\\Attribute\\Source\\Shipment\\Type',1,0,'0',0,NULL),(135,4,'swatch_image',NULL,NULL,'varchar',NULL,'Magento\\Catalog\\Model\\Product\\Attribute\\Frontend\\Image','media_image','Swatch',NULL,NULL,0,0,NULL,0,NULL),(136,4,'tax_class_id',NULL,NULL,'int',NULL,NULL,'select','Tax Class',NULL,'Magento\\Tax\\Model\\TaxClass\\Source\\Product',0,0,'2',0,NULL),(137,4,'sm_featured',NULL,NULL,'int',NULL,NULL,'boolean','Is Featured',NULL,'Magento\\Eav\\Model\\Entity\\Attribute\\Source\\Boolean',0,1,NULL,0,NULL),(138,4,'size',NULL,NULL,'int',NULL,NULL,'select','Size',NULL,'Magento\\Eav\\Model\\Entity\\Attribute\\Source\\Table',0,1,'',0,NULL),(139,4,'sm_sizechart',NULL,NULL,'text',NULL,NULL,'text','Size Chart CMS Block ID',NULL,NULL,0,1,NULL,0,NULL),(140,4,'model',NULL,NULL,'int',NULL,NULL,'select','Model',NULL,'Magento\\Eav\\Model\\Entity\\Attribute\\Source\\Table',0,1,'',0,NULL),(141,4,'year',NULL,NULL,'int',NULL,NULL,'select','Year',NULL,'Magento\\Eav\\Model\\Entity\\Attribute\\Source\\Table',0,1,'',0,NULL),(142,4,'auto_manufacturer',NULL,NULL,'int',NULL,NULL,'select','Auto Manufacturer',NULL,'Magento\\Eav\\Model\\Entity\\Attribute\\Source\\Table',0,1,'',0,NULL),(143,4,'sm_hoverimage',NULL,NULL,'varchar',NULL,'Magento\\Catalog\\Model\\Product\\Attribute\\Frontend\\Image','media_image','Hover Image',NULL,NULL,0,0,NULL,0,NULL),(144,4,'sm_degree_path',NULL,NULL,'text',NULL,NULL,'text','360 Degree Path',NULL,NULL,0,1,NULL,0,NULL),(145,4,'sm_degree_index',NULL,NULL,'text',NULL,NULL,'text','Image Index',NULL,NULL,0,1,NULL,0,NULL),(146,4,'sm_degree_width',NULL,NULL,'text',NULL,NULL,'text','Frame Width',NULL,NULL,0,1,NULL,0,NULL),(147,4,'sm_degree_height',NULL,NULL,'text',NULL,NULL,'text','Frame Height',NULL,NULL,0,1,NULL,0,NULL),(148,4,'is_featured',NULL,NULL,'int',NULL,NULL,'boolean','Is Featured?',NULL,'Magento\\Eav\\Model\\Entity\\Attribute\\Source\\Boolean',0,1,NULL,0,NULL),(149,4,'mgs_brand',NULL,NULL,'int',NULL,NULL,'select','Brand',NULL,NULL,0,1,NULL,0,NULL),(150,4,'mpn',NULL,NULL,'varchar',NULL,NULL,'text','mpn',NULL,NULL,1,1,NULL,0,NULL),(151,4,'lead_time',NULL,NULL,'varchar',NULL,NULL,'text','Lead Time',NULL,NULL,0,1,NULL,0,NULL),(152,4,'ns_item_id',NULL,NULL,'varchar',NULL,NULL,'text','NS Item ID',NULL,NULL,0,1,NULL,0,NULL),(153,1,'mp_smtp_is_synced',NULL,NULL,'int',NULL,NULL,'hidden','Mp SMTP is synced',NULL,NULL,0,0,NULL,0,NULL),(154,4,'gpn',NULL,NULL,'varchar',NULL,NULL,'text','gpn',NULL,NULL,0,1,NULL,0,NULL),(155,4,'ncnr',NULL,NULL,'int',NULL,NULL,'boolean','NCNR',NULL,'Magento\\Eav\\Model\\Entity\\Attribute\\Source\\Boolean',0,1,'0',0,NULL);

--
-- Table structure for table `eav_attribute_group`
--

CREATE TABLE `eav_attribute_group` (
  `attribute_group_id` smallint(5) unsigned NOT NULL AUTO_INCREMENT COMMENT 'Attribute Group ID',
  `attribute_set_id` smallint(5) unsigned NOT NULL DEFAULT '0' COMMENT 'Attribute Set ID',
  `attribute_group_name` varchar(255) DEFAULT NULL COMMENT 'Attribute Group Name',
  `sort_order` smallint(6) NOT NULL DEFAULT '0' COMMENT 'Sort Order',
  `default_id` smallint(5) unsigned DEFAULT '0' COMMENT 'Default ID',
  `attribute_group_code` varchar(255) NOT NULL COMMENT 'Attribute Group Code',
  `tab_group_code` varchar(255) DEFAULT NULL COMMENT 'Tab Group Code',
  PRIMARY KEY (`attribute_group_id`),
  UNIQUE KEY `EAV_ATTRIBUTE_GROUP_ATTRIBUTE_SET_ID_ATTRIBUTE_GROUP_CODE` (`attribute_set_id`,`attribute_group_code`),
  UNIQUE KEY `EAV_ATTRIBUTE_GROUP_ATTRIBUTE_SET_ID_ATTRIBUTE_GROUP_NAME` (`attribute_set_id`,`attribute_group_name`),
  KEY `EAV_ATTRIBUTE_GROUP_ATTRIBUTE_SET_ID_SORT_ORDER` (`attribute_set_id`,`sort_order`),
  CONSTRAINT `EAV_ATTR_GROUP_ATTR_SET_ID_EAV_ATTR_SET_ATTR_SET_ID` FOREIGN KEY (`attribute_set_id`) REFERENCES `eav_attribute_set` (`attribute_set_id`) ON DELETE CASCADE
) ENGINE=InnoDB AUTO_INCREMENT=33 DEFAULT CHARSET=utf8 COMMENT='Eav Attribute Group';

--
-- Dumping data for table `eav_attribute_group`
--

INSERT INTO `eav_attribute_group` VALUES (1,1,'General',1,1,'general',NULL),(2,2,'General',1,1,'general',NULL),(3,3,'General',10,1,'general',NULL),(4,3,'General Information',2,0,'general-information',NULL),(5,3,'Display Settings',20,0,'display-settings',NULL),(6,3,'Custom Design',30,0,'custom-design',NULL),(7,4,'Product Details',1,1,'product-details','basic'),(8,4,'Advanced Pricing',6,0,'advanced-pricing','advanced'),(9,4,'Search Engine Optimization',5,0,'search-engine-optimization','basic'),(10,4,'Images',4,0,'image-management','basic'),(11,4,'Design',7,0,'design','advanced'),(12,4,'Autosettings',9,0,'autosettings','advanced'),(13,4,'Content',2,0,'content','basic'),(14,4,'Schedule Design Update',8,0,'schedule-design-update','advanced'),(15,5,'General',1,1,'general',NULL),(16,6,'General',1,1,'general',NULL),(17,7,'General',1,1,'general',NULL),(18,8,'General',1,1,'general',NULL),(19,4,'Gift Options',10,0,'gift-options',NULL),(20,4,'Bundle Items',3,0,'bundle-items',NULL),(21,9,'Gift Options',10,0,'gift-options',NULL),(22,9,'Autosettings',9,0,'autosettings','advanced'),(23,9,'Schedule Design Update',8,0,'schedule-design-update','advanced'),(24,9,'Design',7,0,'design','advanced'),(25,9,'Advanced Pricing',6,0,'advanced-pricing','advanced'),(26,9,'Search Engine Optimization',5,0,'search-engine-optimization','basic'),(27,9,'Images',4,0,'image-management','basic'),(28,9,'Bundle Items',3,0,'bundle-items',NULL),(29,9,'Content',2,0,'content','basic'),(30,9,'Product Details',1,1,'product-details','basic'),(31,9,'360 Degree',11,0,'360-degree',NULL),(32,4,'360 Degree',11,0,'360-degree',NULL);

--
-- Table structure for table `eav_attribute_label`
--

CREATE TABLE `eav_attribute_label` (
  `attribute_label_id` int(10) unsigned NOT NULL AUTO_INCREMENT COMMENT 'Attribute Label ID',
  `attribute_id` smallint(5) unsigned NOT NULL DEFAULT '0' COMMENT 'Attribute ID',
  `store_id` smallint(5) unsigned NOT NULL DEFAULT '0' COMMENT 'Store ID',
  `value` varchar(255) DEFAULT NULL COMMENT 'Value',
  PRIMARY KEY (`attribute_label_id`),
  KEY `EAV_ATTRIBUTE_LABEL_STORE_ID` (`store_id`),
  KEY `EAV_ATTRIBUTE_LABEL_ATTRIBUTE_ID_STORE_ID` (`attribute_id`,`store_id`),
  CONSTRAINT `EAV_ATTRIBUTE_LABEL_ATTRIBUTE_ID_EAV_ATTRIBUTE_ATTRIBUTE_ID` FOREIGN KEY (`attribute_id`) REFERENCES `eav_attribute` (`attribute_id`) ON DELETE CASCADE,
  CONSTRAINT `EAV_ATTRIBUTE_LABEL_STORE_ID_STORE_STORE_ID` FOREIGN KEY (`store_id`) REFERENCES `store` (`store_id`) ON DELETE CASCADE
) ENGINE=InnoDB DEFAULT CHARSET=utf8 COMMENT='Eav Attribute Label';

--
-- Dumping data for table `eav_attribute_label`
--


--
-- Table structure for table `eav_attribute_option`
--

CREATE TABLE `eav_attribute_option` (
  `option_id` int(10) unsigned NOT NULL AUTO_INCREMENT COMMENT 'Option ID',
  `attribute_id` smallint(5) unsigned NOT NULL DEFAULT '0' COMMENT 'Attribute ID',
  `sort_order` smallint(5) unsigned NOT NULL DEFAULT '0' COMMENT 'Sort Order',
  PRIMARY KEY (`option_id`),
  KEY `EAV_ATTRIBUTE_OPTION_ATTRIBUTE_ID` (`attribute_id`),
  CONSTRAINT `EAV_ATTRIBUTE_OPTION_ATTRIBUTE_ID_EAV_ATTRIBUTE_ATTRIBUTE_ID` FOREIGN KEY (`attribute_id`) REFERENCES `eav_attribute` (`attribute_id`) ON DELETE CASCADE
) ENGINE=InnoDB AUTO_INCREMENT=226 DEFAULT CHARSET=utf8 COMMENT='Eav Attribute Option';

--
-- Dumping data for table `eav_attribute_option`
--

INSERT INTO `eav_attribute_option` VALUES (1,20,0),(2,20,1),(3,20,3),(4,93,1),(5,93,2),(6,93,3),(7,93,4),(8,93,5),(9,93,6),(10,93,7),(11,93,8),(12,93,9),(13,93,10),(14,93,11),(27,138,1),(28,138,2),(29,138,3),(30,138,4),(31,138,5),(32,138,6),(33,138,7),(34,138,8),(35,138,9),(36,138,10),(37,138,11),(38,138,12),(39,138,13),(43,140,1),(44,140,2),(45,140,3),(46,140,4),(47,140,5),(48,140,6),(49,140,7),(50,140,8),(51,140,9),(52,140,10),(53,140,11),(54,140,12),(55,141,1),(56,141,2),(57,141,3),(58,141,4),(59,141,5),(60,141,6),(61,142,1),(62,142,2),(63,142,3),(64,83,3),(65,83,4),(66,83,5),(67,83,6),(68,83,7),(69,83,8),(70,83,9),(71,83,10),(72,83,11),(73,83,12),(74,83,13),(75,83,14),(76,83,15),(77,83,16),(78,83,17),(79,83,18),(80,83,19),(81,83,20),(82,83,21),(83,83,22),(84,83,24),(85,83,25),(86,83,26),(87,83,27),(88,83,28),(89,149,0),(90,149,0),(91,149,0),(92,83,0),(93,83,0),(94,83,0),(95,83,0),(96,83,0),(97,83,0),(98,83,0),(99,83,0),(100,83,0),(101,83,0),(102,83,0),(103,83,0),(104,83,0),(105,83,0),(106,83,0),(107,83,0),(108,83,0),(109,83,0),(110,83,0),(111,83,0),(112,83,0),(113,83,0),(114,83,0),(115,83,0),(116,83,0),(117,83,0),(118,83,0),(119,83,0),(120,83,0),(121,83,0),(122,83,0),(123,83,0),(124,83,0),(125,83,0),(126,83,0),(127,83,0),(128,83,0),(129,83,0),(130,83,0),(131,83,0),(132,83,0),(133,83,0),(134,83,0),(135,83,0),(136,83,0),(137,83,0),(138,83,0),(139,83,0),(140,83,0),(141,83,0),(142,83,0),(143,83,0),(144,83,0),(145,83,0),(146,83,0),(147,83,0),(148,83,0),(149,83,0),(150,83,0),(151,83,0),(152,83,0),(153,83,0),(154,83,0),(155,83,0),(156,83,0),(157,83,0),(158,83,0),(159,83,0),(160,83,0),(161,83,0),(162,83,0),(163,83,0),(164,83,0),(165,83,0),(166,83,0),(167,83,0),(168,83,0),(169,83,0),(170,83,0),(171,83,0),(172,83,0),(173,83,0),(174,83,0),(175,83,0),(176,83,0),(177,83,0),(178,83,0),(179,83,0),(180,83,0),(181,83,0),(182,83,0),(183,83,0),(184,83,0),(185,83,0),(186,83,0),(187,83,0),(188,83,0),(189,83,0),(190,83,0),(191,83,0),(192,83,0),(193,83,0),(194,83,0),(195,83,0),(196,83,0),(197,83,0),(198,83,0),(199,83,0),(200,83,0),(201,83,0),(202,83,0),(203,83,0),(204,83,0),(205,83,0),(206,83,0),(207,83,0),(208,83,0),(209,83,0),(210,83,0),(211,83,0),(212,83,146),(213,83,0),(214,83,148),(215,83,149),(216,83,150),(217,83,151),(218,83,152),(219,83,153),(220,83,154),(221,83,155),(222,83,156),(223,83,157),(224,83,0),(225,83,0);

--
-- Table structure for table `eav_attribute_option_swatch`
--

CREATE TABLE `eav_attribute_option_swatch` (
  `swatch_id` int(10) unsigned NOT NULL AUTO_INCREMENT COMMENT 'Swatch ID',
  `option_id` int(10) unsigned NOT NULL COMMENT 'Option ID',
  `store_id` smallint(5) unsigned NOT NULL COMMENT 'Store ID',
  `type` smallint(5) unsigned NOT NULL COMMENT 'Swatch type: 0 - text, 1 - visual color, 2 - visual image',
  `value` varchar(255) DEFAULT NULL COMMENT 'Swatch Value',
  PRIMARY KEY (`swatch_id`),
  UNIQUE KEY `EAV_ATTRIBUTE_OPTION_SWATCH_STORE_ID_OPTION_ID` (`store_id`,`option_id`),
  KEY `EAV_ATTR_OPT_SWATCH_OPT_ID_EAV_ATTR_OPT_OPT_ID` (`option_id`),
  KEY `EAV_ATTRIBUTE_OPTION_SWATCH_SWATCH_ID` (`swatch_id`),
  CONSTRAINT `EAV_ATTRIBUTE_OPTION_SWATCH_STORE_ID_STORE_STORE_ID` FOREIGN KEY (`store_id`) REFERENCES `store` (`store_id`) ON DELETE CASCADE,
  CONSTRAINT `EAV_ATTR_OPT_SWATCH_OPT_ID_EAV_ATTR_OPT_OPT_ID` FOREIGN KEY (`option_id`) REFERENCES `eav_attribute_option` (`option_id`) ON DELETE CASCADE
) ENGINE=InnoDB AUTO_INCREMENT=61 DEFAULT CHARSET=utf8 COMMENT='Magento Swatches table';

--
-- Dumping data for table `eav_attribute_option_swatch`
--

INSERT INTO `eav_attribute_option_swatch` VALUES (1,4,0,1,'#000000'),(2,5,0,1,'#1857f7'),(3,6,0,1,'#945454'),(4,7,0,1,'#8f8f8f'),(5,8,0,1,'#53a828'),(6,9,0,1,'#ce64d4'),(7,10,0,1,'#eb6703'),(8,11,0,1,'#ef3dff'),(9,12,0,1,'#ff0000'),(10,13,0,1,'#ffffff'),(11,14,0,1,'#ffd500'),(12,27,0,0,'S'),(16,28,0,0,'M'),(20,29,0,0,'L'),(24,30,0,0,'XL'),(28,31,0,0,'XXL'),(32,32,0,0,'10cm'),(36,33,0,0,'15cm'),(40,34,0,0,'20cm'),(44,35,0,0,'25cm'),(48,36,0,0,'30cm'),(52,37,0,0,'35cm'),(56,38,0,0,'40cm'),(60,39,0,0,'45cm');

--
-- Table structure for table `eav_attribute_option_value`
--

CREATE TABLE `eav_attribute_option_value` (
  `value_id` int(10) unsigned NOT NULL AUTO_INCREMENT COMMENT 'Value ID',
  `option_id` int(10) unsigned NOT NULL DEFAULT '0' COMMENT 'Option ID',
  `store_id` smallint(5) unsigned NOT NULL DEFAULT '0' COMMENT 'Store ID',
  `value` varchar(255) DEFAULT NULL COMMENT 'Value',
  PRIMARY KEY (`value_id`),
  KEY `EAV_ATTRIBUTE_OPTION_VALUE_OPTION_ID` (`option_id`),
  KEY `EAV_ATTRIBUTE_OPTION_VALUE_STORE_ID` (`store_id`),
  CONSTRAINT `EAV_ATTRIBUTE_OPTION_VALUE_STORE_ID_STORE_STORE_ID` FOREIGN KEY (`store_id`) REFERENCES `store` (`store_id`) ON DELETE CASCADE,
  CONSTRAINT `EAV_ATTR_OPT_VAL_OPT_ID_EAV_ATTR_OPT_OPT_ID` FOREIGN KEY (`option_id`) REFERENCES `eav_attribute_option` (`option_id`) ON DELETE CASCADE
) ENGINE=InnoDB AUTO_INCREMENT=977 DEFAULT CHARSET=utf8 COMMENT='Eav Attribute Option Value';

--
-- Dumping data for table `eav_attribute_option_value`
--

INSERT INTO `eav_attribute_option_value` VALUES (1,1,0,'Male'),(2,2,0,'Female'),(3,3,0,'Not Specified'),(43,27,0,'S'),(44,28,0,'M'),(45,29,0,'L'),(46,30,0,'XL'),(47,31,0,'XXL'),(48,32,0,'10 cm'),(49,33,0,'15cm'),(50,34,0,'20cm'),(51,35,0,'25cm'),(52,36,0,'30cm'),(53,37,0,'35cm'),(54,38,0,'40cm'),(55,39,0,'45cm'),(128,55,0,'2015'),(129,56,0,'2016'),(130,57,0,'2017'),(131,58,0,'2018'),(132,59,0,'2019'),(133,60,0,'2020'),(134,43,0,'Sorento'),(135,44,0,'Cerato'),(136,45,0,'Seltos'),(137,46,0,'Optima'),(138,47,0,'A4'),(139,48,0,'A6'),(140,49,0,'A8'),(141,50,0,'Q2'),(142,51,0,'Tucson'),(143,52,0,'i20'),(144,53,0,'Kona'),(145,54,0,'Elantra'),(146,61,0,'Kia'),(147,62,0,'Audi'),(148,63,0,'Hyundai'),(194,4,0,'Black'),(195,5,0,'Blue'),(196,6,0,'Brown'),(197,7,0,'Gray'),(198,8,0,'Green'),(199,9,0,'Lavender'),(200,10,0,'Orange'),(201,11,0,'Purple'),(202,12,0,'Red'),(203,13,0,'White'),(204,14,0,'Yellow'),(234,89,0,'google'),(236,90,0,'Amazon'),(238,91,0,'3M'),(818,115,0,'10072'),(819,122,0,'3PM'),(820,140,0,'70E Solutions'),(821,136,0,'ABB'),(822,116,0,'ADCTELECOMMUNICATIONS'),(823,187,0,'ADVANTAGE CONTROLS'),(824,100,0,'All Fab Precision San Jose'),(825,105,0,'Amazon'),(826,172,0,'AO Smith'),(827,158,0,'APC'),(828,184,0,'Apollo'),(829,209,0,'ASC Engineered Solutions LLC'),(830,198,0,'AVK INDUSTRIAL PRODUCTS'),(831,92,0,'AVOCENT'),(832,173,0,'BABBITT'),(833,163,0,'Baldor Electric Company'),(834,151,0,'BELIMO AMERICAS'),(835,171,0,'Berluto'),(836,103,0,'Brimar Industries, Inc.'),(837,110,0,'BURNDY'),(838,133,0,'C & D Technologies'),(839,210,0,'CATERPILLAR'),(840,169,0,'Cerus,Franklin Control'),(841,156,0,'Cisco'),(842,161,0,'CK TOOLS'),(843,181,0,'Comark'),(844,183,0,'Coolermaster'),(845,118,0,'Corning Inc.'),(846,108,0,'CSC'),(847,101,0,'Dell'),(848,132,0,'Dewalt'),(849,213,0,'DP Products inc'),(850,107,0,'Dremel'),(851,160,0,'DYNICS'),(852,180,0,'E + I Engineering Group'),(853,185,0,'E+I Engineering, Burnfoot, Ireland'),(854,176,0,'Edwards Signaling'),(855,127,0,'Electro Switch Corporation'),(856,143,0,'Endress+Hauser, Inc.'),(857,153,0,'Epilog Laser'),(858,96,0,'Flipkart'),(859,192,0,'Fluke'),(860,124,0,'Fortinet'),(861,211,0,'FW Murphy'),(862,149,0,'GARRETTCOM'),(863,130,0,'Geelers Inc.'),(864,139,0,'GENERAL AIR PRODUCTS, INC.'),(865,106,0,'Geo'),(866,186,0,'GLOBAL FILTER'),(867,154,0,'Glowforge, Inc.'),(868,97,0,'Google'),(869,135,0,'Honeywell'),(870,178,0,'HOTSTART INC'),(871,145,0,'IOT'),(872,146,0,'IOTA'),(873,102,0,'iPrimio'),(874,120,0,'Junipar'),(875,123,0,'KL'),(876,204,0,'LEDtronics Inc.'),(877,190,0,'LINDY Computer Connection Technology Inc.'),(878,155,0,'Littel Fuse'),(879,201,0,'Lutz'),(880,179,0,'Madison'),(881,157,0,'Mainstream Engineering Corporation'),(882,166,0,'Marley'),(883,189,0,'McMaster-Carr'),(884,129,0,'METRIX INSTRUMENTS'),(885,138,0,'Mitsubishi'),(886,191,0,'MODINE'),(887,196,0,'Modine Grenada USA'),(888,144,0,'motor guard'),(889,208,0,'Moxa'),(890,199,0,'MSC Industrial Supply Co.'),(891,119,0,'MTU Friedrichshafen GmbH'),(892,194,0,'MTU(Rolls-Royce) Friedrichshafen Germany'),(893,207,0,'MTU(Rolls-Royce) Friedrichshafen Germany Manufacturer'),(894,203,0,'NEC'),(895,134,0,'New Pig'),(896,195,0,'Osram Sylvania'),(897,125,0,'Palo'),(898,175,0,'PCB Piezotronics'),(899,200,0,'Pentair-Anoka'),(900,205,0,'Phoenix Contact'),(901,113,0,'PlenaFill'),(902,197,0,'Power handling'),(903,167,0,'PowerHandling Inc.'),(904,177,0,'ProMation Engineering, Inc'),(905,95,0,'Punchout'),(906,93,0,'Rahi'),(907,111,0,'Rahi Systems'),(908,206,0,'Red Lion'),(909,128,0,'Rockwell Automation'),(910,131,0,'Rockwell Automation, Inc.'),(911,159,0,'Rolls-Royce Power Systems AG (MTU)'),(912,164,0,'Schneider Electric'),(913,150,0,'SCHWEITZER ENGINEERING LABORATORIES, INC.'),(914,114,0,'SDGI'),(915,174,0,'Senstar'),(916,104,0,'ServerLIFT Corporation'),(917,202,0,'Setra'),(918,152,0,'Siemens'),(919,165,0,'Sight logix'),(920,188,0,'Sightlogix'),(921,117,0,'StayOnline'),(922,99,0,'Synology Inc.'),(923,170,0,'TAS'),(924,126,0,'Telect, Inc.'),(925,98,0,'test'),(926,147,0,'TOI'),(927,148,0,'TPM'),(928,112,0,'TR Mfg'),(929,109,0,'Tripp Lite'),(930,182,0,'TTK'),(931,94,0,'ttsgf'),(932,142,0,'Unigen'),(933,193,0,'United Technologies'),(934,141,0,'Veris Industries'),(935,162,0,'Viking'),(936,168,0,'VMware, Inc'),(937,137,0,'Walker Engineering'),(938,121,0,'Yui'),(939,64,0,'Automation Direct'),(940,65,0,'AZZ Inc'),(941,66,0,'Bay Advanced Technologies'),(942,67,0,'Cooler Master'),(943,68,0,'Coolermaster Guangdong China'),(944,69,0,'E+I Engineering Group'),(945,70,0,'EATON'),(946,71,0,'Eaton Corp'),(947,72,0,'Eaton Corp (Setra)'),(948,73,0,'Eaton Corp cooper bussman'),(949,74,0,'Eaton Corp GE GRID'),(950,75,0,'EATON CORPORATION'),(951,76,0,'ICM Controls Corporation'),(952,77,0,'INTEL'),(953,78,0,'Micron'),(954,79,0,'nVent'),(955,80,0,'nVent Electric plc (nVent)'),(956,81,0,'PCB Piezotronics  Inc'),(957,82,0,'PermAlert'),(958,83,0,'PermAlert ESP'),(959,84,0,'PHS WEST  INC.'),(960,85,0,'ProSoft Technology  Inc.'),(961,86,0,'Rockwell Automation  Inc'),(962,87,0,'TAS/Rockwell Automation  Inc.'),(963,88,0,'US Koei Technologies  Inc.'),(964,212,0,'Sandisk'),(965,214,0,'Feller US Corp'),(966,215,0,'Grainger'),(967,216,0,'PLAB Technology Co. Ltd.'),(968,217,0,'BarcodesInc'),(969,218,0,'Stanley Electric'),(970,219,0,'Orvac Electronics'),(971,220,0,'Robert Bosch GmbH'),(972,221,0,'Beam On Technology'),(973,222,0,'Zebra Technologies Corporation'),(974,223,0,'Label Ident'),(975,224,0,'TE Connectivity'),(976,225,0,'AXIS');

--
-- Table structure for table `eav_attribute_set`
--

CREATE TABLE `eav_attribute_set` (
  `attribute_set_id` smallint(5) unsigned NOT NULL AUTO_INCREMENT COMMENT 'Attribute Set ID',
  `entity_type_id` smallint(5) unsigned NOT NULL DEFAULT '0' COMMENT 'Entity Type ID',
  `attribute_set_name` varchar(255) DEFAULT NULL COMMENT 'Attribute Set Name',
  `sort_order` smallint(6) NOT NULL DEFAULT '0' COMMENT 'Sort Order',
  PRIMARY KEY (`attribute_set_id`),
  UNIQUE KEY `EAV_ATTRIBUTE_SET_ENTITY_TYPE_ID_ATTRIBUTE_SET_NAME` (`entity_type_id`,`attribute_set_name`),
  KEY `EAV_ATTRIBUTE_SET_ENTITY_TYPE_ID_SORT_ORDER` (`entity_type_id`,`sort_order`),
  CONSTRAINT `EAV_ATTRIBUTE_SET_ENTITY_TYPE_ID_EAV_ENTITY_TYPE_ENTITY_TYPE_ID` FOREIGN KEY (`entity_type_id`) REFERENCES `eav_entity_type` (`entity_type_id`) ON DELETE CASCADE
) ENGINE=InnoDB AUTO_INCREMENT=10 DEFAULT CHARSET=utf8 COMMENT='Eav Attribute Set';

--
-- Dumping data for table `eav_attribute_set`
--

INSERT INTO `eav_attribute_set` VALUES (1,1,'Default',2),(2,2,'Default',2),(3,3,'Default',1),(4,4,'Default',1),(5,5,'Default',1),(6,6,'Default',1),(7,7,'Default',1),(8,8,'Default',1),(9,4,'Auto',0);

--
-- Table structure for table `eav_entity`
--

CREATE TABLE `eav_entity` (
  `entity_id` int(10) unsigned NOT NULL AUTO_INCREMENT COMMENT 'Entity ID',
  `entity_type_id` smallint(5) unsigned NOT NULL DEFAULT '0' COMMENT 'Entity Type ID',
  `attribute_set_id` smallint(5) unsigned NOT NULL DEFAULT '0' COMMENT 'Attribute Set ID',
  `increment_id` varchar(50) DEFAULT NULL COMMENT 'Increment ID',
  `parent_id` int(10) unsigned NOT NULL DEFAULT '0' COMMENT 'Parent ID',
  `store_id` smallint(5) unsigned NOT NULL DEFAULT '0' COMMENT 'Store ID',
  `created_at` timestamp NOT NULL DEFAULT CURRENT_TIMESTAMP COMMENT 'Created At',
  `updated_at` timestamp NOT NULL DEFAULT CURRENT_TIMESTAMP ON UPDATE CURRENT_TIMESTAMP COMMENT 'Updated At',
  `is_active` smallint(5) unsigned NOT NULL DEFAULT '1' COMMENT 'Defines Is Entity Active',
  PRIMARY KEY (`entity_id`),
  KEY `EAV_ENTITY_ENTITY_TYPE_ID` (`entity_type_id`),
  KEY `EAV_ENTITY_STORE_ID` (`store_id`),
  CONSTRAINT `EAV_ENTITY_ENTITY_TYPE_ID_EAV_ENTITY_TYPE_ENTITY_TYPE_ID` FOREIGN KEY (`entity_type_id`) REFERENCES `eav_entity_type` (`entity_type_id`) ON DELETE CASCADE,
  CONSTRAINT `EAV_ENTITY_STORE_ID_STORE_STORE_ID` FOREIGN KEY (`store_id`) REFERENCES `store` (`store_id`) ON DELETE CASCADE
) ENGINE=InnoDB DEFAULT CHARSET=utf8 COMMENT='Eav Entity';

--
-- Dumping data for table `eav_entity`
--


--
-- Table structure for table `eav_entity_attribute`
--

CREATE TABLE `eav_entity_attribute` (
  `entity_attribute_id` int(10) unsigned NOT NULL AUTO_INCREMENT COMMENT 'Entity Attribute ID',
  `entity_type_id` smallint(5) unsigned NOT NULL DEFAULT '0' COMMENT 'Entity Type ID',
  `attribute_set_id` smallint(5) unsigned NOT NULL DEFAULT '0' COMMENT 'Attribute Set ID',
  `attribute_group_id` smallint(5) unsigned NOT NULL DEFAULT '0' COMMENT 'Attribute Group ID',
  `attribute_id` smallint(5) unsigned NOT NULL DEFAULT '0' COMMENT 'Attribute ID',
  `sort_order` smallint(6) NOT NULL DEFAULT '0' COMMENT 'Sort Order',
  PRIMARY KEY (`entity_attribute_id`),
  UNIQUE KEY `EAV_ENTITY_ATTRIBUTE_ATTRIBUTE_SET_ID_ATTRIBUTE_ID` (`attribute_set_id`,`attribute_id`),
  UNIQUE KEY `EAV_ENTITY_ATTRIBUTE_ATTRIBUTE_GROUP_ID_ATTRIBUTE_ID` (`attribute_group_id`,`attribute_id`),
  KEY `EAV_ENTITY_ATTRIBUTE_ATTRIBUTE_SET_ID_SORT_ORDER` (`attribute_set_id`,`sort_order`),
  KEY `EAV_ENTITY_ATTRIBUTE_ATTRIBUTE_ID` (`attribute_id`),
  CONSTRAINT `EAV_ENTITY_ATTRIBUTE_ATTRIBUTE_ID_EAV_ATTRIBUTE_ATTRIBUTE_ID` FOREIGN KEY (`attribute_id`) REFERENCES `eav_attribute` (`attribute_id`) ON DELETE CASCADE,
  CONSTRAINT `EAV_ENTT_ATTR_ATTR_GROUP_ID_EAV_ATTR_GROUP_ATTR_GROUP_ID` FOREIGN KEY (`attribute_group_id`) REFERENCES `eav_attribute_group` (`attribute_group_id`) ON DELETE CASCADE
) ENGINE=InnoDB AUTO_INCREMENT=708 DEFAULT CHARSET=utf8 COMMENT='Eav Entity Attributes';

--
-- Dumping data for table `eav_entity_attribute`
--

INSERT INTO `eav_entity_attribute` VALUES (1,1,1,1,1,10),(2,1,1,1,2,20),(3,1,1,1,3,20),(4,1,1,1,4,30),(5,1,1,1,5,40),(6,1,1,1,6,50),(7,1,1,1,7,60),(8,1,1,1,8,70),(9,1,1,1,9,80),(10,1,1,1,10,25),(11,1,1,1,11,90),(12,1,1,1,12,81),(13,1,1,1,13,115),(14,1,1,1,14,120),(15,1,1,1,15,82),(16,1,1,1,16,83),(17,1,1,1,17,100),(18,1,1,1,18,0),(19,1,1,1,19,0),(20,1,1,1,20,110),(21,1,1,1,21,28),(22,2,2,2,22,10),(23,2,2,2,23,20),(24,2,2,2,24,30),(25,2,2,2,25,40),(26,2,2,2,26,50),(27,2,2,2,27,60),(28,2,2,2,28,70),(29,2,2,2,29,100),(30,2,2,2,30,80),(31,2,2,2,31,90),(32,2,2,2,32,90),(33,2,2,2,33,110),(34,2,2,2,34,120),(35,2,2,2,35,130),(36,2,2,2,36,140),(37,2,2,2,37,132),(38,2,2,2,38,133),(39,2,2,2,39,134),(40,2,2,2,40,135),(41,1,1,1,41,87),(42,1,1,1,42,100),(43,1,1,1,43,110),(44,1,1,1,44,120),(45,3,3,4,45,1),(46,3,3,4,46,2),(47,3,3,4,47,4),(48,3,3,4,48,5),(49,3,3,4,49,6),(50,3,3,4,50,7),(51,3,3,4,51,8),(52,3,3,5,52,10),(53,3,3,5,53,20),(54,3,3,5,54,30),(55,3,3,4,55,12),(56,3,3,4,56,13),(57,3,3,4,57,14),(58,3,3,4,58,15),(59,3,3,4,59,16),(60,3,3,6,60,10),(61,3,3,6,61,30),(62,3,3,6,62,40),(63,3,3,6,63,50),(64,3,3,6,64,60),(65,3,3,4,65,24),(66,3,3,4,66,25),(67,3,3,5,67,40),(68,3,3,5,68,50),(69,3,3,4,69,10),(70,3,3,6,70,5),(71,3,3,6,71,6),(72,3,3,5,72,51),(90,4,4,7,91,6),(96,4,4,8,98,8),(101,4,4,11,103,10),(105,4,4,7,107,14),(106,4,4,7,108,15),(107,4,4,7,109,16),(108,4,4,7,110,17),(109,4,4,7,111,18),(110,4,4,7,112,19),(111,4,4,7,113,20),(116,3,3,6,118,51),(117,3,3,4,119,3),(118,3,3,4,120,17),(120,4,4,7,122,11),(123,4,4,7,125,111),(124,4,4,7,126,112),(125,4,4,7,127,113),(126,4,4,7,128,114),(240,4,9,24,103,10),(248,4,9,25,98,8),(269,4,9,30,91,6),(275,4,9,30,122,11),(278,4,9,30,107,14),(280,4,9,30,108,15),(283,4,9,30,109,16),(284,4,9,30,110,17),(287,4,9,30,111,18),(289,4,9,30,112,19),(290,4,9,30,113,20),(292,4,9,30,125,111),(293,4,9,30,126,112),(294,4,9,30,127,113),(295,4,9,30,128,114),(346,4,9,30,73,2),(347,4,9,30,74,3),(348,4,9,30,77,5),(349,4,9,30,82,9),(350,4,9,30,93,16),(351,4,9,30,94,18),(352,4,9,30,95,19),(353,4,9,30,97,1),(354,4,9,30,99,11),(355,4,9,30,105,12),(356,4,9,30,114,21),(357,4,9,30,115,8),(358,4,9,30,130,6),(359,4,9,30,131,4),(360,4,9,30,132,10),(361,4,9,30,136,7),(362,4,9,30,137,20),(363,4,9,30,138,17),(364,4,9,30,140,14),(365,4,9,30,141,15),(366,4,9,30,142,13),(367,4,9,29,75,2),(368,4,9,29,76,1),(369,4,9,28,134,1),(370,4,9,27,87,1),(371,4,9,27,88,2),(372,4,9,27,89,3),(373,4,9,27,90,5),(374,4,9,27,96,6),(375,4,9,27,135,4),(376,4,9,26,84,2),(377,4,9,26,85,3),(378,4,9,26,86,4),(379,4,9,26,121,1),(380,4,9,25,78,1),(381,4,9,25,79,2),(382,4,9,25,80,3),(383,4,9,25,81,4),(384,4,9,25,92,5),(385,4,9,25,123,6),(386,4,9,25,124,7),(387,4,9,25,133,8),(388,4,9,24,104,1),(389,4,9,24,106,2),(390,4,9,24,117,3),(391,4,9,23,100,3),(392,4,9,23,101,1),(393,4,9,23,102,2),(394,4,9,23,116,4),(395,4,9,21,129,1),(396,4,9,30,143,115),(398,4,9,31,144,22),(400,4,9,31,145,25),(402,4,9,31,146,30),(404,4,9,31,147,35),(406,4,9,30,148,102),(408,4,9,30,149,100),(469,1,1,1,153,90),(647,4,4,7,73,2),(648,4,4,7,74,3),(649,4,4,7,77,10),(650,4,4,7,82,14),(651,4,4,7,83,18),(652,4,4,7,93,19),(653,4,4,7,94,21),(654,4,4,7,95,22),(655,4,4,7,97,1),(656,4,4,7,99,16),(657,4,4,7,105,17),(658,4,4,7,114,24),(659,4,4,7,115,13),(660,4,4,7,130,11),(661,4,4,7,131,9),(662,4,4,7,132,15),(663,4,4,7,136,12),(664,4,4,7,137,23),(665,4,4,7,138,20),(666,4,4,7,139,26),(667,4,4,7,143,28),(668,4,4,7,148,27),(669,4,4,7,149,25),(670,4,4,7,150,4),(671,4,4,7,151,8),(672,4,4,7,152,5),(673,4,4,7,154,6),(674,4,4,7,155,7),(675,4,4,13,75,2),(676,4,4,13,76,1),(677,4,4,20,134,1),(678,4,4,10,87,1),(679,4,4,10,88,2),(680,4,4,10,89,3),(681,4,4,10,90,5),(682,4,4,10,96,6),(683,4,4,10,135,4),(684,4,4,9,84,2),(685,4,4,9,85,3),(686,4,4,9,86,4),(687,4,4,9,121,1),(688,4,4,8,78,1),(689,4,4,8,79,2),(690,4,4,8,80,3),(691,4,4,8,81,4),(692,4,4,8,92,5),(693,4,4,8,123,6),(694,4,4,8,124,7),(695,4,4,8,133,8),(696,4,4,11,104,1),(697,4,4,11,106,2),(698,4,4,11,117,3),(699,4,4,14,100,3),(700,4,4,14,101,1),(701,4,4,14,102,2),(702,4,4,14,116,4),(703,4,4,19,129,1),(704,4,4,32,144,1),(705,4,4,32,145,2),(706,4,4,32,146,3),(707,4,4,32,147,4);

--
-- Table structure for table `eav_entity_datetime`
--

CREATE TABLE `eav_entity_datetime` (
  `value_id` int(11) NOT NULL AUTO_INCREMENT COMMENT 'Value ID',
  `entity_type_id` smallint(5) unsigned NOT NULL DEFAULT '0' COMMENT 'Entity Type ID',
  `attribute_id` smallint(5) unsigned NOT NULL DEFAULT '0' COMMENT 'Attribute ID',
  `store_id` smallint(5) unsigned NOT NULL DEFAULT '0' COMMENT 'Store ID',
  `entity_id` int(10) unsigned NOT NULL DEFAULT '0' COMMENT 'Entity ID',
  `value` datetime DEFAULT NULL COMMENT 'Attribute Value',
  PRIMARY KEY (`value_id`),
  UNIQUE KEY `EAV_ENTITY_DATETIME_ENTITY_ID_ATTRIBUTE_ID_STORE_ID` (`entity_id`,`attribute_id`,`store_id`),
  KEY `EAV_ENTITY_DATETIME_STORE_ID` (`store_id`),
  KEY `EAV_ENTITY_DATETIME_ATTRIBUTE_ID_VALUE` (`attribute_id`,`value`),
  KEY `EAV_ENTITY_DATETIME_ENTITY_TYPE_ID_VALUE` (`entity_type_id`,`value`),
  CONSTRAINT `EAV_ENTITY_DATETIME_ENTITY_ID_EAV_ENTITY_ENTITY_ID` FOREIGN KEY (`entity_id`) REFERENCES `eav_entity` (`entity_id`) ON DELETE CASCADE,
  CONSTRAINT `EAV_ENTITY_DATETIME_STORE_ID_STORE_STORE_ID` FOREIGN KEY (`store_id`) REFERENCES `store` (`store_id`) ON DELETE CASCADE,
  CONSTRAINT `EAV_ENTT_DTIME_ENTT_TYPE_ID_EAV_ENTT_TYPE_ENTT_TYPE_ID` FOREIGN KEY (`entity_type_id`) REFERENCES `eav_entity_type` (`entity_type_id`) ON DELETE CASCADE
) ENGINE=InnoDB DEFAULT CHARSET=utf8 COMMENT='Eav Entity Value Prefix';

--
-- Dumping data for table `eav_entity_datetime`
--


--
-- Table structure for table `eav_entity_decimal`
--

CREATE TABLE `eav_entity_decimal` (
  `value_id` int(11) NOT NULL AUTO_INCREMENT COMMENT 'Value ID',
  `entity_type_id` smallint(5) unsigned NOT NULL DEFAULT '0' COMMENT 'Entity Type ID',
  `attribute_id` smallint(5) unsigned NOT NULL DEFAULT '0' COMMENT 'Attribute ID',
  `store_id` smallint(5) unsigned NOT NULL DEFAULT '0' COMMENT 'Store ID',
  `entity_id` int(10) unsigned NOT NULL DEFAULT '0' COMMENT 'Entity ID',
  `value` decimal(12,4) NOT NULL DEFAULT '0.0000' COMMENT 'Attribute Value',
  PRIMARY KEY (`value_id`),
  UNIQUE KEY `EAV_ENTITY_DECIMAL_ENTITY_ID_ATTRIBUTE_ID_STORE_ID` (`entity_id`,`attribute_id`,`store_id`),
  KEY `EAV_ENTITY_DECIMAL_STORE_ID` (`store_id`),
  KEY `EAV_ENTITY_DECIMAL_ATTRIBUTE_ID_VALUE` (`attribute_id`,`value`),
  KEY `EAV_ENTITY_DECIMAL_ENTITY_TYPE_ID_VALUE` (`entity_type_id`,`value`),
  CONSTRAINT `EAV_ENTITY_DECIMAL_ENTITY_ID_EAV_ENTITY_ENTITY_ID` FOREIGN KEY (`entity_id`) REFERENCES `eav_entity` (`entity_id`) ON DELETE CASCADE,
  CONSTRAINT `EAV_ENTITY_DECIMAL_ENTITY_TYPE_ID_EAV_ENTITY_TYPE_ENTITY_TYPE_ID` FOREIGN KEY (`entity_type_id`) REFERENCES `eav_entity_type` (`entity_type_id`) ON DELETE CASCADE,
  CONSTRAINT `EAV_ENTITY_DECIMAL_STORE_ID_STORE_STORE_ID` FOREIGN KEY (`store_id`) REFERENCES `store` (`store_id`) ON DELETE CASCADE
) ENGINE=InnoDB DEFAULT CHARSET=utf8 COMMENT='Eav Entity Value Prefix';

--
-- Dumping data for table `eav_entity_decimal`
--


--
-- Table structure for table `eav_entity_int`
--

CREATE TABLE `eav_entity_int` (
  `value_id` int(11) NOT NULL AUTO_INCREMENT COMMENT 'Value ID',
  `entity_type_id` smallint(5) unsigned NOT NULL DEFAULT '0' COMMENT 'Entity Type ID',
  `attribute_id` smallint(5) unsigned NOT NULL DEFAULT '0' COMMENT 'Attribute ID',
  `store_id` smallint(5) unsigned NOT NULL DEFAULT '0' COMMENT 'Store ID',
  `entity_id` int(10) unsigned NOT NULL DEFAULT '0' COMMENT 'Entity ID',
  `value` int(11) NOT NULL DEFAULT '0' COMMENT 'Attribute Value',
  PRIMARY KEY (`value_id`),
  UNIQUE KEY `EAV_ENTITY_INT_ENTITY_ID_ATTRIBUTE_ID_STORE_ID` (`entity_id`,`attribute_id`,`store_id`),
  KEY `EAV_ENTITY_INT_STORE_ID` (`store_id`),
  KEY `EAV_ENTITY_INT_ATTRIBUTE_ID_VALUE` (`attribute_id`,`value`),
  KEY `EAV_ENTITY_INT_ENTITY_TYPE_ID_VALUE` (`entity_type_id`,`value`),
  CONSTRAINT `EAV_ENTITY_INT_ENTITY_ID_EAV_ENTITY_ENTITY_ID` FOREIGN KEY (`entity_id`) REFERENCES `eav_entity` (`entity_id`) ON DELETE CASCADE,
  CONSTRAINT `EAV_ENTITY_INT_ENTITY_TYPE_ID_EAV_ENTITY_TYPE_ENTITY_TYPE_ID` FOREIGN KEY (`entity_type_id`) REFERENCES `eav_entity_type` (`entity_type_id`) ON DELETE CASCADE,
  CONSTRAINT `EAV_ENTITY_INT_STORE_ID_STORE_STORE_ID` FOREIGN KEY (`store_id`) REFERENCES `store` (`store_id`) ON DELETE CASCADE
) ENGINE=InnoDB DEFAULT CHARSET=utf8 COMMENT='Eav Entity Value Prefix';

--
-- Dumping data for table `eav_entity_int`
--


--
-- Table structure for table `eav_entity_store`
--

CREATE TABLE `eav_entity_store` (
  `entity_store_id` int(10) unsigned NOT NULL AUTO_INCREMENT COMMENT 'Entity Store ID',
  `entity_type_id` smallint(5) unsigned NOT NULL DEFAULT '0' COMMENT 'Entity Type ID',
  `store_id` smallint(5) unsigned NOT NULL DEFAULT '0' COMMENT 'Store ID',
  `increment_prefix` varchar(20) DEFAULT NULL COMMENT 'Increment Prefix',
  `increment_last_id` varchar(50) DEFAULT NULL COMMENT 'Last Incremented ID',
  PRIMARY KEY (`entity_store_id`),
  KEY `EAV_ENTITY_STORE_ENTITY_TYPE_ID` (`entity_type_id`),
  KEY `EAV_ENTITY_STORE_STORE_ID` (`store_id`),
  CONSTRAINT `EAV_ENTITY_STORE_ENTITY_TYPE_ID_EAV_ENTITY_TYPE_ENTITY_TYPE_ID` FOREIGN KEY (`entity_type_id`) REFERENCES `eav_entity_type` (`entity_type_id`) ON DELETE CASCADE,
  CONSTRAINT `EAV_ENTITY_STORE_STORE_ID_STORE_STORE_ID` FOREIGN KEY (`store_id`) REFERENCES `store` (`store_id`) ON DELETE CASCADE
) ENGINE=InnoDB DEFAULT CHARSET=utf8 COMMENT='Eav Entity Store';

--
-- Dumping data for table `eav_entity_store`
--


--
-- Table structure for table `eav_entity_text`
--

CREATE TABLE `eav_entity_text` (
  `value_id` int(11) NOT NULL AUTO_INCREMENT COMMENT 'Value ID',
  `entity_type_id` smallint(5) unsigned NOT NULL DEFAULT '0' COMMENT 'Entity Type ID',
  `attribute_id` smallint(5) unsigned NOT NULL DEFAULT '0' COMMENT 'Attribute ID',
  `store_id` smallint(5) unsigned NOT NULL DEFAULT '0' COMMENT 'Store ID',
  `entity_id` int(10) unsigned NOT NULL DEFAULT '0' COMMENT 'Entity ID',
  `value` text NOT NULL COMMENT 'Attribute Value',
  PRIMARY KEY (`value_id`),
  UNIQUE KEY `EAV_ENTITY_TEXT_ENTITY_ID_ATTRIBUTE_ID_STORE_ID` (`entity_id`,`attribute_id`,`store_id`),
  KEY `EAV_ENTITY_TEXT_ENTITY_TYPE_ID` (`entity_type_id`),
  KEY `EAV_ENTITY_TEXT_ATTRIBUTE_ID` (`attribute_id`),
  KEY `EAV_ENTITY_TEXT_STORE_ID` (`store_id`),
  CONSTRAINT `EAV_ENTITY_TEXT_ENTITY_ID_EAV_ENTITY_ENTITY_ID` FOREIGN KEY (`entity_id`) REFERENCES `eav_entity` (`entity_id`) ON DELETE CASCADE,
  CONSTRAINT `EAV_ENTITY_TEXT_ENTITY_TYPE_ID_EAV_ENTITY_TYPE_ENTITY_TYPE_ID` FOREIGN KEY (`entity_type_id`) REFERENCES `eav_entity_type` (`entity_type_id`) ON DELETE CASCADE,
  CONSTRAINT `EAV_ENTITY_TEXT_STORE_ID_STORE_STORE_ID` FOREIGN KEY (`store_id`) REFERENCES `store` (`store_id`) ON DELETE CASCADE
) ENGINE=InnoDB DEFAULT CHARSET=utf8 COMMENT='Eav Entity Value Prefix';

--
-- Dumping data for table `eav_entity_text`
--


--
-- Table structure for table `eav_entity_type`
--

CREATE TABLE `eav_entity_type` (
  `entity_type_id` smallint(5) unsigned NOT NULL AUTO_INCREMENT COMMENT 'Entity Type ID',
  `entity_type_code` varchar(50) NOT NULL COMMENT 'Entity Type Code',
  `entity_model` varchar(255) NOT NULL COMMENT 'Entity Model',
  `attribute_model` varchar(255) DEFAULT NULL COMMENT 'Attribute Model',
  `entity_table` varchar(255) DEFAULT NULL COMMENT 'Entity Table',
  `value_table_prefix` varchar(255) DEFAULT NULL COMMENT 'Value Table Prefix',
  `entity_id_field` varchar(255) DEFAULT NULL COMMENT 'Entity ID Field',
  `is_data_sharing` smallint(5) unsigned NOT NULL DEFAULT '1' COMMENT 'Defines Is Data Sharing',
  `data_sharing_key` varchar(100) DEFAULT 'default' COMMENT 'Data Sharing Key',
  `default_attribute_set_id` smallint(5) unsigned NOT NULL DEFAULT '0' COMMENT 'Default Attribute Set ID',
  `increment_model` varchar(255) DEFAULT NULL COMMENT 'Increment Model',
  `increment_per_store` smallint(5) unsigned NOT NULL DEFAULT '0' COMMENT 'Increment Per Store',
  `increment_pad_length` smallint(5) unsigned NOT NULL DEFAULT '8' COMMENT 'Increment Pad Length',
  `increment_pad_char` varchar(1) NOT NULL DEFAULT '0' COMMENT 'Increment Pad Char',
  `additional_attribute_table` varchar(255) DEFAULT NULL COMMENT 'Additional Attribute Table',
  `entity_attribute_collection` varchar(255) DEFAULT NULL COMMENT 'Entity Attribute Collection',
  PRIMARY KEY (`entity_type_id`),
  KEY `EAV_ENTITY_TYPE_ENTITY_TYPE_CODE` (`entity_type_code`)
) ENGINE=InnoDB AUTO_INCREMENT=9 DEFAULT CHARSET=utf8 COMMENT='Eav Entity Type';

--
-- Dumping data for table `eav_entity_type`
--

INSERT INTO `eav_entity_type` VALUES (1,'customer','Magento\\Customer\\Model\\ResourceModel\\Customer','Magento\\Customer\\Model\\Attribute','customer_entity',NULL,NULL,1,'default',1,'Magento\\Eav\\Model\\Entity\\Increment\\NumericValue',0,8,'0','customer_eav_attribute','Magento\\Customer\\Model\\ResourceModel\\Attribute\\Collection'),(2,'customer_address','Magento\\Customer\\Model\\ResourceModel\\Address','Magento\\Customer\\Model\\Attribute','customer_address_entity',NULL,NULL,1,'default',2,NULL,0,8,'0','customer_eav_attribute','Magento\\Customer\\Model\\ResourceModel\\Address\\Attribute\\Collection'),(3,'catalog_category','Magento\\Catalog\\Model\\ResourceModel\\Category','Magento\\Catalog\\Model\\ResourceModel\\Eav\\Attribute','catalog_category_entity',NULL,NULL,1,'default',3,NULL,0,8,'0','catalog_eav_attribute','Magento\\Catalog\\Model\\ResourceModel\\Category\\Attribute\\Collection'),(4,'catalog_product','Magento\\Catalog\\Model\\ResourceModel\\Product','Magento\\Catalog\\Model\\ResourceModel\\Eav\\Attribute','catalog_product_entity',NULL,NULL,1,'default',4,NULL,0,8,'0','catalog_eav_attribute','Magento\\Catalog\\Model\\ResourceModel\\Product\\Attribute\\Collection'),(5,'order','Magento\\Sales\\Model\\ResourceModel\\Order',NULL,'sales_order',NULL,NULL,1,'default',5,'Magento\\Eav\\Model\\Entity\\Increment\\NumericValue',1,8,'0',NULL,NULL),(6,'invoice','Magento\\Sales\\Model\\ResourceModel\\Order\\Invoice',NULL,'sales_invoice',NULL,NULL,1,'default',6,'Magento\\Eav\\Model\\Entity\\Increment\\NumericValue',1,8,'0',NULL,NULL),(7,'creditmemo','Magento\\Sales\\Model\\ResourceModel\\Order\\Creditmemo',NULL,'sales_creditmemo',NULL,NULL,1,'default',7,'Magento\\Eav\\Model\\Entity\\Increment\\NumericValue',1,8,'0',NULL,NULL),(8,'shipment','Magento\\Sales\\Model\\ResourceModel\\Order\\Shipment',NULL,'sales_shipment',NULL,NULL,1,'default',8,'Magento\\Eav\\Model\\Entity\\Increment\\NumericValue',1,8,'0',NULL,NULL);

--
-- Table structure for table `eav_entity_varchar`
--

CREATE TABLE `eav_entity_varchar` (
  `value_id` int(11) NOT NULL AUTO_INCREMENT COMMENT 'Value ID',
  `entity_type_id` smallint(5) unsigned NOT NULL DEFAULT '0' COMMENT 'Entity Type ID',
  `attribute_id` smallint(5) unsigned NOT NULL DEFAULT '0' COMMENT 'Attribute ID',
  `store_id` smallint(5) unsigned NOT NULL DEFAULT '0' COMMENT 'Store ID',
  `entity_id` int(10) unsigned NOT NULL DEFAULT '0' COMMENT 'Entity ID',
  `value` varchar(255) DEFAULT NULL COMMENT 'Attribute Value',
  PRIMARY KEY (`value_id`),
  UNIQUE KEY `EAV_ENTITY_VARCHAR_ENTITY_ID_ATTRIBUTE_ID_STORE_ID` (`entity_id`,`attribute_id`,`store_id`),
  KEY `EAV_ENTITY_VARCHAR_STORE_ID` (`store_id`),
  KEY `EAV_ENTITY_VARCHAR_ATTRIBUTE_ID_VALUE` (`attribute_id`,`value`),
  KEY `EAV_ENTITY_VARCHAR_ENTITY_TYPE_ID_VALUE` (`entity_type_id`,`value`),
  CONSTRAINT `EAV_ENTITY_VARCHAR_ENTITY_ID_EAV_ENTITY_ENTITY_ID` FOREIGN KEY (`entity_id`) REFERENCES `eav_entity` (`entity_id`) ON DELETE CASCADE,
  CONSTRAINT `EAV_ENTITY_VARCHAR_ENTITY_TYPE_ID_EAV_ENTITY_TYPE_ENTITY_TYPE_ID` FOREIGN KEY (`entity_type_id`) REFERENCES `eav_entity_type` (`entity_type_id`) ON DELETE CASCADE,
  CONSTRAINT `EAV_ENTITY_VARCHAR_STORE_ID_STORE_STORE_ID` FOREIGN KEY (`store_id`) REFERENCES `store` (`store_id`) ON DELETE CASCADE
) ENGINE=InnoDB DEFAULT CHARSET=utf8 COMMENT='Eav Entity Value Prefix';

--
-- Dumping data for table `eav_entity_varchar`
--


--
-- Table structure for table `eav_form_element`
--

CREATE TABLE `eav_form_element` (
  `element_id` int(10) unsigned NOT NULL AUTO_INCREMENT COMMENT 'Element ID',
  `type_id` smallint(5) unsigned NOT NULL COMMENT 'Type ID',
  `fieldset_id` smallint(5) unsigned DEFAULT NULL COMMENT 'Fieldset ID',
  `attribute_id` smallint(5) unsigned NOT NULL COMMENT 'Attribute ID',
  `sort_order` int(11) NOT NULL DEFAULT '0' COMMENT 'Sort Order',
  PRIMARY KEY (`element_id`),
  UNIQUE KEY `EAV_FORM_ELEMENT_TYPE_ID_ATTRIBUTE_ID` (`type_id`,`attribute_id`),
  KEY `EAV_FORM_ELEMENT_FIELDSET_ID` (`fieldset_id`),
  KEY `EAV_FORM_ELEMENT_ATTRIBUTE_ID` (`attribute_id`),
  CONSTRAINT `EAV_FORM_ELEMENT_ATTRIBUTE_ID_EAV_ATTRIBUTE_ATTRIBUTE_ID` FOREIGN KEY (`attribute_id`) REFERENCES `eav_attribute` (`attribute_id`) ON DELETE CASCADE,
  CONSTRAINT `EAV_FORM_ELEMENT_FIELDSET_ID_EAV_FORM_FIELDSET_FIELDSET_ID` FOREIGN KEY (`fieldset_id`) REFERENCES `eav_form_fieldset` (`fieldset_id`) ON DELETE SET NULL,
  CONSTRAINT `EAV_FORM_ELEMENT_TYPE_ID_EAV_FORM_TYPE_TYPE_ID` FOREIGN KEY (`type_id`) REFERENCES `eav_form_type` (`type_id`) ON DELETE CASCADE
) ENGINE=InnoDB AUTO_INCREMENT=43 DEFAULT CHARSET=utf8 COMMENT='Eav Form Element';

--
-- Dumping data for table `eav_form_element`
--

INSERT INTO `eav_form_element` VALUES (1,1,NULL,23,0),(2,1,NULL,25,1),(3,1,NULL,27,2),(4,1,NULL,9,3),(5,1,NULL,28,4),(6,1,NULL,29,5),(7,1,NULL,31,6),(8,1,NULL,33,7),(9,1,NULL,30,8),(10,1,NULL,34,9),(11,1,NULL,35,10),(12,2,NULL,23,0),(13,2,NULL,25,1),(14,2,NULL,27,2),(15,2,NULL,9,3),(16,2,NULL,28,4),(17,2,NULL,29,5),(18,2,NULL,31,6),(19,2,NULL,33,7),(20,2,NULL,30,8),(21,2,NULL,34,9),(22,2,NULL,35,10),(23,3,NULL,23,0),(24,3,NULL,25,1),(25,3,NULL,27,2),(26,3,NULL,28,3),(27,3,NULL,29,4),(28,3,NULL,31,5),(29,3,NULL,33,6),(30,3,NULL,30,7),(31,3,NULL,34,8),(32,3,NULL,35,9),(33,4,NULL,23,0),(34,4,NULL,25,1),(35,4,NULL,27,2),(36,4,NULL,28,3),(37,4,NULL,29,4),(38,4,NULL,31,5),(39,4,NULL,33,6),(40,4,NULL,30,7),(41,4,NULL,34,8),(42,4,NULL,35,9);

--
-- Table structure for table `eav_form_fieldset`
--

CREATE TABLE `eav_form_fieldset` (
  `fieldset_id` smallint(5) unsigned NOT NULL AUTO_INCREMENT COMMENT 'Fieldset ID',
  `type_id` smallint(5) unsigned NOT NULL COMMENT 'Type ID',
  `code` varchar(64) NOT NULL COMMENT 'Code',
  `sort_order` int(11) NOT NULL DEFAULT '0' COMMENT 'Sort Order',
  PRIMARY KEY (`fieldset_id`),
  UNIQUE KEY `EAV_FORM_FIELDSET_TYPE_ID_CODE` (`type_id`,`code`),
  CONSTRAINT `EAV_FORM_FIELDSET_TYPE_ID_EAV_FORM_TYPE_TYPE_ID` FOREIGN KEY (`type_id`) REFERENCES `eav_form_type` (`type_id`) ON DELETE CASCADE
) ENGINE=InnoDB DEFAULT CHARSET=utf8 COMMENT='Eav Form Fieldset';

--
-- Dumping data for table `eav_form_fieldset`
--


--
-- Table structure for table `eav_form_fieldset_label`
--

CREATE TABLE `eav_form_fieldset_label` (
  `fieldset_id` smallint(5) unsigned NOT NULL COMMENT 'Fieldset ID',
  `store_id` smallint(5) unsigned NOT NULL COMMENT 'Store ID',
  `label` varchar(255) NOT NULL COMMENT 'Label',
  PRIMARY KEY (`fieldset_id`,`store_id`),
  KEY `EAV_FORM_FIELDSET_LABEL_STORE_ID` (`store_id`),
  CONSTRAINT `EAV_FORM_FIELDSET_LABEL_STORE_ID_STORE_STORE_ID` FOREIGN KEY (`store_id`) REFERENCES `store` (`store_id`) ON DELETE CASCADE,
  CONSTRAINT `EAV_FORM_FSET_LBL_FSET_ID_EAV_FORM_FSET_FSET_ID` FOREIGN KEY (`fieldset_id`) REFERENCES `eav_form_fieldset` (`fieldset_id`) ON DELETE CASCADE
) ENGINE=InnoDB DEFAULT CHARSET=utf8 COMMENT='Eav Form Fieldset Label';

--
-- Dumping data for table `eav_form_fieldset_label`
--


--
-- Table structure for table `eav_form_type`
--

CREATE TABLE `eav_form_type` (
  `type_id` smallint(5) unsigned NOT NULL AUTO_INCREMENT COMMENT 'Type ID',
  `code` varchar(64) NOT NULL COMMENT 'Code',
  `label` varchar(255) NOT NULL COMMENT 'Label',
  `is_system` smallint(5) unsigned NOT NULL DEFAULT '0' COMMENT 'Is System',
  `theme` varchar(64) DEFAULT NULL COMMENT 'Theme',
  `store_id` smallint(5) unsigned NOT NULL COMMENT 'Store ID',
  PRIMARY KEY (`type_id`),
  UNIQUE KEY `EAV_FORM_TYPE_CODE_THEME_STORE_ID` (`code`,`theme`,`store_id`),
  KEY `EAV_FORM_TYPE_STORE_ID` (`store_id`),
  CONSTRAINT `EAV_FORM_TYPE_STORE_ID_STORE_STORE_ID` FOREIGN KEY (`store_id`) REFERENCES `store` (`store_id`) ON DELETE CASCADE
) ENGINE=InnoDB AUTO_INCREMENT=5 DEFAULT CHARSET=utf8 COMMENT='Eav Form Type';

--
-- Dumping data for table `eav_form_type`
--

INSERT INTO `eav_form_type` VALUES (1,'checkout_onepage_register','checkout_onepage_register',1,'',0),(2,'checkout_onepage_register_guest','checkout_onepage_register_guest',1,'',0),(3,'checkout_onepage_billing_address','checkout_onepage_billing_address',1,'',0),(4,'checkout_onepage_shipping_address','checkout_onepage_shipping_address',1,'',0);

--
-- Table structure for table `eav_form_type_entity`
--

CREATE TABLE `eav_form_type_entity` (
  `type_id` smallint(5) unsigned NOT NULL COMMENT 'Type ID',
  `entity_type_id` smallint(5) unsigned NOT NULL COMMENT 'Entity Type ID',
  PRIMARY KEY (`type_id`,`entity_type_id`),
  KEY `EAV_FORM_TYPE_ENTITY_ENTITY_TYPE_ID` (`entity_type_id`),
  CONSTRAINT `EAV_FORM_TYPE_ENTITY_TYPE_ID_EAV_FORM_TYPE_TYPE_ID` FOREIGN KEY (`type_id`) REFERENCES `eav_form_type` (`type_id`) ON DELETE CASCADE,
  CONSTRAINT `EAV_FORM_TYPE_ENTT_ENTT_TYPE_ID_EAV_ENTT_TYPE_ENTT_TYPE_ID` FOREIGN KEY (`entity_type_id`) REFERENCES `eav_entity_type` (`entity_type_id`) ON DELETE CASCADE
) ENGINE=InnoDB DEFAULT CHARSET=utf8 COMMENT='Eav Form Type Entity';

--
-- Dumping data for table `eav_form_type_entity`
--

INSERT INTO `eav_form_type_entity` VALUES (1,1),(2,1),(1,2),(2,2),(3,2),(4,2);

--
-- Table structure for table `email_abandoned_cart`
--

CREATE TABLE `email_abandoned_cart` (
  `id` int(10) unsigned NOT NULL AUTO_INCREMENT COMMENT 'Primary Key',
  `quote_id` int(10) unsigned DEFAULT NULL COMMENT 'Quote Id',
  `store_id` smallint(5) unsigned DEFAULT NULL COMMENT 'Store Id',
  `customer_id` int(10) unsigned DEFAULT NULL COMMENT 'Customer ID',
  `email` varchar(255) NOT NULL DEFAULT '' COMMENT 'Email',
  `status` varchar(255) NOT NULL DEFAULT '' COMMENT 'Contact Status',
  `is_active` smallint(5) unsigned NOT NULL DEFAULT '1' COMMENT 'Quote Active',
  `quote_updated_at` timestamp NULL DEFAULT NULL COMMENT 'Quote updated at',
  `abandoned_cart_number` smallint(5) unsigned NOT NULL DEFAULT '0' COMMENT 'Abandoned Cart number',
  `items_count` smallint(5) unsigned DEFAULT '0' COMMENT 'Quote items count',
  `items_ids` varchar(255) DEFAULT NULL COMMENT 'Quote item ids',
  `created_at` timestamp NULL DEFAULT NULL COMMENT 'Created At',
  `updated_at` timestamp NULL DEFAULT NULL COMMENT 'Updated at',
  PRIMARY KEY (`id`),
  KEY `EMAIL_ABANDONED_CART_QUOTE_ID` (`quote_id`),
  KEY `EMAIL_ABANDONED_CART_STORE_ID` (`store_id`),
  KEY `EMAIL_ABANDONED_CART_CUSTOMER_ID` (`customer_id`),
  KEY `EMAIL_ABANDONED_CART_EMAIL` (`email`)
) ENGINE=InnoDB DEFAULT CHARSET=utf8 COMMENT='Abandoned Carts Table';

--
-- Dumping data for table `email_abandoned_cart`
--


--
-- Table structure for table `email_automation`
--

CREATE TABLE `email_automation` (
  `id` int(10) unsigned NOT NULL AUTO_INCREMENT COMMENT 'Primary Key',
  `automation_type` varchar(255) DEFAULT NULL COMMENT 'Automation Type',
  `store_name` varchar(255) DEFAULT NULL COMMENT 'Automation Type',
  `enrolment_status` varchar(255) NOT NULL COMMENT 'Enrolment Status',
  `email` varchar(255) DEFAULT NULL COMMENT 'Email',
  `type_id` varchar(255) DEFAULT NULL COMMENT 'Type ID',
  `program_id` varchar(255) DEFAULT NULL COMMENT 'Program ID',
  `website_id` smallint(5) unsigned NOT NULL COMMENT 'Website Id',
  `message` varchar(255) NOT NULL COMMENT 'Message',
  `created_at` timestamp NULL DEFAULT NULL COMMENT 'Creation Time',
  `updated_at` timestamp NULL DEFAULT NULL COMMENT 'Update Time',
  PRIMARY KEY (`id`),
  KEY `EMAIL_AUTOMATION_AUTOMATION_TYPE` (`automation_type`),
  KEY `EMAIL_AUTOMATION_ENROLMENT_STATUS` (`enrolment_status`),
  KEY `EMAIL_AUTOMATION_TYPE_ID` (`type_id`),
  KEY `EMAIL_AUTOMATION_EMAIL` (`email`),
  KEY `EMAIL_AUTOMATION_PROGRAM_ID` (`program_id`),
  KEY `EMAIL_AUTOMATION_CREATED_AT` (`created_at`),
  KEY `EMAIL_AUTOMATION_UPDATED_AT` (`updated_at`),
  KEY `EMAIL_AUTOMATION_WEBSITE_ID` (`website_id`)
) ENGINE=InnoDB DEFAULT CHARSET=utf8 COMMENT='Automation Status';

--
-- Dumping data for table `email_automation`
--


--
-- Table structure for table `email_campaign`
--

CREATE TABLE `email_campaign` (
  `id` int(10) unsigned NOT NULL AUTO_INCREMENT COMMENT 'Primary Key',
  `campaign_id` int(10) unsigned NOT NULL COMMENT 'Campaign ID',
  `email` varchar(255) NOT NULL DEFAULT '' COMMENT 'Contact Email',
  `customer_id` int(10) unsigned NOT NULL COMMENT 'Customer ID',
  `sent_at` timestamp NULL DEFAULT NULL COMMENT 'Send Date',
  `order_increment_id` varchar(50) NOT NULL COMMENT 'Order Increment ID',
  `quote_id` int(10) unsigned NOT NULL COMMENT 'Sales Quote ID',
  `message` varchar(255) NOT NULL DEFAULT '' COMMENT 'Error Message',
  `checkout_method` varchar(255) NOT NULL DEFAULT '' COMMENT 'Checkout Method Used',
  `store_id` smallint(5) unsigned NOT NULL DEFAULT '0' COMMENT 'Store ID',
  `event_name` varchar(255) NOT NULL DEFAULT '' COMMENT 'Event Name',
  `send_id` varchar(255) NOT NULL DEFAULT '' COMMENT 'Send Id',
  `send_status` smallint(6) NOT NULL DEFAULT '0' COMMENT 'Campaign send status',
  `created_at` timestamp NULL DEFAULT NULL COMMENT 'Creation Time',
  `updated_at` timestamp NULL DEFAULT NULL COMMENT 'Update Time',
  PRIMARY KEY (`id`),
  KEY `EMAIL_CAMPAIGN_STORE_ID` (`store_id`),
  KEY `EMAIL_CAMPAIGN_CAMPAIGN_ID` (`campaign_id`),
  KEY `EMAIL_CAMPAIGN_EMAIL` (`email`),
  KEY `EMAIL_CAMPAIGN_SEND_ID` (`send_id`),
  KEY `EMAIL_CAMPAIGN_SEND_STATUS` (`send_status`),
  KEY `EMAIL_CAMPAIGN_CREATED_AT` (`created_at`),
  KEY `EMAIL_CAMPAIGN_UPDATED_AT` (`updated_at`),
  KEY `EMAIL_CAMPAIGN_SENT_AT` (`sent_at`),
  KEY `EMAIL_CAMPAIGN_EVENT_NAME` (`event_name`),
  KEY `EMAIL_CAMPAIGN_MESSAGE` (`message`),
  KEY `EMAIL_CAMPAIGN_QUOTE_ID` (`quote_id`),
  KEY `EMAIL_CAMPAIGN_CUSTOMER_ID` (`customer_id`)
) ENGINE=InnoDB DEFAULT CHARSET=utf8 COMMENT='Connector Campaigns';

--
-- Dumping data for table `email_campaign`
--


--
-- Table structure for table `email_catalog`
--

CREATE TABLE `email_catalog` (
  `id` int(10) unsigned NOT NULL AUTO_INCREMENT COMMENT 'Primary Key',
  `product_id` int(10) unsigned NOT NULL COMMENT 'Product Id',
  `processed` smallint(5) unsigned NOT NULL COMMENT 'Product processed',
  `created_at` timestamp NULL DEFAULT NULL COMMENT 'Creation Time',
  `updated_at` timestamp NULL DEFAULT NULL COMMENT 'Update Time',
  `last_imported_at` timestamp NULL DEFAULT NULL COMMENT 'Last imported date',
  PRIMARY KEY (`id`),
  KEY `EMAIL_CATALOG_PRODUCT_ID` (`product_id`),
  KEY `EMAIL_CATALOG_PROCESSED` (`processed`),
  KEY `EMAIL_CATALOG_CREATED_AT` (`created_at`),
  KEY `EMAIL_CATALOG_UPDATED_AT` (`updated_at`),
  KEY `EMAIL_CATALOG_LAST_IMPORTED_AT` (`last_imported_at`),
  CONSTRAINT `EMAIL_CATALOG_PRODUCT_ID_CATALOG_PRODUCT_ENTITY_ENTITY_ID` FOREIGN KEY (`product_id`) REFERENCES `catalog_product_entity` (`entity_id`) ON DELETE CASCADE
) ENGINE=InnoDB AUTO_INCREMENT=22264 DEFAULT CHARSET=utf8 COMMENT='Connector Catalog';

--
-- Dumping data for table `email_catalog`
--

INSERT INTO `email_catalog` VALUES (440,478,0,'2022-05-13 09:42:21','2023-09-01 08:50:35',NULL),(441,479,0,'2022-05-13 09:42:21','2022-12-12 11:23:47',NULL),(442,477,0,'2022-05-13 09:42:21','2022-12-12 11:23:47',NULL),(819,860,0,'2022-05-13 09:42:22','2022-12-12 11:23:47',NULL),(917,998,0,'2022-05-13 09:42:22','2022-12-12 11:23:47',NULL),(922,996,0,'2022-05-13 09:42:22','2022-12-12 11:23:47',NULL),(943,966,0,'2022-05-13 09:42:22','2022-12-12 11:23:47',NULL),(960,995,0,'2022-05-13 09:42:22','2022-12-12 11:23:47',NULL),(976,971,0,'2022-05-13 09:42:22','2022-12-12 11:23:47',NULL),(977,967,0,'2022-05-13 09:42:22','2022-12-12 11:23:47',NULL),(978,929,0,'2022-05-13 09:42:22','2023-09-01 08:50:38',NULL),(1027,1002,0,'2022-05-13 09:42:22','2022-12-12 11:23:47',NULL),(1028,1007,0,'2022-05-13 09:42:22','2022-12-12 11:23:47',NULL),(1029,1000,0,'2022-05-13 09:42:22','2022-12-12 11:23:47',NULL),(1047,1029,0,'2022-05-13 09:42:22','2023-09-01 08:50:32',NULL),(1057,1001,0,'2022-05-13 09:42:22','2022-12-12 11:23:47',NULL),(1058,1003,0,'2022-05-13 09:42:22','2022-12-12 11:23:47',NULL),(1059,1005,0,'2022-05-13 09:42:22','2022-12-12 11:23:47',NULL),(1060,1006,0,'2022-05-13 09:42:22','2022-12-12 11:23:47',NULL),(1061,1011,0,'2022-05-13 09:42:22','2022-12-12 11:23:47',NULL),(1065,1022,0,'2022-05-13 09:42:22','2022-12-12 11:23:47',NULL),(1066,1030,0,'2022-05-13 09:42:22','2022-12-12 11:23:47',NULL),(1072,999,0,'2022-05-13 09:42:22','2022-12-12 11:23:47',NULL),(1073,1008,0,'2022-05-13 09:42:22','2022-12-12 11:23:47',NULL),(1074,1013,0,'2022-05-13 09:42:22','2022-12-12 11:23:47',NULL),(1075,1010,0,'2022-05-13 09:42:22','2022-12-12 11:23:47',NULL),(1076,1012,0,'2022-05-13 09:42:22','2022-12-12 11:23:47',NULL),(1077,1014,0,'2022-05-13 09:42:22','2022-12-12 11:23:47',NULL),(1083,1020,0,'2022-05-13 09:42:22','2022-12-12 11:23:47',NULL),(1096,1024,0,'2022-05-13 09:42:22','2022-12-12 11:23:47',NULL),(1150,1127,0,'2022-05-13 09:42:22','2022-12-12 11:23:47',NULL),(1177,1135,0,'2022-05-13 09:42:22','2022-12-12 11:23:47',NULL),(1181,1136,0,'2022-05-13 09:42:22','2023-09-01 08:50:38',NULL),(1189,1134,0,'2022-05-13 09:42:22','2022-12-12 11:23:47',NULL),(1389,1372,0,'2022-05-13 09:42:23','2022-12-12 11:23:47',NULL),(1407,1433,0,'2022-05-13 09:42:23','2022-12-12 11:23:47',NULL),(1433,1429,0,'2022-05-13 09:42:23','2022-12-12 11:23:47',NULL),(1434,1437,0,'2022-05-13 09:42:23','2022-12-12 11:23:47',NULL),(1435,1471,0,'2022-05-13 09:42:23','2022-12-12 11:23:47',NULL),(1436,1473,0,'2022-05-13 09:42:23','2022-12-12 11:23:47',NULL),(1448,1472,0,'2022-05-13 09:42:23','2022-12-12 11:23:47',NULL),(1458,1448,0,'2022-05-13 09:42:23','2022-12-12 11:23:47',NULL),(1474,1470,0,'2022-05-13 09:42:23','2022-12-12 11:23:47',NULL),(1480,1432,0,'2022-05-13 09:42:23','2022-12-12 11:23:47',NULL),(1481,1430,0,'2022-05-13 09:42:23','2023-09-01 08:50:37',NULL),(1482,1421,0,'2022-05-13 09:42:23','2022-12-12 11:23:47',NULL),(1484,1431,0,'2022-05-13 09:42:23','2022-12-12 11:23:47',NULL),(1604,1681,0,'2022-05-13 09:42:23','2022-12-12 11:23:47',NULL),(1609,1685,0,'2022-05-13 09:42:23','2022-12-12 11:23:47',NULL),(1610,1671,0,'2022-05-13 09:42:23','2022-12-12 11:23:47',NULL),(1611,1672,0,'2022-05-13 09:42:23','2022-12-12 11:23:47',NULL),(1613,1669,0,'2022-05-13 09:42:23','2022-12-12 11:23:47',NULL),(1614,1670,0,'2022-05-13 09:42:23','2022-12-12 11:23:47',NULL),(1626,1687,0,'2022-05-13 09:42:23','2022-12-12 11:23:47',NULL),(1627,1688,0,'2022-05-13 09:42:23','2022-12-12 11:23:47',NULL),(1628,1686,0,'2022-05-13 09:42:23','2022-12-12 11:23:47',NULL),(1629,1697,0,'2022-05-13 09:42:23','2023-09-01 08:50:36',NULL),(1630,1626,0,'2022-05-13 09:42:23','2022-12-12 11:23:47',NULL),(1638,1617,0,'2022-05-13 09:42:23','2022-12-12 11:23:47',NULL),(1643,1616,0,'2022-05-13 09:42:23','2022-12-12 11:23:47',NULL),(1666,1682,0,'2022-05-13 09:42:23','2022-12-12 11:23:47',NULL),(1668,1668,0,'2022-05-13 09:42:23','2023-09-01 08:50:37',NULL),(1669,1667,0,'2022-05-13 09:42:23','2022-12-12 11:23:47',NULL),(1670,1675,0,'2022-05-13 09:42:23','2022-12-12 11:23:47',NULL),(1671,1680,0,'2022-05-13 09:42:23','2022-12-12 11:23:47',NULL),(1672,1684,0,'2022-05-13 09:42:23','2023-09-01 08:50:37',NULL),(1673,1679,0,'2022-05-13 09:42:23','2023-09-01 08:50:37',NULL),(1674,1683,0,'2022-05-13 09:42:23','2022-12-12 11:23:47',NULL),(1676,1651,0,'2022-05-13 09:42:23','2022-12-12 11:23:47',NULL),(1679,1678,0,'2022-05-13 09:42:23','2022-12-12 11:23:47',NULL),(1680,1695,0,'2022-05-13 09:42:23','2022-12-12 11:23:47',NULL),(1681,1696,0,'2022-05-13 09:42:23','2022-12-12 11:23:47',NULL),(1682,1692,0,'2022-05-13 09:42:23','2023-09-01 08:50:38',NULL),(1683,1689,0,'2022-05-13 09:42:23','2023-09-01 08:50:38',NULL),(1686,1690,0,'2022-05-13 09:42:23','2022-12-12 11:23:47',NULL),(1687,1691,0,'2022-05-13 09:42:23','2022-12-12 11:23:47',NULL),(1688,1693,0,'2022-05-13 09:42:23','2022-12-12 11:23:47',NULL),(1689,1694,0,'2022-05-13 09:42:23','2022-12-12 11:23:47',NULL),(1690,1622,0,'2022-05-13 09:42:23','2022-12-12 11:23:47',NULL),(1691,1623,0,'2022-05-13 09:42:23','2022-12-12 11:23:47',NULL),(1702,1700,0,'2022-05-13 09:42:24','2022-12-12 11:23:47',NULL),(1703,1702,0,'2022-05-13 09:42:24','2022-12-12 11:23:47',NULL),(1705,1719,0,'2022-05-13 09:42:24','2022-12-12 11:23:47',NULL),(1706,1721,0,'2022-05-13 09:42:24','2022-12-12 11:23:47',NULL),(1707,1718,0,'2022-05-13 09:42:24','2022-12-12 11:23:47',NULL),(1711,1714,0,'2022-05-13 09:42:24','2022-12-12 11:23:47',NULL),(1712,1716,0,'2022-05-13 09:42:24','2022-12-12 11:23:47',NULL),(1713,1717,0,'2022-05-13 09:42:24','2022-12-12 11:23:47',NULL),(1714,1720,0,'2022-05-13 09:42:24','2022-12-12 11:23:47',NULL),(1715,1715,0,'2022-05-13 09:42:24','2022-12-12 11:23:47',NULL),(1720,1710,0,'2022-05-13 09:42:24','2022-12-12 11:23:47',NULL),(1721,1711,0,'2022-05-13 09:42:24','2022-12-12 11:23:47',NULL),(1722,1712,0,'2022-05-13 09:42:24','2022-12-12 11:23:47',NULL),(1788,1699,0,'2022-05-13 09:42:24','2022-12-12 11:23:47',NULL),(1791,1708,0,'2022-05-13 09:42:24','2022-12-12 11:23:47',NULL),(1792,1703,0,'2022-05-13 09:42:24','2023-09-01 08:50:38',NULL),(1793,1709,0,'2022-05-13 09:42:24','2022-12-12 11:23:47',NULL),(1795,1735,0,'2022-05-13 09:42:24','2023-09-01 08:50:38',NULL),(1796,1734,0,'2022-05-13 09:42:24','2023-09-01 08:50:38',NULL),(1806,1863,0,'2022-05-13 09:42:24','2022-12-12 11:23:48',NULL),(1819,1871,0,'2022-05-13 09:42:24','2023-09-01 08:50:34',NULL),(1820,1872,0,'2022-05-13 09:42:24','2023-09-01 08:50:34',NULL),(1823,1893,0,'2022-05-13 09:42:24','2022-12-12 11:23:48',NULL),(1882,1848,0,'2022-05-13 09:42:24','2022-12-12 11:23:47',NULL),(1883,1851,0,'2022-05-13 09:42:24','2022-12-12 11:23:48',NULL),(1888,1864,0,'2022-05-13 09:42:24','2022-12-12 11:23:48',NULL),(1889,1853,0,'2022-05-13 09:42:24','2022-12-12 11:23:48',NULL),(1890,1849,0,'2022-05-13 09:42:24','2022-12-12 11:23:47',NULL),(1891,1852,0,'2022-05-13 09:42:24','2022-12-12 11:23:48',NULL),(1908,1946,0,'2022-05-13 09:42:24','2022-12-12 11:23:48',NULL),(1937,1920,0,'2022-05-13 09:42:24','2022-12-12 11:23:48',NULL),(1938,1919,0,'2022-05-13 09:42:24','2022-12-12 11:23:48',NULL),(1950,1937,0,'2022-05-13 09:42:24','2023-09-01 08:50:34',NULL),(1956,1938,0,'2022-05-13 09:42:24','2022-12-12 11:23:48',NULL),(1957,1945,0,'2022-05-13 09:42:24','2023-09-01 08:50:35',NULL),(1965,1943,0,'2022-05-13 09:42:24','2022-12-12 11:23:48',NULL),(1969,1940,0,'2022-05-13 09:42:24','2023-09-01 08:50:36',NULL),(1970,1942,0,'2022-05-13 09:42:24','2022-12-12 11:23:48',NULL),(1996,1944,0,'2022-05-13 09:42:24','2023-09-01 08:50:39',NULL),(1998,2034,0,'2022-05-13 09:42:24','2022-12-12 11:23:48',NULL),(2000,2017,0,'2022-05-13 09:42:24','2022-12-12 11:23:48',NULL),(2003,2035,0,'2022-05-13 09:42:24','2023-09-01 08:50:32',NULL),(2005,2076,0,'2022-05-13 09:42:24','2023-09-01 08:50:32',NULL),(2006,2080,0,'2022-05-13 09:42:24','2023-09-01 08:50:32',NULL),(2009,2021,0,'2022-05-13 09:42:24','2023-09-01 08:50:33',NULL),(2012,2000,0,'2022-05-13 09:42:24','2023-09-01 08:50:33',NULL),(2013,2002,0,'2022-05-13 09:42:24','2023-09-01 08:50:33',NULL),(2014,2004,0,'2022-05-13 09:42:24','2023-09-01 08:50:33',NULL),(2015,2039,0,'2022-05-13 09:42:24','2022-12-12 11:23:48',NULL),(2016,2088,0,'2022-05-13 09:42:24','2023-09-01 08:50:33',NULL),(2017,2005,0,'2022-05-13 09:42:24','2022-12-12 11:23:48',NULL),(2018,2090,0,'2022-05-13 09:42:24','2022-12-12 11:23:48',NULL),(2021,2098,0,'2022-05-13 09:42:24','2022-12-12 11:23:48',NULL),(2022,2041,0,'2022-05-13 09:42:24','2022-12-12 11:23:48',NULL),(2023,2044,0,'2022-05-13 09:42:24','2022-12-12 11:23:48',NULL),(2024,2079,0,'2022-05-13 09:42:24','2023-09-01 08:50:33',NULL),(2025,2008,0,'2022-05-13 09:42:24','2022-12-12 11:23:48',NULL),(2026,2007,0,'2022-05-13 09:42:24','2023-09-01 08:50:33',NULL),(2027,2022,0,'2022-05-13 09:42:24','2023-09-01 08:50:33',NULL),(2028,2049,0,'2022-05-13 09:42:24','2023-09-01 08:50:33',NULL),(2029,2027,0,'2022-05-13 09:42:24','2022-12-12 11:23:48',NULL),(2030,2031,0,'2022-05-13 09:42:24','2022-12-12 11:23:48',NULL),(2031,2043,0,'2022-05-13 09:42:24','2022-12-12 11:23:48',NULL),(2032,2046,0,'2022-05-13 09:42:24','2023-09-01 08:50:33',NULL),(2033,2048,0,'2022-05-13 09:42:24','2022-12-12 11:23:48',NULL),(2034,2085,0,'2022-05-13 09:42:24','2022-12-12 11:23:48',NULL),(2035,2069,0,'2022-05-13 09:42:24','2023-09-01 08:50:33',NULL),(2039,2025,0,'2022-05-13 09:42:24','2022-12-12 11:23:48',NULL),(2040,2026,0,'2022-05-13 09:42:24','2022-12-12 11:23:48',NULL),(2041,2092,0,'2022-05-13 09:42:24','2022-12-12 11:23:48',NULL),(2042,2052,0,'2022-05-13 09:42:24','2022-12-12 11:23:48',NULL),(2043,2075,0,'2022-05-13 09:42:24','2022-12-12 11:23:48',NULL),(2044,2078,0,'2022-05-13 09:42:24','2022-12-12 11:23:48',NULL),(2045,2074,0,'2022-05-13 09:42:24','2022-12-12 11:23:48',NULL),(2046,2077,0,'2022-05-13 09:42:24','2022-12-12 11:23:48',NULL),(2047,2073,0,'2022-05-13 09:42:24','2023-09-01 08:50:35',NULL),(2048,2001,0,'2022-05-13 09:42:24','2023-09-01 08:50:35',NULL),(2049,2003,0,'2022-05-13 09:42:24','2023-09-01 08:50:35',NULL),(2050,2006,0,'2022-05-13 09:42:24','2023-09-01 08:50:35',NULL),(2051,2053,0,'2022-05-13 09:42:24','2022-12-12 11:23:48',NULL),(2052,2054,0,'2022-05-13 09:42:24','2022-12-12 11:23:48',NULL),(2053,2024,0,'2022-05-13 09:42:24','2022-09-22 10:06:40',NULL),(2054,2089,0,'2022-05-13 09:42:24','2022-12-12 11:23:48',NULL),(2059,2047,0,'2022-05-13 09:42:24','2022-12-12 11:23:48',NULL),(2060,2051,0,'2022-05-13 09:42:24','2022-12-12 11:23:48',NULL),(2061,2037,0,'2022-05-13 09:42:24','2023-09-01 08:50:37',NULL),(2062,2023,0,'2022-05-13 09:42:24','2022-12-12 11:23:48',NULL),(2064,2055,0,'2022-05-13 09:42:24','2022-12-12 11:23:48',NULL),(2066,2045,0,'2022-05-13 09:42:24','2022-12-12 11:23:48',NULL),(2067,2040,0,'2022-05-13 09:42:24','2023-09-01 08:50:37',NULL),(2069,2036,0,'2022-05-13 09:42:24','2022-12-12 11:23:48',NULL),(2071,2019,0,'2022-05-13 09:42:24','2023-09-01 08:50:37',NULL),(2073,2020,0,'2022-05-13 09:42:24','2023-09-01 08:50:37',NULL),(2074,2058,0,'2022-05-13 09:42:24','2022-12-12 11:23:48',NULL),(2075,2015,0,'2022-05-13 09:42:24','2023-09-01 08:50:37',NULL),(2076,2016,0,'2022-05-13 09:42:24','2022-12-12 11:23:48',NULL),(2077,2033,0,'2022-05-13 09:42:24','2022-12-12 11:23:48',NULL),(2078,2059,0,'2022-05-13 09:42:24','2022-12-12 11:23:48',NULL),(2081,2057,0,'2022-05-13 09:42:24','2022-12-12 11:23:48',NULL),(2085,2029,0,'2022-05-13 09:42:24','2023-09-01 08:50:38',NULL),(2086,2042,0,'2022-05-13 09:42:24','2023-09-01 08:50:38',NULL),(2087,2097,0,'2022-05-13 09:42:24','2022-12-12 11:23:48',NULL),(2088,2084,0,'2022-05-13 09:42:24','2022-12-12 11:23:48',NULL),(2093,2032,0,'2022-05-13 09:42:24','2022-12-12 11:23:48',NULL),(2094,2060,0,'2022-05-13 09:42:24','2022-12-12 11:23:48',NULL),(2117,2102,0,'2022-05-13 09:42:24','2022-12-12 11:23:48',NULL),(2118,2103,0,'2022-05-13 09:42:24','2023-09-01 08:50:33',NULL),(2119,2104,0,'2022-05-13 09:42:24','2023-09-01 08:50:33',NULL),(2126,2105,0,'2022-05-13 09:42:24','2022-12-12 11:23:48',NULL),(2134,2106,0,'2022-05-13 09:42:24','2023-09-01 08:50:35',NULL),(2144,2107,0,'2022-05-13 09:42:24','2022-12-12 11:23:48',NULL),(2151,2101,0,'2022-05-13 09:42:24','2022-12-12 11:23:48',NULL),(2215,2233,0,'2022-05-13 09:42:24','2023-09-01 08:50:32',NULL),(2240,2234,0,'2022-05-13 09:42:24','2022-12-12 11:23:48',NULL),(2245,2202,0,'2022-05-13 09:42:24','2022-12-12 11:23:48',NULL),(2505,2535,0,'2022-05-13 09:42:25','2022-12-12 11:23:48',NULL),(2507,2539,0,'2022-05-13 09:42:25','2023-09-01 08:50:31',NULL),(2508,2540,0,'2022-05-13 09:42:25','2022-12-12 11:23:50',NULL),(2529,2537,0,'2022-05-13 09:42:25','2023-09-01 08:50:33',NULL),(2530,2529,0,'2022-05-13 09:42:25','2023-09-01 08:50:33',NULL),(2533,2530,0,'2022-05-13 09:42:25','2023-09-01 08:50:34',NULL),(2534,2531,0,'2022-05-13 09:42:25','2023-09-01 08:50:34',NULL),(2535,2532,0,'2022-05-13 09:42:25','2023-09-01 08:50:34',NULL),(2547,2533,0,'2022-05-13 09:42:25','2022-12-12 11:23:48',NULL),(2548,2536,0,'2022-05-13 09:42:25','2023-09-01 08:50:36',NULL),(2549,2538,0,'2022-05-13 09:42:25','2022-12-12 11:23:50',NULL),(2609,2623,0,'2022-05-13 09:42:25','2023-09-01 08:50:31',NULL),(2610,2624,0,'2022-05-13 09:42:25','2023-09-01 08:50:31',NULL),(2614,2626,0,'2022-05-13 09:42:25','2022-12-12 11:23:50',NULL),(2622,2643,0,'2022-05-13 09:42:25','2023-09-01 08:50:34',NULL),(2625,2633,0,'2022-05-13 09:42:25','2023-09-01 08:50:34',NULL),(2626,2632,0,'2022-05-13 09:42:25','2022-12-12 11:23:50',NULL),(2629,2640,0,'2022-05-13 09:42:25','2022-12-12 11:23:50',NULL),(2630,2631,0,'2022-05-13 09:42:25','2022-12-12 11:23:50',NULL),(2631,2649,0,'2022-05-13 09:42:25','2022-12-12 11:23:50',NULL),(2635,2604,0,'2022-05-13 09:42:25','2023-09-01 08:50:35',NULL),(2637,2665,0,'2022-05-13 09:42:25','2022-12-12 11:23:50',NULL),(2638,2666,0,'2022-05-13 09:42:25','2022-12-12 11:23:50',NULL),(2639,2667,0,'2022-05-13 09:42:25','2022-12-12 11:23:50',NULL),(2640,2669,0,'2022-05-13 09:42:25','2022-12-12 11:23:50',NULL),(2642,2668,0,'2022-05-13 09:42:25','2022-12-12 11:23:50',NULL),(2644,2621,0,'2022-05-13 09:42:25','2022-12-12 11:23:50',NULL),(2649,2644,0,'2022-05-13 09:42:25','2022-12-12 11:23:50',NULL),(2650,2646,0,'2022-05-13 09:42:25','2022-12-12 11:23:50',NULL),(2651,2647,0,'2022-05-13 09:42:25','2022-12-12 11:23:50',NULL),(2653,2671,0,'2022-05-13 09:42:25','2022-12-12 11:23:50',NULL),(2654,2648,0,'2022-05-13 09:42:25','2023-09-01 08:50:36',NULL),(2658,2674,0,'2022-05-13 09:42:25','2022-12-12 11:23:50',NULL),(2660,2642,0,'2022-05-13 09:42:25','2022-12-12 11:23:50',NULL),(2661,2638,0,'2022-05-13 09:42:25','2022-12-12 11:23:50',NULL),(2675,2622,0,'2022-05-13 09:42:25','2022-12-12 11:23:50',NULL),(2683,2601,0,'2022-05-13 09:42:25','2022-12-12 11:23:50',NULL),(2684,2602,0,'2022-05-13 09:42:25','2022-12-12 11:23:50',NULL),(2685,2605,0,'2022-05-13 09:42:25','2022-12-12 11:23:50',NULL),(2686,2603,0,'2022-05-13 09:42:25','2023-09-01 08:50:38',NULL),(2687,2611,0,'2022-05-13 09:42:25','2022-12-12 11:23:50',NULL),(2688,2612,0,'2022-05-13 09:42:25','2023-09-01 08:50:38',NULL),(2689,2650,0,'2022-05-13 09:42:25','2023-09-01 08:50:38',NULL),(2690,2627,0,'2022-05-13 09:42:25','2023-09-01 08:50:38',NULL),(2691,2625,0,'2022-05-13 09:42:25','2022-12-12 11:23:50',NULL),(2770,2764,0,'2022-05-13 09:42:25','2022-12-12 11:23:50',NULL),(2951,2936,0,'2022-05-13 09:42:26','2022-12-12 11:23:50',NULL),(2962,2923,0,'2022-05-13 09:42:26','2022-12-12 11:23:50',NULL),(2964,2935,0,'2022-05-13 09:42:26','2022-12-12 11:23:50',NULL),(2965,2937,0,'2022-05-13 09:42:26','2022-12-12 11:23:50',NULL),(2976,2968,0,'2022-05-13 09:42:26','2023-09-01 08:50:36',NULL),(2977,2933,0,'2022-05-13 09:42:26','2022-12-12 11:23:50',NULL),(3042,3013,0,'2022-05-13 09:42:26','2022-12-12 11:23:50',NULL),(3056,3035,0,'2022-05-13 09:42:26','2022-12-12 11:23:50',NULL),(3141,3153,0,'2022-05-13 09:42:26','2023-09-01 08:50:33',NULL),(3142,3154,0,'2022-05-13 09:42:26','2022-12-12 11:23:50',NULL),(3480,3476,0,'2022-05-13 09:42:26','2023-09-01 08:50:38',NULL),(3686,3689,0,'2022-05-13 09:42:27','2022-12-12 11:23:50',NULL),(3818,3843,0,'2022-05-13 09:42:27','2023-09-01 08:50:33',NULL),(3819,3855,0,'2022-05-13 09:42:27','2023-09-01 08:50:33',NULL),(3820,3854,0,'2022-05-13 09:42:27','2023-09-01 08:50:33',NULL),(3821,3853,0,'2022-05-13 09:42:27','2022-12-12 11:23:50',NULL),(3822,3852,0,'2022-05-13 09:42:27','2023-09-01 08:50:33',NULL),(3823,3846,0,'2022-05-13 09:42:27','2022-12-12 11:23:50',NULL),(3824,3848,0,'2022-05-13 09:42:27','2022-12-12 11:23:50',NULL),(3825,3847,0,'2022-05-13 09:42:27','2022-12-12 11:23:50',NULL),(3827,3844,0,'2022-05-13 09:42:27','2023-09-01 08:50:34',NULL),(3828,3849,0,'2022-05-13 09:42:27','2022-12-12 11:23:50',NULL),(3829,3850,0,'2022-05-13 09:42:27','2022-12-12 11:23:50',NULL),(3830,3851,0,'2022-05-13 09:42:27','2022-12-12 11:23:50',NULL),(3833,3857,0,'2022-05-13 09:42:27','2022-12-12 11:23:50',NULL),(3834,3856,0,'2022-05-13 09:42:27','2022-12-12 11:23:50',NULL),(3835,3838,0,'2022-05-13 09:42:27','2022-12-12 11:23:50',NULL),(3837,3863,0,'2022-05-13 09:42:27','2023-09-01 08:50:34',NULL),(3838,3839,0,'2022-05-13 09:42:27','2022-12-12 11:23:50',NULL),(3839,3859,0,'2022-05-13 09:42:27','2023-09-01 08:50:34',NULL),(3841,3865,0,'2022-05-13 09:42:27','2022-12-12 11:23:50',NULL),(3842,3858,0,'2022-05-13 09:42:27','2023-09-01 08:50:34',NULL),(3843,3861,0,'2022-05-13 09:42:27','2023-09-01 08:50:34',NULL),(3846,3888,0,'2022-05-13 09:42:27','2022-12-12 11:23:50',NULL),(3847,3889,0,'2022-05-13 09:42:27','2022-12-12 11:23:50',NULL),(3848,3890,0,'2022-05-13 09:42:27','2022-12-12 11:23:50',NULL),(3851,3891,0,'2022-05-13 09:42:27','2022-12-12 11:23:50',NULL),(3852,3828,0,'2022-05-13 09:42:27','2022-12-12 11:23:50',NULL),(3853,3829,0,'2022-05-13 09:42:27','2022-12-12 11:23:50',NULL),(3854,3879,0,'2022-05-13 09:42:27','2022-12-12 11:23:50',NULL),(3855,3880,0,'2022-05-13 09:42:27','2022-12-12 11:23:50',NULL),(3856,3881,0,'2022-05-13 09:42:27','2022-12-12 11:23:50',NULL),(3861,3886,0,'2022-05-13 09:42:27','2022-12-12 11:23:50',NULL),(3866,3842,0,'2022-05-13 09:42:27','2022-12-12 11:23:50',NULL),(3867,3841,0,'2022-05-13 09:42:27','2022-12-12 11:23:50',NULL),(3868,3837,0,'2022-05-13 09:42:27','2022-12-12 11:23:50',NULL),(3869,3840,0,'2022-05-13 09:42:27','2022-12-12 11:23:50',NULL),(3896,3836,0,'2022-05-13 09:42:27','2023-09-01 08:50:39',NULL),(4025,4056,0,'2022-05-13 09:42:27','2022-12-12 11:23:50',NULL),(4032,4058,0,'2022-05-13 09:42:27','2022-12-12 11:23:50',NULL),(4033,4059,0,'2022-05-13 09:42:27','2022-12-12 11:23:50',NULL),(4218,4265,0,'2022-05-13 09:42:28','2022-12-12 11:23:50',NULL),(4342,4321,0,'2022-05-13 09:42:28','2023-09-01 08:50:35',NULL),(4343,4324,0,'2022-05-13 09:42:28','2023-09-01 08:50:36',NULL),(4344,4315,0,'2022-05-13 09:42:28','2023-09-01 08:50:36',NULL),(4345,4318,0,'2022-05-13 09:42:28','2023-09-01 08:50:36',NULL),(4346,4322,0,'2022-05-13 09:42:28','2023-09-01 08:50:36',NULL),(4347,4316,0,'2022-05-13 09:42:28','2023-09-01 08:50:36',NULL),(4349,4319,0,'2022-05-13 09:42:28','2023-09-01 08:50:36',NULL),(4350,4317,0,'2022-05-13 09:42:28','2023-09-01 08:50:36',NULL),(4351,4323,0,'2022-05-13 09:42:28','2022-12-12 11:23:50',NULL),(4352,4383,0,'2022-05-13 09:42:28','2023-02-07 21:49:37',NULL),(4550,4546,0,'2022-05-13 09:42:28','2022-12-12 11:23:51',NULL),(4639,4645,0,'2022-05-13 09:42:28','2023-09-01 08:50:33',NULL),(4646,4628,0,'2022-05-13 09:42:28','2022-12-12 11:23:51',NULL),(4653,4651,0,'2022-05-13 09:42:28','2022-12-12 11:23:51',NULL),(4660,4643,0,'2022-05-13 09:42:28','2022-12-12 11:23:51',NULL),(4721,4750,0,'2022-05-13 09:42:28','2023-09-01 08:50:32',NULL),(4724,4762,0,'2022-05-13 09:42:28','2022-12-12 11:23:51',NULL),(4732,4763,0,'2022-05-13 09:42:28','2022-12-12 11:23:51',NULL),(4741,4749,0,'2022-05-13 09:42:28','2022-12-12 11:23:51',NULL),(4753,4752,0,'2022-05-13 09:42:28','2023-09-01 08:50:36',NULL),(4794,4751,0,'2022-05-13 09:42:28','2023-09-01 08:50:38',NULL),(4795,4717,0,'2022-05-13 09:42:28','2023-09-01 08:50:38',NULL),(7707,7746,0,'2022-05-13 09:42:33','2022-12-12 11:23:51',NULL),(7713,7740,0,'2022-05-13 09:42:33','2023-09-01 08:50:34',NULL),(7714,7741,0,'2022-05-13 09:42:33','2023-09-01 08:50:34',NULL),(7715,7745,0,'2022-05-13 09:42:33','2023-09-01 08:50:34',NULL),(7716,7742,0,'2022-05-13 09:42:33','2022-12-12 11:23:51',NULL),(7717,7743,0,'2022-05-13 09:42:33','2022-12-12 11:23:51',NULL),(7718,7744,0,'2022-05-13 09:42:33','2022-12-12 11:23:51',NULL),(7724,7750,0,'2022-05-13 09:42:33','2022-12-12 11:23:51',NULL),(7725,7747,0,'2022-05-13 09:42:33','2023-09-01 08:50:36',NULL),(7794,7749,0,'2022-05-13 09:42:33','2023-09-01 08:50:38',NULL),(7795,7748,0,'2022-05-13 09:42:33','2023-09-01 08:50:38',NULL),(7796,7771,0,'2022-05-13 09:42:33','2022-12-12 11:23:51',NULL),(7800,7846,0,'2022-05-13 09:42:33','2023-09-01 08:50:31',NULL),(9707,9709,0,'2022-05-13 09:42:36','2023-09-01 08:50:32',NULL),(9714,9723,0,'2022-05-13 09:42:36','2022-12-12 11:23:51',NULL),(9716,9713,0,'2022-05-13 09:42:36','2022-12-12 11:23:51',NULL),(9724,9763,0,'2022-05-13 09:42:36','2022-12-12 11:23:51',NULL),(9733,9747,0,'2022-05-13 09:42:36','2022-12-12 11:23:51',NULL),(9760,9735,0,'2022-05-13 09:42:36','2022-12-12 11:23:51',NULL),(9761,9736,0,'2022-05-13 09:42:36','2022-12-15 06:45:28',NULL),(9763,9743,0,'2022-05-13 09:42:36','2022-12-12 11:23:51',NULL),(9765,9745,0,'2022-05-13 09:42:36','2022-12-12 11:23:51',NULL),(9777,9741,0,'2022-05-13 09:42:36','2022-12-12 11:23:51',NULL),(9778,9737,0,'2022-05-13 09:42:36','2022-12-12 11:23:51',NULL),(9779,9739,0,'2022-05-13 09:42:36','2022-12-12 11:23:51',NULL),(9806,9897,0,'2022-05-13 09:42:37','2023-08-07 18:24:22',NULL),(9822,9834,0,'2022-05-13 09:42:37','2022-12-12 11:23:51',NULL),(9910,9941,0,'2022-05-13 09:42:37','2022-12-12 11:23:51',NULL),(9933,9929,0,'2022-05-13 09:42:37','2023-09-01 08:50:33',NULL),(9940,9920,0,'2022-05-13 09:42:37','2022-12-12 11:23:51',NULL),(9941,9922,0,'2022-05-13 09:42:37','2022-12-12 11:23:51',NULL),(9942,9923,0,'2022-05-13 09:42:37','2022-12-12 11:23:51',NULL),(10012,10035,0,'2022-05-13 09:42:37','2022-12-12 11:23:51',NULL),(10014,10038,0,'2022-05-13 09:42:37','2022-12-12 11:23:51',NULL),(10016,10039,0,'2022-05-13 09:42:37','2022-12-12 11:23:51',NULL),(10018,10006,0,'2022-05-13 09:42:37','2023-09-01 08:50:33',NULL),(10019,10008,0,'2022-05-13 09:42:37','2023-09-01 08:50:33',NULL),(10020,10010,0,'2022-05-13 09:42:37','2023-09-01 08:50:33',NULL),(10021,10007,0,'2022-05-13 09:42:37','2023-09-01 08:50:33',NULL),(10026,10005,0,'2022-05-13 09:42:37','2023-09-01 08:50:33',NULL),(10032,10024,0,'2022-05-13 09:42:37','2023-09-01 08:50:35',NULL),(10033,10002,0,'2022-05-13 09:42:37','2023-09-01 08:50:35',NULL),(10034,10021,0,'2022-05-13 09:42:37','2023-09-01 08:50:35',NULL),(10035,10022,0,'2022-05-13 09:42:37','2023-09-01 08:50:35',NULL),(10036,10023,0,'2022-05-13 09:42:37','2022-12-12 11:23:51',NULL),(10038,10068,0,'2022-05-13 09:42:37','2023-09-01 08:50:35',NULL),(10039,10004,0,'2022-05-13 09:42:37','2023-09-01 08:50:35',NULL),(10040,10015,0,'2022-05-13 09:42:37','2023-09-01 08:50:35',NULL),(10041,10016,0,'2022-05-13 09:42:37','2023-09-01 08:50:35',NULL),(10042,10018,0,'2022-05-13 09:42:37','2023-09-01 08:50:35',NULL),(10043,10019,0,'2022-05-13 09:42:37','2023-09-01 08:50:35',NULL),(10044,10020,0,'2022-05-13 09:42:37','2023-09-01 08:50:35',NULL),(10046,10013,0,'2022-05-13 09:42:37','2023-09-01 08:50:36',NULL),(10055,10014,0,'2022-05-13 09:42:37','2023-09-01 08:50:36',NULL),(10057,10043,0,'2022-05-13 09:42:37','2023-09-01 08:50:36',NULL),(10059,10036,0,'2022-05-13 09:42:37','2023-09-01 08:50:36',NULL),(10073,10040,0,'2022-05-13 09:42:37','2023-09-01 08:50:37',NULL),(10084,10000,0,'2022-05-13 09:42:37','2023-09-01 08:50:38',NULL),(10085,10001,0,'2022-05-13 09:42:37','2023-09-01 08:50:38',NULL),(10087,10029,0,'2022-05-13 09:42:37','2023-09-01 08:50:38',NULL),(10088,10030,0,'2022-05-13 09:42:37','2023-11-24 09:56:03',NULL),(10089,10031,0,'2022-05-13 09:42:37','2022-12-12 11:23:51',NULL),(10090,10037,0,'2022-05-13 09:42:37','2022-12-12 11:23:51',NULL),(10091,10047,0,'2022-05-13 09:42:37','2023-09-01 08:50:38',NULL),(10094,10044,0,'2022-05-13 09:42:37','2023-09-01 08:50:39',NULL),(10123,10157,0,'2022-05-13 09:42:37','2022-12-12 11:23:51',NULL),(10127,10156,0,'2022-05-13 09:42:37','2022-12-12 11:23:51',NULL),(10203,10237,0,'2022-05-13 09:42:37','2023-09-01 08:50:31',NULL),(10443,10436,0,'2022-05-13 09:42:38','2022-12-12 11:23:51',NULL),(10444,10439,0,'2022-05-13 09:42:38','2022-12-12 11:23:51',NULL),(10451,10434,0,'2022-05-13 09:42:38','2022-12-12 11:23:51',NULL),(10452,10435,0,'2022-05-13 09:42:38','2022-12-12 11:23:51',NULL),(10535,10587,0,'2022-05-13 09:42:38','2022-12-12 11:23:51',NULL),(10536,10586,0,'2022-05-13 09:42:38','2022-12-12 11:23:51',NULL),(10610,10681,0,'2022-05-13 09:42:38','2023-09-01 08:50:32',NULL),(10612,10683,0,'2022-05-13 09:42:38','2022-12-12 11:23:51',NULL),(10620,10679,0,'2022-05-13 09:42:38','2024-02-23 19:22:22',NULL),(10838,10851,0,'2022-05-13 09:42:38','2022-12-12 11:23:51',NULL),(10843,10884,0,'2022-05-13 09:42:38','2022-12-12 11:23:51',NULL),(10844,10891,0,'2022-05-13 09:42:38','2022-12-12 11:23:51',NULL),(10857,10835,0,'2022-05-13 09:42:38','2022-12-12 11:23:51',NULL),(11013,11057,0,'2022-05-13 09:42:39','2022-12-12 11:23:51',NULL),(11076,11076,0,'2022-05-13 09:42:39','2023-09-01 08:50:37',NULL),(11112,11155,0,'2022-05-13 09:42:39','2023-09-01 08:50:32',NULL),(11207,11270,0,'2022-05-13 09:42:39','2022-12-12 11:23:51',NULL),(11281,11233,0,'2022-05-13 09:42:39','2023-09-01 08:50:38',NULL),(11317,11373,0,'2022-05-13 09:42:39','2022-12-12 11:23:51',NULL),(11443,11407,0,'2022-05-13 09:42:39','2022-12-12 11:23:51',NULL),(11503,11508,0,'2022-05-13 09:42:40','2023-09-01 08:50:31',NULL),(11504,11509,0,'2022-05-13 09:42:40','2023-09-01 08:50:31',NULL),(11530,11520,0,'2022-05-13 09:42:40','2022-12-12 11:23:53',NULL),(11536,11571,0,'2022-05-13 09:42:40','2022-12-12 11:23:53',NULL),(11583,11511,0,'2022-05-13 09:42:40','2023-09-01 08:50:38',NULL),(11603,11647,0,'2022-05-13 09:42:40','2023-09-01 08:50:31',NULL),(11604,11648,0,'2022-05-13 09:42:40','2023-09-01 08:50:31',NULL),(11605,11649,0,'2022-05-13 09:42:40','2023-09-01 08:50:31',NULL),(11606,11651,0,'2022-05-13 09:42:40','2023-09-01 08:50:31',NULL),(11615,11653,0,'2022-05-13 09:42:40','2022-12-12 11:23:53',NULL),(11620,11645,0,'2022-05-13 09:42:40','2023-09-01 08:50:33',NULL),(11621,11644,0,'2022-05-13 09:42:40','2023-09-01 08:50:33',NULL),(11622,11641,0,'2022-05-13 09:42:40','2023-09-01 08:50:33',NULL),(11623,11643,0,'2022-05-13 09:42:40','2022-12-12 11:23:53',NULL),(11624,11638,0,'2022-05-13 09:42:40','2023-09-01 08:50:33',NULL),(11625,11639,0,'2022-05-13 09:42:40','2023-09-01 08:50:33',NULL),(11626,11640,0,'2022-05-13 09:42:40','2023-09-01 08:50:33',NULL),(11629,11652,0,'2022-05-13 09:42:40','2022-12-12 11:23:53',NULL),(11630,11686,0,'2022-05-13 09:42:40','2022-12-12 11:23:53',NULL),(11632,11625,0,'2022-05-13 09:42:40','2022-12-12 11:23:53',NULL),(11633,11627,0,'2022-05-13 09:42:40','2022-12-12 11:23:53',NULL),(11634,11629,0,'2022-05-13 09:42:40','2022-12-12 11:23:53',NULL),(11635,11633,0,'2022-05-13 09:42:40','2022-12-12 11:23:53',NULL),(11639,11628,0,'2022-05-13 09:42:40','2022-12-12 11:23:53',NULL),(11641,11632,0,'2022-05-13 09:42:40','2022-12-12 11:23:53',NULL),(11647,11630,0,'2022-05-13 09:42:40','2022-12-12 11:23:53',NULL),(11648,11636,0,'2022-05-13 09:42:40','2023-09-01 08:50:36',NULL),(11649,11655,0,'2022-05-13 09:42:40','2023-09-01 08:50:36',NULL),(11727,11753,0,'2022-05-13 09:42:40','2022-12-12 11:23:53',NULL),(11742,11751,0,'2022-05-13 09:42:40','2022-12-12 11:23:53',NULL),(12208,12227,0,'2022-05-13 09:42:41','2022-12-12 11:23:53',NULL),(12229,12277,0,'2022-05-13 09:42:41','2022-12-12 11:23:53',NULL),(12231,12279,0,'2022-05-13 09:42:41','2022-12-12 11:23:53',NULL),(12234,12246,0,'2022-05-13 09:42:41','2022-12-12 11:23:53',NULL),(12235,12254,0,'2022-05-13 09:42:41','2022-12-12 11:23:53',NULL),(12236,12252,0,'2022-05-13 09:42:41','2022-12-12 11:23:53',NULL),(12237,12243,0,'2022-05-13 09:42:41','2023-09-01 08:50:34',NULL),(12241,12249,0,'2022-05-13 09:42:41','2022-12-12 11:23:53',NULL),(12242,12250,0,'2022-05-13 09:42:41','2022-12-12 11:23:53',NULL),(12243,12245,0,'2022-05-13 09:42:41','2023-09-01 08:50:34',NULL),(12247,12241,0,'2022-05-13 09:42:41','2022-12-12 11:23:53',NULL),(12248,12240,0,'2022-05-13 09:42:41','2022-12-12 11:23:53',NULL),(12389,12380,0,'2022-05-13 09:42:41','2022-12-12 11:23:53',NULL),(12412,12423,0,'2022-05-13 09:42:41','2022-12-12 11:23:53',NULL),(12420,12414,0,'2022-05-13 09:42:41','2023-09-01 08:50:35',NULL),(12527,12535,0,'2022-05-13 09:42:41','2022-12-12 11:23:53',NULL),(12534,12503,0,'2022-05-13 09:42:41','2022-12-12 11:23:53',NULL),(12599,12659,0,'2022-05-13 09:42:41','2022-12-15 06:40:37',NULL),(12600,12664,0,'2022-05-13 09:42:41','2023-09-01 08:50:30',NULL),(12601,12660,0,'2022-05-13 09:42:41','2022-12-12 11:23:53',NULL),(12602,12662,0,'2022-05-13 09:42:41','2022-12-12 11:23:53',NULL),(12616,12613,0,'2022-05-13 09:42:41','2023-09-01 08:50:31',NULL),(12623,12626,0,'2022-05-13 09:42:41','2023-09-01 08:50:32',NULL),(12628,12618,0,'2022-05-13 09:42:41','2022-12-12 11:23:53',NULL),(12629,12627,0,'2022-05-13 09:42:41','2022-12-12 11:23:53',NULL),(12634,12657,0,'2022-05-13 09:42:41','2022-12-12 11:23:53',NULL),(12635,12658,0,'2022-05-13 09:42:41','2022-12-12 11:23:53',NULL),(12639,12661,0,'2022-05-13 09:42:41','2022-12-12 11:23:53',NULL),(12640,12663,0,'2022-05-13 09:42:41','2022-12-12 11:23:53',NULL),(12673,12617,0,'2022-05-13 09:42:41','2023-09-01 08:50:37',NULL),(12679,12619,0,'2022-05-13 09:42:41','2023-09-01 08:50:38',NULL),(12688,12644,0,'2022-05-13 09:42:41','2022-12-12 11:23:53',NULL),(12689,12643,0,'2022-05-13 09:42:41','2022-12-12 11:23:53',NULL),(12713,12703,0,'2022-05-13 09:42:42','2022-12-12 11:23:53',NULL),(12728,12767,0,'2022-05-13 09:42:42','2023-09-01 08:50:33',NULL),(12817,12837,0,'2022-05-13 09:42:42','2022-12-12 11:23:53',NULL),(12890,12882,0,'2022-05-13 09:42:42','2022-12-12 11:23:53',NULL),(12891,12883,0,'2022-05-13 09:42:42','2022-12-12 11:23:53',NULL),(12894,12884,0,'2022-05-13 09:42:42','2022-12-12 11:23:53',NULL),(12912,12968,0,'2022-05-13 09:42:42','2023-09-01 08:50:32',NULL),(12940,12976,0,'2022-05-13 09:42:42','2023-09-01 08:50:34',NULL),(12946,12965,0,'2022-05-13 09:42:42','2023-09-01 08:50:35',NULL),(12982,12966,0,'2022-05-13 09:42:42','2023-09-01 08:50:37',NULL),(12988,12990,0,'2022-05-13 09:42:42','2022-12-12 11:23:53',NULL),(13266,13264,0,'2022-05-13 09:42:42','2022-12-12 11:23:53',NULL),(13273,13274,0,'2022-05-13 09:42:42','2022-12-12 11:23:53',NULL),(13323,13371,0,'2022-05-13 09:42:43','2023-09-01 08:50:34',NULL),(13338,13310,0,'2022-05-13 09:42:43','2022-12-12 11:23:53',NULL),(13396,13348,0,'2022-05-13 09:42:43','2022-12-12 11:23:53',NULL),(13631,13668,0,'2022-05-13 09:42:43','2022-12-12 11:23:53',NULL),(13637,13670,0,'2022-05-13 09:42:43','2022-12-12 11:23:53',NULL),(13695,13667,0,'2022-05-13 09:42:43','2022-12-12 11:23:53',NULL),(13817,13843,0,'2022-05-13 09:42:43','2023-09-01 08:50:31',NULL),(13831,13883,0,'2022-05-13 09:42:43','2022-12-12 11:23:53',NULL),(13832,13884,0,'2022-05-13 09:42:43','2022-12-12 11:23:53',NULL),(13833,13885,0,'2022-05-13 09:42:43','2022-12-12 11:23:53',NULL),(13835,13887,0,'2022-05-13 09:42:43','2022-12-12 11:23:53',NULL),(13836,13889,0,'2022-05-13 09:42:43','2022-12-12 11:23:53',NULL),(13841,13827,0,'2022-05-13 09:42:43','2022-12-12 11:23:53',NULL),(13852,13895,0,'2022-05-13 09:42:43','2022-12-12 11:23:53',NULL),(13853,13896,0,'2022-05-13 09:42:43','2022-12-12 11:23:53',NULL),(13854,13824,0,'2022-05-13 09:42:43','2022-12-12 11:23:53',NULL),(13855,13823,0,'2022-05-13 09:42:43','2022-12-12 11:23:53',NULL),(13891,13877,0,'2022-05-13 09:42:43','2022-12-12 11:23:53',NULL),(13936,13924,0,'2022-05-13 09:42:44','2022-12-12 11:23:53',NULL),(14066,14081,0,'2022-05-13 09:42:44','2022-12-12 11:23:53',NULL),(14067,14080,0,'2022-05-13 09:42:44','2022-12-12 11:23:53',NULL),(14087,14092,0,'2022-05-13 09:42:44','2022-12-12 11:23:53',NULL),(14390,14370,0,'2022-05-13 09:42:44','2023-09-01 08:50:38',NULL),(14436,14476,0,'2022-05-13 09:42:44','2022-12-12 11:23:54',NULL),(14437,14471,0,'2022-05-13 09:42:44','2022-12-12 11:23:53',NULL),(14438,14473,0,'2022-05-13 09:42:44','2022-12-12 11:23:53',NULL),(14439,14474,0,'2022-05-13 09:42:44','2023-09-01 08:50:33',NULL),(14457,14475,0,'2022-05-13 09:42:44','2022-12-12 11:23:54',NULL),(14491,14415,0,'2022-05-13 09:42:44','2022-12-12 11:23:53',NULL),(14500,14537,0,'2022-05-13 09:42:45','2023-09-01 08:50:31',NULL),(14501,14514,0,'2022-05-13 09:42:45','2023-09-01 08:50:31',NULL),(14509,14530,0,'2022-05-13 09:42:45','2022-12-12 11:23:54',NULL),(14536,14538,0,'2022-05-13 09:42:45','2022-12-12 11:23:54',NULL),(14591,14501,0,'2022-05-13 09:42:45','2022-12-12 11:23:54',NULL),(14627,14674,0,'2022-05-13 09:42:45','2022-12-12 11:23:54',NULL),(14749,14727,0,'2022-05-13 09:42:45','2023-09-01 08:50:33',NULL),(14750,14728,0,'2022-05-13 09:42:45','2023-09-01 08:50:33',NULL),(14753,14726,0,'2022-05-13 09:42:45','2022-12-12 11:23:54',NULL),(14754,14731,0,'2022-05-13 09:42:45','2023-09-01 08:50:34',NULL),(14755,14730,0,'2022-05-13 09:42:45','2023-09-01 08:50:34',NULL),(14760,14732,0,'2022-05-13 09:42:45','2023-09-01 08:50:35',NULL),(14770,14722,0,'2022-05-13 09:42:45','2022-12-12 11:23:54',NULL),(14831,14866,0,'2022-05-13 09:42:45','2022-12-12 11:23:54',NULL),(14834,14867,0,'2022-05-13 09:42:45','2022-12-12 11:23:54',NULL),(14951,14955,0,'2022-05-13 09:42:45','2023-09-01 08:50:36',NULL),(14989,14934,0,'2022-05-13 09:42:45','2022-12-12 11:23:54',NULL),(15018,15082,0,'2022-05-13 09:42:46','2022-12-12 11:23:54',NULL),(15041,15063,0,'2022-05-13 09:42:46','2022-12-12 11:23:54',NULL),(15044,15043,0,'2022-05-13 09:42:46','2022-12-12 11:23:54',NULL),(15121,15133,0,'2022-05-13 09:42:46','2023-09-01 08:50:34',NULL),(15213,15240,0,'2022-05-13 09:42:46','2022-12-12 11:23:54',NULL),(15214,15239,0,'2022-05-13 09:42:46','2022-12-12 11:23:54',NULL),(15215,15238,0,'2022-05-13 09:42:46','2022-12-12 11:23:54',NULL),(15216,15241,0,'2022-05-13 09:42:46','2022-12-12 11:23:54',NULL),(15217,15237,0,'2022-05-13 09:42:46','2022-12-12 11:23:54',NULL),(15224,15236,0,'2022-05-13 09:42:46','2023-09-01 08:50:32',NULL),(15240,15228,0,'2022-05-13 09:42:46','2022-12-12 11:23:54',NULL),(15318,15363,0,'2022-05-13 09:42:46','2022-12-12 11:23:54',NULL),(15330,15355,0,'2022-05-13 09:42:46','2022-12-12 11:23:54',NULL),(15331,15382,0,'2022-05-13 09:42:46','2022-12-12 11:23:54',NULL),(15335,15362,0,'2022-05-13 09:42:46','2023-09-01 08:50:33',NULL),(15336,15366,0,'2022-05-13 09:42:46','2023-09-01 08:50:33',NULL),(15339,15310,0,'2022-05-13 09:42:46','2022-12-12 11:23:54',NULL),(15343,15344,0,'2022-05-13 09:42:46','2022-12-12 11:23:54',NULL),(15392,15368,0,'2022-05-13 09:42:46','2023-09-01 08:50:38',NULL),(15506,15598,0,'2022-05-13 09:42:46','2022-12-12 11:23:54',NULL),(15518,15596,0,'2022-05-13 09:42:46','2022-12-12 11:23:54',NULL),(15519,15499,0,'2022-05-13 09:42:46','2022-12-12 11:23:54',NULL),(15520,15544,0,'2022-05-13 09:42:46','2022-12-12 11:23:54',NULL),(15521,15571,0,'2022-05-13 09:42:46','2022-12-12 11:23:54',NULL),(15535,15595,0,'2022-05-13 09:42:46','2022-12-12 11:23:54',NULL),(15579,15597,0,'2022-05-13 09:42:46','2023-09-01 08:50:37',NULL),(15580,15570,0,'2022-05-13 09:42:46','2022-12-12 11:23:54',NULL),(15607,15671,0,'2022-05-13 09:42:47','2022-12-12 11:23:54',NULL),(15613,15683,0,'2022-05-13 09:42:47','2022-12-12 11:23:54',NULL),(15626,15685,0,'2022-05-13 09:42:47','2023-09-01 08:50:32',NULL),(15638,15684,0,'2022-05-13 09:42:47','2022-12-12 11:23:54',NULL),(15641,15672,0,'2022-05-13 09:42:47','2022-12-12 11:23:54',NULL),(15642,15670,0,'2022-05-13 09:42:47','2022-12-12 11:23:54',NULL),(15643,15669,0,'2022-05-13 09:42:47','2023-09-01 08:50:33',NULL),(15715,15787,0,'2022-05-13 09:42:47','2022-12-12 11:23:54',NULL),(15716,15786,0,'2022-05-13 09:42:47','2023-09-01 08:50:31',NULL),(15725,15746,0,'2022-05-13 09:42:47','2022-12-12 11:23:54',NULL),(15726,15747,0,'2022-05-13 09:42:47','2022-12-12 11:23:54',NULL),(15807,15876,0,'2022-05-13 09:42:47','2022-12-12 11:23:54',NULL),(15813,15838,0,'2022-05-13 09:42:47','2023-09-01 08:50:33',NULL),(15814,15840,0,'2022-05-13 09:42:47','2022-12-12 11:23:54',NULL),(15815,15841,0,'2022-05-13 09:42:47','2022-12-12 11:23:54',NULL),(15817,15880,0,'2022-05-13 09:42:47','2022-12-12 11:23:54',NULL),(15818,15881,0,'2022-05-13 09:42:47','2022-12-12 11:23:54',NULL),(15819,15885,0,'2022-05-13 09:42:47','2022-12-12 11:23:54',NULL),(15821,15839,0,'2022-05-13 09:42:47','2023-09-01 08:50:34',NULL),(15823,15879,0,'2022-05-13 09:42:47','2022-12-12 11:23:54',NULL),(15825,15842,0,'2022-05-13 09:42:47','2022-12-12 11:23:54',NULL),(15826,15843,0,'2022-05-13 09:42:47','2022-12-12 11:23:54',NULL),(15827,15844,0,'2022-05-13 09:42:47','2022-12-12 11:23:54',NULL),(15896,15886,0,'2022-05-13 09:42:47','2022-12-12 11:23:54',NULL),(15911,15903,0,'2022-05-13 09:42:47','2022-12-12 11:23:54',NULL),(15915,15928,0,'2022-05-13 09:42:47','2022-12-12 11:23:54',NULL),(15916,15931,0,'2022-05-13 09:42:47','2022-12-12 11:23:54',NULL),(15917,15930,0,'2022-05-13 09:42:47','2022-12-12 11:23:54',NULL),(15918,15929,0,'2022-05-13 09:42:47','2022-12-12 11:23:54',NULL),(15923,15958,0,'2022-05-13 09:42:47','2022-12-12 11:23:54',NULL),(15924,15955,0,'2022-05-13 09:42:47','2023-09-01 08:50:34',NULL),(15925,15966,0,'2022-05-13 09:42:47','2022-12-12 11:23:54',NULL),(15933,15905,0,'2022-05-13 09:42:47','2022-12-12 11:23:54',NULL),(15948,15968,0,'2022-05-13 09:42:47','2023-09-01 08:50:36',NULL),(15949,15967,0,'2022-05-13 09:42:47','2023-09-01 08:50:36',NULL),(15950,15978,0,'2022-05-13 09:42:47','2022-12-12 11:23:54',NULL),(15951,15957,0,'2022-05-13 09:42:47','2022-12-12 11:23:54',NULL),(15956,15956,0,'2022-05-13 09:42:47','2023-09-01 08:50:36',NULL),(15979,15969,0,'2022-05-13 09:42:47','2022-12-12 11:23:54',NULL),(15980,15980,0,'2022-05-13 09:42:47','2022-12-12 11:23:54',NULL),(15981,15961,0,'2022-05-13 09:42:47','2022-12-12 11:23:54',NULL),(15982,15971,0,'2022-05-13 09:42:47','2022-12-12 11:23:54',NULL),(15983,15960,0,'2022-05-13 09:42:47','2022-12-12 11:23:54',NULL),(15985,15959,0,'2022-05-13 09:42:47','2023-09-01 08:50:39',NULL),(15986,15979,0,'2022-05-13 09:42:47','2023-09-01 08:50:39',NULL),(15987,15995,0,'2022-05-13 09:42:47','2022-12-12 11:23:54',NULL),(16097,16010,0,'2022-05-13 09:42:47','2023-09-01 08:50:39',NULL),(16109,16196,0,'2022-05-13 09:42:48','2023-09-01 08:50:31',NULL),(16210,16257,0,'2022-05-13 09:42:48','2023-09-01 08:50:33',NULL),(16214,16256,0,'2022-05-13 09:42:48','2023-09-01 08:50:33',NULL),(16216,16270,0,'2022-05-13 09:42:48','2022-12-12 11:23:54',NULL),(16237,16255,0,'2022-05-13 09:42:48','2022-12-12 11:23:54',NULL),(16320,16302,0,'2022-05-13 09:42:48','2023-09-01 08:50:33',NULL),(16321,16303,0,'2022-05-13 09:42:48','2022-12-12 11:23:56',NULL),(16323,16308,0,'2022-05-13 09:42:48','2022-12-12 11:23:56',NULL),(16326,16315,0,'2022-05-13 09:42:48','2022-12-12 11:23:56',NULL),(16327,16358,0,'2022-05-13 09:42:48','2022-12-12 11:23:56',NULL),(16343,16338,0,'2022-05-13 09:42:48','2023-09-01 08:50:36',NULL),(16353,16357,0,'2022-05-13 09:42:48','2023-09-01 08:50:36',NULL),(16369,16356,0,'2022-05-13 09:42:48','2022-12-12 11:23:56',NULL),(16425,16485,0,'2022-05-13 09:42:48','2023-09-01 08:50:32',NULL),(16460,16458,0,'2022-05-13 09:42:48','2022-12-12 11:23:56',NULL),(16492,16452,0,'2022-05-13 09:42:48','2023-09-01 08:50:38',NULL),(16710,16779,0,'2022-05-13 09:42:49','2023-09-01 08:50:32',NULL),(16716,16782,0,'2022-05-13 09:42:49','2022-12-12 11:23:56',NULL),(16719,16780,0,'2022-05-13 09:42:49','2022-12-12 11:23:56',NULL),(17026,17041,0,'2022-05-13 09:42:49','2022-12-12 11:23:56',NULL),(17028,17043,0,'2022-05-13 09:42:49','2023-09-01 08:50:33',NULL),(17029,17044,0,'2022-05-13 09:42:49','2023-09-01 08:50:33',NULL),(17212,17229,0,'2022-05-13 09:42:50','2022-12-12 11:23:56',NULL),(17236,17230,0,'2022-05-13 09:42:50','2022-12-12 11:23:56',NULL),(17294,17288,0,'2022-05-13 09:42:50','2022-12-12 11:23:56',NULL),(17408,17405,0,'2022-05-13 09:42:50','2022-12-15 06:38:17',NULL),(17409,17415,0,'2022-05-13 09:42:50','2023-09-01 08:50:31',NULL),(17410,17410,0,'2022-05-13 09:42:50','2022-12-12 11:23:56',NULL),(17411,17412,0,'2022-05-13 09:42:50','2022-12-12 11:23:56',NULL),(17412,17411,0,'2022-05-13 09:42:50','2022-12-12 11:23:56',NULL),(17413,17409,0,'2022-05-13 09:42:50','2022-12-12 11:23:56',NULL),(17414,17408,0,'2022-05-13 09:42:50','2022-12-12 11:23:56',NULL),(17415,17414,0,'2022-05-13 09:42:50','2023-09-01 08:50:31',NULL),(17416,17413,0,'2022-05-13 09:42:50','2023-09-01 08:50:31',NULL),(17417,17407,0,'2022-05-13 09:42:50','2023-09-01 08:50:31',NULL),(17418,17406,0,'2022-05-13 09:42:50','2022-12-12 11:23:56',NULL),(17423,17428,0,'2022-05-13 09:42:50','2023-09-01 08:50:32',NULL),(17424,17426,0,'2022-05-13 09:42:50','2022-12-12 11:23:56',NULL),(17425,17422,0,'2022-05-13 09:42:50','2023-09-01 08:50:32',NULL),(17426,17427,0,'2022-05-13 09:42:50','2022-12-12 11:23:56',NULL),(17436,17424,0,'2022-05-13 09:42:50','2023-09-01 08:50:34',NULL),(17437,17421,0,'2022-05-13 09:42:50','2023-09-01 08:50:34',NULL),(17438,17425,0,'2022-05-13 09:42:50','2023-09-01 08:50:34',NULL),(17439,17430,0,'2022-05-13 09:42:50','2022-12-12 11:23:56',NULL),(17440,17432,0,'2022-05-13 09:42:50','2022-12-12 11:23:56',NULL),(17441,17423,0,'2022-05-13 09:42:50','2022-12-12 11:23:56',NULL),(17442,17418,0,'2022-05-13 09:42:50','2023-09-01 08:50:34',NULL),(17443,17419,0,'2022-05-13 09:42:50','2023-09-01 08:50:34',NULL),(17444,17436,0,'2022-05-13 09:42:50','2022-12-12 11:23:56',NULL),(17445,17434,0,'2022-05-13 09:42:50','2022-12-12 11:23:56',NULL),(17446,17420,0,'2022-05-13 09:42:50','2023-09-01 08:50:34',NULL),(17447,17429,0,'2022-05-13 09:42:50','2023-09-01 08:50:34',NULL),(17448,17417,0,'2022-05-13 09:42:50','2023-09-01 08:50:34',NULL),(17449,17433,0,'2022-05-13 09:42:50','2022-12-12 11:23:56',NULL),(17450,17431,0,'2022-05-13 09:42:50','2022-12-12 11:23:56',NULL),(17451,17435,0,'2022-05-13 09:42:50','2022-12-12 11:23:56',NULL),(17606,17662,0,'2022-05-13 09:42:50','2023-09-01 08:50:31',NULL),(17614,17659,0,'2022-05-13 09:42:50','2023-09-01 08:50:33',NULL),(17624,17660,0,'2022-05-13 09:42:50','2023-09-01 08:50:34',NULL),(17630,17673,0,'2022-05-13 09:42:50','2023-09-01 08:50:36',NULL),(17633,17663,0,'2022-05-13 09:42:50','2022-12-12 11:23:56',NULL),(17639,17636,0,'2022-05-13 09:42:50','2022-12-12 11:23:56',NULL),(17674,17658,0,'2022-05-13 09:42:50','2022-12-12 11:23:56',NULL),(17684,17661,0,'2022-05-13 09:42:50','2022-12-12 11:23:56',NULL),(17742,17733,0,'2022-05-13 09:42:51','2022-12-12 11:23:56',NULL),(17743,17732,0,'2022-05-13 09:42:51','2022-12-12 11:23:56',NULL),(17745,17785,0,'2022-05-13 09:42:51','2023-09-01 08:50:36',NULL),(18118,18160,0,'2022-05-13 09:42:51','2022-12-12 11:23:56',NULL),(18789,18715,0,'2022-05-13 09:42:53','2022-12-12 11:23:56',NULL),(18813,18847,0,'2022-05-13 09:42:53','2022-12-15 06:55:03',NULL),(18956,18904,0,'2022-05-13 09:42:53','2022-12-12 11:23:56',NULL),(18964,18906,0,'2022-05-13 09:42:53','2023-09-01 08:50:36',NULL),(19048,19085,0,'2022-05-13 09:42:53','2022-12-12 11:23:56',NULL),(19049,19084,0,'2022-05-13 09:42:53','2022-12-12 11:23:56',NULL),(19254,19258,0,'2022-05-13 09:42:54','2022-12-12 11:23:56',NULL),(19255,19259,0,'2022-05-13 09:42:54','2022-12-12 11:23:56',NULL),(19285,19203,0,'2022-05-13 09:42:54','2022-12-12 11:23:56',NULL),(19289,19204,0,'2022-05-13 09:42:54','2022-12-12 11:23:56',NULL),(19359,19397,0,'2022-05-13 09:42:54','2022-12-12 11:23:56',NULL),(19373,19395,0,'2022-05-13 09:42:54','2022-12-12 11:23:56',NULL),(19405,19488,0,'2022-05-13 09:42:54','2023-09-01 08:50:32',NULL),(19478,19487,0,'2022-05-13 09:42:54','2023-09-01 08:50:38',NULL),(19511,19517,0,'2022-06-01 11:03:08','2022-12-12 11:23:56',NULL),(19512,19520,0,'2022-06-01 11:03:08','2022-12-12 11:23:56',NULL),(19513,19519,0,'2022-06-01 11:03:08','2023-09-01 08:50:33',NULL),(19514,19522,0,'2022-06-01 11:03:08','2022-12-12 11:23:56',NULL),(19515,19521,0,'2022-06-01 11:03:08','2023-09-01 08:50:34',NULL),(19516,19532,0,'2022-06-01 11:03:08','2023-09-01 08:50:34',NULL),(19517,19533,0,'2022-06-01 11:03:08','2022-12-12 11:23:56',NULL),(19519,19525,0,'2022-06-01 11:03:08','2022-12-12 11:23:56',NULL),(19520,19526,0,'2022-06-01 11:03:08','2022-12-12 11:23:56',NULL),(19522,19516,0,'2022-06-01 11:03:08','2022-12-12 11:23:56',NULL),(19523,19511,0,'2022-06-01 11:03:08','2022-12-12 11:23:56',NULL),(19524,19534,0,'2022-06-01 11:03:08','2022-12-12 11:23:56',NULL),(19525,19535,0,'2022-06-01 11:03:08','2022-12-12 11:23:56',NULL),(19526,19530,0,'2022-06-01 11:03:08','2022-12-12 11:23:56',NULL),(19527,19528,0,'2022-06-01 11:03:08','2022-12-12 11:23:56',NULL),(19528,19510,0,'2022-06-01 11:03:08','2022-12-12 11:23:56',NULL),(19529,19529,0,'2022-06-01 11:03:08','2022-12-12 11:23:56',NULL),(19530,19515,0,'2022-06-01 11:03:08','2023-09-01 08:50:36',NULL),(19531,19512,0,'2022-06-01 11:03:08','2022-12-12 11:23:56',NULL),(19532,19518,0,'2022-06-01 11:03:08','2022-12-12 11:23:56',NULL),(19533,19523,0,'2022-06-01 11:03:08','2023-09-01 08:50:36',NULL),(19535,19536,0,'2022-06-01 11:03:08','2023-09-01 08:50:38',NULL),(19536,19531,0,'2022-06-01 11:03:08','2022-12-12 11:23:56',NULL),(19671,19712,0,'2022-09-29 17:39:22','2023-09-01 08:50:31',NULL),(19672,19713,0,'2022-10-19 19:18:33','2022-12-14 09:01:28',NULL),(19673,19714,0,'2022-10-19 22:58:14','2022-12-14 09:04:38',NULL),(19674,19715,0,'2022-10-19 22:58:31','2022-12-14 09:06:44',NULL),(19675,19716,0,'2022-10-19 22:58:47','2022-12-12 11:23:56',NULL),(19676,19717,0,'2022-10-19 22:59:22','2022-12-14 09:09:43',NULL),(19677,19718,0,'2022-10-19 23:00:58','2023-09-01 08:50:34',NULL),(19678,19719,0,'2022-10-25 18:35:03','2023-09-01 08:50:31',NULL),(19679,19720,0,'2022-10-27 16:49:59','2022-11-21 10:20:04',NULL),(19680,19721,0,'2022-11-03 18:05:50','2024-02-14 00:14:22',NULL),(19681,19722,0,'2022-11-03 18:10:25','2022-11-21 10:20:04',NULL),(19682,19723,0,'2022-11-03 18:12:19','2023-02-07 22:20:48',NULL),(19684,19725,0,'2022-11-03 18:17:36','2023-09-01 08:50:32',NULL),(19686,19728,0,'2022-11-03 18:28:00','2022-12-14 09:20:49',NULL),(19687,19731,0,'2022-11-09 23:12:29','2022-11-15 19:31:04',NULL),(19689,19733,0,'2022-11-15 19:26:33','2023-09-01 08:50:36',NULL),(19690,19734,0,'2022-11-17 22:46:04','2023-09-01 08:50:36',NULL),(19701,19745,0,'2022-12-02 20:37:49','2022-12-02 20:42:40',NULL),(19702,19746,0,'2022-12-02 22:03:23','2022-12-02 22:03:24',NULL),(19704,19748,0,'2022-12-05 19:14:24','2024-01-16 20:22:35',NULL),(19705,19749,0,'2022-12-05 19:30:31','2023-08-15 19:37:52',NULL),(19706,19750,0,'2022-12-06 17:11:32','2022-12-13 23:09:48',NULL),(19710,19754,0,'2022-12-12 17:15:54','2022-12-12 17:16:52',NULL),(19711,19756,0,'2022-12-12 17:16:53','2022-12-12 17:16:54',NULL),(19712,19757,0,'2022-12-13 23:01:25','2022-12-13 23:01:48',NULL),(19713,19758,0,'2022-12-13 23:06:26','2022-12-13 23:33:16',NULL),(19714,19759,0,'2022-12-15 20:34:58','2022-12-21 17:59:33',NULL),(19715,19760,0,'2022-12-20 20:18:38','2022-12-21 00:16:16',NULL),(19716,19761,0,'2022-12-27 17:33:47','2022-12-28 17:13:05',NULL),(19717,19762,0,'2023-01-04 01:33:38','2023-01-04 01:34:27',NULL),(19718,19763,0,'2023-01-05 22:58:38','2023-01-05 23:00:48',NULL),(19719,19764,0,'2023-01-19 09:24:16','2023-01-19 09:24:17',NULL),(19720,19765,0,'2023-02-01 05:29:40','2023-02-02 01:10:47',NULL),(19721,19766,0,'2023-02-01 05:33:49','2023-09-01 08:50:33',NULL),(19722,19767,0,'2023-02-02 00:37:17','2023-02-07 22:15:43',NULL),(19723,19768,0,'2023-02-02 00:50:35','2023-02-02 00:50:35',NULL),(19724,19769,0,'2023-02-02 01:03:40','2023-02-02 01:03:57',NULL),(19725,19770,0,'2023-02-02 01:33:05','2023-05-12 19:39:09',NULL),(19726,19771,0,'2023-02-02 01:41:01','2023-09-01 08:50:34',NULL),(19727,19772,0,'2023-02-02 01:50:31','2023-09-01 08:50:36',NULL),(19729,19776,0,'2023-02-09 00:23:48','2023-08-02 19:46:15',NULL),(19732,19779,0,'2023-03-03 18:36:13','2023-03-03 18:36:14',NULL),(19733,19780,0,'2023-03-05 19:13:19','2023-03-05 19:13:21',NULL),(19734,19781,0,'2023-03-07 19:45:30','2023-03-07 19:45:32',NULL),(19735,19782,0,'2023-03-09 19:15:50','2023-03-09 19:18:20',NULL),(19736,19783,0,'2023-03-09 19:15:52','2023-03-09 19:15:53',NULL),(19737,19784,0,'2023-03-09 19:15:54','2023-03-09 19:15:54',NULL),(19738,19785,0,'2023-03-09 19:15:55','2023-03-09 19:15:56',NULL),(19739,19786,0,'2023-03-09 19:21:28','2023-03-09 19:21:28',NULL),(19740,19787,0,'2023-03-09 19:21:29','2023-03-09 19:21:29',NULL),(19741,19788,0,'2023-03-09 19:21:29','2023-03-09 19:21:30',NULL),(19742,19789,0,'2023-03-09 19:21:30','2023-03-09 19:21:31',NULL),(19743,19790,0,'2023-03-09 19:23:46','2023-03-09 19:23:46',NULL),(19744,19791,0,'2023-03-09 19:23:47','2023-03-09 19:23:47',NULL),(19745,19792,0,'2023-03-09 19:23:48','2023-03-09 19:23:48',NULL),(19746,19793,0,'2023-03-09 19:23:49','2023-03-09 19:23:49',NULL),(19747,19794,0,'2023-03-09 19:39:15','2023-03-09 19:39:15',NULL),(19748,19795,0,'2023-03-09 19:39:16','2023-03-09 19:39:16',NULL),(19749,19797,0,'2023-03-09 19:46:10','2023-06-26 19:16:14',NULL),(19750,19798,0,'2023-03-09 19:46:11','2023-03-09 19:46:12',NULL),(19751,19799,0,'2023-05-08 22:55:39','2023-05-08 22:57:53',NULL),(19752,19801,0,'2023-05-08 22:57:53','2023-05-08 22:57:54',NULL),(19753,19802,0,'2023-05-12 19:19:03','2023-05-12 19:19:04',NULL),(19754,19803,0,'2023-05-15 17:23:25','2023-05-15 17:26:42',NULL),(19755,19805,0,'2023-05-15 17:26:42','2023-05-15 17:26:43',NULL),(19756,19806,0,'2023-05-15 21:35:58','2023-05-15 21:35:59',NULL),(19757,19807,0,'2023-05-15 21:43:38','2023-05-15 21:43:39',NULL),(19758,19808,0,'2023-05-15 21:46:01','2023-05-15 21:46:02',NULL),(19759,19809,0,'2023-05-17 21:20:56','2023-05-17 21:20:58',NULL),(19760,19810,0,'2023-05-17 21:22:45','2023-05-17 21:22:46',NULL),(19761,19811,0,'2023-05-17 22:18:10','2023-05-17 22:18:11',NULL),(19762,19812,0,'2023-05-17 22:34:45','2023-12-12 20:10:46',NULL),(19763,19813,0,'2023-05-23 17:04:18','2023-09-01 08:50:34',NULL),(19764,19814,0,'2023-05-25 17:40:38','2023-05-25 17:40:39',NULL),(19765,19815,0,'2023-06-05 18:00:19','2023-08-01 23:39:40',NULL),(19766,19816,0,'2023-06-12 17:57:47','2023-06-12 17:57:48',NULL),(19767,19817,0,'2023-06-20 17:27:32','2023-09-01 08:50:33',NULL),(19768,19818,0,'2023-06-20 23:07:19','2023-06-20 23:07:21',NULL),(19769,19819,0,'2023-06-23 21:00:01','2023-06-23 21:00:03',NULL),(19770,19820,0,'2023-06-26 19:16:13','2023-09-28 16:56:17',NULL),(19771,19821,0,'2023-06-27 17:25:46','2023-08-17 17:57:59',NULL),(19772,19822,0,'2023-06-29 17:51:36','2023-09-01 08:50:32',NULL),(19773,19823,0,'2023-06-30 23:15:47','2023-06-30 23:15:49',NULL),(19774,19824,0,'2023-06-30 23:23:01','2023-06-30 23:23:02',NULL),(19775,19825,0,'2023-06-30 23:25:07','2023-06-30 23:25:08',NULL),(19776,19826,0,'2023-07-05 18:41:41','2023-07-05 18:41:42',NULL),(19777,19827,0,'2023-07-26 00:15:32','2023-07-26 00:15:33',NULL),(19778,19828,0,'2023-07-26 00:19:35','2023-07-26 00:19:36',NULL),(19779,19829,0,'2023-07-31 22:32:52','2023-07-31 22:32:54',NULL),(19780,19830,0,'2023-08-01 23:45:12','2023-11-02 22:54:47',NULL),(19781,19831,0,'2023-08-02 20:39:37','2023-08-02 20:39:39',NULL),(19782,19832,0,'2023-08-02 20:48:23','2023-08-02 20:48:24',NULL),(19783,19833,0,'2023-08-03 16:41:07','2023-12-07 03:52:31',NULL),(19784,19834,0,'2023-08-04 00:46:56','2023-08-04 00:46:57',NULL),(19786,19836,0,'2023-08-07 18:30:10','2023-11-15 18:50:12',NULL),(19787,19837,0,'2023-08-07 18:55:43','2023-08-07 18:55:44',NULL),(19788,19838,0,'2023-08-15 19:06:57','2023-08-15 19:30:25',NULL),(19789,19839,0,'2023-08-15 19:27:40','2023-08-15 19:27:40',NULL),(19790,19840,0,'2023-08-18 17:18:14','2023-08-18 17:18:15',NULL),(19791,19841,0,'2023-08-23 23:54:54','2023-08-23 23:54:56',NULL),(19792,19920,0,'2023-09-01 08:50:30',NULL,NULL),(19793,19922,0,'2023-09-01 08:50:30',NULL,NULL),(19794,19924,0,'2023-09-01 08:50:30',NULL,NULL),(19795,19923,0,'2023-09-01 08:50:30',NULL,NULL),(19796,19921,0,'2023-09-01 08:50:30',NULL,NULL),(19797,19895,0,'2023-09-01 08:50:30',NULL,NULL),(19798,19873,0,'2023-09-01 08:50:30',NULL,NULL),(19799,19850,0,'2023-09-01 08:50:30',NULL,NULL),(19800,19931,0,'2023-09-01 08:50:30',NULL,NULL),(19801,19849,0,'2023-09-01 08:50:30',NULL,NULL),(19802,19858,0,'2023-09-01 08:50:30',NULL,NULL),(19803,19874,0,'2023-09-01 08:50:30',NULL,NULL),(19804,19856,0,'2023-09-01 08:50:30',NULL,NULL),(19805,19884,0,'2023-09-01 08:50:30',NULL,NULL),(19806,19883,0,'2023-09-01 08:50:30',NULL,NULL),(19807,19851,0,'2023-09-01 08:50:30',NULL,NULL),(19808,19845,0,'2023-09-01 08:50:30',NULL,NULL),(19809,19846,0,'2023-09-01 08:50:30',NULL,NULL),(19810,19853,0,'2023-09-01 08:50:30',NULL,NULL),(19811,19852,0,'2023-09-01 08:50:30',NULL,NULL),(19812,19854,0,'2023-09-01 08:50:30',NULL,NULL),(19813,19842,0,'2023-09-01 08:50:30',NULL,NULL),(19814,19894,0,'2023-09-01 08:50:30',NULL,NULL),(19815,19916,0,'2023-09-01 08:50:30',NULL,NULL),(19816,19843,0,'2023-09-01 08:50:30',NULL,NULL),(19817,19914,0,'2023-09-01 08:50:30',NULL,NULL),(19818,19913,0,'2023-09-01 08:50:30',NULL,NULL),(19819,19925,0,'2023-09-01 08:50:30',NULL,NULL),(19820,19869,0,'2023-09-01 08:50:30',NULL,NULL),(19821,19848,0,'2023-09-01 08:50:30',NULL,NULL),(19822,19936,0,'2023-09-01 08:50:30',NULL,NULL),(19823,19934,0,'2023-09-01 08:50:30',NULL,NULL),(19824,19927,0,'2023-09-01 08:50:30',NULL,NULL),(19825,19926,0,'2023-09-01 08:50:30',NULL,NULL),(19826,19910,0,'2023-09-01 08:50:30',NULL,NULL),(19827,19857,0,'2023-09-01 08:50:30',NULL,NULL),(19828,19878,0,'2023-09-01 08:50:30',NULL,NULL),(19829,19928,0,'2023-09-01 08:50:30',NULL,NULL),(19830,19882,0,'2023-09-01 08:50:30',NULL,NULL),(19831,19881,0,'2023-09-01 08:50:30',NULL,NULL),(19832,19898,0,'2023-09-01 08:50:30',NULL,NULL),(19833,19911,0,'2023-09-01 08:50:30',NULL,NULL),(19834,19871,0,'2023-09-01 08:50:30',NULL,NULL),(19835,19885,0,'2023-09-01 08:50:30',NULL,NULL),(19836,19892,0,'2023-09-01 08:50:30',NULL,NULL),(19837,19912,0,'2023-09-01 08:50:30',NULL,NULL),(19838,19868,0,'2023-09-01 08:50:30',NULL,NULL),(19839,19844,0,'2023-09-01 08:50:30',NULL,NULL),(19840,19855,0,'2023-09-01 08:50:30',NULL,NULL),(19841,19872,0,'2023-09-01 08:50:30',NULL,NULL),(19842,19866,0,'2023-09-01 08:50:30',NULL,NULL),(19843,19860,0,'2023-09-01 08:50:30',NULL,NULL),(19844,19930,0,'2023-09-01 08:50:30',NULL,NULL),(19845,19932,0,'2023-09-01 08:50:30',NULL,NULL),(19846,19933,0,'2023-09-01 08:50:30',NULL,NULL),(19847,19893,0,'2023-09-01 08:50:30',NULL,NULL),(19848,19861,0,'2023-09-01 08:50:30',NULL,NULL),(19849,19901,0,'2023-09-01 08:50:30',NULL,NULL),(19850,19888,0,'2023-09-01 08:50:30',NULL,NULL),(19851,19876,0,'2023-09-01 08:50:30',NULL,NULL),(19852,19875,0,'2023-09-01 08:50:30',NULL,NULL),(19853,19917,0,'2023-09-01 08:50:30',NULL,NULL),(19854,19918,0,'2023-09-01 08:50:30',NULL,NULL),(19855,19862,0,'2023-09-01 08:50:30',NULL,NULL),(19856,19863,0,'2023-09-01 08:50:30',NULL,NULL),(19857,19899,0,'2023-09-01 08:50:30',NULL,NULL),(19858,19859,0,'2023-09-01 08:50:30',NULL,NULL),(19859,19880,0,'2023-09-01 08:50:30',NULL,NULL),(19860,19897,0,'2023-09-01 08:50:30',NULL,NULL),(19861,19877,0,'2023-09-01 08:50:30',NULL,NULL),(19862,19938,0,'2023-09-01 08:50:30',NULL,NULL),(19863,19907,0,'2023-09-01 08:50:30',NULL,NULL),(19864,19906,0,'2023-09-01 08:50:30',NULL,NULL),(19865,19908,0,'2023-09-01 08:50:30',NULL,NULL),(19866,19870,0,'2023-09-01 08:50:30',NULL,NULL),(19867,19865,0,'2023-09-01 08:50:30',NULL,NULL),(19868,19905,0,'2023-09-01 08:50:30',NULL,NULL),(19869,19879,0,'2023-09-01 08:50:30',NULL,NULL),(19870,19902,0,'2023-09-01 08:50:30',NULL,NULL),(19871,19903,0,'2023-09-01 08:50:30',NULL,NULL),(19872,19939,0,'2023-09-01 08:50:30',NULL,NULL),(19873,19940,0,'2023-09-01 08:50:30',NULL,NULL),(19874,19886,0,'2023-09-01 08:50:30',NULL,NULL),(19875,19909,0,'2023-09-01 08:50:30',NULL,NULL),(19876,19896,0,'2023-09-01 08:50:30',NULL,NULL),(19877,19904,0,'2023-09-01 08:50:30',NULL,NULL),(19878,19867,0,'2023-09-01 08:50:30',NULL,NULL),(19879,19915,0,'2023-09-01 08:50:30',NULL,NULL),(19880,19847,0,'2023-09-01 08:50:30',NULL,NULL),(19881,19919,0,'2023-09-01 08:50:30',NULL,NULL),(19882,19929,0,'2023-09-01 08:50:30',NULL,NULL),(19883,19935,0,'2023-09-01 08:50:30',NULL,NULL),(19884,19887,0,'2023-09-01 08:50:30',NULL,NULL),(19885,19864,0,'2023-09-01 08:50:30',NULL,NULL),(19886,19900,0,'2023-09-01 08:50:30',NULL,NULL),(19887,19937,0,'2023-09-01 08:50:30',NULL,NULL),(19888,19889,0,'2023-09-01 08:50:30',NULL,NULL),(19889,19890,0,'2023-09-01 08:50:30',NULL,NULL),(19890,19891,0,'2023-09-01 08:50:30',NULL,NULL),(19891,20029,0,'2023-09-01 08:50:31',NULL,NULL),(19892,20027,0,'2023-09-01 08:50:31',NULL,NULL),(19893,19964,0,'2023-09-01 08:50:31',NULL,NULL),(19894,20005,0,'2023-09-01 08:50:31',NULL,NULL),(19895,19950,0,'2023-09-01 08:50:31',NULL,NULL),(19896,19960,0,'2023-09-01 08:50:31',NULL,NULL),(19897,20021,0,'2023-09-01 08:50:31',NULL,NULL),(19898,20020,0,'2023-09-01 08:50:31',NULL,NULL),(19899,19996,0,'2023-09-01 08:50:31',NULL,NULL),(19900,19973,0,'2023-09-01 08:50:31',NULL,NULL),(19901,19974,0,'2023-09-01 08:50:31',NULL,NULL),(19902,19958,0,'2023-09-01 08:50:31',NULL,NULL),(19903,19959,0,'2023-09-01 08:50:31',NULL,NULL),(19904,20013,0,'2023-09-01 08:50:31',NULL,NULL),(19905,20009,0,'2023-09-01 08:50:31',NULL,NULL),(19906,20008,0,'2023-09-01 08:50:31',NULL,NULL),(19907,19988,0,'2023-09-01 08:50:31',NULL,NULL),(19908,19962,0,'2023-09-01 08:50:31',NULL,NULL),(19909,19963,0,'2023-09-01 08:50:31',NULL,NULL),(19910,19969,0,'2023-09-01 08:50:31',NULL,NULL),(19911,19944,0,'2023-09-01 08:50:31',NULL,NULL),(19912,20023,0,'2023-09-01 08:50:31',NULL,NULL),(19913,19943,0,'2023-09-01 08:50:31',NULL,NULL),(19914,20018,0,'2023-09-01 08:50:31',NULL,NULL),(19915,20014,0,'2023-09-01 08:50:31',NULL,NULL),(19916,19946,0,'2023-09-01 08:50:31',NULL,NULL),(19917,19945,0,'2023-09-01 08:50:31',NULL,NULL),(19918,19956,0,'2023-09-01 08:50:31',NULL,NULL),(19919,19967,0,'2023-09-01 08:50:31',NULL,NULL),(19920,20030,0,'2023-09-01 08:50:31',NULL,NULL),(19921,20032,0,'2023-09-01 08:50:31',NULL,NULL),(19922,20033,0,'2023-09-01 08:50:31',NULL,NULL),(19923,20031,0,'2023-09-01 08:50:31',NULL,NULL),(19924,19993,0,'2023-09-01 08:50:31',NULL,NULL),(19925,20016,0,'2023-09-01 08:50:31',NULL,NULL),(19926,19970,0,'2023-09-01 08:50:31',NULL,NULL),(19927,19978,0,'2023-09-01 08:50:31',NULL,NULL),(19928,19994,0,'2023-09-01 08:50:31',NULL,NULL),(19929,19979,0,'2023-09-01 08:50:31',NULL,NULL),(19930,19999,0,'2023-09-01 08:50:31',NULL,NULL),(19931,20000,0,'2023-09-01 08:50:31',NULL,NULL),(19932,19991,0,'2023-09-01 08:50:31',NULL,NULL),(19933,20025,0,'2023-09-01 08:50:31',NULL,NULL),(19934,19995,0,'2023-09-01 08:50:31',NULL,NULL),(19935,20001,0,'2023-09-01 08:50:31',NULL,NULL),(19936,20012,0,'2023-09-01 08:50:31',NULL,NULL),(19937,20003,0,'2023-09-01 08:50:31',NULL,NULL),(19938,20002,0,'2023-09-01 08:50:31',NULL,NULL),(19939,19955,0,'2023-09-01 08:50:31',NULL,NULL),(19940,20015,0,'2023-09-01 08:50:31',NULL,NULL),(19941,20010,0,'2023-09-01 08:50:31',NULL,NULL),(19942,19985,0,'2023-09-01 08:50:31',NULL,NULL),(19943,20034,0,'2023-09-01 08:50:31',NULL,NULL),(19944,20024,0,'2023-09-01 08:50:31',NULL,NULL),(19945,19954,0,'2023-09-01 08:50:31',NULL,NULL),(19946,20011,0,'2023-09-01 08:50:31',NULL,NULL),(19947,20006,0,'2023-09-01 08:50:31',NULL,NULL),(19948,19966,0,'2023-09-01 08:50:31',NULL,NULL),(19949,19989,0,'2023-09-01 08:50:31',NULL,NULL),(19950,19948,0,'2023-09-01 08:50:31',NULL,NULL),(19951,20028,0,'2023-09-01 08:50:31',NULL,NULL),(19952,19951,0,'2023-09-01 08:50:31',NULL,NULL),(19953,19977,0,'2023-09-01 08:50:31',NULL,NULL),(19954,19971,0,'2023-09-01 08:50:31',NULL,NULL),(19955,19984,0,'2023-09-01 08:50:31',NULL,NULL),(19956,19975,0,'2023-09-01 08:50:31',NULL,NULL),(19957,19976,0,'2023-09-01 08:50:31',NULL,NULL),(19958,19972,0,'2023-09-01 08:50:31',NULL,NULL),(19959,20026,0,'2023-09-01 08:50:31',NULL,NULL),(19960,19942,0,'2023-09-01 08:50:31',NULL,NULL),(19961,19965,0,'2023-09-01 08:50:31',NULL,NULL),(19962,19947,0,'2023-09-01 08:50:31',NULL,NULL),(19963,19986,0,'2023-09-01 08:50:31',NULL,NULL),(19964,20007,0,'2023-09-01 08:50:31',NULL,NULL),(19965,20019,0,'2023-09-01 08:50:31',NULL,NULL),(19966,19990,0,'2023-09-01 08:50:31',NULL,NULL),(19967,20022,0,'2023-09-01 08:50:31',NULL,NULL),(19968,19997,0,'2023-09-01 08:50:31',NULL,NULL),(19969,19998,0,'2023-09-01 08:50:31',NULL,NULL),(19970,19992,0,'2023-09-01 08:50:31',NULL,NULL),(19971,20004,0,'2023-09-01 08:50:31',NULL,NULL),(19972,20017,0,'2023-09-01 08:50:31',NULL,NULL),(19973,19961,0,'2023-09-01 08:50:31',NULL,NULL),(19974,19941,0,'2023-09-01 08:50:31',NULL,NULL),(19975,19952,0,'2023-09-01 08:50:31',NULL,NULL),(19976,19953,0,'2023-09-01 08:50:31',NULL,NULL),(19977,19949,0,'2023-09-01 08:50:31',NULL,NULL),(19978,19980,0,'2023-09-01 08:50:31',NULL,NULL),(19979,19981,0,'2023-09-01 08:50:31',NULL,NULL),(19980,19982,0,'2023-09-01 08:50:31',NULL,NULL),(19981,20035,0,'2023-09-01 08:50:31',NULL,NULL),(19982,20036,0,'2023-09-01 08:50:31',NULL,NULL),(19983,19983,0,'2023-09-01 08:50:31',NULL,NULL),(19984,19957,0,'2023-09-01 08:50:31',NULL,NULL),(19985,19968,0,'2023-09-01 08:50:31',NULL,NULL),(19986,19987,0,'2023-09-01 08:50:31',NULL,NULL),(19987,20114,0,'2023-09-01 08:50:31',NULL,NULL),(19988,20085,0,'2023-09-01 08:50:31',NULL,NULL),(19989,20083,0,'2023-09-01 08:50:31',NULL,NULL),(19990,20084,0,'2023-09-01 08:50:31',NULL,NULL),(19991,20071,0,'2023-09-01 08:50:31',NULL,NULL),(19992,20093,0,'2023-09-01 08:50:31',NULL,NULL),(19993,20067,0,'2023-09-01 08:50:31',NULL,NULL),(19994,20048,0,'2023-09-01 08:50:31',NULL,NULL),(19995,20092,0,'2023-09-01 08:50:31',NULL,NULL),(19996,20123,0,'2023-09-01 08:50:31',NULL,NULL),(19997,20076,0,'2023-09-01 08:50:31',NULL,NULL),(19998,20038,0,'2023-09-01 08:50:31',NULL,NULL),(19999,20102,0,'2023-09-01 08:50:31',NULL,NULL),(20000,20101,0,'2023-09-01 08:50:31',NULL,NULL),(20001,20061,0,'2023-09-01 08:50:31',NULL,NULL),(20002,20100,0,'2023-09-01 08:50:31',NULL,NULL),(20003,20069,0,'2023-09-01 08:50:31',NULL,NULL),(20004,20119,0,'2023-09-01 08:50:31',NULL,NULL),(20005,20094,0,'2023-09-01 08:50:31',NULL,NULL),(20006,20075,0,'2023-09-01 08:50:31',NULL,NULL),(20007,20078,0,'2023-09-01 08:50:31',NULL,NULL),(20008,20107,0,'2023-09-01 08:50:31',NULL,NULL),(20009,20128,0,'2023-09-01 08:50:31',NULL,NULL),(20010,20074,0,'2023-09-01 08:50:31',NULL,NULL),(20011,20045,0,'2023-09-01 08:50:31',NULL,NULL),(20012,20109,0,'2023-09-01 08:50:31',NULL,NULL),(20013,20113,0,'2023-09-01 08:50:31',NULL,NULL),(20014,20106,0,'2023-09-01 08:50:31','2023-12-07 03:52:31',NULL),(20015,20064,0,'2023-09-01 08:50:31',NULL,NULL),(20016,20082,0,'2023-09-01 08:50:31',NULL,NULL),(20017,20047,0,'2023-09-01 08:50:31',NULL,NULL),(20018,20104,0,'2023-09-01 08:50:31',NULL,NULL),(20019,20080,0,'2023-09-01 08:50:31',NULL,NULL),(20020,20049,0,'2023-09-01 08:50:31',NULL,NULL),(20021,20081,0,'2023-09-01 08:50:31',NULL,NULL),(20022,20065,0,'2023-09-01 08:50:31',NULL,NULL),(20023,20095,0,'2023-09-01 08:50:31',NULL,NULL),(20024,20077,0,'2023-09-01 08:50:31',NULL,NULL),(20025,20122,0,'2023-09-01 08:50:31',NULL,NULL),(20026,20073,0,'2023-09-01 08:50:31',NULL,NULL),(20027,20055,0,'2023-09-01 08:50:31',NULL,NULL),(20028,20126,0,'2023-09-01 08:50:31',NULL,NULL),(20029,20127,0,'2023-09-01 08:50:31',NULL,NULL),(20030,20040,0,'2023-09-01 08:50:31',NULL,NULL),(20031,20037,0,'2023-09-01 08:50:31',NULL,NULL),(20032,20044,0,'2023-09-01 08:50:31',NULL,NULL),(20033,20070,0,'2023-09-01 08:50:31',NULL,NULL),(20034,20068,0,'2023-09-01 08:50:31',NULL,NULL),(20035,20058,0,'2023-09-01 08:50:31',NULL,NULL),(20036,20112,0,'2023-09-01 08:50:31',NULL,NULL),(20037,20042,0,'2023-09-01 08:50:31',NULL,NULL),(20038,20086,0,'2023-09-01 08:50:31',NULL,NULL),(20039,20072,0,'2023-09-01 08:50:31',NULL,NULL),(20040,20051,0,'2023-09-01 08:50:31',NULL,NULL),(20041,20089,0,'2023-09-01 08:50:31',NULL,NULL),(20042,20079,0,'2023-09-01 08:50:31',NULL,NULL),(20043,20063,0,'2023-09-01 08:50:31',NULL,NULL),(20044,20057,0,'2023-09-01 08:50:31',NULL,NULL),(20045,20050,0,'2023-09-01 08:50:31',NULL,NULL),(20046,20088,0,'2023-09-01 08:50:31',NULL,NULL),(20047,20087,0,'2023-09-01 08:50:31',NULL,NULL),(20048,20120,0,'2023-09-01 08:50:31',NULL,NULL),(20049,20105,0,'2023-09-01 08:50:31',NULL,NULL),(20050,20041,0,'2023-09-01 08:50:31',NULL,NULL),(20051,20091,0,'2023-09-01 08:50:31',NULL,NULL),(20052,20052,0,'2023-09-01 08:50:31',NULL,NULL),(20053,20043,0,'2023-09-01 08:50:31',NULL,NULL),(20054,20111,0,'2023-09-01 08:50:31',NULL,NULL),(20055,20124,0,'2023-09-01 08:50:31',NULL,NULL),(20056,20125,0,'2023-09-01 08:50:31',NULL,NULL),(20057,20054,0,'2023-09-01 08:50:31',NULL,NULL),(20058,20090,0,'2023-09-01 08:50:31',NULL,NULL),(20059,20060,0,'2023-09-01 08:50:31',NULL,NULL),(20060,20097,0,'2023-09-01 08:50:31',NULL,NULL),(20061,20098,0,'2023-09-01 08:50:31',NULL,NULL),(20062,20099,0,'2023-09-01 08:50:31',NULL,NULL),(20063,20103,0,'2023-09-01 08:50:31',NULL,NULL),(20064,20056,0,'2023-09-01 08:50:31',NULL,NULL),(20065,20110,0,'2023-09-01 08:50:31',NULL,NULL),(20066,20121,0,'2023-09-01 08:50:31',NULL,NULL),(20067,20066,0,'2023-09-01 08:50:31',NULL,NULL),(20068,20062,0,'2023-09-01 08:50:31',NULL,NULL),(20069,20046,0,'2023-09-01 08:50:31',NULL,NULL),(20070,20059,0,'2023-09-01 08:50:31',NULL,NULL),(20071,20096,0,'2023-09-01 08:50:31',NULL,NULL),(20072,20115,0,'2023-09-01 08:50:31',NULL,NULL),(20073,20116,0,'2023-09-01 08:50:31',NULL,NULL),(20074,20117,0,'2023-09-01 08:50:31',NULL,NULL),(20075,20118,0,'2023-09-01 08:50:31',NULL,NULL),(20076,20039,0,'2023-09-01 08:50:31',NULL,NULL),(20077,20108,0,'2023-09-01 08:50:31',NULL,NULL),(20078,20053,0,'2023-09-01 08:50:31',NULL,NULL),(20079,20173,0,'2023-09-01 08:50:31',NULL,NULL),(20080,20200,0,'2023-09-01 08:50:31',NULL,NULL),(20081,20212,0,'2023-09-01 08:50:31','2023-12-07 03:52:31',NULL),(20082,20211,0,'2023-09-01 08:50:31','2023-12-07 03:52:31',NULL),(20083,20166,0,'2023-09-01 08:50:31',NULL,NULL),(20084,20167,0,'2023-09-01 08:50:31',NULL,NULL),(20085,20168,0,'2023-09-01 08:50:31',NULL,NULL),(20086,20182,0,'2023-09-01 08:50:31',NULL,NULL),(20087,20179,0,'2023-09-01 08:50:31',NULL,NULL),(20088,20181,0,'2023-09-01 08:50:31',NULL,NULL),(20089,20180,0,'2023-09-01 08:50:31',NULL,NULL),(20090,20195,0,'2023-09-01 08:50:31',NULL,NULL),(20091,20136,0,'2023-09-01 08:50:31',NULL,NULL),(20092,20169,0,'2023-09-01 08:50:31',NULL,NULL),(20093,20183,0,'2023-09-01 08:50:31',NULL,NULL),(20094,20184,0,'2023-09-01 08:50:31',NULL,NULL),(20095,20174,0,'2023-09-01 08:50:31',NULL,NULL),(20096,20170,0,'2023-09-01 08:50:31',NULL,NULL),(20097,20192,0,'2023-09-01 08:50:31',NULL,NULL),(20098,20148,0,'2023-09-01 08:50:31',NULL,NULL),(20099,20171,0,'2023-09-01 08:50:31',NULL,NULL),(20100,20145,0,'2023-09-01 08:50:31',NULL,NULL),(20101,20172,0,'2023-09-01 08:50:31',NULL,NULL),(20102,20150,0,'2023-09-01 08:50:31',NULL,NULL),(20103,20204,0,'2023-09-01 08:50:31',NULL,NULL),(20104,20142,0,'2023-09-01 08:50:31',NULL,NULL),(20105,20130,0,'2023-09-01 08:50:31',NULL,NULL),(20106,20132,0,'2023-09-01 08:50:31',NULL,NULL),(20107,20133,0,'2023-09-01 08:50:31',NULL,NULL),(20108,20134,0,'2023-09-01 08:50:31',NULL,NULL),(20109,20135,0,'2023-09-01 08:50:31',NULL,NULL),(20110,20131,0,'2023-09-01 08:50:31',NULL,NULL),(20111,20189,0,'2023-09-01 08:50:31',NULL,NULL),(20112,20203,0,'2023-09-01 08:50:31',NULL,NULL),(20113,20139,0,'2023-09-01 08:50:31',NULL,NULL),(20114,20140,0,'2023-09-01 08:50:31',NULL,NULL),(20115,20141,0,'2023-09-01 08:50:31',NULL,NULL),(20116,20210,0,'2023-09-01 08:50:31',NULL,NULL),(20117,20155,0,'2023-09-01 08:50:31',NULL,NULL),(20118,20153,0,'2023-09-01 08:50:31',NULL,NULL),(20119,20154,0,'2023-09-01 08:50:31',NULL,NULL),(20120,20165,0,'2023-09-01 08:50:31',NULL,NULL),(20121,20162,0,'2023-09-01 08:50:31',NULL,NULL),(20122,20152,0,'2023-09-01 08:50:31',NULL,NULL),(20123,20177,0,'2023-09-01 08:50:31',NULL,NULL),(20124,20146,0,'2023-09-01 08:50:31',NULL,NULL),(20125,20186,0,'2023-09-01 08:50:31',NULL,NULL),(20126,20138,0,'2023-09-01 08:50:31',NULL,NULL),(20127,20190,0,'2023-09-01 08:50:31',NULL,NULL),(20128,20137,0,'2023-09-01 08:50:31',NULL,NULL),(20129,20202,0,'2023-09-01 08:50:31',NULL,NULL),(20130,20213,0,'2023-09-01 08:50:31',NULL,NULL),(20131,20209,0,'2023-09-01 08:50:31',NULL,NULL),(20132,20205,0,'2023-09-01 08:50:31',NULL,NULL),(20133,20143,0,'2023-09-01 08:50:31',NULL,NULL),(20134,20206,0,'2023-09-01 08:50:31',NULL,NULL),(20135,20207,0,'2023-09-01 08:50:31',NULL,NULL),(20136,20208,0,'2023-09-01 08:50:31',NULL,NULL),(20137,20164,0,'2023-09-01 08:50:31',NULL,NULL),(20138,20163,0,'2023-09-01 08:50:31',NULL,NULL),(20139,20156,0,'2023-09-01 08:50:31',NULL,NULL),(20140,20157,0,'2023-09-01 08:50:31',NULL,NULL),(20141,20158,0,'2023-09-01 08:50:31',NULL,NULL),(20142,20196,0,'2023-09-01 08:50:31',NULL,NULL),(20143,20178,0,'2023-09-01 08:50:31',NULL,NULL),(20144,20129,0,'2023-09-01 08:50:31',NULL,NULL),(20145,20147,0,'2023-09-01 08:50:31',NULL,NULL),(20146,20159,0,'2023-09-01 08:50:31',NULL,NULL),(20147,20160,0,'2023-09-01 08:50:31',NULL,NULL),(20148,20161,0,'2023-09-01 08:50:31',NULL,NULL),(20149,20193,0,'2023-09-01 08:50:31',NULL,NULL),(20150,20144,0,'2023-09-01 08:50:31',NULL,NULL),(20151,20185,0,'2023-09-01 08:50:31',NULL,NULL),(20152,20201,0,'2023-09-01 08:50:31',NULL,NULL),(20153,20188,0,'2023-09-01 08:50:31',NULL,NULL),(20154,20194,0,'2023-09-01 08:50:31',NULL,NULL),(20155,20176,0,'2023-09-01 08:50:31',NULL,NULL),(20156,20175,0,'2023-09-01 08:50:31',NULL,NULL),(20157,20215,0,'2023-09-01 08:50:31',NULL,NULL),(20158,20149,0,'2023-09-01 08:50:31',NULL,NULL),(20159,20151,0,'2023-09-01 08:50:31',NULL,NULL),(20160,20199,0,'2023-09-01 08:50:31',NULL,NULL),(20161,20191,0,'2023-09-01 08:50:31',NULL,NULL),(20162,20198,0,'2023-09-01 08:50:31',NULL,NULL),(20163,20197,0,'2023-09-01 08:50:31',NULL,NULL),(20164,20187,0,'2023-09-01 08:50:31',NULL,NULL),(20165,20214,0,'2023-09-01 08:50:31',NULL,NULL),(20166,20232,0,'2023-09-01 08:50:32',NULL,NULL),(20167,20233,0,'2023-09-01 08:50:32',NULL,NULL),(20168,20227,0,'2023-09-01 08:50:32',NULL,NULL),(20169,20266,0,'2023-09-01 08:50:32',NULL,NULL),(20170,20221,0,'2023-09-01 08:50:32',NULL,NULL),(20171,20274,0,'2023-09-01 08:50:32',NULL,NULL),(20172,20305,0,'2023-09-01 08:50:32',NULL,NULL),(20173,20278,0,'2023-09-01 08:50:32',NULL,NULL),(20174,20277,0,'2023-09-01 08:50:32',NULL,NULL),(20175,20302,0,'2023-09-01 08:50:32',NULL,NULL),(20176,20258,0,'2023-09-01 08:50:32',NULL,NULL),(20177,20259,0,'2023-09-01 08:50:32',NULL,NULL),(20178,20228,0,'2023-09-01 08:50:32',NULL,NULL),(20179,20235,0,'2023-09-01 08:50:32',NULL,NULL),(20180,20283,0,'2023-09-01 08:50:32',NULL,NULL),(20181,20238,0,'2023-09-01 08:50:32',NULL,NULL),(20182,20304,0,'2023-09-01 08:50:32',NULL,NULL),(20183,20245,0,'2023-09-01 08:50:32',NULL,NULL),(20184,20255,0,'2023-09-01 08:50:32',NULL,NULL),(20185,20257,0,'2023-09-01 08:50:32',NULL,NULL),(20186,20260,0,'2023-09-01 08:50:32',NULL,NULL),(20187,20296,0,'2023-09-01 08:50:32',NULL,NULL),(20188,20229,0,'2023-09-01 08:50:32',NULL,NULL),(20189,20282,0,'2023-09-01 08:50:32',NULL,NULL),(20190,20269,0,'2023-09-01 08:50:32',NULL,NULL),(20191,20265,0,'2023-09-01 08:50:32',NULL,NULL),(20192,20276,0,'2023-09-01 08:50:32',NULL,NULL),(20193,20263,0,'2023-09-01 08:50:32','2023-12-07 03:52:31',NULL),(20194,20307,0,'2023-09-01 08:50:32',NULL,NULL),(20195,20298,0,'2023-09-01 08:50:32',NULL,NULL),(20196,20249,0,'2023-09-01 08:50:32',NULL,NULL),(20197,20294,0,'2023-09-01 08:50:32',NULL,NULL),(20198,20261,0,'2023-09-01 08:50:32',NULL,NULL),(20199,20224,0,'2023-09-01 08:50:32',NULL,NULL),(20200,20225,0,'2023-09-01 08:50:32',NULL,NULL),(20201,20223,0,'2023-09-01 08:50:32',NULL,NULL),(20202,20250,0,'2023-09-01 08:50:32',NULL,NULL),(20203,20273,0,'2023-09-01 08:50:32',NULL,NULL),(20204,20264,0,'2023-09-01 08:50:32',NULL,NULL),(20205,20220,0,'2023-09-01 08:50:32',NULL,NULL),(20206,20291,0,'2023-09-01 08:50:32',NULL,NULL),(20207,20289,0,'2023-09-01 08:50:32',NULL,NULL),(20208,20297,0,'2023-09-01 08:50:32',NULL,NULL),(20209,20270,0,'2023-09-01 08:50:32',NULL,NULL),(20210,20303,0,'2023-09-01 08:50:32',NULL,NULL),(20211,20254,0,'2023-09-01 08:50:32',NULL,NULL),(20212,20292,0,'2023-09-01 08:50:32',NULL,NULL),(20213,20219,0,'2023-09-01 08:50:32',NULL,NULL),(20214,20306,0,'2023-09-01 08:50:32',NULL,NULL),(20215,20267,0,'2023-09-01 08:50:32',NULL,NULL),(20216,20236,0,'2023-09-01 08:50:32',NULL,NULL),(20217,20299,0,'2023-09-01 08:50:32',NULL,NULL),(20218,20237,0,'2023-09-01 08:50:32',NULL,NULL),(20219,20256,0,'2023-09-01 08:50:32',NULL,NULL),(20220,20217,0,'2023-09-01 08:50:32',NULL,NULL),(20221,20252,0,'2023-09-01 08:50:32',NULL,NULL),(20222,20275,0,'2023-09-01 08:50:32',NULL,NULL),(20223,20226,0,'2023-09-01 08:50:32',NULL,NULL),(20224,20272,0,'2023-09-01 08:50:32',NULL,NULL),(20225,20300,0,'2023-09-01 08:50:32',NULL,NULL),(20226,20301,0,'2023-09-01 08:50:32',NULL,NULL),(20227,20247,0,'2023-09-01 08:50:32',NULL,NULL),(20228,20248,0,'2023-09-01 08:50:32',NULL,NULL),(20229,20268,0,'2023-09-01 08:50:32',NULL,NULL),(20230,20290,0,'2023-09-01 08:50:32',NULL,NULL),(20231,20253,0,'2023-09-01 08:50:32',NULL,NULL),(20232,20295,0,'2023-09-01 08:50:32',NULL,NULL),(20233,20222,0,'2023-09-01 08:50:32',NULL,NULL),(20234,20244,0,'2023-09-01 08:50:32',NULL,NULL),(20235,20240,0,'2023-09-01 08:50:32',NULL,NULL),(20236,20242,0,'2023-09-01 08:50:32',NULL,NULL),(20237,20251,0,'2023-09-01 08:50:32',NULL,NULL),(20238,20243,0,'2023-09-01 08:50:32',NULL,NULL),(20239,20230,0,'2023-09-01 08:50:32',NULL,NULL),(20240,20246,0,'2023-09-01 08:50:32',NULL,NULL),(20241,20239,0,'2023-09-01 08:50:32',NULL,NULL),(20242,20288,0,'2023-09-01 08:50:32',NULL,NULL),(20243,20287,0,'2023-09-01 08:50:32',NULL,NULL),(20244,20285,0,'2023-09-01 08:50:32',NULL,NULL),(20245,20286,0,'2023-09-01 08:50:32',NULL,NULL),(20246,20279,0,'2023-09-01 08:50:32',NULL,NULL),(20247,20262,0,'2023-09-01 08:50:32',NULL,NULL),(20248,20216,0,'2023-09-01 08:50:32',NULL,NULL),(20249,20284,0,'2023-09-01 08:50:32',NULL,NULL),(20250,20293,0,'2023-09-01 08:50:32',NULL,NULL),(20251,20218,0,'2023-09-01 08:50:32',NULL,NULL),(20252,20234,0,'2023-09-01 08:50:32',NULL,NULL),(20253,20280,0,'2023-09-01 08:50:32',NULL,NULL),(20254,20281,0,'2023-09-01 08:50:32',NULL,NULL),(20255,20271,0,'2023-09-01 08:50:32',NULL,NULL),(20256,20231,0,'2023-09-01 08:50:32',NULL,NULL),(20257,20241,0,'2023-09-01 08:50:32',NULL,NULL),(20258,20368,0,'2023-09-01 08:50:32',NULL,NULL),(20259,20313,0,'2023-09-01 08:50:32',NULL,NULL),(20260,20343,0,'2023-09-01 08:50:32',NULL,NULL),(20261,20367,0,'2023-09-01 08:50:32',NULL,NULL),(20262,20366,0,'2023-09-01 08:50:32',NULL,NULL),(20263,20331,0,'2023-09-01 08:50:32',NULL,NULL),(20264,20345,0,'2023-09-01 08:50:32',NULL,NULL),(20265,20385,0,'2023-09-01 08:50:32',NULL,NULL),(20266,20383,0,'2023-09-01 08:50:32',NULL,NULL),(20267,20324,0,'2023-09-01 08:50:32',NULL,NULL),(20268,20341,0,'2023-09-01 08:50:32',NULL,NULL),(20269,20347,0,'2023-09-01 08:50:32',NULL,NULL),(20270,20355,0,'2023-09-01 08:50:32',NULL,NULL),(20271,20353,0,'2023-09-01 08:50:32',NULL,NULL),(20272,20370,0,'2023-09-01 08:50:32',NULL,NULL),(20273,20318,0,'2023-09-01 08:50:32',NULL,NULL),(20274,20319,0,'2023-09-01 08:50:32',NULL,NULL),(20275,20317,0,'2023-09-01 08:50:32',NULL,NULL),(20276,20400,0,'2023-09-01 08:50:32',NULL,NULL),(20277,20327,0,'2023-09-01 08:50:32',NULL,NULL),(20278,20387,0,'2023-09-01 08:50:32',NULL,NULL),(20279,20314,0,'2023-09-01 08:50:32',NULL,NULL),(20280,20379,0,'2023-09-01 08:50:32',NULL,NULL),(20281,20377,0,'2023-09-01 08:50:32',NULL,NULL),(20282,20330,0,'2023-09-01 08:50:32',NULL,NULL),(20283,20315,0,'2023-09-01 08:50:32',NULL,NULL),(20284,20329,0,'2023-09-01 08:50:32',NULL,NULL),(20285,20349,0,'2023-09-01 08:50:32',NULL,NULL),(20286,20358,0,'2023-09-01 08:50:32',NULL,NULL),(20287,20392,0,'2023-09-01 08:50:32',NULL,NULL),(20288,20328,0,'2023-09-01 08:50:32',NULL,NULL),(20289,20350,0,'2023-09-01 08:50:32',NULL,NULL),(20290,20376,0,'2023-09-01 08:50:32',NULL,NULL),(20291,20333,0,'2023-09-01 08:50:32',NULL,NULL),(20292,20344,0,'2023-09-01 08:50:32',NULL,NULL),(20293,20374,0,'2023-09-01 08:50:32',NULL,NULL),(20294,20354,0,'2023-09-01 08:50:32',NULL,NULL),(20295,20332,0,'2023-09-01 08:50:32',NULL,NULL),(20296,20384,0,'2023-09-01 08:50:32',NULL,NULL),(20297,20326,0,'2023-09-01 08:50:32',NULL,NULL),(20298,20316,0,'2023-09-01 08:50:32',NULL,NULL),(20299,20310,0,'2023-09-01 08:50:32',NULL,NULL),(20300,20308,0,'2023-09-01 08:50:32',NULL,NULL),(20301,20334,0,'2023-09-01 08:50:32',NULL,NULL),(20302,20371,0,'2023-09-01 08:50:32',NULL,NULL),(20303,20373,0,'2023-09-01 08:50:32',NULL,NULL),(20304,20363,0,'2023-09-01 08:50:32',NULL,NULL),(20305,20401,0,'2023-09-01 08:50:32',NULL,NULL),(20306,20322,0,'2023-09-01 08:50:32',NULL,NULL),(20307,20395,0,'2023-09-01 08:50:32',NULL,NULL),(20308,20394,0,'2023-09-01 08:50:32',NULL,NULL),(20309,20396,0,'2023-09-01 08:50:32',NULL,NULL),(20310,20402,0,'2023-09-01 08:50:32',NULL,NULL),(20311,20340,0,'2023-09-01 08:50:32',NULL,NULL),(20312,20342,0,'2023-09-01 08:50:32',NULL,NULL),(20313,20361,0,'2023-09-01 08:50:32',NULL,NULL),(20314,20375,0,'2023-09-01 08:50:32',NULL,NULL),(20315,20357,0,'2023-09-01 08:50:32',NULL,NULL),(20316,20352,0,'2023-09-01 08:50:32',NULL,NULL),(20317,20388,0,'2023-09-01 08:50:32',NULL,NULL),(20318,20339,0,'2023-09-01 08:50:32',NULL,NULL),(20319,20312,0,'2023-09-01 08:50:32',NULL,NULL),(20320,20320,0,'2023-09-01 08:50:32',NULL,NULL),(20321,20321,0,'2023-09-01 08:50:32',NULL,NULL),(20322,20390,0,'2023-09-01 08:50:32',NULL,NULL),(20323,20386,0,'2023-09-01 08:50:32',NULL,NULL),(20324,20393,0,'2023-09-01 08:50:32',NULL,NULL),(20325,20309,0,'2023-09-01 08:50:32',NULL,NULL),(20326,20389,0,'2023-09-01 08:50:32',NULL,NULL),(20327,20346,0,'2023-09-01 08:50:32',NULL,NULL),(20328,20372,0,'2023-09-01 08:50:32',NULL,NULL),(20329,20335,0,'2023-09-01 08:50:32',NULL,NULL),(20330,20381,0,'2023-09-01 08:50:32',NULL,NULL),(20331,20397,0,'2023-09-01 08:50:32',NULL,NULL),(20332,20351,0,'2023-09-01 08:50:32',NULL,NULL),(20333,20348,0,'2023-09-01 08:50:32',NULL,NULL),(20334,20336,0,'2023-09-01 08:50:32',NULL,NULL),(20335,20362,0,'2023-09-01 08:50:32',NULL,NULL),(20336,20398,0,'2023-09-01 08:50:32',NULL,NULL),(20337,20391,0,'2023-09-01 08:50:32',NULL,NULL),(20338,20378,0,'2023-09-01 08:50:32',NULL,NULL),(20339,20382,0,'2023-09-01 08:50:32',NULL,NULL),(20340,20311,0,'2023-09-01 08:50:32',NULL,NULL),(20341,20338,0,'2023-09-01 08:50:32',NULL,NULL),(20342,20356,0,'2023-09-01 08:50:32',NULL,NULL),(20343,20360,0,'2023-09-01 08:50:32',NULL,NULL),(20344,20380,0,'2023-09-01 08:50:32',NULL,NULL),(20345,20365,0,'2023-09-01 08:50:32',NULL,NULL),(20346,20364,0,'2023-09-01 08:50:32',NULL,NULL),(20347,20369,0,'2023-09-01 08:50:32',NULL,NULL),(20348,20359,0,'2023-09-01 08:50:32',NULL,NULL),(20349,20325,0,'2023-09-01 08:50:32',NULL,NULL),(20350,20323,0,'2023-09-01 08:50:32',NULL,NULL),(20351,20399,0,'2023-09-01 08:50:32',NULL,NULL),(20352,20337,0,'2023-09-01 08:50:32',NULL,NULL),(20353,20455,0,'2023-09-01 08:50:32',NULL,NULL),(20354,20463,0,'2023-09-01 08:50:32',NULL,NULL),(20355,20478,0,'2023-09-01 08:50:32',NULL,NULL),(20356,20479,0,'2023-09-01 08:50:32',NULL,NULL),(20357,20462,0,'2023-09-01 08:50:32',NULL,NULL),(20358,20480,0,'2023-09-01 08:50:32',NULL,NULL),(20359,20481,0,'2023-09-01 08:50:32',NULL,NULL),(20360,20482,0,'2023-09-01 08:50:32',NULL,NULL),(20361,20483,0,'2023-09-01 08:50:32',NULL,NULL),(20362,20484,0,'2023-09-01 08:50:32',NULL,NULL),(20363,20485,0,'2023-09-01 08:50:32',NULL,NULL),(20364,20461,0,'2023-09-01 08:50:32',NULL,NULL),(20365,20460,0,'2023-09-01 08:50:32',NULL,NULL),(20366,20432,0,'2023-09-01 08:50:32',NULL,NULL),(20367,20486,0,'2023-09-01 08:50:32',NULL,NULL),(20368,20487,0,'2023-09-01 08:50:32',NULL,NULL),(20369,20428,0,'2023-09-01 08:50:32',NULL,NULL),(20370,20433,0,'2023-09-01 08:50:32',NULL,NULL),(20371,20488,0,'2023-09-01 08:50:32',NULL,NULL),(20372,20495,0,'2023-09-01 08:50:32',NULL,NULL),(20373,20447,0,'2023-09-01 08:50:32',NULL,NULL),(20374,20477,0,'2023-09-01 08:50:32',NULL,NULL),(20375,20434,0,'2023-09-01 08:50:32',NULL,NULL),(20376,20435,0,'2023-09-01 08:50:32',NULL,NULL),(20377,20494,0,'2023-09-01 08:50:32',NULL,NULL),(20378,20413,0,'2023-09-01 08:50:32',NULL,NULL),(20379,20449,0,'2023-09-01 08:50:32',NULL,NULL),(20380,20411,0,'2023-09-01 08:50:32',NULL,NULL),(20381,20448,0,'2023-09-01 08:50:32',NULL,NULL),(20382,20459,0,'2023-09-01 08:50:32',NULL,NULL),(20383,20444,0,'2023-09-01 08:50:32',NULL,NULL),(20384,20427,0,'2023-09-01 08:50:32',NULL,NULL),(20385,20473,0,'2023-09-01 08:50:32',NULL,NULL),(20386,20414,0,'2023-09-01 08:50:32',NULL,NULL),(20387,20467,0,'2023-09-01 08:50:32',NULL,NULL),(20388,20415,0,'2023-09-01 08:50:32',NULL,NULL),(20389,20490,0,'2023-09-01 08:50:32',NULL,NULL),(20390,20489,0,'2023-09-01 08:50:32',NULL,NULL),(20391,20466,0,'2023-09-01 08:50:32',NULL,NULL),(20392,20450,0,'2023-09-01 08:50:32',NULL,NULL),(20393,20424,0,'2023-09-01 08:50:32',NULL,NULL),(20394,20425,0,'2023-09-01 08:50:32',NULL,NULL),(20395,20429,0,'2023-09-01 08:50:32',NULL,NULL),(20396,20430,0,'2023-09-01 08:50:32',NULL,NULL),(20397,20454,0,'2023-09-01 08:50:32',NULL,NULL),(20398,20472,0,'2023-09-01 08:50:32',NULL,NULL),(20399,20471,0,'2023-09-01 08:50:32',NULL,NULL),(20400,20470,0,'2023-09-01 08:50:32',NULL,NULL),(20401,20451,0,'2023-09-01 08:50:32',NULL,NULL),(20402,20403,0,'2023-09-01 08:50:32',NULL,NULL),(20403,20493,0,'2023-09-01 08:50:32',NULL,NULL),(20404,20492,0,'2023-09-01 08:50:32',NULL,NULL),(20405,20452,0,'2023-09-01 08:50:32',NULL,NULL),(20406,20443,0,'2023-09-01 08:50:32',NULL,NULL),(20407,20410,0,'2023-09-01 08:50:32',NULL,NULL),(20408,20445,0,'2023-09-01 08:50:32',NULL,NULL),(20409,20476,0,'2023-09-01 08:50:32',NULL,NULL),(20410,20409,0,'2023-09-01 08:50:32',NULL,NULL),(20411,20416,0,'2023-09-01 08:50:32',NULL,NULL),(20412,20446,0,'2023-09-01 08:50:32',NULL,NULL),(20413,20408,0,'2023-09-01 08:50:32',NULL,NULL),(20414,20407,0,'2023-09-01 08:50:32',NULL,NULL),(20415,20475,0,'2023-09-01 08:50:32',NULL,NULL),(20416,20441,0,'2023-09-01 08:50:32',NULL,NULL),(20417,20440,0,'2023-09-01 08:50:32',NULL,NULL),(20418,20423,0,'2023-09-01 08:50:32',NULL,NULL),(20419,20474,0,'2023-09-01 08:50:32',NULL,NULL),(20420,20468,0,'2023-09-01 08:50:32',NULL,NULL),(20421,20439,0,'2023-09-01 08:50:32',NULL,NULL),(20422,20438,0,'2023-09-01 08:50:32',NULL,NULL),(20423,20426,0,'2023-09-01 08:50:32',NULL,NULL),(20424,20453,0,'2023-09-01 08:50:32',NULL,NULL),(20425,20469,0,'2023-09-01 08:50:32',NULL,NULL),(20426,20464,0,'2023-09-01 08:50:32',NULL,NULL),(20427,20456,0,'2023-09-01 08:50:32',NULL,NULL),(20428,20420,0,'2023-09-01 08:50:32',NULL,NULL),(20429,20417,0,'2023-09-01 08:50:32',NULL,NULL),(20430,20418,0,'2023-09-01 08:50:32',NULL,NULL),(20431,20419,0,'2023-09-01 08:50:32',NULL,NULL),(20432,20421,0,'2023-09-01 08:50:32',NULL,NULL),(20433,20422,0,'2023-09-01 08:50:32',NULL,NULL),(20434,20458,0,'2023-09-01 08:50:32',NULL,NULL),(20435,20465,0,'2023-09-01 08:50:32',NULL,NULL),(20436,20442,0,'2023-09-01 08:50:32',NULL,NULL),(20437,20491,0,'2023-09-01 08:50:32',NULL,NULL),(20438,20431,0,'2023-09-01 08:50:32',NULL,NULL),(20439,20405,0,'2023-09-01 08:50:32',NULL,NULL),(20440,20406,0,'2023-09-01 08:50:32',NULL,NULL),(20441,20404,0,'2023-09-01 08:50:32',NULL,NULL),(20442,20437,0,'2023-09-01 08:50:32',NULL,NULL),(20443,20436,0,'2023-09-01 08:50:32',NULL,NULL),(20444,20457,0,'2023-09-01 08:50:32',NULL,NULL),(20445,20412,0,'2023-09-01 08:50:32',NULL,NULL),(20446,20575,0,'2023-09-01 08:50:33',NULL,NULL),(20447,20574,0,'2023-09-01 08:50:33',NULL,NULL),(20448,20505,0,'2023-09-01 08:50:33',NULL,NULL),(20449,20570,0,'2023-09-01 08:50:33',NULL,NULL),(20450,20512,0,'2023-09-01 08:50:33',NULL,NULL),(20451,20496,0,'2023-09-01 08:50:33',NULL,NULL),(20452,20500,0,'2023-09-01 08:50:33',NULL,NULL),(20453,20557,0,'2023-09-01 08:50:33',NULL,NULL),(20454,20577,0,'2023-09-01 08:50:33',NULL,NULL),(20455,20508,0,'2023-09-01 08:50:33',NULL,NULL),(20456,20518,0,'2023-09-01 08:50:33',NULL,NULL),(20457,20530,0,'2023-09-01 08:50:33',NULL,NULL),(20458,20531,0,'2023-09-01 08:50:33',NULL,NULL),(20459,20553,0,'2023-09-01 08:50:33',NULL,NULL),(20460,20538,0,'2023-09-01 08:50:33',NULL,NULL),(20461,20532,0,'2023-09-01 08:50:33',NULL,NULL),(20462,20537,0,'2023-09-01 08:50:33',NULL,NULL),(20463,20539,0,'2023-09-01 08:50:33',NULL,NULL),(20464,20540,0,'2023-09-01 08:50:33',NULL,NULL),(20465,20536,0,'2023-09-01 08:50:33',NULL,NULL),(20466,20529,0,'2023-09-01 08:50:33',NULL,NULL),(20467,20535,0,'2023-09-01 08:50:33',NULL,NULL),(20468,20552,0,'2023-09-01 08:50:33',NULL,NULL),(20469,20542,0,'2023-09-01 08:50:33',NULL,NULL),(20470,20534,0,'2023-09-01 08:50:33',NULL,NULL),(20471,20541,0,'2023-09-01 08:50:33',NULL,NULL),(20472,20576,0,'2023-09-01 08:50:33',NULL,NULL),(20473,20543,0,'2023-09-01 08:50:33',NULL,NULL),(20474,20533,0,'2023-09-01 08:50:33',NULL,NULL),(20475,20528,0,'2023-09-01 08:50:33',NULL,NULL),(20476,20544,0,'2023-09-01 08:50:33',NULL,NULL),(20477,20545,0,'2023-09-01 08:50:33',NULL,NULL),(20478,20546,0,'2023-09-01 08:50:33',NULL,NULL),(20479,20547,0,'2023-09-01 08:50:33',NULL,NULL),(20480,20548,0,'2023-09-01 08:50:33',NULL,NULL),(20481,20549,0,'2023-09-01 08:50:33',NULL,NULL),(20482,20550,0,'2023-09-01 08:50:33',NULL,NULL),(20483,20499,0,'2023-09-01 08:50:33',NULL,NULL),(20484,20558,0,'2023-09-01 08:50:33',NULL,NULL),(20485,20497,0,'2023-09-01 08:50:33',NULL,NULL),(20486,20514,0,'2023-09-01 08:50:33',NULL,NULL),(20487,20506,0,'2023-09-01 08:50:33',NULL,NULL),(20488,20516,0,'2023-09-01 08:50:33',NULL,NULL),(20489,20572,0,'2023-09-01 08:50:33',NULL,NULL),(20490,20510,0,'2023-09-01 08:50:33',NULL,NULL),(20491,20511,0,'2023-09-01 08:50:33',NULL,NULL),(20492,20562,0,'2023-09-01 08:50:33',NULL,NULL),(20493,20501,0,'2023-09-01 08:50:33',NULL,NULL),(20494,20560,0,'2023-09-01 08:50:33',NULL,NULL),(20495,20571,0,'2023-09-01 08:50:33',NULL,NULL),(20496,20563,0,'2023-09-01 08:50:33',NULL,NULL),(20497,20503,0,'2023-09-01 08:50:33',NULL,NULL),(20498,20564,0,'2023-09-01 08:50:33',NULL,NULL),(20499,20565,0,'2023-09-01 08:50:33',NULL,NULL),(20500,20504,0,'2023-09-01 08:50:33',NULL,NULL),(20501,20507,0,'2023-09-01 08:50:33',NULL,NULL),(20502,20568,0,'2023-09-01 08:50:33',NULL,NULL),(20503,20517,0,'2023-09-01 08:50:33',NULL,NULL),(20504,20561,0,'2023-09-01 08:50:33',NULL,NULL),(20505,20566,0,'2023-09-01 08:50:33',NULL,NULL),(20506,20527,0,'2023-09-01 08:50:33',NULL,NULL),(20507,20498,0,'2023-09-01 08:50:33',NULL,NULL),(20508,20569,0,'2023-09-01 08:50:33',NULL,NULL),(20509,20567,0,'2023-09-01 08:50:33',NULL,NULL),(20510,20555,0,'2023-09-01 08:50:33',NULL,NULL),(20511,20554,0,'2023-09-01 08:50:33',NULL,NULL),(20512,20551,0,'2023-09-01 08:50:33',NULL,NULL),(20513,20556,0,'2023-09-01 08:50:33',NULL,NULL),(20514,20515,0,'2023-09-01 08:50:33',NULL,NULL),(20515,20526,0,'2023-09-01 08:50:33',NULL,NULL),(20516,20573,0,'2023-09-01 08:50:33',NULL,NULL),(20517,20513,0,'2023-09-01 08:50:33',NULL,NULL),(20518,20520,0,'2023-09-01 08:50:33',NULL,NULL),(20519,20521,0,'2023-09-01 08:50:33',NULL,NULL),(20520,20522,0,'2023-09-01 08:50:33',NULL,NULL),(20521,20523,0,'2023-09-01 08:50:33',NULL,NULL),(20522,20509,0,'2023-09-01 08:50:33',NULL,NULL),(20523,20578,0,'2023-09-01 08:50:33',NULL,NULL),(20524,20502,0,'2023-09-01 08:50:33',NULL,NULL),(20525,20525,0,'2023-09-01 08:50:33',NULL,NULL),(20526,20524,0,'2023-09-01 08:50:33',NULL,NULL),(20527,20519,0,'2023-09-01 08:50:33',NULL,NULL),(20528,20559,0,'2023-09-01 08:50:33',NULL,NULL),(20529,20626,0,'2023-09-01 08:50:33',NULL,NULL),(20530,20661,0,'2023-09-01 08:50:33',NULL,NULL),(20531,20605,0,'2023-09-01 08:50:33',NULL,NULL),(20532,20607,0,'2023-09-01 08:50:33',NULL,NULL),(20533,20633,0,'2023-09-01 08:50:33',NULL,NULL),(20534,20642,0,'2023-09-01 08:50:33',NULL,NULL),(20535,20619,0,'2023-09-01 08:50:33',NULL,NULL),(20536,20653,0,'2023-09-01 08:50:33','2023-09-01 08:50:36',NULL),(20537,20609,0,'2023-09-01 08:50:33',NULL,NULL),(20538,20610,0,'2023-09-01 08:50:33',NULL,NULL),(20539,20654,0,'2023-09-01 08:50:33',NULL,NULL),(20540,20629,0,'2023-09-01 08:50:33',NULL,NULL),(20541,20611,0,'2023-09-01 08:50:33',NULL,NULL),(20542,20585,0,'2023-09-01 08:50:33',NULL,NULL),(20543,20641,0,'2023-09-01 08:50:33',NULL,NULL),(20544,20604,0,'2023-09-01 08:50:33',NULL,NULL),(20545,20634,0,'2023-09-01 08:50:33',NULL,NULL),(20546,20659,0,'2023-09-01 08:50:33',NULL,NULL),(20547,20644,0,'2023-09-01 08:50:33',NULL,NULL),(20548,20658,0,'2023-09-01 08:50:33',NULL,NULL),(20549,20635,0,'2023-09-01 08:50:33',NULL,NULL),(20550,20627,0,'2023-09-01 08:50:33',NULL,NULL),(20551,20651,0,'2023-09-01 08:50:33',NULL,NULL),(20552,20592,0,'2023-09-01 08:50:33',NULL,NULL),(20553,20637,0,'2023-09-01 08:50:33',NULL,NULL),(20554,20646,0,'2023-09-01 08:50:33',NULL,NULL),(20555,20647,0,'2023-09-01 08:50:33',NULL,NULL),(20556,20615,0,'2023-09-01 08:50:33',NULL,NULL),(20557,20599,0,'2023-09-01 08:50:33',NULL,NULL),(20558,20643,0,'2023-09-01 08:50:33',NULL,NULL),(20559,20606,0,'2023-09-01 08:50:33',NULL,NULL),(20560,20616,0,'2023-09-01 08:50:33',NULL,NULL),(20561,20648,0,'2023-09-01 08:50:33',NULL,NULL),(20562,20649,0,'2023-09-01 08:50:33',NULL,NULL),(20563,20650,0,'2023-09-01 08:50:33',NULL,NULL),(20564,20652,0,'2023-09-01 08:50:33',NULL,NULL),(20565,20590,0,'2023-09-01 08:50:33',NULL,NULL),(20566,20591,0,'2023-09-01 08:50:33',NULL,NULL),(20567,20631,0,'2023-09-01 08:50:33',NULL,NULL),(20568,20655,0,'2023-09-01 08:50:33',NULL,NULL),(20569,20656,0,'2023-09-01 08:50:33',NULL,NULL),(20570,20583,0,'2023-09-01 08:50:33',NULL,NULL),(20571,20584,0,'2023-09-01 08:50:33',NULL,NULL),(20572,20581,0,'2023-09-01 08:50:33',NULL,NULL),(20573,20582,0,'2023-09-01 08:50:33',NULL,NULL),(20574,20579,0,'2023-09-01 08:50:33',NULL,NULL),(20575,20580,0,'2023-09-01 08:50:33',NULL,NULL),(20576,20657,0,'2023-09-01 08:50:33',NULL,NULL),(20577,20624,0,'2023-09-01 08:50:33',NULL,NULL),(20578,20625,0,'2023-09-01 08:50:33',NULL,NULL),(20579,20618,0,'2023-09-01 08:50:33',NULL,NULL),(20580,20660,0,'2023-09-01 08:50:33',NULL,NULL),(20581,20632,0,'2023-09-01 08:50:33',NULL,NULL),(20582,20612,0,'2023-09-01 08:50:33',NULL,NULL),(20583,20589,0,'2023-09-01 08:50:33',NULL,NULL),(20584,20613,0,'2023-09-01 08:50:33',NULL,NULL),(20585,20662,0,'2023-09-01 08:50:33',NULL,NULL),(20586,20663,0,'2023-09-01 08:50:33',NULL,NULL),(20587,20595,0,'2023-09-01 08:50:33',NULL,NULL),(20588,20597,0,'2023-09-01 08:50:33',NULL,NULL),(20589,20594,0,'2023-09-01 08:50:33',NULL,NULL),(20590,20593,0,'2023-09-01 08:50:33',NULL,NULL),(20591,20639,0,'2023-09-01 08:50:33',NULL,NULL),(20592,20617,0,'2023-09-01 08:50:33',NULL,NULL),(20593,20640,0,'2023-09-01 08:50:33',NULL,NULL),(20594,20628,0,'2023-09-01 08:50:33',NULL,NULL),(20595,20664,0,'2023-09-01 08:50:33',NULL,NULL),(20596,20588,0,'2023-09-01 08:50:33',NULL,NULL),(20597,20587,0,'2023-09-01 08:50:33',NULL,NULL),(20598,20636,0,'2023-09-01 08:50:33',NULL,NULL),(20599,20630,0,'2023-09-01 08:50:33',NULL,NULL),(20600,20608,0,'2023-09-01 08:50:33',NULL,NULL),(20601,20621,0,'2023-09-01 08:50:33',NULL,NULL),(20602,20622,0,'2023-09-01 08:50:33',NULL,NULL),(20603,20620,0,'2023-09-01 08:50:33',NULL,NULL),(20604,20600,0,'2023-09-01 08:50:33',NULL,NULL),(20605,20602,0,'2023-09-01 08:50:33',NULL,NULL),(20606,20596,0,'2023-09-01 08:50:33',NULL,NULL),(20607,20614,0,'2023-09-01 08:50:33',NULL,NULL),(20608,20638,0,'2023-09-01 08:50:33',NULL,NULL),(20609,20601,0,'2023-09-01 08:50:33',NULL,NULL),(20610,20598,0,'2023-09-01 08:50:33',NULL,NULL),(20611,20586,0,'2023-09-01 08:50:33',NULL,NULL),(20612,20623,0,'2023-09-01 08:50:33',NULL,NULL),(20613,20603,0,'2023-09-01 08:50:33',NULL,NULL),(20614,20645,0,'2023-09-01 08:50:33',NULL,NULL),(20615,20718,0,'2023-09-01 08:50:33',NULL,NULL),(20616,20730,0,'2023-09-01 08:50:33',NULL,NULL),(20617,20727,0,'2023-09-01 08:50:33',NULL,NULL),(20618,20689,0,'2023-09-01 08:50:33',NULL,NULL),(20619,20736,0,'2023-09-01 08:50:33',NULL,NULL),(20620,20688,0,'2023-09-01 08:50:33',NULL,NULL),(20621,20735,0,'2023-09-01 08:50:33',NULL,NULL),(20622,20712,0,'2023-09-01 08:50:33',NULL,NULL),(20623,20702,0,'2023-09-01 08:50:33',NULL,NULL),(20624,20668,0,'2023-09-01 08:50:33',NULL,NULL),(20625,20667,0,'2023-09-01 08:50:33',NULL,NULL),(20626,20666,0,'2023-09-01 08:50:33',NULL,NULL),(20627,20704,0,'2023-09-01 08:50:33',NULL,NULL),(20628,20742,0,'2023-09-01 08:50:33',NULL,NULL),(20629,20701,0,'2023-09-01 08:50:33',NULL,NULL),(20630,20676,0,'2023-09-01 08:50:33',NULL,NULL),(20631,20674,0,'2023-09-01 08:50:33',NULL,NULL),(20632,20685,0,'2023-09-01 08:50:33',NULL,NULL),(20633,20690,0,'2023-09-01 08:50:33',NULL,NULL),(20634,20670,0,'2023-09-01 08:50:33',NULL,NULL),(20635,20671,0,'2023-09-01 08:50:33',NULL,NULL),(20636,20694,0,'2023-09-01 08:50:33',NULL,NULL),(20637,20717,0,'2023-09-01 08:50:33',NULL,NULL),(20638,20669,0,'2023-09-01 08:50:33',NULL,NULL),(20639,20700,0,'2023-09-01 08:50:33',NULL,NULL),(20640,20732,0,'2023-09-01 08:50:33',NULL,NULL),(20641,20687,0,'2023-09-01 08:50:33',NULL,NULL),(20642,20692,0,'2023-09-01 08:50:33',NULL,NULL),(20643,20691,0,'2023-09-01 08:50:33',NULL,NULL),(20644,20682,0,'2023-09-01 08:50:33',NULL,NULL),(20645,20686,0,'2023-09-01 08:50:33',NULL,NULL),(20646,20695,0,'2023-09-01 08:50:33',NULL,NULL),(20647,20693,0,'2023-09-01 08:50:33',NULL,NULL),(20648,20707,0,'2023-09-01 08:50:33',NULL,NULL),(20649,20739,0,'2023-09-01 08:50:33',NULL,NULL),(20650,20740,0,'2023-09-01 08:50:33',NULL,NULL),(20651,20675,0,'2023-09-01 08:50:33',NULL,NULL),(20652,20698,0,'2023-09-01 08:50:33',NULL,NULL),(20653,20699,0,'2023-09-01 08:50:33',NULL,NULL),(20654,20731,0,'2023-09-01 08:50:33',NULL,NULL),(20655,20708,0,'2023-09-01 08:50:33',NULL,NULL),(20656,20725,0,'2023-09-01 08:50:33',NULL,NULL),(20657,20726,0,'2023-09-01 08:50:33',NULL,NULL),(20658,20723,0,'2023-09-01 08:50:33',NULL,NULL),(20659,20724,0,'2023-09-01 08:50:33',NULL,NULL),(20660,20709,0,'2023-09-01 08:50:33',NULL,NULL),(20661,20713,0,'2023-09-01 08:50:33',NULL,NULL),(20662,20715,0,'2023-09-01 08:50:33',NULL,NULL),(20663,20683,0,'2023-09-01 08:50:33',NULL,NULL),(20664,20673,0,'2023-09-01 08:50:33',NULL,NULL),(20665,20734,0,'2023-09-01 08:50:33',NULL,NULL),(20666,20729,0,'2023-09-01 08:50:33',NULL,NULL),(20667,20737,0,'2023-09-01 08:50:33',NULL,NULL),(20668,20697,0,'2023-09-01 08:50:33',NULL,NULL),(20669,20684,0,'2023-09-01 08:50:33',NULL,NULL),(20670,20738,0,'2023-09-01 08:50:33',NULL,NULL),(20671,20706,0,'2023-09-01 08:50:33',NULL,NULL),(20672,20681,0,'2023-09-01 08:50:33',NULL,NULL),(20673,20665,0,'2023-09-01 08:50:33',NULL,NULL),(20674,20728,0,'2023-09-01 08:50:33',NULL,NULL),(20675,20711,0,'2023-09-01 08:50:33',NULL,NULL),(20676,20721,0,'2023-09-01 08:50:33',NULL,NULL),(20677,20716,0,'2023-09-01 08:50:33',NULL,NULL),(20678,20714,0,'2023-09-01 08:50:33',NULL,NULL),(20679,20705,0,'2023-09-01 08:50:33',NULL,NULL),(20680,20719,0,'2023-09-01 08:50:33',NULL,NULL),(20681,20720,0,'2023-09-01 08:50:33',NULL,NULL),(20682,20743,0,'2023-09-01 08:50:33',NULL,NULL),(20683,20703,0,'2023-09-01 08:50:33',NULL,NULL),(20684,20733,0,'2023-09-01 08:50:33',NULL,NULL),(20685,20678,0,'2023-09-01 08:50:33',NULL,NULL),(20686,20679,0,'2023-09-01 08:50:33',NULL,NULL),(20687,20677,0,'2023-09-01 08:50:33',NULL,NULL),(20688,20710,0,'2023-09-01 08:50:33',NULL,NULL),(20689,20680,0,'2023-09-01 08:50:33',NULL,NULL),(20690,20722,0,'2023-09-01 08:50:33',NULL,NULL),(20691,20741,0,'2023-09-01 08:50:33',NULL,NULL),(20692,20696,0,'2023-09-01 08:50:33',NULL,NULL),(20693,20672,0,'2023-09-01 08:50:33',NULL,NULL),(20694,20760,0,'2023-09-01 08:50:34',NULL,NULL),(20695,20765,0,'2023-09-01 08:50:34',NULL,NULL),(20696,20768,0,'2023-09-01 08:50:34',NULL,NULL),(20697,20764,0,'2023-09-01 08:50:34',NULL,NULL),(20698,20755,0,'2023-09-01 08:50:34',NULL,NULL),(20699,20813,0,'2023-09-01 08:50:34',NULL,NULL),(20700,20784,0,'2023-09-01 08:50:34',NULL,NULL),(20701,20744,0,'2023-09-01 08:50:34',NULL,NULL),(20702,20776,0,'2023-09-01 08:50:34',NULL,NULL),(20703,20762,0,'2023-09-01 08:50:34',NULL,NULL),(20704,20819,0,'2023-09-01 08:50:34',NULL,NULL),(20705,20817,0,'2023-09-01 08:50:34',NULL,NULL),(20706,20820,0,'2023-09-01 08:50:34',NULL,NULL),(20707,20818,0,'2023-09-01 08:50:34',NULL,NULL),(20708,20816,0,'2023-09-01 08:50:34',NULL,NULL),(20709,20774,0,'2023-09-01 08:50:34',NULL,NULL),(20710,20771,0,'2023-09-01 08:50:34',NULL,NULL),(20711,20812,0,'2023-09-01 08:50:34',NULL,NULL),(20712,20788,0,'2023-09-01 08:50:34',NULL,NULL),(20713,20751,0,'2023-09-01 08:50:34',NULL,NULL),(20714,20795,0,'2023-09-01 08:50:34',NULL,NULL),(20715,20794,0,'2023-09-01 08:50:34',NULL,NULL),(20716,20792,0,'2023-09-01 08:50:34',NULL,NULL),(20717,20793,0,'2023-09-01 08:50:34',NULL,NULL),(20718,20797,0,'2023-09-01 08:50:34',NULL,NULL),(20719,20796,0,'2023-09-01 08:50:34',NULL,NULL),(20720,20800,0,'2023-09-01 08:50:34',NULL,NULL),(20721,20798,0,'2023-09-01 08:50:34',NULL,NULL),(20722,20799,0,'2023-09-01 08:50:34',NULL,NULL),(20723,20801,0,'2023-09-01 08:50:34',NULL,NULL),(20724,20775,0,'2023-09-01 08:50:34',NULL,NULL),(20725,20752,0,'2023-09-01 08:50:34',NULL,NULL),(20726,20756,0,'2023-09-01 08:50:34',NULL,NULL),(20727,20757,0,'2023-09-01 08:50:34',NULL,NULL),(20728,20805,0,'2023-09-01 08:50:34',NULL,NULL),(20729,20807,0,'2023-09-01 08:50:34',NULL,NULL),(20730,20773,0,'2023-09-01 08:50:34',NULL,NULL),(20731,20821,0,'2023-09-01 08:50:34',NULL,NULL),(20732,20786,0,'2023-09-01 08:50:34',NULL,NULL),(20733,20745,0,'2023-09-01 08:50:34',NULL,NULL),(20734,20770,0,'2023-09-01 08:50:34',NULL,NULL),(20735,20772,0,'2023-09-01 08:50:34',NULL,NULL),(20736,20747,0,'2023-09-01 08:50:34',NULL,NULL),(20737,20808,0,'2023-09-01 08:50:34',NULL,NULL),(20738,20811,0,'2023-09-01 08:50:34',NULL,NULL),(20739,20810,0,'2023-09-01 08:50:34',NULL,NULL),(20740,20815,0,'2023-09-01 08:50:34',NULL,NULL),(20741,20754,0,'2023-09-01 08:50:34',NULL,NULL),(20742,20753,0,'2023-09-01 08:50:34',NULL,NULL),(20743,20758,0,'2023-09-01 08:50:34',NULL,NULL),(20744,20803,0,'2023-09-01 08:50:34',NULL,NULL),(20745,20804,0,'2023-09-01 08:50:34',NULL,NULL),(20746,20822,0,'2023-09-01 08:50:34',NULL,NULL),(20747,20759,0,'2023-09-01 08:50:34',NULL,NULL),(20748,20748,0,'2023-09-01 08:50:34',NULL,NULL),(20749,20749,0,'2023-09-01 08:50:34',NULL,NULL),(20750,20750,0,'2023-09-01 08:50:34',NULL,NULL),(20751,20809,0,'2023-09-01 08:50:34',NULL,NULL),(20752,20785,0,'2023-09-01 08:50:34',NULL,NULL),(20753,20777,0,'2023-09-01 08:50:34',NULL,NULL),(20754,20781,0,'2023-09-01 08:50:34',NULL,NULL),(20755,20746,0,'2023-09-01 08:50:34',NULL,NULL),(20756,20790,0,'2023-09-01 08:50:34',NULL,NULL),(20757,20791,0,'2023-09-01 08:50:34',NULL,NULL),(20758,20802,0,'2023-09-01 08:50:34',NULL,NULL),(20759,20779,0,'2023-09-01 08:50:34',NULL,NULL),(20760,20767,0,'2023-09-01 08:50:34',NULL,NULL),(20761,20766,0,'2023-09-01 08:50:34',NULL,NULL),(20762,20782,0,'2023-09-01 08:50:34',NULL,NULL),(20763,20787,0,'2023-09-01 08:50:34',NULL,NULL),(20764,20789,0,'2023-09-01 08:50:34',NULL,NULL),(20765,20814,0,'2023-09-01 08:50:34',NULL,NULL),(20766,20769,0,'2023-09-01 08:50:34',NULL,NULL),(20767,20778,0,'2023-09-01 08:50:34',NULL,NULL),(20768,20780,0,'2023-09-01 08:50:34',NULL,NULL),(20769,20783,0,'2023-09-01 08:50:34',NULL,NULL),(20770,20761,0,'2023-09-01 08:50:34',NULL,NULL),(20771,20806,0,'2023-09-01 08:50:34',NULL,NULL),(20772,20763,0,'2023-09-01 08:50:34',NULL,NULL),(20773,20896,0,'2023-09-01 08:50:34',NULL,NULL),(20774,20857,0,'2023-09-01 08:50:34',NULL,NULL),(20775,20865,0,'2023-09-01 08:50:34',NULL,NULL),(20776,20880,0,'2023-09-01 08:50:34',NULL,NULL),(20777,20834,0,'2023-09-01 08:50:34',NULL,NULL),(20778,20891,0,'2023-09-01 08:50:34',NULL,NULL),(20779,20895,0,'2023-09-01 08:50:34',NULL,NULL),(20780,20856,0,'2023-09-01 08:50:34',NULL,NULL),(20781,20900,0,'2023-09-01 08:50:34',NULL,NULL),(20782,20858,0,'2023-09-01 08:50:34',NULL,NULL),(20783,20867,0,'2023-09-01 08:50:34',NULL,NULL),(20784,20844,0,'2023-09-01 08:50:34',NULL,NULL),(20785,20823,0,'2023-09-01 08:50:34',NULL,NULL),(20786,20868,0,'2023-09-01 08:50:34',NULL,NULL),(20787,20876,0,'2023-09-01 08:50:34',NULL,NULL),(20788,20875,0,'2023-09-01 08:50:34',NULL,NULL),(20789,20874,0,'2023-09-01 08:50:34',NULL,NULL),(20790,20893,0,'2023-09-01 08:50:34',NULL,NULL),(20791,20897,0,'2023-09-01 08:50:34',NULL,NULL),(20792,20869,0,'2023-09-01 08:50:34',NULL,NULL),(20793,20832,0,'2023-09-01 08:50:34',NULL,NULL),(20794,20831,0,'2023-09-01 08:50:34',NULL,NULL),(20795,20898,0,'2023-09-01 08:50:34',NULL,NULL),(20796,20899,0,'2023-09-01 08:50:34',NULL,NULL),(20797,20888,0,'2023-09-01 08:50:34',NULL,NULL),(20798,20889,0,'2023-09-01 08:50:34',NULL,NULL),(20799,20877,0,'2023-09-01 08:50:34',NULL,NULL),(20800,20904,0,'2023-09-01 08:50:34',NULL,NULL),(20801,20836,0,'2023-09-01 08:50:34',NULL,NULL),(20802,20903,0,'2023-09-01 08:50:34',NULL,NULL),(20803,20862,0,'2023-09-01 08:50:34',NULL,NULL),(20804,20864,0,'2023-09-01 08:50:34',NULL,NULL),(20805,20861,0,'2023-09-01 08:50:34',NULL,NULL),(20806,20860,0,'2023-09-01 08:50:34',NULL,NULL),(20807,20824,0,'2023-09-01 08:50:34',NULL,NULL),(20808,20825,0,'2023-09-01 08:50:34',NULL,NULL),(20809,20881,0,'2023-09-01 08:50:34',NULL,NULL),(20810,20878,0,'2023-09-01 08:50:34',NULL,NULL),(20811,20840,0,'2023-09-01 08:50:34',NULL,NULL),(20812,20841,0,'2023-09-01 08:50:34',NULL,NULL),(20813,20866,0,'2023-09-01 08:50:34',NULL,NULL),(20814,20863,0,'2023-09-01 08:50:34',NULL,NULL),(20815,20837,0,'2023-09-01 08:50:34',NULL,NULL),(20816,20830,0,'2023-09-01 08:50:34',NULL,NULL),(20817,20850,0,'2023-09-01 08:50:34',NULL,NULL),(20818,20855,0,'2023-09-01 08:50:34',NULL,NULL),(20819,20838,0,'2023-09-01 08:50:34',NULL,NULL),(20820,20829,0,'2023-09-01 08:50:34',NULL,NULL),(20821,20828,0,'2023-09-01 08:50:34',NULL,NULL),(20822,20879,0,'2023-09-01 08:50:34',NULL,NULL),(20823,20859,0,'2023-09-01 08:50:34',NULL,NULL),(20824,20849,0,'2023-09-01 08:50:34',NULL,NULL),(20825,20847,0,'2023-09-01 08:50:34',NULL,NULL),(20826,20846,0,'2023-09-01 08:50:34',NULL,NULL),(20827,20848,0,'2023-09-01 08:50:34',NULL,NULL),(20828,20845,0,'2023-09-01 08:50:34',NULL,NULL),(20829,20873,0,'2023-09-01 08:50:34',NULL,NULL),(20830,20854,0,'2023-09-01 08:50:34',NULL,NULL),(20831,20902,0,'2023-09-01 08:50:34',NULL,NULL),(20832,20833,0,'2023-09-01 08:50:34',NULL,NULL),(20833,20827,0,'2023-09-01 08:50:34',NULL,NULL),(20834,20890,0,'2023-09-01 08:50:34',NULL,NULL),(20835,20852,0,'2023-09-01 08:50:34',NULL,NULL),(20836,20884,0,'2023-09-01 08:50:34',NULL,NULL),(20837,20883,0,'2023-09-01 08:50:34',NULL,NULL),(20838,20885,0,'2023-09-01 08:50:34',NULL,NULL),(20839,20886,0,'2023-09-01 08:50:34',NULL,NULL),(20840,20839,0,'2023-09-01 08:50:34',NULL,NULL),(20841,20835,0,'2023-09-01 08:50:34',NULL,NULL),(20842,20851,0,'2023-09-01 08:50:34',NULL,NULL),(20843,20853,0,'2023-09-01 08:50:34',NULL,NULL),(20844,20871,0,'2023-09-01 08:50:34',NULL,NULL),(20845,20826,0,'2023-09-01 08:50:34',NULL,NULL),(20846,20872,0,'2023-09-01 08:50:34',NULL,NULL),(20847,20901,0,'2023-09-01 08:50:34',NULL,NULL),(20848,20892,0,'2023-09-01 08:50:34',NULL,NULL),(20849,20870,0,'2023-09-01 08:50:34',NULL,NULL),(20850,20843,0,'2023-09-01 08:50:34',NULL,NULL),(20851,20887,0,'2023-09-01 08:50:34',NULL,NULL),(20852,20894,0,'2023-09-01 08:50:34',NULL,NULL),(20853,20842,0,'2023-09-01 08:50:34',NULL,NULL),(20854,20882,0,'2023-09-01 08:50:34',NULL,NULL),(20855,20912,0,'2023-09-01 08:50:35',NULL,NULL),(20856,20910,0,'2023-09-01 08:50:35',NULL,NULL),(20857,20963,0,'2023-09-01 08:50:35',NULL,NULL),(20858,20977,0,'2023-09-01 08:50:35',NULL,NULL),(20859,20906,0,'2023-09-01 08:50:35',NULL,NULL),(20860,20971,0,'2023-09-01 08:50:35',NULL,NULL),(20861,20917,0,'2023-09-01 08:50:35',NULL,NULL),(20862,20951,0,'2023-09-01 08:50:35',NULL,NULL),(20863,20915,0,'2023-09-01 08:50:35',NULL,NULL),(20864,20908,0,'2023-09-01 08:50:35',NULL,NULL),(20865,20973,0,'2023-09-01 08:50:35',NULL,NULL),(20866,20932,0,'2023-09-01 08:50:35',NULL,NULL),(20867,20962,0,'2023-09-01 08:50:35',NULL,NULL),(20868,20978,0,'2023-09-01 08:50:35',NULL,NULL),(20869,20961,0,'2023-09-01 08:50:35',NULL,NULL),(20870,20972,0,'2023-09-01 08:50:35',NULL,NULL),(20871,20976,0,'2023-09-01 08:50:35',NULL,NULL),(20872,20985,0,'2023-09-01 08:50:35',NULL,NULL),(20873,20921,0,'2023-09-01 08:50:35',NULL,NULL),(20874,20924,0,'2023-09-01 08:50:35',NULL,NULL),(20875,20979,0,'2023-09-01 08:50:35',NULL,NULL),(20876,20952,0,'2023-09-01 08:50:35',NULL,NULL),(20877,20938,0,'2023-09-01 08:50:35',NULL,NULL),(20878,20936,0,'2023-09-01 08:50:35',NULL,NULL),(20879,20937,0,'2023-09-01 08:50:35',NULL,NULL),(20880,20939,0,'2023-09-01 08:50:35',NULL,NULL),(20881,20982,0,'2023-09-01 08:50:35',NULL,NULL),(20882,20983,0,'2023-09-01 08:50:35',NULL,NULL),(20883,20981,0,'2023-09-01 08:50:35',NULL,NULL),(20884,20905,0,'2023-09-01 08:50:35',NULL,NULL),(20885,20965,0,'2023-09-01 08:50:35',NULL,NULL),(20886,20914,0,'2023-09-01 08:50:35',NULL,NULL),(20887,20930,0,'2023-09-01 08:50:35',NULL,NULL),(20888,20922,0,'2023-09-01 08:50:35',NULL,NULL),(20889,20920,0,'2023-09-01 08:50:35',NULL,NULL),(20890,20942,0,'2023-09-01 08:50:35',NULL,NULL),(20891,20940,0,'2023-09-01 08:50:35',NULL,NULL),(20892,20916,0,'2023-09-01 08:50:35',NULL,NULL),(20893,20918,0,'2023-09-01 08:50:35',NULL,NULL),(20894,20959,0,'2023-09-01 08:50:35',NULL,NULL),(20895,20975,0,'2023-09-01 08:50:35',NULL,NULL),(20896,20909,0,'2023-09-01 08:50:35',NULL,NULL),(20897,20944,0,'2023-09-01 08:50:35',NULL,NULL),(20898,20945,0,'2023-09-01 08:50:35',NULL,NULL),(20899,20954,0,'2023-09-01 08:50:35',NULL,NULL),(20900,20956,0,'2023-09-01 08:50:35',NULL,NULL),(20901,20948,0,'2023-09-01 08:50:35',NULL,NULL),(20902,20941,0,'2023-09-01 08:50:35',NULL,NULL),(20903,20943,0,'2023-09-01 08:50:35',NULL,NULL),(20904,20974,0,'2023-09-01 08:50:35',NULL,NULL),(20905,20927,0,'2023-09-01 08:50:35',NULL,NULL),(20906,20926,0,'2023-09-01 08:50:35',NULL,NULL),(20907,20953,0,'2023-09-01 08:50:35',NULL,NULL),(20908,20935,0,'2023-09-01 08:50:35',NULL,NULL),(20909,20911,0,'2023-09-01 08:50:35',NULL,NULL),(20910,20960,0,'2023-09-01 08:50:35',NULL,NULL),(20911,20955,0,'2023-09-01 08:50:35',NULL,NULL),(20912,20949,0,'2023-09-01 08:50:35',NULL,NULL),(20913,20907,0,'2023-09-01 08:50:35',NULL,NULL),(20914,20923,0,'2023-09-01 08:50:35',NULL,NULL),(20915,20968,0,'2023-09-01 08:50:35',NULL,NULL),(20916,20933,0,'2023-09-01 08:50:35',NULL,NULL),(20917,20966,0,'2023-09-01 08:50:35',NULL,NULL),(20918,20967,0,'2023-09-01 08:50:35',NULL,NULL),(20919,20980,0,'2023-09-01 08:50:35',NULL,NULL),(20920,20919,0,'2023-09-01 08:50:35',NULL,NULL),(20921,20931,0,'2023-09-01 08:50:35',NULL,NULL),(20922,20929,0,'2023-09-01 08:50:35',NULL,NULL),(20923,20928,0,'2023-09-01 08:50:35',NULL,NULL),(20924,20925,0,'2023-09-01 08:50:35',NULL,NULL),(20925,20991,0,'2023-09-01 08:50:35',NULL,NULL),(20926,20987,0,'2023-09-01 08:50:35',NULL,NULL),(20927,20986,0,'2023-09-01 08:50:35',NULL,NULL),(20928,20984,0,'2023-09-01 08:50:35',NULL,NULL),(20929,20988,0,'2023-09-01 08:50:35',NULL,NULL),(20930,20992,0,'2023-09-01 08:50:35',NULL,NULL),(20931,20989,0,'2023-09-01 08:50:35',NULL,NULL),(20932,20993,0,'2023-09-01 08:50:35',NULL,NULL),(20933,20994,0,'2023-09-01 08:50:35',NULL,NULL),(20934,20990,0,'2023-09-01 08:50:35',NULL,NULL),(20935,20946,0,'2023-09-01 08:50:35',NULL,NULL),(20936,20970,0,'2023-09-01 08:50:35',NULL,NULL),(20937,20957,0,'2023-09-01 08:50:35',NULL,NULL),(20938,20969,0,'2023-09-01 08:50:35',NULL,NULL),(20939,20913,0,'2023-09-01 08:50:35',NULL,NULL),(20940,20964,0,'2023-09-01 08:50:35',NULL,NULL),(20941,20934,0,'2023-09-01 08:50:35',NULL,NULL),(20942,20958,0,'2023-09-01 08:50:35',NULL,NULL),(20943,20947,0,'2023-09-01 08:50:35',NULL,NULL),(20944,20950,0,'2023-09-01 08:50:35',NULL,NULL),(20945,21055,0,'2023-09-01 08:50:35',NULL,NULL),(20946,21040,0,'2023-09-01 08:50:35',NULL,NULL),(20947,21071,0,'2023-09-01 08:50:35',NULL,NULL),(20948,21031,0,'2023-09-01 08:50:35',NULL,NULL),(20949,21062,0,'2023-09-01 08:50:35',NULL,NULL),(20950,21065,0,'2023-09-01 08:50:35',NULL,NULL),(20951,21075,0,'2023-09-01 08:50:35',NULL,NULL),(20952,21029,0,'2023-09-01 08:50:35',NULL,NULL),(20953,21014,0,'2023-09-01 08:50:35',NULL,NULL),(20954,21015,0,'2023-09-01 08:50:35',NULL,NULL),(20955,21039,0,'2023-09-01 08:50:35',NULL,NULL),(20956,21057,0,'2023-09-01 08:50:35',NULL,NULL),(20957,21070,0,'2023-09-01 08:50:35',NULL,NULL),(20958,21037,0,'2023-09-01 08:50:35',NULL,NULL),(20959,21078,0,'2023-09-01 08:50:35',NULL,NULL),(20960,21072,0,'2023-09-01 08:50:35',NULL,NULL),(20961,21049,0,'2023-09-01 08:50:35',NULL,NULL),(20962,21058,0,'2023-09-01 08:50:35',NULL,NULL),(20963,21053,0,'2023-09-01 08:50:35',NULL,NULL),(20964,21059,0,'2023-09-01 08:50:35',NULL,NULL),(20965,21060,0,'2023-09-01 08:50:35',NULL,NULL),(20966,21048,0,'2023-09-01 08:50:35',NULL,NULL),(20967,21051,0,'2023-09-01 08:50:35',NULL,NULL),(20968,21025,0,'2023-09-01 08:50:35',NULL,NULL),(20969,21035,0,'2023-09-01 08:50:35',NULL,NULL),(20970,21022,0,'2023-09-01 08:50:35',NULL,NULL),(20971,21028,0,'2023-09-01 08:50:35',NULL,NULL),(20972,21010,0,'2023-09-01 08:50:35',NULL,NULL),(20973,21052,0,'2023-09-01 08:50:35',NULL,NULL),(20974,21054,0,'2023-09-01 08:50:35',NULL,NULL),(20975,21026,0,'2023-09-01 08:50:35',NULL,NULL),(20976,21043,0,'2023-09-01 08:50:35',NULL,NULL),(20977,21021,0,'2023-09-01 08:50:35',NULL,NULL),(20978,21074,0,'2023-09-01 08:50:35',NULL,NULL),(20979,21007,0,'2023-09-01 08:50:35',NULL,NULL),(20980,21041,0,'2023-09-01 08:50:35',NULL,NULL),(20981,21030,0,'2023-09-01 08:50:35',NULL,NULL),(20982,21079,0,'2023-09-01 08:50:35',NULL,NULL),(20983,21063,0,'2023-09-01 08:50:35',NULL,NULL),(20984,21061,0,'2023-09-01 08:50:35',NULL,NULL),(20985,21076,0,'2023-09-01 08:50:35',NULL,NULL),(20986,21017,0,'2023-09-01 08:50:35',NULL,NULL),(20987,21013,0,'2023-09-01 08:50:35',NULL,NULL),(20988,21011,0,'2023-09-01 08:50:35',NULL,NULL),(20989,21069,0,'2023-09-01 08:50:35',NULL,NULL),(20990,21056,0,'2023-09-01 08:50:35',NULL,NULL),(20991,21019,0,'2023-09-01 08:50:35',NULL,NULL),(20992,21036,0,'2023-09-01 08:50:35',NULL,NULL),(20993,21044,0,'2023-09-01 08:50:35',NULL,NULL),(20994,21080,0,'2023-09-01 08:50:35',NULL,NULL),(20995,21038,0,'2023-09-01 08:50:35',NULL,NULL),(20996,21081,0,'2023-09-01 08:50:35',NULL,NULL),(20997,21068,0,'2023-09-01 08:50:35',NULL,NULL),(20998,21047,0,'2023-09-01 08:50:35',NULL,NULL),(20999,21020,0,'2023-09-01 08:50:35',NULL,NULL),(21000,21006,0,'2023-09-01 08:50:35',NULL,NULL),(21001,21004,0,'2023-09-01 08:50:35',NULL,NULL),(21002,21067,0,'2023-09-01 08:50:35',NULL,NULL),(21003,21034,0,'2023-09-01 08:50:35',NULL,NULL),(21004,21023,0,'2023-09-01 08:50:35',NULL,NULL),(21005,21046,0,'2023-09-01 08:50:35',NULL,NULL),(21006,21027,0,'2023-09-01 08:50:35',NULL,NULL),(21007,21066,0,'2023-09-01 08:50:35',NULL,NULL),(21008,21050,0,'2023-09-01 08:50:35',NULL,NULL),(21009,21064,0,'2023-09-01 08:50:35',NULL,NULL),(21010,21032,0,'2023-09-01 08:50:35',NULL,NULL),(21011,21033,0,'2023-09-01 08:50:35',NULL,NULL),(21012,21045,0,'2023-09-01 08:50:35',NULL,NULL),(21013,21012,0,'2023-09-01 08:50:35',NULL,NULL),(21014,21073,0,'2023-09-01 08:50:35',NULL,NULL),(21015,20998,0,'2023-09-01 08:50:35',NULL,NULL),(21016,20996,0,'2023-09-01 08:50:35',NULL,NULL),(21017,20999,0,'2023-09-01 08:50:35',NULL,NULL),(21018,21001,0,'2023-09-01 08:50:35',NULL,NULL),(21019,21002,0,'2023-09-01 08:50:35',NULL,NULL),(21020,20997,0,'2023-09-01 08:50:35',NULL,NULL),(21021,21003,0,'2023-09-01 08:50:35',NULL,NULL),(21022,21000,0,'2023-09-01 08:50:35',NULL,NULL),(21023,20995,0,'2023-09-01 08:50:35',NULL,NULL),(21024,21077,0,'2023-09-01 08:50:35',NULL,NULL),(21025,21018,0,'2023-09-01 08:50:35',NULL,NULL),(21026,21042,0,'2023-09-01 08:50:35',NULL,NULL),(21027,21005,0,'2023-09-01 08:50:35',NULL,NULL),(21028,21016,0,'2023-09-01 08:50:35',NULL,NULL),(21029,21024,0,'2023-09-01 08:50:35',NULL,NULL),(21030,21008,0,'2023-09-01 08:50:35',NULL,NULL),(21031,21009,0,'2023-09-01 08:50:35',NULL,NULL),(21032,21119,0,'2023-09-01 08:50:36',NULL,NULL),(21033,21121,0,'2023-09-01 08:50:36',NULL,NULL),(21034,21120,0,'2023-09-01 08:50:36',NULL,NULL),(21035,21138,0,'2023-09-01 08:50:36',NULL,NULL),(21036,21152,0,'2023-09-01 08:50:36',NULL,NULL),(21037,21101,0,'2023-09-01 08:50:36',NULL,NULL),(21038,21091,0,'2023-09-01 08:50:36',NULL,NULL),(21039,21137,0,'2023-09-01 08:50:36',NULL,NULL),(21040,21087,0,'2023-09-01 08:50:36',NULL,NULL),(21041,21093,0,'2023-09-01 08:50:36',NULL,NULL),(21042,21083,0,'2023-09-01 08:50:36',NULL,NULL),(21043,21148,0,'2023-09-01 08:50:36',NULL,NULL),(21044,21149,0,'2023-09-01 08:50:36',NULL,NULL),(21045,21150,0,'2023-09-01 08:50:36',NULL,NULL),(21046,21114,0,'2023-09-01 08:50:36',NULL,NULL),(21047,21153,0,'2023-09-01 08:50:36',NULL,NULL),(21048,21143,0,'2023-09-01 08:50:36',NULL,NULL),(21049,21126,0,'2023-09-01 08:50:36',NULL,NULL),(21050,21124,0,'2023-09-01 08:50:36',NULL,NULL),(21051,21090,0,'2023-09-01 08:50:36',NULL,NULL),(21052,21097,0,'2023-09-01 08:50:36',NULL,NULL),(21053,21089,0,'2023-09-01 08:50:36',NULL,NULL),(21054,21107,0,'2023-09-01 08:50:36',NULL,NULL),(21055,21146,0,'2023-09-01 08:50:36',NULL,NULL),(21056,21108,0,'2023-09-01 08:50:36',NULL,NULL),(21057,21144,0,'2023-09-01 08:50:36',NULL,NULL),(21058,21145,0,'2023-09-01 08:50:36',NULL,NULL),(21059,21098,0,'2023-09-01 08:50:36',NULL,NULL),(21060,21117,0,'2023-09-01 08:50:36',NULL,NULL),(21061,21086,0,'2023-09-01 08:50:36',NULL,NULL),(21062,21085,0,'2023-09-01 08:50:36',NULL,NULL),(21063,21088,0,'2023-09-01 08:50:36',NULL,NULL),(21064,21104,0,'2023-09-01 08:50:36',NULL,NULL),(21065,21125,0,'2023-09-01 08:50:36',NULL,NULL),(21066,21130,0,'2023-09-01 08:50:36','2023-10-16 17:28:51',NULL),(21067,21133,0,'2023-09-01 08:50:36',NULL,NULL),(21068,21139,0,'2023-09-01 08:50:36',NULL,NULL),(21069,21105,0,'2023-09-01 08:50:36',NULL,NULL),(21070,21110,0,'2023-09-01 08:50:36',NULL,NULL),(21071,21082,0,'2023-09-01 08:50:36',NULL,NULL),(21072,21100,0,'2023-09-01 08:50:36',NULL,NULL),(21073,21147,0,'2023-09-01 08:50:36',NULL,NULL),(21074,21140,0,'2023-09-01 08:50:36',NULL,NULL),(21075,21111,0,'2023-09-01 08:50:36',NULL,NULL),(21076,21113,0,'2023-09-01 08:50:36',NULL,NULL),(21077,21099,0,'2023-09-01 08:50:36',NULL,NULL),(21078,21122,0,'2023-09-01 08:50:36',NULL,NULL),(21079,21109,0,'2023-09-01 08:50:36',NULL,NULL),(21080,21142,0,'2023-09-01 08:50:36',NULL,NULL),(21081,21136,0,'2023-09-01 08:50:36',NULL,NULL),(21082,21135,0,'2023-09-01 08:50:36',NULL,NULL),(21083,21129,0,'2023-09-01 08:50:36',NULL,NULL),(21084,21084,0,'2023-09-01 08:50:36',NULL,NULL),(21085,21134,0,'2023-09-01 08:50:36',NULL,NULL),(21086,21123,0,'2023-09-01 08:50:36',NULL,NULL),(21087,21112,0,'2023-09-01 08:50:36',NULL,NULL),(21088,21151,0,'2023-09-01 08:50:36',NULL,NULL),(21089,21141,0,'2023-09-01 08:50:36',NULL,NULL),(21090,21096,0,'2023-09-01 08:50:36',NULL,NULL),(21091,21118,0,'2023-09-01 08:50:36',NULL,NULL),(21092,21131,0,'2023-09-01 08:50:36',NULL,NULL),(21093,21132,0,'2023-09-01 08:50:36',NULL,NULL),(21094,21106,0,'2023-09-01 08:50:36',NULL,NULL),(21095,21156,0,'2023-09-01 08:50:36',NULL,NULL),(21096,21157,0,'2023-09-01 08:50:36',NULL,NULL),(21097,21154,0,'2023-09-01 08:50:36',NULL,NULL),(21098,21158,0,'2023-09-01 08:50:36',NULL,NULL),(21099,21159,0,'2023-09-01 08:50:36',NULL,NULL),(21100,21160,0,'2023-09-01 08:50:36',NULL,NULL),(21101,21092,0,'2023-09-01 08:50:36',NULL,NULL),(21102,21094,0,'2023-09-01 08:50:36',NULL,NULL),(21103,21095,0,'2023-09-01 08:50:36',NULL,NULL),(21104,21115,0,'2023-09-01 08:50:36',NULL,NULL),(21105,21155,0,'2023-09-01 08:50:36',NULL,NULL),(21106,21102,0,'2023-09-01 08:50:36',NULL,NULL),(21107,21127,0,'2023-09-01 08:50:36',NULL,NULL),(21108,21128,0,'2023-09-01 08:50:36',NULL,NULL),(21109,21103,0,'2023-09-01 08:50:36',NULL,NULL),(21110,21116,0,'2023-09-01 08:50:36',NULL,NULL),(21111,21194,0,'2023-09-01 08:50:36',NULL,NULL),(21112,21163,0,'2023-09-01 08:50:36',NULL,NULL),(21113,21244,0,'2023-09-01 08:50:36',NULL,NULL),(21114,21173,0,'2023-09-01 08:50:36',NULL,NULL),(21115,21174,0,'2023-09-01 08:50:36',NULL,NULL),(21116,21223,0,'2023-09-01 08:50:36',NULL,NULL),(21117,21239,0,'2023-09-01 08:50:36',NULL,NULL),(21118,21232,0,'2023-09-01 08:50:36',NULL,NULL),(21119,21179,0,'2023-09-01 08:50:36',NULL,NULL),(21120,21180,0,'2023-09-01 08:50:36',NULL,NULL),(21121,21197,0,'2023-09-01 08:50:36',NULL,NULL),(21122,21196,0,'2023-09-01 08:50:36',NULL,NULL),(21123,21198,0,'2023-09-01 08:50:36',NULL,NULL),(21124,21162,0,'2023-09-01 08:50:36',NULL,NULL),(21125,21209,0,'2023-09-01 08:50:36',NULL,NULL),(21126,21189,0,'2023-09-01 08:50:36',NULL,NULL),(21127,21190,0,'2023-09-01 08:50:36',NULL,NULL),(21128,21191,0,'2023-09-01 08:50:36',NULL,NULL),(21129,21192,0,'2023-09-01 08:50:36',NULL,NULL),(21130,21205,0,'2023-09-01 08:50:36',NULL,NULL),(21131,21165,0,'2023-09-01 08:50:36',NULL,NULL),(21132,21175,0,'2023-09-01 08:50:36',NULL,NULL),(21133,21199,0,'2023-09-01 08:50:36',NULL,NULL),(21134,21200,0,'2023-09-01 08:50:36',NULL,NULL),(21135,21201,0,'2023-09-01 08:50:36',NULL,NULL),(21136,21193,0,'2023-09-01 08:50:36',NULL,NULL),(21137,21241,0,'2023-09-01 08:50:36',NULL,NULL),(21138,21176,0,'2023-09-01 08:50:36',NULL,NULL),(21139,21177,0,'2023-09-01 08:50:36',NULL,NULL),(21140,21247,0,'2023-09-01 08:50:36',NULL,NULL),(21141,21170,0,'2023-09-01 08:50:36',NULL,NULL),(21142,21242,0,'2023-09-01 08:50:36',NULL,NULL),(21143,21182,0,'2023-09-01 08:50:36',NULL,NULL),(21144,21202,0,'2023-09-01 08:50:36',NULL,NULL),(21145,21195,0,'2023-09-01 08:50:36',NULL,NULL),(21146,21185,0,'2023-09-01 08:50:36',NULL,NULL),(21147,21237,0,'2023-09-01 08:50:36',NULL,NULL),(21148,21230,0,'2023-09-01 08:50:36',NULL,NULL),(21149,21240,0,'2023-09-01 08:50:36',NULL,NULL),(21150,21238,0,'2023-09-01 08:50:36',NULL,NULL),(21151,21236,0,'2023-09-01 08:50:36',NULL,NULL),(21152,21233,0,'2023-09-01 08:50:36',NULL,NULL),(21153,21231,0,'2023-09-01 08:50:36',NULL,NULL),(21154,21234,0,'2023-09-01 08:50:36',NULL,NULL),(21155,21235,0,'2023-09-01 08:50:36',NULL,NULL),(21156,21227,0,'2023-09-01 08:50:36',NULL,NULL),(21157,21220,0,'2023-09-01 08:50:36',NULL,NULL),(21158,21219,0,'2023-09-01 08:50:36',NULL,NULL),(21159,21228,0,'2023-09-01 08:50:36',NULL,NULL),(21160,21229,0,'2023-09-01 08:50:36',NULL,NULL),(21161,21167,0,'2023-09-01 08:50:36',NULL,NULL),(21162,21248,0,'2023-09-01 08:50:36',NULL,NULL),(21163,21172,0,'2023-09-01 08:50:36',NULL,NULL),(21164,21171,0,'2023-09-01 08:50:36',NULL,NULL),(21165,21252,0,'2023-09-01 08:50:36',NULL,NULL),(21166,21161,0,'2023-09-01 08:50:36',NULL,NULL),(21167,21254,0,'2023-09-01 08:50:36',NULL,NULL),(21168,21253,0,'2023-09-01 08:50:36',NULL,NULL),(21169,21211,0,'2023-09-01 08:50:36',NULL,NULL),(21170,21178,0,'2023-09-01 08:50:36',NULL,NULL),(21171,21246,0,'2023-09-01 08:50:36',NULL,NULL),(21172,21224,0,'2023-09-01 08:50:36',NULL,NULL),(21173,21226,0,'2023-09-01 08:50:36',NULL,NULL),(21174,21217,0,'2023-09-01 08:50:36',NULL,NULL),(21175,21213,0,'2023-09-01 08:50:36',NULL,NULL),(21176,21206,0,'2023-09-01 08:50:36',NULL,NULL),(21177,21225,0,'2023-09-01 08:50:36',NULL,NULL),(21178,21250,0,'2023-09-01 08:50:36',NULL,NULL),(21179,21212,0,'2023-09-01 08:50:36',NULL,NULL),(21180,21166,0,'2023-09-01 08:50:36',NULL,NULL),(21181,21215,0,'2023-09-01 08:50:36',NULL,NULL),(21182,21243,0,'2023-09-01 08:50:36',NULL,NULL),(21183,21204,0,'2023-09-01 08:50:36',NULL,NULL),(21184,21216,0,'2023-09-01 08:50:36',NULL,NULL),(21185,21222,0,'2023-09-01 08:50:36',NULL,NULL),(21186,21210,0,'2023-09-01 08:50:36',NULL,NULL),(21187,21214,0,'2023-09-01 08:50:36',NULL,NULL),(21188,21169,0,'2023-09-01 08:50:36',NULL,NULL),(21189,21207,0,'2023-09-01 08:50:36',NULL,NULL),(21190,21181,0,'2023-09-01 08:50:36',NULL,NULL),(21191,21251,0,'2023-09-01 08:50:36',NULL,NULL),(21192,21221,0,'2023-09-01 08:50:36',NULL,NULL),(21193,21164,0,'2023-09-01 08:50:36',NULL,NULL),(21194,21245,0,'2023-09-01 08:50:36',NULL,NULL),(21195,21218,0,'2023-09-01 08:50:36',NULL,NULL),(21196,21184,0,'2023-09-01 08:50:36',NULL,NULL),(21197,21168,0,'2023-09-01 08:50:36',NULL,NULL),(21198,21249,0,'2023-09-01 08:50:36',NULL,NULL),(21199,21183,0,'2023-09-01 08:50:36',NULL,NULL),(21200,21188,0,'2023-09-01 08:50:36',NULL,NULL),(21201,21186,0,'2023-09-01 08:50:36',NULL,NULL),(21202,21187,0,'2023-09-01 08:50:36',NULL,NULL),(21203,21208,0,'2023-09-01 08:50:36',NULL,NULL),(21204,21203,0,'2023-09-01 08:50:36',NULL,NULL),(21205,21343,0,'2023-09-01 08:50:36',NULL,NULL),(21206,21255,0,'2023-09-01 08:50:36',NULL,NULL),(21207,21326,0,'2023-09-01 08:50:36',NULL,NULL),(21208,21325,0,'2023-09-01 08:50:36',NULL,NULL),(21209,21289,0,'2023-09-01 08:50:36',NULL,NULL),(21210,21294,0,'2023-09-01 08:50:36',NULL,NULL),(21211,21338,0,'2023-09-01 08:50:36',NULL,NULL),(21212,21256,0,'2023-09-01 08:50:36',NULL,NULL),(21213,21334,0,'2023-09-01 08:50:36',NULL,NULL),(21214,21347,0,'2023-09-01 08:50:36',NULL,NULL),(21215,21320,0,'2023-09-01 08:50:36',NULL,NULL),(21216,21348,0,'2023-09-01 08:50:36',NULL,NULL),(21217,21276,0,'2023-09-01 08:50:36',NULL,NULL),(21218,21275,0,'2023-09-01 08:50:36',NULL,NULL),(21219,21300,0,'2023-09-01 08:50:36',NULL,NULL),(21220,21311,0,'2023-09-01 08:50:36',NULL,NULL),(21221,21321,0,'2023-09-01 08:50:36',NULL,NULL),(21222,21323,0,'2023-09-01 08:50:36',NULL,NULL),(21223,21274,0,'2023-09-01 08:50:36',NULL,NULL),(21224,21337,0,'2023-09-01 08:50:36',NULL,NULL),(21225,21295,0,'2023-09-01 08:50:36',NULL,NULL),(21226,21304,0,'2023-09-01 08:50:36',NULL,NULL),(21227,21285,0,'2023-09-01 08:50:36',NULL,NULL),(21228,21345,0,'2023-09-01 08:50:36',NULL,NULL),(21229,21324,0,'2023-09-01 08:50:36',NULL,NULL),(21230,21322,0,'2023-09-01 08:50:36',NULL,NULL),(21231,21315,0,'2023-09-01 08:50:36',NULL,NULL),(21232,21306,0,'2023-09-01 08:50:36',NULL,NULL),(21233,21314,0,'2023-09-01 08:50:36',NULL,NULL),(21234,21312,0,'2023-09-01 08:50:36',NULL,NULL),(21235,21296,0,'2023-09-01 08:50:36',NULL,NULL),(21236,21319,0,'2023-09-01 08:50:36',NULL,NULL),(21237,21269,0,'2023-09-01 08:50:36',NULL,NULL),(21238,21259,0,'2023-09-01 08:50:36',NULL,NULL),(21239,21265,0,'2023-09-01 08:50:36',NULL,NULL),(21240,21308,0,'2023-09-01 08:50:36',NULL,NULL),(21241,21283,0,'2023-09-01 08:50:36',NULL,NULL),(21242,21317,0,'2023-09-01 08:50:36',NULL,NULL),(21243,21340,0,'2023-09-01 08:50:36',NULL,NULL),(21244,21307,0,'2023-09-01 08:50:36',NULL,NULL),(21245,21313,0,'2023-09-01 08:50:36',NULL,NULL),(21246,21272,0,'2023-09-01 08:50:36',NULL,NULL),(21247,21342,0,'2023-09-01 08:50:36',NULL,NULL),(21248,21333,0,'2023-09-01 08:50:36',NULL,NULL),(21249,21328,0,'2023-09-01 08:50:36',NULL,NULL),(21250,21329,0,'2023-09-01 08:50:36',NULL,NULL),(21251,21316,0,'2023-09-01 08:50:36',NULL,NULL),(21252,21268,0,'2023-09-01 08:50:36',NULL,NULL),(21253,21278,0,'2023-09-01 08:50:36',NULL,NULL),(21254,21335,0,'2023-09-01 08:50:36',NULL,NULL),(21255,21282,0,'2023-09-01 08:50:36',NULL,NULL),(21256,21261,0,'2023-09-01 08:50:36',NULL,NULL),(21257,21286,0,'2023-09-01 08:50:36',NULL,NULL),(21258,21301,0,'2023-09-01 08:50:36',NULL,NULL),(21259,21271,0,'2023-09-01 08:50:36',NULL,NULL),(21260,21309,0,'2023-09-01 08:50:36',NULL,NULL),(21261,21258,0,'2023-09-01 08:50:36',NULL,NULL),(21262,21264,0,'2023-09-01 08:50:36',NULL,NULL),(21263,21281,0,'2023-09-01 08:50:36',NULL,NULL),(21264,21280,0,'2023-09-01 08:50:36',NULL,NULL),(21265,21279,0,'2023-09-01 08:50:36',NULL,NULL),(21266,21267,0,'2023-09-01 08:50:36',NULL,NULL),(21267,21318,0,'2023-09-01 08:50:36',NULL,NULL),(21268,21273,0,'2023-09-01 08:50:36',NULL,NULL),(21269,21263,0,'2023-09-01 08:50:36',NULL,NULL),(21270,21339,0,'2023-09-01 08:50:36',NULL,NULL),(21271,21262,0,'2023-09-01 08:50:36',NULL,NULL),(21272,21310,0,'2023-09-01 08:50:36',NULL,NULL),(21273,21303,0,'2023-09-01 08:50:36',NULL,NULL),(21274,21302,0,'2023-09-01 08:50:36',NULL,NULL),(21275,21298,0,'2023-09-01 08:50:36',NULL,NULL),(21276,21284,0,'2023-09-01 08:50:36',NULL,NULL),(21277,21291,0,'2023-09-01 08:50:36',NULL,NULL),(21278,21332,0,'2023-09-01 08:50:36',NULL,NULL),(21279,21292,0,'2023-09-01 08:50:36',NULL,NULL),(21280,21293,0,'2023-09-01 08:50:36',NULL,NULL),(21281,21290,0,'2023-09-01 08:50:36',NULL,NULL),(21282,21331,0,'2023-09-01 08:50:36',NULL,NULL),(21283,21341,0,'2023-09-01 08:50:36',NULL,NULL),(21284,21277,0,'2023-09-01 08:50:36',NULL,NULL),(21285,21260,0,'2023-09-01 08:50:36',NULL,NULL),(21286,21305,0,'2023-09-01 08:50:36',NULL,NULL),(21287,21336,0,'2023-09-01 08:50:36',NULL,NULL),(21288,21344,0,'2023-09-01 08:50:36',NULL,NULL),(21289,21266,0,'2023-09-01 08:50:36',NULL,NULL),(21290,21330,0,'2023-09-01 08:50:36',NULL,NULL),(21291,21257,0,'2023-09-01 08:50:36',NULL,NULL),(21292,21270,0,'2023-09-01 08:50:36',NULL,NULL),(21293,21327,0,'2023-09-01 08:50:36',NULL,NULL),(21294,21297,0,'2023-09-01 08:50:36',NULL,NULL),(21295,21299,0,'2023-09-01 08:50:36',NULL,NULL),(21296,21346,0,'2023-09-01 08:50:36',NULL,NULL),(21297,21287,0,'2023-09-01 08:50:36',NULL,NULL),(21298,21288,0,'2023-09-01 08:50:36',NULL,NULL),(21299,21363,0,'2023-09-01 08:50:36',NULL,NULL),(21300,21359,0,'2023-09-01 08:50:36',NULL,NULL),(21301,21424,0,'2023-09-01 08:50:36',NULL,NULL),(21302,21423,0,'2023-09-01 08:50:36',NULL,NULL),(21303,21425,0,'2023-09-01 08:50:36',NULL,NULL),(21304,21364,0,'2023-09-01 08:50:36',NULL,NULL),(21305,21443,0,'2023-09-01 08:50:36',NULL,NULL),(21306,21351,0,'2023-09-01 08:50:36',NULL,NULL),(21307,21352,0,'2023-09-01 08:50:36',NULL,NULL),(21308,21387,0,'2023-09-01 08:50:36',NULL,NULL),(21309,21438,0,'2023-09-01 08:50:36',NULL,NULL),(21310,21389,0,'2023-09-01 08:50:36',NULL,NULL),(21311,21402,0,'2023-09-01 08:50:36',NULL,NULL),(21312,21393,0,'2023-09-01 08:50:36',NULL,NULL),(21313,21368,0,'2023-09-01 08:50:36',NULL,NULL),(21314,21439,0,'2023-09-01 08:50:36',NULL,NULL),(21315,21386,0,'2023-09-01 08:50:36',NULL,NULL),(21316,21370,0,'2023-09-01 08:50:36',NULL,NULL),(21317,21360,0,'2023-09-01 08:50:36',NULL,NULL),(21318,21361,0,'2023-09-01 08:50:36',NULL,NULL),(21319,21362,0,'2023-09-01 08:50:36',NULL,NULL),(21320,21427,0,'2023-09-01 08:50:36',NULL,NULL),(21321,21375,0,'2023-09-01 08:50:36',NULL,NULL),(21322,21369,0,'2023-09-01 08:50:36',NULL,NULL),(21323,21444,0,'2023-09-01 08:50:36',NULL,NULL),(21324,21381,0,'2023-09-01 08:50:36',NULL,NULL),(21325,21442,0,'2023-09-01 08:50:36',NULL,NULL),(21326,21436,0,'2023-09-01 08:50:36',NULL,NULL),(21327,21357,0,'2023-09-01 08:50:36',NULL,NULL),(21328,21440,0,'2023-09-01 08:50:36',NULL,NULL),(21329,21426,0,'2023-09-01 08:50:36',NULL,NULL),(21330,21417,0,'2023-09-01 08:50:36',NULL,NULL),(21331,21396,0,'2023-09-01 08:50:36',NULL,NULL),(21332,21437,0,'2023-09-01 08:50:36',NULL,NULL),(21333,21385,0,'2023-09-01 08:50:36',NULL,NULL),(21334,21398,0,'2023-09-01 08:50:36',NULL,NULL),(21335,21382,0,'2023-09-01 08:50:36',NULL,NULL),(21336,21353,0,'2023-09-01 08:50:36',NULL,NULL),(21337,21409,0,'2023-09-01 08:50:36',NULL,NULL),(21338,21419,0,'2023-09-01 08:50:36',NULL,NULL),(21339,21392,0,'2023-09-01 08:50:36',NULL,NULL),(21340,21412,0,'2023-09-01 08:50:36',NULL,NULL),(21341,21397,0,'2023-09-01 08:50:36',NULL,NULL),(21342,21431,0,'2023-09-01 08:50:36',NULL,NULL),(21343,21428,0,'2023-09-01 08:50:36',NULL,NULL),(21344,21430,0,'2023-09-01 08:50:36',NULL,NULL),(21345,21432,0,'2023-09-01 08:50:36',NULL,NULL),(21346,21429,0,'2023-09-01 08:50:36',NULL,NULL),(21347,21356,0,'2023-09-01 08:50:36',NULL,NULL),(21348,21395,0,'2023-09-01 08:50:36',NULL,NULL),(21349,21394,0,'2023-09-01 08:50:36',NULL,NULL),(21350,21376,0,'2023-09-01 08:50:36',NULL,NULL),(21351,21378,0,'2023-09-01 08:50:36',NULL,NULL),(21352,21391,0,'2023-09-01 08:50:36',NULL,NULL),(21353,21404,0,'2023-09-01 08:50:36',NULL,NULL),(21354,21358,0,'2023-09-01 08:50:36',NULL,NULL),(21355,21380,0,'2023-09-01 08:50:36',NULL,NULL),(21356,21408,0,'2023-09-01 08:50:36',NULL,NULL),(21357,21367,0,'2023-09-01 08:50:36',NULL,NULL),(21358,21413,0,'2023-09-01 08:50:36',NULL,NULL),(21359,21415,0,'2023-09-01 08:50:36',NULL,NULL),(21360,21435,0,'2023-09-01 08:50:36',NULL,NULL),(21361,21414,0,'2023-09-01 08:50:36',NULL,NULL),(21362,21416,0,'2023-09-01 08:50:36',NULL,NULL),(21363,21401,0,'2023-09-01 08:50:36',NULL,NULL),(21364,21433,0,'2023-09-01 08:50:36',NULL,NULL),(21365,21366,0,'2023-09-01 08:50:36',NULL,NULL),(21366,21399,0,'2023-09-01 08:50:36',NULL,NULL),(21367,21400,0,'2023-09-01 08:50:36',NULL,NULL),(21368,21384,0,'2023-09-01 08:50:36',NULL,NULL),(21369,21388,0,'2023-09-01 08:50:36',NULL,NULL),(21370,21422,0,'2023-09-01 08:50:36',NULL,NULL),(21371,21372,0,'2023-09-01 08:50:36',NULL,NULL),(21372,21405,0,'2023-09-01 08:50:36',NULL,NULL),(21373,21373,0,'2023-09-01 08:50:36',NULL,NULL),(21374,21421,0,'2023-09-01 08:50:36',NULL,NULL),(21375,21383,0,'2023-09-01 08:50:36',NULL,NULL),(21376,21365,0,'2023-09-01 08:50:36',NULL,NULL),(21377,21434,0,'2023-09-01 08:50:36',NULL,NULL),(21378,21354,0,'2023-09-01 08:50:36',NULL,NULL),(21379,21377,0,'2023-09-01 08:50:36',NULL,NULL),(21380,21371,0,'2023-09-01 08:50:36',NULL,NULL),(21381,21379,0,'2023-09-01 08:50:36',NULL,NULL),(21382,21411,0,'2023-09-01 08:50:36',NULL,NULL),(21383,21410,0,'2023-09-01 08:50:36',NULL,NULL),(21384,21403,0,'2023-09-01 08:50:36',NULL,NULL),(21385,21420,0,'2023-09-01 08:50:36',NULL,NULL),(21386,21441,0,'2023-09-01 08:50:36',NULL,NULL),(21387,21355,0,'2023-09-01 08:50:36',NULL,NULL),(21388,21374,0,'2023-09-01 08:50:36',NULL,NULL),(21389,21418,0,'2023-09-01 08:50:36',NULL,NULL),(21390,21407,0,'2023-09-01 08:50:36',NULL,NULL),(21391,21390,0,'2023-09-01 08:50:36',NULL,NULL),(21392,21406,0,'2023-09-01 08:50:36',NULL,NULL),(21393,21350,0,'2023-09-01 08:50:36',NULL,NULL),(21394,21349,0,'2023-09-01 08:50:36',NULL,NULL),(21395,21460,0,'2023-09-01 08:50:37',NULL,NULL),(21396,21455,0,'2023-09-01 08:50:37',NULL,NULL),(21397,21486,0,'2023-09-01 08:50:37',NULL,NULL),(21398,21487,0,'2023-09-01 08:50:37',NULL,NULL),(21399,21456,0,'2023-09-01 08:50:37',NULL,NULL),(21400,21511,0,'2023-09-01 08:50:37',NULL,NULL),(21401,21478,0,'2023-09-01 08:50:37',NULL,NULL),(21402,21491,0,'2023-09-01 08:50:37',NULL,NULL),(21403,21519,0,'2023-09-01 08:50:37',NULL,NULL),(21404,21520,0,'2023-09-01 08:50:37',NULL,NULL),(21405,21488,0,'2023-09-01 08:50:37',NULL,NULL),(21406,21517,0,'2023-09-01 08:50:37',NULL,NULL),(21407,21477,0,'2023-09-01 08:50:37',NULL,NULL),(21408,21492,0,'2023-09-01 08:50:37',NULL,NULL),(21409,21468,0,'2023-09-01 08:50:37',NULL,NULL),(21410,21462,0,'2023-09-01 08:50:37',NULL,NULL),(21411,21513,0,'2023-09-01 08:50:37',NULL,NULL),(21412,21512,0,'2023-09-01 08:50:37',NULL,NULL),(21413,21516,0,'2023-09-01 08:50:37',NULL,NULL),(21414,21514,0,'2023-09-01 08:50:37',NULL,NULL),(21415,21494,0,'2023-09-01 08:50:37',NULL,NULL),(21416,21451,0,'2023-09-01 08:50:37',NULL,NULL),(21417,21506,0,'2023-09-01 08:50:37',NULL,NULL),(21418,21473,0,'2023-09-01 08:50:37',NULL,NULL),(21419,21505,0,'2023-09-01 08:50:37',NULL,NULL),(21420,21482,0,'2023-09-01 08:50:37',NULL,NULL),(21421,21483,0,'2023-09-01 08:50:37',NULL,NULL),(21422,21485,0,'2023-09-01 08:50:37',NULL,NULL),(21423,21484,0,'2023-09-01 08:50:37',NULL,NULL),(21424,21536,0,'2023-09-01 08:50:37',NULL,NULL),(21425,21508,0,'2023-09-01 08:50:37',NULL,NULL),(21426,21507,0,'2023-09-01 08:50:37',NULL,NULL),(21427,21518,0,'2023-09-01 08:50:37',NULL,NULL),(21428,21528,0,'2023-09-01 08:50:37',NULL,NULL),(21429,21465,0,'2023-09-01 08:50:37',NULL,NULL),(21430,21495,0,'2023-09-01 08:50:37',NULL,NULL),(21431,21472,0,'2023-09-01 08:50:37',NULL,NULL),(21432,21464,0,'2023-09-01 08:50:37',NULL,NULL),(21433,21463,0,'2023-09-01 08:50:37',NULL,NULL),(21434,21531,0,'2023-09-01 08:50:37',NULL,NULL),(21435,21535,0,'2023-09-01 08:50:37',NULL,NULL),(21436,21541,0,'2023-09-01 08:50:37',NULL,NULL),(21437,21534,0,'2023-09-01 08:50:37',NULL,NULL),(21438,21490,0,'2023-09-01 08:50:37',NULL,NULL),(21439,21527,0,'2023-09-01 08:50:37',NULL,NULL),(21440,21499,0,'2023-09-01 08:50:37',NULL,NULL),(21441,21452,0,'2023-09-01 08:50:37',NULL,NULL),(21442,21453,0,'2023-09-01 08:50:37',NULL,NULL),(21443,21500,0,'2023-09-01 08:50:37',NULL,NULL),(21444,21474,0,'2023-09-01 08:50:37',NULL,NULL),(21445,21540,0,'2023-09-01 08:50:37',NULL,NULL),(21446,21449,0,'2023-09-01 08:50:37',NULL,NULL),(21447,21448,0,'2023-09-01 08:50:37',NULL,NULL),(21448,21529,0,'2023-09-01 08:50:37',NULL,NULL),(21449,21481,0,'2023-09-01 08:50:37',NULL,NULL),(21450,21523,0,'2023-09-01 08:50:37',NULL,NULL),(21451,21524,0,'2023-09-01 08:50:37',NULL,NULL),(21452,21525,0,'2023-09-01 08:50:37',NULL,NULL),(21453,21521,0,'2023-09-01 08:50:37',NULL,NULL),(21454,21459,0,'2023-09-01 08:50:37',NULL,NULL),(21455,21476,0,'2023-09-01 08:50:37',NULL,NULL),(21456,21510,0,'2023-09-01 08:50:37',NULL,NULL),(21457,21496,0,'2023-09-01 08:50:37',NULL,NULL),(21458,21497,0,'2023-09-01 08:50:37',NULL,NULL),(21459,21498,0,'2023-09-01 08:50:37',NULL,NULL),(21460,21450,0,'2023-09-01 08:50:37',NULL,NULL),(21461,21480,0,'2023-09-01 08:50:37',NULL,NULL),(21462,21503,0,'2023-09-01 08:50:37',NULL,NULL),(21463,21475,0,'2023-09-01 08:50:37',NULL,NULL),(21464,21504,0,'2023-09-01 08:50:37',NULL,NULL),(21465,21501,0,'2023-09-01 08:50:37',NULL,NULL),(21466,21530,0,'2023-09-01 08:50:37',NULL,NULL),(21467,21467,0,'2023-09-01 08:50:37',NULL,NULL),(21468,21466,0,'2023-09-01 08:50:37',NULL,NULL),(21469,21469,0,'2023-09-01 08:50:37',NULL,NULL),(21470,21479,0,'2023-09-01 08:50:37',NULL,NULL),(21471,21445,0,'2023-09-01 08:50:37',NULL,NULL),(21472,21493,0,'2023-09-01 08:50:37',NULL,NULL),(21473,21502,0,'2023-09-01 08:50:37',NULL,NULL),(21474,21543,0,'2023-09-01 08:50:37',NULL,NULL),(21475,21542,0,'2023-09-01 08:50:37',NULL,NULL),(21476,21461,0,'2023-09-01 08:50:37',NULL,NULL),(21477,21526,0,'2023-09-01 08:50:37',NULL,NULL),(21478,21458,0,'2023-09-01 08:50:37',NULL,NULL),(21479,21509,0,'2023-09-01 08:50:37',NULL,NULL),(21480,21515,0,'2023-09-01 08:50:37',NULL,NULL),(21481,21522,0,'2023-09-01 08:50:37',NULL,NULL),(21482,21538,0,'2023-09-01 08:50:37',NULL,NULL),(21483,21532,0,'2023-09-01 08:50:37',NULL,NULL),(21484,21533,0,'2023-09-01 08:50:37',NULL,NULL),(21485,21539,0,'2023-09-01 08:50:37',NULL,NULL),(21486,21470,0,'2023-09-01 08:50:37',NULL,NULL),(21487,21454,0,'2023-09-01 08:50:37',NULL,NULL),(21488,21489,0,'2023-09-01 08:50:37',NULL,NULL),(21489,21537,0,'2023-09-01 08:50:37',NULL,NULL),(21490,21457,0,'2023-09-01 08:50:37',NULL,NULL),(21491,21471,0,'2023-09-01 08:50:37',NULL,NULL),(21492,21447,0,'2023-09-01 08:50:37',NULL,NULL),(21493,21446,0,'2023-09-01 08:50:37',NULL,NULL),(21494,21558,0,'2023-09-01 08:50:37',NULL,NULL),(21495,21562,0,'2023-09-01 08:50:37',NULL,NULL),(21496,21556,0,'2023-09-01 08:50:37',NULL,NULL),(21497,21557,0,'2023-09-01 08:50:37',NULL,NULL),(21498,21608,0,'2023-09-01 08:50:37',NULL,NULL),(21499,21588,0,'2023-09-01 08:50:37',NULL,NULL),(21500,21624,0,'2023-09-01 08:50:37',NULL,NULL),(21501,21618,0,'2023-09-01 08:50:37',NULL,NULL),(21502,21564,0,'2023-09-01 08:50:37',NULL,NULL),(21503,21554,0,'2023-09-01 08:50:37',NULL,NULL),(21504,21573,0,'2023-09-01 08:50:37',NULL,NULL),(21505,21625,0,'2023-09-01 08:50:37',NULL,NULL),(21506,21603,0,'2023-09-01 08:50:37',NULL,NULL),(21507,21631,0,'2023-09-01 08:50:37',NULL,NULL),(21508,21578,0,'2023-09-01 08:50:37',NULL,NULL),(21509,21580,0,'2023-09-01 08:50:37',NULL,NULL),(21510,21623,0,'2023-09-01 08:50:37',NULL,NULL),(21511,21559,0,'2023-09-01 08:50:37',NULL,NULL),(21512,21613,0,'2023-09-01 08:50:37',NULL,NULL),(21513,21611,0,'2023-09-01 08:50:37',NULL,NULL),(21514,21610,0,'2023-09-01 08:50:37',NULL,NULL),(21515,21614,0,'2023-09-01 08:50:37',NULL,NULL),(21516,21571,0,'2023-09-01 08:50:37',NULL,NULL),(21517,21616,0,'2023-09-01 08:50:37',NULL,NULL),(21518,21569,0,'2023-09-01 08:50:37',NULL,NULL),(21519,21570,0,'2023-09-01 08:50:37',NULL,NULL),(21520,21617,0,'2023-09-01 08:50:37',NULL,NULL),(21521,21632,0,'2023-09-01 08:50:37',NULL,NULL),(21522,21568,0,'2023-09-01 08:50:37',NULL,NULL),(21523,21630,0,'2023-09-01 08:50:37',NULL,NULL),(21524,21627,0,'2023-09-01 08:50:37',NULL,NULL),(21525,21620,0,'2023-09-01 08:50:37',NULL,NULL),(21526,21619,0,'2023-09-01 08:50:37',NULL,NULL),(21527,21579,0,'2023-09-01 08:50:37',NULL,NULL),(21528,21607,0,'2023-09-01 08:50:37',NULL,NULL),(21529,21585,0,'2023-09-01 08:50:37',NULL,NULL),(21530,21621,0,'2023-09-01 08:50:37',NULL,NULL),(21531,21553,0,'2023-09-01 08:50:37',NULL,NULL),(21532,21550,0,'2023-09-01 08:50:37',NULL,NULL),(21533,21552,0,'2023-09-01 08:50:37',NULL,NULL),(21534,21551,0,'2023-09-01 08:50:37',NULL,NULL),(21535,21544,0,'2023-09-01 08:50:37',NULL,NULL),(21536,21555,0,'2023-09-01 08:50:37',NULL,NULL),(21537,21604,0,'2023-09-01 08:50:37',NULL,NULL),(21538,21599,0,'2023-09-01 08:50:37',NULL,NULL),(21539,21601,0,'2023-09-01 08:50:37',NULL,NULL),(21540,21602,0,'2023-09-01 08:50:37',NULL,NULL),(21541,21600,0,'2023-09-01 08:50:37',NULL,NULL),(21542,21612,0,'2023-09-01 08:50:37',NULL,NULL),(21543,21576,0,'2023-09-01 08:50:37',NULL,NULL),(21544,21577,0,'2023-09-01 08:50:37',NULL,NULL),(21545,21547,0,'2023-09-01 08:50:37',NULL,NULL),(21546,21546,0,'2023-09-01 08:50:37',NULL,NULL),(21547,21589,0,'2023-09-01 08:50:37',NULL,NULL),(21548,21549,0,'2023-09-01 08:50:37',NULL,NULL),(21549,21584,0,'2023-09-01 08:50:37',NULL,NULL),(21550,21567,0,'2023-09-01 08:50:37',NULL,NULL),(21551,21582,0,'2023-09-01 08:50:37',NULL,NULL),(21552,21574,0,'2023-09-01 08:50:37',NULL,NULL),(21553,21605,0,'2023-09-01 08:50:37',NULL,NULL),(21554,21609,0,'2023-09-01 08:50:37',NULL,NULL),(21555,21633,0,'2023-09-01 08:50:37',NULL,NULL),(21556,21583,0,'2023-09-01 08:50:37',NULL,NULL),(21557,21586,0,'2023-09-01 08:50:37',NULL,NULL),(21558,21634,0,'2023-09-01 08:50:37',NULL,NULL),(21559,21565,0,'2023-09-01 08:50:37',NULL,NULL),(21560,21566,0,'2023-09-01 08:50:37',NULL,NULL),(21561,21628,0,'2023-09-01 08:50:37',NULL,NULL),(21562,21622,0,'2023-09-01 08:50:37',NULL,NULL),(21563,21548,0,'2023-09-01 08:50:37',NULL,NULL),(21564,21560,0,'2023-09-01 08:50:37',NULL,NULL),(21565,21606,0,'2023-09-01 08:50:37',NULL,NULL),(21566,21598,0,'2023-09-01 08:50:37',NULL,NULL),(21567,21591,0,'2023-09-01 08:50:37',NULL,NULL),(21568,21590,0,'2023-09-01 08:50:37',NULL,NULL),(21569,21594,0,'2023-09-01 08:50:37',NULL,NULL),(21570,21592,0,'2023-09-01 08:50:37',NULL,NULL),(21571,21596,0,'2023-09-01 08:50:37',NULL,NULL),(21572,21595,0,'2023-09-01 08:50:37',NULL,NULL),(21573,21597,0,'2023-09-01 08:50:37',NULL,NULL),(21574,21626,0,'2023-09-01 08:50:37',NULL,NULL),(21575,21561,0,'2023-09-01 08:50:37',NULL,NULL),(21576,21593,0,'2023-09-01 08:50:37',NULL,NULL),(21577,21545,0,'2023-09-01 08:50:37',NULL,NULL),(21578,21629,0,'2023-09-01 08:50:37',NULL,NULL),(21579,21563,0,'2023-09-01 08:50:37',NULL,NULL),(21580,21581,0,'2023-09-01 08:50:37',NULL,NULL),(21581,21575,0,'2023-09-01 08:50:37',NULL,NULL),(21582,21572,0,'2023-09-01 08:50:37',NULL,NULL),(21583,21615,0,'2023-09-01 08:50:37',NULL,NULL),(21584,21587,0,'2023-09-01 08:50:37',NULL,NULL),(21585,21688,0,'2023-09-01 08:50:37',NULL,NULL),(21586,21689,0,'2023-09-01 08:50:37',NULL,NULL),(21587,21690,0,'2023-09-01 08:50:37',NULL,NULL),(21588,21714,0,'2023-09-01 08:50:37',NULL,NULL),(21589,21659,0,'2023-09-01 08:50:37',NULL,NULL),(21590,21642,0,'2023-09-01 08:50:37',NULL,NULL),(21591,21650,0,'2023-09-01 08:50:37',NULL,NULL),(21592,21723,0,'2023-09-01 08:50:37',NULL,NULL),(21593,21661,0,'2023-09-01 08:50:37',NULL,NULL),(21594,21708,0,'2023-09-01 08:50:37',NULL,NULL),(21595,21654,0,'2023-09-01 08:50:37',NULL,NULL),(21596,21682,0,'2023-09-01 08:50:37',NULL,NULL),(21597,21697,0,'2023-09-01 08:50:37',NULL,NULL),(21598,21698,0,'2023-09-01 08:50:37',NULL,NULL),(21599,21678,0,'2023-09-01 08:50:37',NULL,NULL),(21600,21679,0,'2023-09-01 08:50:37',NULL,NULL),(21601,21680,0,'2023-09-01 08:50:37',NULL,NULL),(21602,21636,0,'2023-09-01 08:50:37',NULL,NULL),(21603,21638,0,'2023-09-01 08:50:37',NULL,NULL),(21604,21670,0,'2023-09-01 08:50:37',NULL,NULL),(21605,21681,0,'2023-09-01 08:50:37',NULL,NULL),(21606,21677,0,'2023-09-01 08:50:37',NULL,NULL),(21607,21683,0,'2023-09-01 08:50:37',NULL,NULL),(21608,21652,0,'2023-09-01 08:50:37',NULL,NULL),(21609,21696,0,'2023-09-01 08:50:37',NULL,NULL),(21610,21728,0,'2023-09-01 08:50:37',NULL,NULL),(21611,21729,0,'2023-09-01 08:50:37',NULL,NULL),(21612,21730,0,'2023-09-01 08:50:37',NULL,NULL),(21613,21655,0,'2023-09-01 08:50:37',NULL,NULL),(21614,21700,0,'2023-09-01 08:50:37',NULL,NULL),(21615,21695,0,'2023-09-01 08:50:37',NULL,NULL),(21616,21649,0,'2023-09-01 08:50:37',NULL,NULL),(21617,21721,0,'2023-09-01 08:50:37',NULL,NULL),(21618,21669,0,'2023-09-01 08:50:37',NULL,NULL),(21619,21662,0,'2023-09-01 08:50:37',NULL,NULL),(21620,21639,0,'2023-09-01 08:50:37',NULL,NULL),(21621,21719,0,'2023-09-01 08:50:37',NULL,NULL),(21622,21668,0,'2023-09-01 08:50:37',NULL,NULL),(21623,21684,0,'2023-09-01 08:50:37',NULL,NULL),(21624,21660,0,'2023-09-01 08:50:37',NULL,NULL),(21625,21704,0,'2023-09-01 08:50:37',NULL,NULL),(21626,21685,0,'2023-09-01 08:50:37',NULL,NULL),(21627,21701,0,'2023-09-01 08:50:37',NULL,NULL),(21628,21657,0,'2023-09-01 08:50:37',NULL,NULL),(21629,21710,0,'2023-09-01 08:50:37',NULL,NULL),(21630,21711,0,'2023-09-01 08:50:37',NULL,NULL),(21631,21727,0,'2023-09-01 08:50:37',NULL,NULL),(21632,21718,0,'2023-09-01 08:50:37',NULL,NULL),(21633,21691,0,'2023-09-01 08:50:37',NULL,NULL),(21634,21641,0,'2023-09-01 08:50:37',NULL,NULL),(21635,21726,0,'2023-09-01 08:50:37',NULL,NULL),(21636,21725,0,'2023-09-01 08:50:37',NULL,NULL),(21637,21706,0,'2023-09-01 08:50:37',NULL,NULL),(21638,21716,0,'2023-09-01 08:50:37',NULL,NULL),(21639,21694,0,'2023-09-01 08:50:37',NULL,NULL),(21640,21699,0,'2023-09-01 08:50:37',NULL,NULL),(21641,21715,0,'2023-09-01 08:50:37',NULL,NULL),(21642,21646,0,'2023-09-01 08:50:37',NULL,NULL),(21643,21651,0,'2023-09-01 08:50:37',NULL,NULL),(21644,21702,0,'2023-09-01 08:50:37',NULL,NULL),(21645,21713,0,'2023-09-01 08:50:37',NULL,NULL),(21646,21724,0,'2023-09-01 08:50:37',NULL,NULL),(21647,21686,0,'2023-09-01 08:50:37',NULL,NULL),(21648,21707,0,'2023-09-01 08:50:37',NULL,NULL),(21649,21709,0,'2023-09-01 08:50:37',NULL,NULL),(21650,21693,0,'2023-09-01 08:50:37',NULL,NULL),(21651,21672,0,'2023-09-01 08:50:37',NULL,NULL),(21652,21671,0,'2023-09-01 08:50:37',NULL,NULL),(21653,21687,0,'2023-09-01 08:50:37',NULL,NULL),(21654,21720,0,'2023-09-01 08:50:37',NULL,NULL),(21655,21643,0,'2023-09-01 08:50:37',NULL,NULL),(21656,21658,0,'2023-09-01 08:50:37',NULL,NULL),(21657,21644,0,'2023-09-01 08:50:37',NULL,NULL),(21658,21703,0,'2023-09-01 08:50:37',NULL,NULL),(21659,21656,0,'2023-09-01 08:50:37',NULL,NULL),(21660,21640,0,'2023-09-01 08:50:37',NULL,NULL),(21661,21665,0,'2023-09-01 08:50:37',NULL,NULL),(21662,21645,0,'2023-09-01 08:50:37',NULL,NULL),(21663,21666,0,'2023-09-01 08:50:37',NULL,NULL),(21664,21667,0,'2023-09-01 08:50:37',NULL,NULL),(21665,21663,0,'2023-09-01 08:50:37',NULL,NULL),(21666,21648,0,'2023-09-01 08:50:37',NULL,NULL),(21667,21653,0,'2023-09-01 08:50:37',NULL,NULL),(21668,21705,0,'2023-09-01 08:50:37',NULL,NULL),(21669,21712,0,'2023-09-01 08:50:37',NULL,NULL),(21670,21637,0,'2023-09-01 08:50:37',NULL,NULL),(21671,21722,0,'2023-09-01 08:50:37',NULL,NULL),(21672,21635,0,'2023-09-01 08:50:37',NULL,NULL),(21673,21647,0,'2023-09-01 08:50:37',NULL,NULL),(21674,21673,0,'2023-09-01 08:50:37',NULL,NULL),(21675,21676,0,'2023-09-01 08:50:37',NULL,NULL),(21676,21675,0,'2023-09-01 08:50:37',NULL,NULL),(21677,21674,0,'2023-09-01 08:50:37',NULL,NULL),(21678,21664,0,'2023-09-01 08:50:37',NULL,NULL),(21679,21692,0,'2023-09-01 08:50:37',NULL,NULL),(21680,21717,0,'2023-09-01 08:50:37',NULL,NULL),(21681,21782,0,'2023-09-01 08:50:38',NULL,NULL),(21682,21790,0,'2023-09-01 08:50:38',NULL,NULL),(21683,21783,0,'2023-09-01 08:50:38',NULL,NULL),(21684,21744,0,'2023-09-01 08:50:38',NULL,NULL),(21685,21788,0,'2023-09-01 08:50:38',NULL,NULL),(21686,21733,0,'2023-09-01 08:50:38',NULL,NULL),(21687,21745,0,'2023-09-01 08:50:38',NULL,NULL),(21688,21778,0,'2023-09-01 08:50:38',NULL,NULL),(21689,21776,0,'2023-09-01 08:50:38',NULL,NULL),(21690,21780,0,'2023-09-01 08:50:38',NULL,NULL),(21691,21786,0,'2023-09-01 08:50:38',NULL,NULL),(21692,21812,0,'2023-09-01 08:50:38',NULL,NULL),(21693,21746,0,'2023-09-01 08:50:38',NULL,NULL),(21694,21785,0,'2023-09-01 08:50:38',NULL,NULL),(21695,21750,0,'2023-09-01 08:50:38',NULL,NULL),(21696,21807,0,'2023-09-01 08:50:38',NULL,NULL),(21697,21773,0,'2023-09-01 08:50:38',NULL,NULL),(21698,21794,0,'2023-09-01 08:50:38',NULL,NULL),(21699,21740,0,'2023-09-01 08:50:38',NULL,NULL),(21700,21774,0,'2023-09-01 08:50:38',NULL,NULL),(21701,21784,0,'2023-09-01 08:50:38',NULL,NULL),(21702,21772,0,'2023-09-01 08:50:38',NULL,NULL),(21703,21769,0,'2023-09-01 08:50:38',NULL,NULL),(21704,21813,0,'2023-09-01 08:50:38',NULL,NULL),(21705,21797,0,'2023-09-01 08:50:38',NULL,NULL),(21706,21824,0,'2023-09-01 08:50:38',NULL,NULL),(21707,21731,0,'2023-09-01 08:50:38',NULL,NULL),(21708,21732,0,'2023-09-01 08:50:38',NULL,NULL),(21709,21738,0,'2023-09-01 08:50:38',NULL,NULL),(21710,21805,0,'2023-09-01 08:50:38',NULL,NULL),(21711,21826,0,'2023-09-01 08:50:38',NULL,NULL),(21712,21770,0,'2023-09-01 08:50:38',NULL,NULL),(21713,21775,0,'2023-09-01 08:50:38',NULL,NULL),(21714,21802,0,'2023-09-01 08:50:38',NULL,NULL),(21715,21803,0,'2023-09-01 08:50:38',NULL,NULL),(21716,21804,0,'2023-09-01 08:50:38',NULL,NULL),(21717,21749,0,'2023-09-01 08:50:38',NULL,NULL),(21718,21748,0,'2023-09-01 08:50:38',NULL,NULL),(21719,21825,0,'2023-09-01 08:50:38','2023-12-07 03:52:31',NULL),(21720,21777,0,'2023-09-01 08:50:38',NULL,NULL),(21721,21735,0,'2023-09-01 08:50:38',NULL,NULL),(21722,21736,0,'2023-09-01 08:50:38',NULL,NULL),(21723,21737,0,'2023-09-01 08:50:38',NULL,NULL),(21724,21771,0,'2023-09-01 08:50:38',NULL,NULL),(21725,21787,0,'2023-09-01 08:50:38',NULL,NULL),(21726,21817,0,'2023-09-01 08:50:38',NULL,NULL),(21727,21818,0,'2023-09-01 08:50:38',NULL,NULL),(21728,21819,0,'2023-09-01 08:50:38',NULL,NULL),(21729,21792,0,'2023-09-01 08:50:38',NULL,NULL),(21730,21768,0,'2023-09-01 08:50:38',NULL,NULL),(21731,21743,0,'2023-09-01 08:50:38',NULL,NULL),(21732,21739,0,'2023-09-01 08:50:38',NULL,NULL),(21733,21742,0,'2023-09-01 08:50:38',NULL,NULL),(21734,21753,0,'2023-09-01 08:50:38',NULL,NULL),(21735,21779,0,'2023-09-01 08:50:38',NULL,NULL),(21736,21793,0,'2023-09-01 08:50:38',NULL,NULL),(21737,21741,0,'2023-09-01 08:50:38',NULL,NULL),(21738,21799,0,'2023-09-01 08:50:38',NULL,NULL),(21739,21800,0,'2023-09-01 08:50:38',NULL,NULL),(21740,21760,0,'2023-09-01 08:50:38',NULL,NULL),(21741,21761,0,'2023-09-01 08:50:38',NULL,NULL),(21742,21765,0,'2023-09-01 08:50:38',NULL,NULL),(21743,21764,0,'2023-09-01 08:50:38',NULL,NULL),(21744,21766,0,'2023-09-01 08:50:38',NULL,NULL),(21745,21814,0,'2023-09-01 08:50:38','2023-12-07 19:34:57',NULL),(21746,21823,0,'2023-09-01 08:50:38',NULL,NULL),(21747,21821,0,'2023-09-01 08:50:38',NULL,NULL),(21748,21822,0,'2023-09-01 08:50:38',NULL,NULL),(21749,21796,0,'2023-09-01 08:50:38',NULL,NULL),(21750,21734,0,'2023-09-01 08:50:38',NULL,NULL),(21751,21789,0,'2023-09-01 08:50:38',NULL,NULL),(21752,21752,0,'2023-09-01 08:50:38',NULL,NULL),(21753,21816,0,'2023-09-01 08:50:38',NULL,NULL),(21754,21815,0,'2023-09-01 08:50:38',NULL,NULL),(21755,21791,0,'2023-09-01 08:50:38',NULL,NULL),(21756,21747,0,'2023-09-01 08:50:38',NULL,NULL),(21757,21811,0,'2023-09-01 08:50:38',NULL,NULL),(21758,21754,0,'2023-09-01 08:50:38',NULL,NULL),(21759,21751,0,'2023-09-01 08:50:38',NULL,NULL),(21760,21762,0,'2023-09-01 08:50:38',NULL,NULL),(21761,21763,0,'2023-09-01 08:50:38',NULL,NULL),(21762,21809,0,'2023-09-01 08:50:38',NULL,NULL),(21763,21810,0,'2023-09-01 08:50:38',NULL,NULL),(21764,21801,0,'2023-09-01 08:50:38',NULL,NULL),(21765,21798,0,'2023-09-01 08:50:38',NULL,NULL),(21766,21795,0,'2023-09-01 08:50:38',NULL,NULL),(21767,21781,0,'2023-09-01 08:50:38',NULL,NULL),(21768,21755,0,'2023-09-01 08:50:38',NULL,NULL),(21769,21757,0,'2023-09-01 08:50:38',NULL,NULL),(21770,21756,0,'2023-09-01 08:50:38',NULL,NULL),(21771,21758,0,'2023-09-01 08:50:38',NULL,NULL),(21772,21806,0,'2023-09-01 08:50:38',NULL,NULL),(21773,21759,0,'2023-09-01 08:50:38',NULL,NULL),(21774,21820,0,'2023-09-01 08:50:38',NULL,NULL),(21775,21808,0,'2023-09-01 08:50:38',NULL,NULL),(21776,21767,0,'2023-09-01 08:50:38',NULL,NULL),(21777,21887,0,'2023-09-01 08:50:38',NULL,NULL),(21778,21846,0,'2023-09-01 08:50:38',NULL,NULL),(21779,21840,0,'2023-09-01 08:50:38',NULL,NULL),(21780,21867,0,'2023-09-01 08:50:38',NULL,NULL),(21781,21844,0,'2023-09-01 08:50:38',NULL,NULL),(21782,21881,0,'2023-09-01 08:50:38',NULL,NULL),(21783,21902,0,'2023-09-01 08:50:38',NULL,NULL),(21784,21839,0,'2023-09-01 08:50:38','2023-12-07 03:52:31',NULL),(21785,21900,0,'2023-09-01 08:50:38',NULL,NULL),(21786,21841,0,'2023-09-01 08:50:38',NULL,NULL),(21787,21901,0,'2023-09-01 08:50:38',NULL,NULL),(21788,21888,0,'2023-09-01 08:50:38',NULL,NULL),(21789,21906,0,'2023-09-01 08:50:38',NULL,NULL),(21790,21860,0,'2023-09-01 08:50:38',NULL,NULL),(21791,21838,0,'2023-09-01 08:50:38',NULL,NULL),(21792,21869,0,'2023-09-01 08:50:38',NULL,NULL),(21793,21875,0,'2023-09-01 08:50:38',NULL,NULL),(21794,21877,0,'2023-09-01 08:50:38',NULL,NULL),(21795,21834,0,'2023-09-01 08:50:38',NULL,NULL),(21796,21891,0,'2023-09-01 08:50:38',NULL,NULL),(21797,21890,0,'2023-09-01 08:50:38',NULL,NULL),(21798,21842,0,'2023-09-01 08:50:38',NULL,NULL),(21799,21848,0,'2023-09-01 08:50:38',NULL,NULL),(21800,21862,0,'2023-09-01 08:50:38',NULL,NULL),(21801,21872,0,'2023-09-01 08:50:38',NULL,NULL),(21802,21827,0,'2023-09-01 08:50:38',NULL,NULL),(21803,21907,0,'2023-09-01 08:50:38',NULL,NULL),(21804,21904,0,'2023-09-01 08:50:38',NULL,NULL),(21805,21903,0,'2023-09-01 08:50:38',NULL,NULL),(21806,21909,0,'2023-09-01 08:50:38',NULL,NULL),(21807,21908,0,'2023-09-01 08:50:38',NULL,NULL),(21808,21856,0,'2023-09-01 08:50:38',NULL,NULL),(21809,21855,0,'2023-09-01 08:50:38',NULL,NULL),(21810,21854,0,'2023-09-01 08:50:38',NULL,NULL),(21811,21892,0,'2023-09-01 08:50:38',NULL,NULL),(21812,21882,0,'2023-09-01 08:50:38',NULL,NULL),(21813,21870,0,'2023-09-01 08:50:38',NULL,NULL),(21814,21871,0,'2023-09-01 08:50:38',NULL,NULL),(21815,21876,0,'2023-09-01 08:50:38',NULL,NULL),(21816,21868,0,'2023-09-01 08:50:38',NULL,NULL),(21817,21879,0,'2023-09-01 08:50:38',NULL,NULL),(21818,21829,0,'2023-09-01 08:50:38',NULL,NULL),(21819,21895,0,'2023-09-01 08:50:38',NULL,NULL),(21820,21836,0,'2023-09-01 08:50:38',NULL,NULL),(21821,21835,0,'2023-09-01 08:50:38',NULL,NULL),(21822,21833,0,'2023-09-01 08:50:38',NULL,NULL),(21823,21837,0,'2023-09-01 08:50:38',NULL,NULL),(21824,21831,0,'2023-09-01 08:50:38',NULL,NULL),(21825,21849,0,'2023-09-01 08:50:38',NULL,NULL),(21826,21852,0,'2023-09-01 08:50:38',NULL,NULL),(21827,21897,0,'2023-09-01 08:50:38',NULL,NULL),(21828,21874,0,'2023-09-01 08:50:38',NULL,NULL),(21829,21905,0,'2023-09-01 08:50:38',NULL,NULL),(21830,21845,0,'2023-09-01 08:50:38',NULL,NULL),(21831,21893,0,'2023-09-01 08:50:38',NULL,NULL),(21832,21828,0,'2023-09-01 08:50:38',NULL,NULL),(21833,21880,0,'2023-09-01 08:50:38',NULL,NULL),(21834,21889,0,'2023-09-01 08:50:38',NULL,NULL),(21835,21883,0,'2023-09-01 08:50:38',NULL,NULL),(21836,21896,0,'2023-09-01 08:50:38',NULL,NULL),(21837,21830,0,'2023-09-01 08:50:38',NULL,NULL),(21838,21832,0,'2023-09-01 08:50:38',NULL,NULL),(21839,21857,0,'2023-09-01 08:50:38',NULL,NULL),(21840,21858,0,'2023-09-01 08:50:38',NULL,NULL),(21841,21859,0,'2023-09-01 08:50:38',NULL,NULL),(21842,21864,0,'2023-09-01 08:50:38',NULL,NULL),(21843,21865,0,'2023-09-01 08:50:38',NULL,NULL),(21844,21866,0,'2023-09-01 08:50:38',NULL,NULL),(21845,21850,0,'2023-09-01 08:50:38',NULL,NULL),(21846,21884,0,'2023-09-01 08:50:38',NULL,NULL),(21847,21873,0,'2023-09-01 08:50:38',NULL,NULL),(21848,21878,0,'2023-09-01 08:50:38',NULL,NULL),(21849,21885,0,'2023-09-01 08:50:38',NULL,NULL),(21850,21863,0,'2023-09-01 08:50:38',NULL,NULL),(21851,21898,0,'2023-09-01 08:50:38',NULL,NULL),(21852,21861,0,'2023-09-01 08:50:38',NULL,NULL),(21853,21843,0,'2023-09-01 08:50:38',NULL,NULL),(21854,21847,0,'2023-09-01 08:50:38',NULL,NULL),(21855,21894,0,'2023-09-01 08:50:38',NULL,NULL),(21856,21899,0,'2023-09-01 08:50:38',NULL,NULL),(21857,21853,0,'2023-09-01 08:50:38',NULL,NULL),(21858,21851,0,'2023-09-01 08:50:38',NULL,NULL),(21859,21886,0,'2023-09-01 08:50:38',NULL,NULL),(21860,21973,0,'2023-09-01 08:50:38',NULL,NULL),(21861,21972,0,'2023-09-01 08:50:38',NULL,NULL),(21862,21959,0,'2023-09-01 08:50:38',NULL,NULL),(21863,21991,0,'2023-09-01 08:50:38',NULL,NULL),(21864,21996,0,'2023-09-01 08:50:38',NULL,NULL),(21865,21941,0,'2023-09-01 08:50:38',NULL,NULL),(21866,21931,0,'2023-09-01 08:50:38',NULL,NULL),(21867,21963,0,'2023-09-01 08:50:38',NULL,NULL),(21868,21930,0,'2023-09-01 08:50:38',NULL,NULL),(21869,21964,0,'2023-09-01 08:50:38',NULL,NULL),(21870,21974,0,'2023-09-01 08:50:38',NULL,NULL),(21871,21971,0,'2023-09-01 08:50:38',NULL,NULL),(21872,21938,0,'2023-09-01 08:50:38',NULL,NULL),(21873,21927,0,'2023-09-01 08:50:38',NULL,NULL),(21874,21913,0,'2023-09-01 08:50:38',NULL,NULL),(21875,21947,0,'2023-09-01 08:50:38',NULL,NULL),(21876,21922,0,'2023-09-01 08:50:38',NULL,NULL),(21877,21924,0,'2023-09-01 08:50:38',NULL,NULL),(21878,21942,0,'2023-09-01 08:50:38',NULL,NULL),(21879,21939,0,'2023-09-01 08:50:38',NULL,NULL),(21880,21943,0,'2023-09-01 08:50:38',NULL,NULL),(21881,21955,0,'2023-09-01 08:50:38',NULL,NULL),(21882,21956,0,'2023-09-01 08:50:38',NULL,NULL),(21883,21969,0,'2023-09-01 08:50:38',NULL,NULL),(21884,21928,0,'2023-09-01 08:50:38',NULL,NULL),(21885,21916,0,'2023-09-01 08:50:38',NULL,NULL),(21886,21917,0,'2023-09-01 08:50:38',NULL,NULL),(21887,21910,0,'2023-09-01 08:50:38',NULL,NULL),(21888,21915,0,'2023-09-01 08:50:38',NULL,NULL),(21889,21925,0,'2023-09-01 08:50:38',NULL,NULL),(21890,21975,0,'2023-09-01 08:50:38',NULL,NULL),(21891,21953,0,'2023-09-01 08:50:38',NULL,NULL),(21892,21954,0,'2023-09-01 08:50:38',NULL,NULL),(21893,21918,0,'2023-09-01 08:50:38',NULL,NULL),(21894,21919,0,'2023-09-01 08:50:38',NULL,NULL),(21895,21926,0,'2023-09-01 08:50:38',NULL,NULL),(21896,21983,0,'2023-09-01 08:50:38',NULL,NULL),(21897,21960,0,'2023-09-01 08:50:38',NULL,NULL),(21898,21933,0,'2023-09-01 08:50:38',NULL,NULL),(21899,21940,0,'2023-09-01 08:50:38',NULL,NULL),(21900,21920,0,'2023-09-01 08:50:38',NULL,NULL),(21901,21981,0,'2023-09-01 08:50:38',NULL,NULL),(21902,21936,0,'2023-09-01 08:50:38',NULL,NULL),(21903,21937,0,'2023-09-01 08:50:38',NULL,NULL),(21904,21978,0,'2023-09-01 08:50:38',NULL,NULL),(21905,21980,0,'2023-09-01 08:50:38',NULL,NULL),(21906,21992,0,'2023-09-01 08:50:38',NULL,NULL),(21907,21986,0,'2023-09-01 08:50:38',NULL,NULL),(21908,21989,0,'2023-09-01 08:50:38',NULL,NULL),(21909,21934,0,'2023-09-01 08:50:38',NULL,NULL),(21910,21965,0,'2023-09-01 08:50:38',NULL,NULL),(21911,21999,0,'2023-09-01 08:50:38',NULL,NULL),(21912,21932,0,'2023-09-01 08:50:38',NULL,NULL),(21913,21988,0,'2023-09-01 08:50:38',NULL,NULL),(21914,21982,0,'2023-09-01 08:50:38',NULL,NULL),(21915,21968,0,'2023-09-01 08:50:38',NULL,NULL),(21916,22000,0,'2023-09-01 08:50:38',NULL,NULL),(21917,21952,0,'2023-09-01 08:50:38',NULL,NULL),(21918,21966,0,'2023-09-01 08:50:38',NULL,NULL),(21919,21994,0,'2023-09-01 08:50:38',NULL,NULL),(21920,21914,0,'2023-09-01 08:50:38',NULL,NULL),(21921,21951,0,'2023-09-01 08:50:38',NULL,NULL),(21922,21911,0,'2023-09-01 08:50:38',NULL,NULL),(21923,21979,0,'2023-09-01 08:50:38',NULL,NULL),(21924,21950,0,'2023-09-01 08:50:38',NULL,NULL),(21925,21998,0,'2023-09-01 08:50:38',NULL,NULL),(21926,21912,0,'2023-09-01 08:50:38',NULL,NULL),(21927,21923,0,'2023-09-01 08:50:38',NULL,NULL),(21928,21948,0,'2023-09-01 08:50:38',NULL,NULL),(21929,21976,0,'2023-09-01 08:50:38',NULL,NULL),(21930,21987,0,'2023-09-01 08:50:38',NULL,NULL),(21931,21944,0,'2023-09-01 08:50:38',NULL,NULL),(21932,21977,0,'2023-09-01 08:50:38',NULL,NULL),(21933,21949,0,'2023-09-01 08:50:38',NULL,NULL),(21934,21995,0,'2023-09-01 08:50:38',NULL,NULL),(21935,21921,0,'2023-09-01 08:50:38',NULL,NULL),(21936,21961,0,'2023-09-01 08:50:38',NULL,NULL),(21937,21935,0,'2023-09-01 08:50:38',NULL,NULL),(21938,21958,0,'2023-09-01 08:50:38',NULL,NULL),(21939,21990,0,'2023-09-01 08:50:38',NULL,NULL),(21940,21929,0,'2023-09-01 08:50:38',NULL,NULL),(21941,21962,0,'2023-09-01 08:50:38',NULL,NULL),(21942,21985,0,'2023-09-01 08:50:38',NULL,NULL),(21943,21993,0,'2023-09-01 08:50:38',NULL,NULL),(21944,21970,0,'2023-09-01 08:50:38',NULL,NULL),(21945,21957,0,'2023-09-01 08:50:38',NULL,NULL),(21946,21984,0,'2023-09-01 08:50:38',NULL,NULL),(21947,21945,0,'2023-09-01 08:50:38',NULL,NULL),(21948,21997,0,'2023-09-01 08:50:38',NULL,NULL),(21949,21946,0,'2023-09-01 08:50:38',NULL,NULL),(21950,21967,0,'2023-09-01 08:50:38',NULL,NULL),(21951,22081,0,'2023-09-01 08:50:39',NULL,NULL),(21952,22009,0,'2023-09-01 08:50:39',NULL,NULL),(21953,22031,0,'2023-09-01 08:50:39',NULL,NULL),(21954,22016,0,'2023-09-01 08:50:39',NULL,NULL),(21955,22013,0,'2023-09-01 08:50:39',NULL,NULL),(21956,22034,0,'2023-09-01 08:50:39',NULL,NULL),(21957,22025,0,'2023-09-01 08:50:39',NULL,NULL),(21958,22022,0,'2023-09-01 08:50:39',NULL,NULL),(21959,22023,0,'2023-09-01 08:50:39',NULL,NULL),(21960,22024,0,'2023-09-01 08:50:39',NULL,NULL),(21961,22015,0,'2023-09-01 08:50:39',NULL,NULL),(21962,22051,0,'2023-09-01 08:50:39',NULL,NULL),(21963,22005,0,'2023-09-01 08:50:39',NULL,NULL),(21964,22088,0,'2023-09-01 08:50:39',NULL,NULL),(21965,22063,0,'2023-09-01 08:50:39',NULL,NULL),(21966,22087,0,'2023-09-01 08:50:39',NULL,NULL),(21967,22019,0,'2023-09-01 08:50:39',NULL,NULL),(21968,22021,0,'2023-09-01 08:50:39',NULL,NULL),(21969,22020,0,'2023-09-01 08:50:39',NULL,NULL),(21970,22084,0,'2023-09-01 08:50:39',NULL,NULL),(21971,22080,0,'2023-09-01 08:50:39',NULL,NULL),(21972,22067,0,'2023-09-01 08:50:39',NULL,NULL),(21973,22053,0,'2023-09-01 08:50:39',NULL,NULL),(21974,22052,0,'2023-09-01 08:50:39',NULL,NULL),(21975,22069,0,'2023-09-01 08:50:39',NULL,NULL),(21976,22075,0,'2023-09-01 08:50:39',NULL,NULL),(21977,22035,0,'2023-09-01 08:50:39',NULL,NULL),(21978,22054,0,'2023-09-01 08:50:39',NULL,NULL),(21979,22070,0,'2023-09-01 08:50:39',NULL,NULL),(21980,22059,0,'2023-09-01 08:50:39',NULL,NULL),(21981,22006,0,'2023-09-01 08:50:39',NULL,NULL),(21982,22076,0,'2023-09-01 08:50:39',NULL,NULL),(21983,22091,0,'2023-09-01 08:50:39',NULL,NULL),(21984,22033,0,'2023-09-01 08:50:39',NULL,NULL),(21985,22060,0,'2023-09-01 08:50:39',NULL,NULL),(21986,22046,0,'2023-09-01 08:50:39',NULL,NULL),(21987,22049,0,'2023-09-01 08:50:39',NULL,NULL),(21988,22090,0,'2023-09-01 08:50:39',NULL,NULL),(21989,22061,0,'2023-09-01 08:50:39',NULL,NULL),(21990,22036,0,'2023-09-01 08:50:39',NULL,NULL),(21991,22001,0,'2023-09-01 08:50:39',NULL,NULL),(21992,22002,0,'2023-09-01 08:50:39',NULL,NULL),(21993,22071,0,'2023-09-01 08:50:39',NULL,NULL),(21994,22050,0,'2023-09-01 08:50:39',NULL,NULL),(21995,22012,0,'2023-09-01 08:50:39',NULL,NULL),(21996,22004,0,'2023-09-01 08:50:39',NULL,NULL),(21997,22093,0,'2023-09-01 08:50:39',NULL,NULL),(21998,22092,0,'2023-09-01 08:50:39',NULL,NULL),(21999,22003,0,'2023-09-01 08:50:39',NULL,NULL),(22000,22074,0,'2023-09-01 08:50:39',NULL,NULL),(22001,22094,0,'2023-09-01 08:50:39',NULL,NULL),(22002,22032,0,'2023-09-01 08:50:39',NULL,NULL),(22003,22014,0,'2023-09-01 08:50:39',NULL,NULL),(22004,22047,0,'2023-09-01 08:50:39',NULL,NULL),(22005,22017,0,'2023-09-01 08:50:39',NULL,NULL),(22006,22018,0,'2023-09-01 08:50:39',NULL,NULL),(22007,22010,0,'2023-09-01 08:50:39',NULL,NULL),(22008,22011,0,'2023-09-01 08:50:39',NULL,NULL),(22009,22043,0,'2023-09-01 08:50:39','2023-12-07 19:48:39',NULL),(22010,22042,0,'2023-09-01 08:50:39',NULL,NULL),(22011,22044,0,'2023-09-01 08:50:39','2023-09-12 21:05:19',NULL),(22012,22045,0,'2023-09-01 08:50:39',NULL,NULL),(22013,22037,0,'2023-09-01 08:50:39',NULL,NULL),(22014,22086,0,'2023-09-01 08:50:39',NULL,NULL),(22015,22072,0,'2023-09-01 08:50:39',NULL,NULL),(22016,22083,0,'2023-09-01 08:50:39',NULL,NULL),(22017,22078,0,'2023-09-01 08:50:39',NULL,NULL),(22018,22064,0,'2023-09-01 08:50:39',NULL,NULL),(22019,22065,0,'2023-09-01 08:50:39',NULL,NULL),(22020,22068,0,'2023-09-01 08:50:39',NULL,NULL),(22021,22027,0,'2023-09-01 08:50:39',NULL,NULL),(22022,22079,0,'2023-09-01 08:50:39',NULL,NULL),(22023,22062,0,'2023-09-01 08:50:39',NULL,NULL),(22024,22048,0,'2023-09-01 08:50:39',NULL,NULL),(22025,22055,0,'2023-09-01 08:50:39',NULL,NULL),(22026,22056,0,'2023-09-01 08:50:39',NULL,NULL),(22027,22057,0,'2023-09-01 08:50:39',NULL,NULL),(22028,22089,0,'2023-09-01 08:50:39',NULL,NULL),(22029,22030,0,'2023-09-01 08:50:39',NULL,NULL),(22030,22077,0,'2023-09-01 08:50:39',NULL,NULL),(22031,22029,0,'2023-09-01 08:50:39',NULL,NULL),(22032,22058,0,'2023-09-01 08:50:39',NULL,NULL),(22033,22073,0,'2023-09-01 08:50:39',NULL,NULL),(22034,22007,0,'2023-09-01 08:50:39',NULL,NULL),(22035,22028,0,'2023-09-01 08:50:39',NULL,NULL),(22036,22026,0,'2023-09-01 08:50:39',NULL,NULL),(22037,22085,0,'2023-09-01 08:50:39',NULL,NULL),(22038,22040,0,'2023-09-01 08:50:39',NULL,NULL),(22039,22041,0,'2023-09-01 08:50:39',NULL,NULL),(22040,22039,0,'2023-09-01 08:50:39',NULL,NULL),(22041,22082,0,'2023-09-01 08:50:39',NULL,NULL),(22042,22038,0,'2023-09-01 08:50:39',NULL,NULL),(22043,22066,0,'2023-09-01 08:50:39',NULL,NULL),(22044,22008,0,'2023-09-01 08:50:39',NULL,NULL),(22045,22156,0,'2023-09-01 08:50:39',NULL,NULL),(22046,22133,0,'2023-09-01 08:50:39',NULL,NULL),(22047,22126,0,'2023-09-01 08:50:39',NULL,NULL),(22048,22125,0,'2023-09-01 08:50:39',NULL,NULL),(22049,22131,0,'2023-09-01 08:50:39',NULL,NULL),(22050,22097,0,'2023-09-01 08:50:39',NULL,NULL),(22051,22114,0,'2023-09-01 08:50:39',NULL,NULL),(22052,22117,0,'2023-09-01 08:50:39',NULL,NULL),(22053,22121,0,'2023-09-01 08:50:39',NULL,NULL),(22054,22120,0,'2023-09-01 08:50:39',NULL,NULL),(22055,22115,0,'2023-09-01 08:50:39',NULL,NULL),(22056,22169,0,'2023-09-01 08:50:39',NULL,NULL),(22057,22139,0,'2023-09-01 08:50:39',NULL,NULL),(22058,22154,0,'2023-09-01 08:50:39',NULL,NULL),(22059,22135,0,'2023-09-01 08:50:39',NULL,NULL),(22060,22155,0,'2023-09-01 08:50:39',NULL,NULL),(22061,22122,0,'2023-09-01 08:50:39',NULL,NULL),(22062,22151,0,'2023-09-01 08:50:39',NULL,NULL),(22063,22150,0,'2023-09-01 08:50:39',NULL,NULL),(22064,22095,0,'2023-09-01 08:50:39',NULL,NULL),(22065,22107,0,'2023-09-01 08:50:39',NULL,NULL),(22066,22106,0,'2023-09-01 08:50:39',NULL,NULL),(22067,22098,0,'2023-09-01 08:50:39',NULL,NULL),(22068,22172,0,'2023-09-01 08:50:39',NULL,NULL),(22069,22123,0,'2023-09-01 08:50:39',NULL,NULL),(22070,22111,0,'2023-09-01 08:50:39',NULL,NULL),(22071,22103,0,'2023-09-01 08:50:39',NULL,NULL),(22072,22119,0,'2023-09-01 08:50:39',NULL,NULL),(22073,22118,0,'2023-09-01 08:50:39',NULL,NULL),(22074,22167,0,'2023-09-01 08:50:39',NULL,NULL),(22075,22137,0,'2023-09-01 08:50:39',NULL,NULL),(22076,22096,0,'2023-09-01 08:50:39',NULL,NULL),(22077,22129,0,'2023-09-01 08:50:39',NULL,NULL),(22078,22127,0,'2023-09-01 08:50:39',NULL,NULL),(22079,22116,0,'2023-09-01 08:50:39',NULL,NULL),(22080,22163,0,'2023-09-01 08:50:39',NULL,NULL),(22081,22147,0,'2023-09-01 08:50:39',NULL,NULL),(22082,22128,0,'2023-09-01 08:50:39',NULL,NULL),(22083,22161,0,'2023-09-01 08:50:39',NULL,NULL),(22084,22112,0,'2023-09-01 08:50:39',NULL,NULL),(22085,22144,0,'2023-09-01 08:50:39',NULL,NULL),(22086,22138,0,'2023-09-01 08:50:39',NULL,NULL),(22087,22108,0,'2023-09-01 08:50:39',NULL,NULL),(22088,22104,0,'2023-09-01 08:50:39',NULL,NULL),(22089,22102,0,'2023-09-01 08:50:39',NULL,NULL),(22090,22130,0,'2023-09-01 08:50:39',NULL,NULL),(22091,22141,0,'2023-09-01 08:50:39',NULL,NULL),(22092,22162,0,'2023-09-01 08:50:39',NULL,NULL),(22093,22143,0,'2023-09-01 08:50:39',NULL,NULL),(22094,22152,0,'2023-09-01 08:50:39',NULL,NULL),(22095,22166,0,'2023-09-01 08:50:39',NULL,NULL),(22096,22168,0,'2023-09-01 08:50:39',NULL,NULL),(22097,22140,0,'2023-09-01 08:50:39',NULL,NULL),(22098,22160,0,'2023-09-01 08:50:39',NULL,NULL),(22099,22171,0,'2023-09-01 08:50:39',NULL,NULL),(22100,22136,0,'2023-09-01 08:50:39',NULL,NULL),(22101,22101,0,'2023-09-01 08:50:39',NULL,NULL),(22102,22132,0,'2023-09-01 08:50:39',NULL,NULL),(22103,22164,0,'2023-09-01 08:50:39',NULL,NULL),(22104,22100,0,'2023-09-01 08:50:39',NULL,NULL),(22105,22148,0,'2023-09-01 08:50:39',NULL,NULL),(22106,22113,0,'2023-09-01 08:50:39',NULL,NULL),(22107,22105,0,'2023-09-01 08:50:39',NULL,NULL),(22108,22134,0,'2023-09-01 08:50:39',NULL,NULL),(22109,22170,0,'2023-09-01 08:50:39',NULL,NULL),(22110,22158,0,'2023-09-01 08:50:39',NULL,NULL),(22111,22149,0,'2023-09-01 08:50:39',NULL,NULL),(22112,22159,0,'2023-09-01 08:50:39',NULL,NULL),(22113,22153,0,'2023-09-01 08:50:39',NULL,NULL),(22114,22157,0,'2023-09-01 08:50:39',NULL,NULL),(22115,22142,0,'2023-09-01 08:50:39',NULL,NULL),(22116,22110,0,'2023-09-01 08:50:39',NULL,NULL),(22117,22109,0,'2023-09-01 08:50:39',NULL,NULL),(22118,22099,0,'2023-09-01 08:50:39',NULL,NULL),(22119,22124,0,'2023-09-01 08:50:39',NULL,NULL),(22120,22165,0,'2023-09-01 08:50:39',NULL,NULL),(22121,22146,0,'2023-09-01 08:50:39',NULL,NULL),(22122,22145,0,'2023-09-01 08:50:39',NULL,NULL),(22123,22173,0,'2023-09-06 19:27:44','2023-09-06 19:27:48',NULL),(22124,22174,0,'2023-09-12 21:26:17','2023-09-12 21:26:20',NULL),(22125,22175,0,'2023-09-13 19:05:07','2023-09-13 19:05:10',NULL),(22126,22176,0,'2023-09-13 23:50:38','2024-02-14 23:02:57',NULL),(22127,22177,0,'2023-09-13 23:53:13','2023-09-13 23:53:14',NULL),(22128,22178,0,'2023-09-27 18:20:21','2023-09-27 18:20:24',NULL),(22129,22179,0,'2023-09-27 18:20:26','2023-09-27 18:20:27',NULL),(22130,22180,0,'2023-09-27 18:20:28','2023-09-27 18:20:30',NULL),(22131,22181,0,'2023-09-27 18:20:30','2023-09-27 18:20:31',NULL),(22132,22182,0,'2023-09-27 18:20:33','2023-09-27 18:20:34',NULL),(22133,22183,0,'2023-09-27 18:26:13','2023-09-27 18:29:32',NULL),(22134,22185,0,'2023-09-27 18:27:24','2023-09-27 18:29:33',NULL),(22135,22186,0,'2023-09-27 18:27:26','2023-09-27 18:29:34',NULL),(22136,22188,0,'2023-09-27 18:28:26','2023-09-27 18:29:35',NULL),(22137,22190,0,'2023-09-27 18:29:36','2023-09-27 18:29:38',NULL),(22138,22191,0,'2023-09-28 17:28:41','2023-09-28 17:28:43',NULL),(22139,22192,0,'2023-10-04 16:59:02','2023-10-04 16:59:06',NULL),(22140,22193,0,'2023-10-09 17:54:02','2023-10-09 17:54:06',NULL),(22141,22194,0,'2023-10-12 22:13:10','2023-10-12 22:13:12',NULL),(22142,22195,0,'2023-10-12 22:16:12','2023-10-12 22:16:13',NULL),(22143,22196,0,'2023-10-18 22:34:57','2023-10-18 22:35:00',NULL),(22144,22197,0,'2023-10-31 23:56:56','2023-10-31 23:58:39',NULL),(22145,22199,0,'2023-10-31 23:58:20','2023-12-20 23:15:44',NULL),(22146,22200,0,'2023-10-31 23:58:40','2023-10-31 23:58:41',NULL),(22147,22201,0,'2023-10-31 23:58:42','2023-10-31 23:58:43',NULL),(22148,22202,0,'2023-10-31 23:58:45','2023-10-31 23:58:45',NULL),(22149,22203,0,'2023-11-02 22:57:38','2023-11-02 22:57:40',NULL),(22150,22285,0,'2023-11-03 12:46:28','2023-12-18 17:40:52',NULL),(22151,22284,0,'2023-11-03 12:46:28','2023-12-07 03:52:31',NULL),(22152,22216,0,'2023-11-03 12:46:28','2023-12-18 17:40:52',NULL),(22153,22217,0,'2023-11-03 12:46:28','2023-12-07 03:52:31',NULL),(22154,22283,0,'2023-11-03 12:46:28','2023-12-07 03:52:31',NULL),(22155,22209,0,'2023-11-03 12:46:28','2023-12-07 03:52:31',NULL),(22156,22270,0,'2023-11-03 12:46:28','2023-12-07 03:52:31',NULL),(22157,22274,0,'2023-11-03 12:46:28','2023-12-18 17:40:52',NULL),(22158,22242,0,'2023-11-03 12:46:28','2023-12-18 17:40:52',NULL),(22159,22268,0,'2023-11-03 12:46:28','2023-12-07 03:52:31',NULL),(22160,22244,0,'2023-11-03 12:46:28','2023-12-07 03:52:31',NULL),(22161,22218,0,'2023-11-03 12:46:28','2023-12-07 03:52:31',NULL),(22162,22269,0,'2023-11-03 12:46:28','2023-12-07 03:52:31',NULL),(22163,22263,0,'2023-11-03 12:46:28','2023-12-07 03:52:31',NULL),(22164,22258,0,'2023-11-03 12:46:28','2023-12-07 03:52:31',NULL),(22165,22247,0,'2023-11-03 12:46:28','2023-12-07 03:52:31',NULL),(22166,22240,0,'2023-11-03 12:46:28','2023-12-07 03:52:31',NULL),(22167,22257,0,'2023-11-03 12:46:28','2023-12-18 17:40:52',NULL),(22168,22220,0,'2023-11-03 12:46:28','2023-12-07 03:52:31',NULL),(22169,22239,0,'2023-11-03 12:46:28','2023-12-07 03:52:31',NULL),(22170,22266,0,'2023-11-03 12:46:28','2023-12-07 03:52:31',NULL),(22171,22236,0,'2023-11-03 12:46:28','2023-12-07 03:52:31',NULL),(22172,22237,0,'2023-11-03 12:46:28','2023-12-07 03:52:31',NULL),(22173,22227,0,'2023-11-03 12:46:28','2023-12-07 03:52:31',NULL),(22174,22228,0,'2023-11-03 12:46:28','2023-12-07 03:52:31',NULL),(22175,22254,0,'2023-11-03 12:46:28','2023-12-07 03:52:31',NULL),(22176,22253,0,'2023-11-03 12:46:28','2023-12-07 03:52:31',NULL),(22177,22260,0,'2023-11-03 12:46:28','2023-12-07 03:52:31',NULL),(22178,22226,0,'2023-11-03 12:46:28','2023-12-07 03:52:31',NULL),(22179,22277,0,'2023-11-03 12:46:28','2023-12-07 03:52:31',NULL),(22180,22214,0,'2023-11-03 12:46:28','2023-12-18 17:40:52',NULL),(22181,22280,0,'2023-11-03 12:46:28','2023-12-18 17:40:52',NULL),(22182,22225,0,'2023-11-03 12:46:28','2023-12-07 03:52:31',NULL),(22183,22207,0,'2023-11-03 12:46:28','2023-12-07 03:52:31',NULL),(22184,22208,0,'2023-11-03 12:46:28','2023-12-07 03:52:31',NULL),(22185,22212,0,'2023-11-03 12:46:28','2023-12-07 03:52:31',NULL),(22186,22205,0,'2023-11-03 12:46:28','2023-12-07 03:52:31',NULL),(22187,22234,0,'2023-11-03 12:46:28','2023-12-07 03:52:31',NULL),(22188,22224,0,'2023-11-03 12:46:28','2023-12-07 03:52:31',NULL),(22189,22245,0,'2023-11-03 12:46:28','2023-12-18 17:40:52',NULL),(22190,22286,0,'2023-11-03 12:46:28',NULL,NULL),(22191,22211,0,'2023-11-03 12:46:28','2023-12-20 00:26:49',NULL),(22192,22210,0,'2023-11-03 12:46:28','2023-12-18 17:40:52',NULL),(22193,22255,0,'2023-11-03 12:46:28','2023-12-07 03:52:31',NULL),(22194,22272,0,'2023-11-03 12:46:28','2023-12-07 03:52:31',NULL),(22195,22278,0,'2023-11-03 12:46:28','2023-12-07 03:52:31',NULL),(22196,22233,0,'2023-11-03 12:46:28','2023-12-07 03:52:31',NULL),(22197,22287,0,'2023-11-03 12:46:28','2023-12-18 17:40:52',NULL),(22198,22235,0,'2023-11-03 12:46:28','2023-12-07 03:52:31',NULL),(22199,22262,0,'2023-11-03 12:46:28','2023-12-07 03:52:31',NULL),(22200,22231,0,'2023-11-03 12:46:28','2023-12-07 03:52:31',NULL),(22201,22215,0,'2023-11-03 12:46:28','2023-12-07 03:52:31',NULL),(22202,22251,0,'2023-11-03 12:46:28','2023-12-07 03:52:31',NULL),(22203,22222,0,'2023-11-03 12:46:28','2023-12-07 03:52:31',NULL),(22204,22279,0,'2023-11-03 12:46:28','2023-12-07 03:52:31',NULL),(22205,22223,0,'2023-11-03 12:46:28','2023-12-07 03:52:31',NULL),(22206,22256,0,'2023-11-03 12:46:28','2023-12-07 03:52:31',NULL),(22207,22230,0,'2023-11-03 12:46:28','2023-12-07 03:52:31',NULL),(22208,22250,0,'2023-11-03 12:46:28','2023-12-07 03:52:31',NULL),(22209,22243,0,'2023-11-03 12:46:28','2023-12-07 03:52:31',NULL),(22210,22238,0,'2023-11-03 12:46:28','2023-12-07 03:52:31',NULL),(22211,22241,0,'2023-11-03 12:46:28','2023-12-07 03:52:31',NULL),(22212,22246,0,'2023-11-03 12:46:28','2023-12-18 17:40:52',NULL),(22213,22206,0,'2023-11-03 12:46:28','2023-12-07 03:52:31',NULL),(22214,22271,0,'2023-11-03 12:46:28','2023-12-07 03:52:31',NULL),(22215,22276,0,'2023-11-03 12:46:28','2023-12-07 03:52:31',NULL),(22216,22281,0,'2023-11-03 12:46:28','2023-12-18 17:40:52',NULL),(22217,22219,0,'2023-11-03 12:46:28','2023-12-07 03:52:31',NULL),(22218,22282,0,'2023-11-03 12:46:28','2023-12-18 17:40:52',NULL),(22219,22259,0,'2023-11-03 12:46:28','2023-12-07 03:52:31',NULL),(22220,22204,0,'2023-11-03 12:46:28','2023-12-18 17:40:52',NULL),(22221,22265,0,'2023-11-03 12:46:28','2023-12-07 03:52:31',NULL),(22222,22249,0,'2023-11-03 12:46:28','2023-12-07 03:52:31',NULL),(22223,22264,0,'2023-11-03 12:46:28','2023-12-07 03:52:31',NULL),(22224,22221,0,'2023-11-03 12:46:28','2023-12-07 03:52:31',NULL),(22225,22267,0,'2023-11-03 12:46:28','2023-12-07 03:52:31',NULL),(22226,22275,0,'2023-11-03 12:46:28','2023-12-07 03:52:31',NULL),(22227,22248,0,'2023-11-03 12:46:28','2023-12-07 03:52:31',NULL),(22228,22232,0,'2023-11-03 12:46:28','2023-12-07 03:52:31',NULL),(22229,22229,0,'2023-11-03 12:46:28','2023-12-07 03:52:31',NULL),(22230,22273,0,'2023-11-03 12:46:28','2023-12-07 03:52:31',NULL),(22231,22261,0,'2023-11-03 12:46:28','2023-12-07 03:52:31',NULL),(22232,22213,0,'2023-11-03 12:46:28','2023-12-07 03:52:31',NULL),(22233,22252,0,'2023-11-03 12:46:28','2023-12-07 03:52:31',NULL),(22234,22288,0,'2023-11-07 01:10:31','2023-11-07 01:10:34',NULL),(22235,22289,0,'2023-11-08 00:02:54','2023-11-08 00:02:56',NULL),(22236,22290,0,'2023-11-08 23:25:48','2023-11-08 23:27:29',NULL),(22237,22291,0,'2023-11-08 23:57:30','2023-11-08 23:57:32',NULL),(22238,22292,0,'2023-11-15 18:50:07','2024-01-04 23:49:53',NULL),(22239,22293,0,'2023-11-30 23:58:12','2023-12-01 00:00:48',NULL),(22240,22294,0,'2023-12-07 03:15:42','2023-12-07 03:15:42',NULL),(22241,22295,0,'2023-12-07 03:18:04','2023-12-20 00:26:00',NULL),(22242,22296,0,'2023-12-12 20:21:45','2023-12-12 20:21:47',NULL),(22243,22297,0,'2023-12-14 23:37:40','2023-12-14 23:37:42',NULL),(22244,22298,0,'2023-12-18 17:54:43','2023-12-18 17:54:43',NULL),(22245,22299,0,'2023-12-18 17:59:10','2023-12-18 17:59:10',NULL),(22246,22300,0,'2023-12-19 16:30:56','2023-12-19 16:39:45',NULL),(22247,22301,0,'2023-12-19 22:00:21','2023-12-19 22:00:22',NULL),(22248,22302,0,'2023-12-20 00:04:28','2023-12-20 00:24:56',NULL),(22249,22303,0,'2023-12-20 00:09:57','2023-12-20 00:21:43',NULL),(22250,22304,0,'2023-12-20 00:15:01','2023-12-20 00:26:10',NULL),(22251,22305,0,'2023-12-20 00:17:31','2023-12-20 00:17:31',NULL),(22252,22306,0,'2023-12-20 00:21:54','2023-12-20 00:28:22',NULL),(22253,22307,0,'2023-12-20 00:23:32','2023-12-20 00:28:41',NULL),(22254,22308,0,'2023-12-20 00:23:58','2023-12-20 00:23:58',NULL),(22255,22309,0,'2023-12-20 00:25:49','2023-12-20 00:29:01',NULL),(22256,22310,0,'2023-12-20 23:17:55','2023-12-21 00:01:08',NULL),(22257,22311,0,'2023-12-20 23:39:56','2023-12-20 23:47:05',NULL),(22258,22312,0,'2023-12-20 23:43:39','2023-12-20 23:46:45',NULL),(22259,22313,0,'2023-12-26 23:12:15','2023-12-26 23:12:16',NULL),(22260,22314,0,'2024-02-14 23:15:06','2024-02-14 23:15:06',NULL),(22261,22315,0,'2024-02-21 23:51:19','2024-02-21 23:51:20',NULL),(22262,22316,0,'2024-02-22 15:33:15','2024-02-28 19:23:17',NULL),(22263,22317,0,'2024-02-28 22:49:10','2024-02-29 05:47:16',NULL);

--
