-- Table structure for table `rahi_equote_items`
--

CREATE TABLE `rahi_equote_items` (
  `entity_id` int(10) unsigned NOT NULL AUTO_INCREMENT COMMENT 'Item ID',
  `equote_id` int(10) unsigned NOT NULL COMMENT 'Equote ID',
  `gpn` varchar(255) NOT NULL COMMENT 'product GPN',
  `mpn` varchar(255) NOT NULL COMMENT 'Product MPN',
  `manufacturer` varchar(255) DEFAULT NULL COMMENT 'manufacturer',
  `requested_qty` varchar(255) DEFAULT NULL COMMENT 'Requested Quantity',
  `description` text NOT NULL COMMENT 'Product Description',
  `need_by_date` text COMMENT 'Need By Date',
  `unit_price` varchar(255) NOT NULL DEFAULT '' COMMENT 'Unit Price',
  `lead_time` varchar(255) NOT NULL DEFAULT '' COMMENT 'Lead Time',
  `eol` int(11) NOT NULL DEFAULT '0' COMMENT 'End of Life',
  `replacement_item` varchar(255) NOT NULL DEFAULT '' COMMENT 'Replacemet Item',
  `netsuite_id` varchar(255) NOT NULL DEFAULT '' COMMENT 'Netsuite Id',
  `created_at` timestamp NOT NULL DEFAULT CURRENT_TIMESTAMP COMMENT 'Creation Date',
  `updated_at` timestamp NOT NULL DEFAULT CURRENT_TIMESTAMP ON UPDATE CURRENT_TIMESTAMP COMMENT 'Update Date',
  `ncnr` smallint(6) NOT NULL COMMENT 'NCNR',
  PRIMARY KEY (`entity_id`),
  KEY `RAHI_EQUOTE_ITEMS_EQUOTE_ID_RAHI_EQUOTE_EQUOTE_ID` (`equote_id`)
) ENGINE=InnoDB AUTO_INCREMENT=564 DEFAULT CHARSET=utf8;

--
-- Dumping data for table `rahi_equote_items`
--

INSERT INTO `rahi_equote_items` VALUES (1,1,'554727','1y9712u31','rahi','54','TESTING','07/29/2022','40','',0,'','','2022-07-29 13:22:02','2022-07-30 06:28:57',0),(2,2,'5527818','1y9712u31','Rahi','53','testing','07/31/2022','','',0,'','','2022-07-29 13:30:16','2022-07-29 13:30:16',0),(3,3,'test gpn','test1','google','121','test desc','07/29/2022','121','21111113',1,'Replacement 100','213112','2022-07-29 13:35:41','2022-07-29 16:45:33',0),(4,3,'abc238732','abc238732gpn','Amazon','55','amazon prod',NULL,'21.1','898days',0,'','211','2022-07-29 15:42:56','2022-07-29 15:42:56',0),(5,4,'newGpn','newMpn','Google','212','test','07/29/2022','','',0,'','','2022-07-29 15:57:08','2022-07-29 15:57:08',0),(6,5,'1020400-D7PR4T','1020400-D7PR4T','Rahi','10','testing','07/30/2022','','',0,'','','2022-07-29 16:29:21','2022-07-29 16:29:21',0),(7,6,'21','testmpn','google','212','testmpn desc','07/29/2022','','',0,'','','2022-07-29 16:39:05','2022-07-29 16:39:05',0),(8,6,'gpn','jsdakkjsa','amazon','12','jndkan','07/29/2022','','',0,'','','2022-07-29 16:39:05','2022-07-29 16:39:05',0),(9,3,'Replacement 100','Replacement 100MPN','3M','100','test',NULL,'99.0','30 days',0,'','NS-98766','2022-07-29 16:47:11','2022-07-29 16:47:11',0),(10,7,'','test',NULL,'test','test','07/29/2022','','',0,'','','2022-07-29 17:38:30','2022-07-29 17:38:30',0),(11,8,'','test',NULL,'test','test','07/29/2022','','',0,'','','2022-07-29 18:41:30','2022-07-29 18:41:30',0),(12,9,'63276439','1y9712u31','bgsghkka','23','testing','07/26/2022','','',0,'','','2022-07-30 05:11:22','2022-07-30 05:11:22',0),(13,10,'5537872','44277GGDKK','rahi','23','testing','07/26/2022','45','',0,'','','2022-07-30 05:22:49','2022-08-03 11:35:47',0),(14,11,'07034538','H300',NULL,'1','Switch, Current Monitoring, .15-60A Continuous, Output:\r\nN.O. 1.0A@30VAC/DC, Micro Split-Core Go/No Go,\r\nHawkeye 300',NULL,'','',0,'','','2022-08-02 19:16:03','2022-08-02 19:16:03',0),(15,12,'','H300',NULL,'1','Switch, Current Monitoring, .15-60A Cont\r\nFull Description:\r\nSwitch, Current Monitoring, .15-60A Continuous, Output:\r\nN.O. 1.0A@30VAC/DC, Micro Split-Core Go/No Go,\r\nHawkeye 300',NULL,'','',0,'','','2022-08-02 19:17:43','2022-08-02 19:17:43',0),(16,13,'7068576','1489-M1C300','Rockwell Automation, Inc.','2','Circuit Breaker, AC Device, 30 Amp, Single Pole, Trip\r\nCurve C, Standard Terminal','09/16/2022','','',0,'','','2022-08-02 19:23:30','2022-08-02 19:23:30',0),(17,13,'1131911','M200V33UVQ','Panel Components & Systems, Inc','1','Voltage Relay, AC, Monitoring, 3 Phase, 100 <500 V,\r\nFrequency 50/60/400 Hz','10/20/2022','','',0,'','','2022-08-02 19:23:30','2022-08-02 19:23:30',0),(23,19,'','1276DHJSK','Rahi','20','Test item ','08/03/2022','56','',1,'','','2022-08-03 17:12:58','2022-08-04 07:37:05',0),(24,20,'','123ada',NULL,'1','123',NULL,'','',0,'','','2022-08-03 17:13:37','2022-08-03 17:13:37',0),(25,21,'','ABZ1756IF16',NULL,'3','Module, I/O Analog Input, 16 Inputs (8 or 4 Differential),ControlLogix 1756-IF',NULL,'','11 (Days)',0,'','123','2022-08-03 17:14:08','2022-08-03 17:20:39',0),(26,22,'1234','ADB0036','AVOCENT','11','ADAPTERS','08/26/2022','5.00','11 DAYS',0,'N/A','1234','2022-08-03 17:14:34','2022-08-03 17:20:19',0),(31,19,'56789','456789','7890','890','7890',NULL,'','',0,'','','2022-08-04 07:31:09','2022-08-04 07:31:09',0),(32,26,'7y8668','1y9712u31','809809','547','7657','08/25/2022','3','5',1,'','ww','2022-08-04 09:08:29','2022-08-04 09:11:46',0),(33,27,'63276439','1y9712u31',NULL,'23','testing','08/30/2022','','',0,'','','2022-08-04 09:09:22','2022-08-04 09:09:22',0),(34,26,'42656','2342432','ttsgf','7','645676',NULL,'4','',0,'','','2022-08-04 09:11:46','2022-08-04 09:11:46',0),(39,29,'63276439','1y9712u31','bgsghkka','23','testi','08/19/2022','10','',1,'','','2022-08-04 11:10:00','2022-08-05 04:12:33',0),(41,31,'gpn Test','mpnTest','Punchout','12','mpnTest desc','08/04/2022','45.00','132',0,'','212112','2022-08-04 11:46:43','2022-08-05 10:16:10',0),(42,31,'gpn322','mpn12','Flipkart','23','testing','08/04/2022','99','12',1,'','121212','2022-08-04 11:46:43','2022-08-05 10:16:10',0),(49,37,'07004014','adb0036','avocent','10','adapters','08/12/2022','5','5',0,'N/A','10039','2022-08-04 16:13:06','2022-08-04 16:15:18',0),(50,38,'07004014','adb0036','avocent','10','adaptors',NULL,'5','',0,'N/A','10039','2022-08-04 16:13:11','2022-08-04 16:15:10',0),(51,39,'','1020399',NULL,'12','Relay, DPDT, 120VAC, 4430 Ohms Coil Resistance, Plug-In, General Purpose, w/ Plain Cover, D7 Series','08/31/2022','12','132',0,'','212112','2022-08-04 16:47:07','2022-08-04 17:18:34',0),(52,40,'test','test','test','10','test','08/04/2022','10','',0,'','10039','2022-08-04 16:56:20','2022-08-04 16:57:39',0),(53,41,'1022346','RS2416RP+','Synology Inc.','1','Server, NAS, Btrfs, 100-240VAC, 50/60Hz, 1 Phase, CPUIntel Atom C2538/64-bit/Quad Core 2.4GHz, 2GB DDR3,12x Drive Bays, 2x USB 2.0 /2x USB 3.0/4x RJ-45 1GbELAN Ports, Raid SATA Controller, Redundant Pwr Sply,2U Rackmount, RoHS','08/26/2022','2679','',0,'','85311','2022-08-04 19:35:14','2022-08-04 21:00:17',0),(54,41,'1096598','1096598-AFP','All Fab Precision San Jose','1084','FILLER, 2RU X 18.4\", IKEA4, IZUMI, BEITHIR, ASTORIA\r\nForm Factor','08/26/2022','215','',0,'','118609','2022-08-04 19:35:14','2022-08-04 21:00:17',0),(55,41,'1085465','3000057780761.1','Dell','4','Server, Dell R240, w/out Drives, 1U, 4x3.5in DriveChassis, 1x4 & 1x8 PCIe3 slots, 1xE-2224 3.4GHz CPU,4x16GB DDR4-2666 2Rx8 UDIMM, iDRAC9 Ent, S140,Broadcom 1GbE DP LOM, 1x450W AC PSU, TPMNuvoton v2.0','08/26/2022','2723','',0,'','116919&whence=','2022-08-04 19:35:14','2022-08-04 21:00:17',0),(56,41,'1091123','B071DZTP26','iPrimio','17','Rack Stop, Caster Cup, Solid Rubber','08/26/2022','17','',1,'','80417','2022-08-04 19:35:14','2022-08-04 23:34:15',0),(58,42,'1022346','RS2416RP+','Synology Inc.','1','Server, NAS, Btrfs, 100-240VAC, 50/60Hz, 1 Phase, CPUIntel Atom C2538/64-bit/Quad Core 2.4GHz, 2GB DDR3,12x Drive Bays, 2x USB 2.0 /2x USB 3.0/4x RJ-45 1GbELAN Ports, Raid SATA Controller, Redundant Pwr Sply,2U Rackmount, RoHS','08/26/2022','2679','',0,'','85311','2022-08-04 22:47:19','2022-08-04 22:55:09',0),(59,42,'1096598','1096598-AFP','All Fab Precision San Jose','1084','FILLER, 2RU X 18.4','08/26/2022','215','',0,'','118609','2022-08-04 22:47:19','2022-08-04 22:55:09',0),(60,42,'1085465','3000057780761.1','Dell','4','Server, Dell R240, w/out Drives, 1U, 4x3.5in DriveChassis, 1x4 & 1x8 PCIe3 slots, 1xE-2224 3.4GHz CPU,4x16GB DDR4-2666 2Rx8 UDIMM, iDRAC9 Ent, S140,Broadcom 1GbE DP LOM, 1x450W AC PSU, TPMNuvoton v2.0','08/26/2022','2723','',0,'','116919&whence=','2022-08-04 22:47:19','2022-08-04 22:55:09',0),(61,43,'07004014','adb0036','avocent','10','adaptor','08/26/2022','10','',0,'','10039','2022-08-04 23:20:57','2022-08-04 23:23:23',0),(62,29,'45678','45678','dfghjk','56','dfgj',NULL,'45','',0,'','','2022-08-05 04:12:33','2022-08-05 04:12:33',0),(67,47,'1087272','34067','Brimar Industries, Inc.','20','Tag, LOTO, Red/White/Black, 15 mil Vinyl, 3/4 in BrassHoop, 3-1/4 W x 5-5/8 in L (C-325X5625-TAG)','08/26/2022','97','11',0,'','46705','2022-08-05 08:17:21','2022-08-05 09:01:42',0),(68,47,'1085469','SL-1000X','ServerLIFT Corporation','7','Lift, Electric, 1000 lb. Lifting Capacity, 3ft 11.25in L x 2ftW x 6ft 6in H, Platform L 24 in W 21in, Lift Range 5.21into 8.73 ft','08/26/2022','16672','18',0,'','25437','2022-08-05 08:17:21','2022-08-05 09:01:42',0),(69,48,'8483887939','8668508571','Google','12','Key Storage Lock 5401D, Master Lock','08/10/2022','6578','',1,'9011011320','','2022-08-05 09:28:31','2022-08-05 10:22:48',0),(72,51,'1087272','34067','Brimar Industries, Inc.','25','Tag, LOTO, Red/White/Black, 15 mil Vinyl, 3/4 in BrassHoop, 3-1/4 W x 5-5/8 in L (C-325X5625-TAG)','08/26/2022','97','11',0,'','46705','2022-08-05 09:46:54','2022-08-05 18:31:44',0),(73,51,'1085469','SL-1000X','ServerLIFT Corporation','7','Lift, Electric, 1000 lb. Lifting Capacity, 3ft 11.25in L x 2ftW x 6ft 6in H, Platform L 24 in W 21in, Lift Range 5.21into 8.73 ft','08/26/2022','16672','10',0,'','25437','2022-08-05 09:46:54','2022-08-05 18:31:44',0),(74,48,'10837767','9011011320','Rahi','10','Key Storage Lock',NULL,'7654','10',0,'','12345gf@#$','2022-08-05 10:22:48','2022-08-05 10:22:48',0),(87,57,'','Test Quote Darren K','Rahi','1','Test Quote Darren K','08/31/2022','','',0,'','','2022-08-08 20:31:02','2022-08-08 20:31:02',0),(90,60,'2345345','1020399-D7PR2A','Test','10','Test','07/26/2022','32','',0,'','','2022-08-10 03:27:06','2022-08-22 17:50:47',0),(91,60,'2345345','1020400-D7PR4T','Test','5','Test',NULL,'4','',0,'','','2022-08-10 03:27:06','2022-08-22 10:20:59',0),(92,61,'2345345','1020400-D7PR4T','Test','10','Test','07/26/2022','34','',0,'','','2022-08-10 03:28:03','2022-08-10 03:29:12',0),(93,62,'2345345','34535134','Test','10','Test','08/18/2022','12','',0,'','','2022-08-10 04:24:11','2022-08-17 07:27:40',0),(94,62,'2345345','345351341','Test','10','TEst','08/22/2022','13','',0,'','','2022-08-10 04:24:12','2022-08-17 07:27:40',0),(101,69,'','21345',NULL,'1234','testing',NULL,'','',0,'','','2022-08-10 07:35:02','2022-08-10 07:35:02',0),(102,70,'','1y9712u31',NULL,'23','testing',NULL,'','',0,'','','2022-08-10 07:39:52','2022-08-10 07:39:52',0),(103,71,'','1y9712u31',NULL,'23','test','08/18/2022','12','',1,'','','2022-08-10 07:51:51','2022-08-16 08:56:48',0),(106,74,'1078957','STPHF44GE6L45X','Siemens','2','Bus Plug, Sentron SPD, STP Plug Type, Horizontal,Fused Protection, 3 Phase, 4 Wire, IP55 Rating, InternalGround, 480/277V, TPS6L(1 0 Mode), 450kA per PhaseSurge Current',NULL,'9358','',0,'','43728','2022-08-10 16:42:27','2022-08-10 16:44:46',0),(108,75,'1056911','F0134000JR','Dremel','9','Rotary Tool Kit, Dremel 4000, 230V, 175W, 5,000-35,000RPM, Uses Type G-British 3-Pin Plug, Incl. 4Attachments, 65 Accessories, and Black Case',NULL,'355','11',0,'','35785','2022-08-11 16:17:34','2022-08-11 16:19:38',0),(110,71,'1y9712u31','13u2179y1','Rahi','13','TEST','Tue, 16 Aug 2022','11','10',0,'','asdfgh1234$$$','2022-08-16 08:56:48','2022-08-17 07:45:48',0),(112,77,'901264','C5E-YEL-30','CSC','19','30\' yellow cat5 patch w/ approved rj45','12/30/2022','10','37',0,'','88459','2022-08-18 17:12:27','2022-08-18 18:58:43',0),(113,77,'7054008','PEUL-10','Tripp Lite','17','Cord, Power, 18AWG, 10A, 250V, C13 to C14,10ft, Black','12/30/2022','17','37',0,'','7687','2022-08-18 17:12:27','2022-08-18 18:58:43',0),(115,79,'901264','C5E-YEL-30','CSC','18','30\' yellow cat5 patch w/ approved rj45','12/09/2022','10','',0,'','88459','2022-08-19 05:03:47','2022-08-19 05:09:26',0),(116,79,'07042661','TMH262','BURNDY','19','Cord, Power, 18AWG, 10A, 250V, C13 to C14,10ft, Black','12/09/2022','8','',0,'','9259','2022-08-19 05:03:47','2022-08-19 05:09:26',0),(120,81,'07004875','FMT-DBS000000-A00B','Rahi Systems','3','FMT Bulk Storage 1U Black','12/09/2022','268','',0,'','33015','2022-08-19 16:07:06','2022-08-19 16:14:23',0),(121,81,'1087976','Kit-2RU5MTP-2M','TR Mfg','11','Kit, Assembly, Panel 2RU, 4x Cartridge - 5x MTP, 20xMTP cables, 2m','12/09/2022','3558.10','',0,'','111860','2022-08-19 16:07:06','2022-08-19 16:14:23',0),(122,81,'07022345','PF-27U-10','PlenaFill','183','Blanking Panel, Scalable, 27U, 47.25','12/09/2022','552','',0,'','10072','2022-08-19 16:07:06','2022-08-19 16:14:23',0),(123,82,'30001239-054','71-112960013-054','SDGI','10','Cable, Fiber, Cord, SM, BIF, LC-LC-DX, UPC, 1.6mmZipcord, OFNR, 54m','11/09/2022','19.81','',0,'','103600','2022-08-19 21:29:50','2022-08-19 21:31:25',0),(124,83,'07022345','PF-27U-10','10072','10','Blanking Panel, Scalable, 27U, 47.25','11/09/2022','552','',0,'','10072','2022-08-19 21:37:08','2022-08-19 21:38:06',0),(125,84,'07004875','FMT-DBS000000-A00B','ADCTELECOMMUNICATIONS','3','FMT Bulk Storage 1U Black','12/09/2022','268','',0,'','33015','2022-08-19 22:18:34','2022-08-19 22:30:04',0),(131,87,'1056445','SPFC1414C1519','StayOnline','372','Power Cord, IEC 60320 C14 to IEC 60320 C15, 14AWG,15Amp, 250 Volts, PVC, Black, 1.5 Feet','12/09/2022','8','',0,'','117125','2022-08-22 17:27:06','2022-08-22 17:30:47',0),(132,87,'07004332','754-1115-4LE01','Corning Inc.','255','ATTENUATORS, FIXED OPTICAL, LC, 15DB','12/09/2022','10','',0,'','36598','2022-08-22 17:27:06','2022-08-22 17:30:47',0),(133,87,'30001239-038','71-112960013-038','SDGI','600','Cable, Fiber, Cord, SM, BIF, LC-LC-DX, UPC, 1.6mmZipcord, OFNR, 38m','12/09/2022','15.94','',0,'','103630','2022-08-22 17:27:06','2022-08-22 17:30:47',0),(134,88,'30001239-038','71-112960013-038','SDGI','500','Cable, Fiber, Cord, SM, BIF, LC-LC-DX, UPC, 1.6mmZipcord, OFNR, 38m','12/09/2022','15.94','',0,'','103630','2022-08-22 18:36:20','2022-08-22 18:43:46',0),(135,88,'7004332','754-1115-4LE01','Corning Inc.','255','ATTENUATORS, FIXED OPTICAL, LC, 15DB','12/09/2022','10','',0,'','36598','2022-08-22 18:36:20','2022-08-22 18:43:46',0),(136,88,'1056445','SPFC1414C1519','StayOnline','350','Power Cord, IEC 60320 C14 to IEC 60320 C15, 14AWG,15Amp, 250 Volts, PVC, Black, 1.5 Feet','12/09/2022','8','',0,'','117125','2022-08-22 18:36:20','2022-08-22 18:43:46',0),(137,89,'1025438','NGC312036EC','Eaton Corporation','12','Circuit Breaker, Molded Case, 1200A, 600VAC, 3 Pole, 3 Phase, 100kAIC@480V, Digitrip RMS 310+ LSIG, w/o Lugs, Imperial Tapped Line/Load Conductors, 10...',NULL,'24098.00','',0,'','7390','2022-08-22 19:02:30','2022-08-22 19:05:24',0),(138,89,'1029950','NGH312033E','Eaton Corporation','15','Circuit Breaker, 3 Pole/3 Phase, Bolt On, Solid State, Short/Long Time Function, w/ Digitrip RMS 310+, 600V, 1200A, White',NULL,'3947.00','',0,'','53427','2022-08-22 19:02:30','2022-08-22 19:05:24',0),(139,90,'1114411','SUA45800','MTU Friedrichshafen GmbH','10','Meter Hour, 8-32VDC, 2-1/2in, 6 Digit RTM K, Original','11/11/2022','38','',0,'','82786','2022-08-23 05:09:16','2022-08-23 05:11:39',0),(140,90,'1113411','SUA104114','MTU Friedrichshafen GmbH','10','Pump, Close, Coupled Rotary Gear, 1/4 HP 24','11/11/2022','1639','',0,'','82780','2022-08-23 05:09:16','2022-08-23 05:11:39',0),(161,96,'D7PR2A','1020399','Eaton Corporation','110','Relay, DPDT, 120VAC, 4430 Ohms Coil Resistance, Plug-In, General Purpose, w/ Plain Cover, D7 Series','09/08/2022','12','10',0,'','104215','2022-08-23 18:07:05','2022-09-07 16:28:49',0),(192,110,'','PA-3220','Palo','12','Palo Alto Networks PA-3220 Data Process Card','08/31/2022','10','',0,'','','2022-08-29 09:43:02','2022-08-29 10:15:22',0),(194,111,'','PA-3220','Palo','12','Palo Alto Networks PA-3220 Data Process Card','08/30/2022','12','',0,'','','2022-08-29 10:19:15','2022-08-29 13:35:22',0),(195,111,'','PA-3220AK','Palo','11','Palo Alto Networks PA-3220 Data Process Card','08/31/2022','2','',0,'','','2022-08-29 10:41:26','2022-08-29 13:26:39',0),(196,111,'','PA-3220AKs','Palo','1','Palo Alto Networks pA-3220 Data Process Card','09/07/2022','4','',0,'','','2022-08-29 11:27:36','2022-08-29 13:35:47',0),(204,112,'','12211221',NULL,'12','Test',NULL,'','',0,'','','2022-08-29 12:15:00','2022-08-29 12:15:00',0),(205,113,'','MX240','Junipar','12','Juniper Networks MX240 Universal Routing Platform','09/13/2022','1','',0,'','','2022-08-29 12:53:26','2022-08-29 12:54:54',0),(206,113,'','MX2401','Junipar','11','Juniper Networks MX240 Universal Routing Platform','08/30/2022','2','',0,'','','2022-08-29 12:55:51','2022-08-29 12:57:13',0),(207,113,'','MX2401','Junipar','45','Juniper Networks MX240 Universal Routing Platform','08/31/2022','3','',0,'','','2022-08-29 12:56:38','2022-08-29 12:57:51',0),(208,113,'','MX24012','Junipar','43','Juniper Networks MX240 Universal Routing Platform','08/31/2022','4','',0,'','','2022-08-29 12:57:13','2022-08-29 12:58:31',0),(209,113,'','MX24012','Junipar','45','Juniper Networks MX240 Universal Routing Platform',NULL,'5','',0,'','','2022-08-29 12:57:51','2022-08-29 12:57:51',0),(210,113,'','MX24012','Junipar','45','Juniper Networks MX240 Universal Routing Platform','08/31/2022','6','',1,'','','2022-08-29 12:58:31','2022-08-29 13:32:36',0),(211,114,'',' EX9250',NULL,'23','Juniper Networks EX9250 Line of Ethernet Switches\r\n',NULL,'','',0,'','','2022-08-29 13:08:36','2022-08-29 13:08:36',0),(214,113,'','MX240123','Junipar','65','Juniper Networks MX240 Universal Routing Platform','08/31/2022','6','',0,'','','2022-08-29 13:32:36','2022-08-29 13:32:36',0),(215,113,'','MX240123','Junipar','2','Juniper Networks MX240 Universal Routing Platform','08/31/2022','9','',1,'','','2022-08-29 13:33:39','2022-08-29 13:34:42',0),(216,113,'','MX2401234','Junipar','4','Juniper Networks MX240 Universal Routing Platform',NULL,'9','',0,'','','2022-08-29 13:34:42','2022-08-29 13:36:16',0),(217,113,'','MX24012345','Junipar','5','Juniper Networks MX240 Universal Routing Platform',NULL,'54','',0,'','','2022-08-29 13:38:35','2022-08-29 13:38:35',0),(218,113,'','MX24012345','Junipar','5','Juniper Networks MX240 Universal Routing Platform',NULL,'54','',1,'','','2022-08-29 13:39:08','2022-08-29 13:40:11',0),(219,113,'','MX240123456','Junipar','6','Juniper Networks MX240 Universal Routing Platform','09/21/2022','54','',0,'','','2022-08-29 13:40:11','2022-08-29 13:40:11',0),(220,113,'','MX2401234567','Junipar','7','Juniper Networks MX240 Universal Routing Platform','08/31/2022','100','',0,'','','2022-08-29 13:45:04','2022-08-29 13:45:04',0),(221,115,'30001240-016','71-122960128-016','SDGI','10','Cable, Fiber, Cord, SM, BIF, LC-SC-DX, UPC, 1.6mmZipcord, OFNR, 16m','09/02/2022','15','11',0,'','103616','2022-08-31 17:07:58','2022-08-31 17:18:04',0),(222,115,'1072007','HPGMT10FA','Telect, Inc.','10','Panel, Fuse, 100A MAX, DUAL 10/10 20A GMT, STUD/SCREW, FRONT CVR, UNIVERSAL VDC, BAY ALARM,2RU, UNIVERSAL MOUNT, TFA','09/02/2022','644.50','11',0,'','73621','2022-08-31 17:07:58','2022-08-31 17:18:04',0),(223,116,'','1y9712u31',NULL,'23','description',NULL,'','',0,'','','2022-09-01 10:08:40','2022-09-01 10:08:40',0),(224,117,'','Q3456@',NULL,'12','Test',NULL,'','',0,'','','2022-09-01 11:49:57','2022-09-01 11:49:57',0),(225,118,'','q54RT',NULL,'12','tEST',NULL,'','',0,'','','2022-09-01 11:51:14','2022-09-01 11:51:14',0),(226,119,'','H5y&56',NULL,'12','Test',NULL,'','',0,'','','2022-09-01 11:55:26','2022-09-01 11:55:26',0),(227,120,'','3536#4',NULL,'34','Test',NULL,'','',0,'','','2022-09-01 12:11:11','2022-09-01 12:11:11',0),(228,121,'','ASD$%^',NULL,'12','Test',NULL,'','',0,'','','2022-09-01 12:12:25','2022-09-01 12:12:25',0),(229,122,'','ghh^&',NULL,'12','Test',NULL,'','',0,'','','2022-09-01 12:13:46','2022-09-01 12:13:46',0),(230,123,'7124453','A4J1','Mersen','600','Fuse, Fast Acting, 1A, 600VAC, 200kA at 600V Interrupt\r\nRating, 57mm x 21mm, UL Class J','11/04/2022','','',0,'','','2022-09-01 17:16:47','2022-09-01 17:16:47',0),(231,123,'7083110','24208B','Electro Switch Corporation','600','Relay, SEL 751A, Feeder Protection Relay, 125 VAC,\r\nSingle 10/100Base-T Ethrenet, EIA-485 Rear, 4 AC\r\nCurrent Input, 5 Amp Phase, 5 Am p Neutral, Standard\r\nFirmware W/ Configurable Labels','09/30/2022','','',0,'','','2022-09-01 17:16:47','2022-09-01 17:16:47',0),(232,124,'7083110','24208B','Electro Switch Corporation','650','Switch, Selector, 24 series; Assemblage 2; 8 decks; TypeB handle; 45deg Detent Angle','11/04/2022','312','11',0,'','57671','2022-09-01 17:28:08','2022-09-01 17:31:11',0),(233,124,'7113826','1492-H5','Rockwell Automation','600','Circuit Breaker, 12A, 300VAC/ DC, Single circuit, FusedTerminal Block, with LED Blown Fuse Indicator','11/04/2022','25.20','11',0,'','83860','2022-09-01 17:28:08','2022-09-01 17:31:11',0),(234,125,'','1y9712u31',NULL,'23','1313',NULL,'','',0,'','','2022-09-02 06:19:39','2022-09-02 06:19:39',0),(235,126,'','1y9712u31',NULL,'23','test',NULL,'','',0,'','','2022-09-02 06:26:38','2022-09-02 06:26:38',0),(236,127,'','1y9712u31',NULL,'23','testing',NULL,'','',0,'','','2022-09-02 06:30:01','2022-09-02 06:30:01',0),(237,129,'','1y9712u31',NULL,'23','testing',NULL,'','',0,'','','2022-09-02 06:34:17','2022-09-02 06:34:17',0),(238,130,'','@#23ert',NULL,'12','Test',NULL,'','',0,'','','2022-09-02 10:14:15','2022-09-02 10:14:15',0),(239,131,'','@#23ert',NULL,'12','Test',NULL,'','',0,'','','2022-09-02 10:21:34','2022-09-02 10:21:34',0),(240,132,'','@#23ert',NULL,'12','Test',NULL,'','',0,'','','2022-09-02 10:27:26','2022-09-02 10:27:26',0),(241,133,'','@#23ert',NULL,'12','Test',NULL,'','',0,'','','2022-09-02 10:28:49','2022-09-02 10:28:49',0),(242,134,'','1y9712u31',NULL,'23','test',NULL,'','',0,'','','2022-09-02 12:24:51','2022-09-02 12:24:51',0),(243,135,'','@#23ert',NULL,'12','Test',NULL,'','',0,'','','2022-09-02 12:38:21','2022-09-02 12:38:21',0),(244,136,'','@#23ert',NULL,'12','Test',NULL,'','',0,'','','2022-09-02 12:44:53','2022-09-02 12:44:53',0),(245,137,'','@#23ert',NULL,'12','TEST',NULL,'','',0,'','','2022-09-02 12:46:40','2022-09-02 12:46:40',0),(246,138,'','@#23ert',NULL,'34','Test',NULL,'','',0,'','','2022-09-02 13:02:48','2022-09-02 13:02:48',0),(247,139,'','@#23ert',NULL,'12','teST',NULL,'','',0,'','','2022-09-02 13:04:13','2022-09-02 13:04:13',0),(248,140,'','@#23ert',NULL,'12','Test',NULL,'','',0,'','','2022-09-02 13:09:55','2022-09-02 13:09:55',0),(249,141,'7023907','SA6200A-001','METRIX INSTRUMENTS','13','SENSOR, ACCELEROMETER, SENSITIVITY 100 MV/G, RESOLUTION 0.002G','09/30/2022','408','11',0,'','2454','2022-09-06 17:58:03','2022-09-07 16:58:34',0),(250,142,'1028362','HPB-SOC-TOB-100-90AF','E+I Engineering Group','1','busplug','10/21/2022','779','',0,'','114473','2022-09-19 17:45:11','2022-09-19 17:46:53',0),(252,143,'1111187','341738','Rockwell Automation, Inc.','75','Module, Input, Analog, Eight Channel Universal, for PowerFlex 750-Series AC Drives','01/20/2023','877','',0,'','82369','2022-09-19 19:20:58','2022-09-19 19:27:16',0),(253,143,'1101450','J213-9NECR','KleinTools,Inc.','100','Pliers, High Leverage Side Cutting/Connector Crimping, Steel, New England Nose, Flush Cut Style, Yel','01/20/2023','63','',0,'','75302','2022-09-19 19:20:58','2022-09-19 19:27:16',0),(254,144,'2345345','34535134','Test','10','Test equote','09/28/2022','','',0,'','','2022-09-20 03:32:48','2022-09-20 03:32:48',0),(255,145,'2345345','34535134','Test','10','Test','09/29/2022','','',0,'','','2022-09-20 03:36:33','2022-09-20 03:36:33',0),(256,146,'2345345','34535134','Test','10','Test','09/30/2022','','',0,'','','2022-09-20 03:38:47','2022-09-20 03:38:47',0),(257,147,'07122468','DCF680N2','Dewalt','3','Electric Screwdriver','10/31/2022','137.00','',0,'','88974','2022-09-29 15:58:39','2022-09-29 17:39:16',0),(258,148,'45234','DL325Gen10','Rahi','14','Test','10/06/2022','','',0,'','','2022-10-06 09:49:32','2022-10-06 09:49:32',0),(259,149,'1139787','SVX150A1-4A1N1','EATON CORP','1','DRIVE, FREQUENCY, ADJUSTABLE,150 HP, NEMA, 3 PHASE, EMC H, NOBRAKE CHOPPER','10/28/2022','30926','250',0,'','124017','2022-10-14 14:39:35','2022-10-19 22:20:21',0),(260,150,' 1139789','SVX200A1-4A1N1','EATON CORP','1','DRIVE, FREQUENCY, ADJUSTABLE, 200 HP, NEMA, 3 PHASE, EMC H, NOBRAKE CHOPPER, STANDARD BOARDS','10/28/2022','46499','250',0,'','124015','2022-10-14 15:36:43','2022-12-06 18:05:06',1),(261,151,'1123522','SVX075A1-4A1N1','EATON CORP','1','DRIVE, 75 HP, EATON, SVX9000 SERIES, NEMA 1, ENCLOSED VFD, 400â 480 VAC 3 PHASE INPUT, 480 VAC 3 PHASE OUTPUT, 105.0 AMPS','10/28/2022','20200','250',0,'','124016','2022-10-14 15:43:00','2022-10-19 22:10:47',0),(262,152,'','C&D UPS12-400MR','C & D Technologies','160','C&D TECHNOLOGIES UPS12-400MR UPS BATTERY','10/19/2022','275','5',0,'','124009','2022-10-17 22:05:19','2022-10-19 19:14:24',0),(263,153,'1103883','57072','nVent Electric plc (nVent) ','1','Meter, Flow, w/Camlock Connector on Each End, Wall Manifold, nVent, Deschutes 3.0','10/28/2022','','',0,'','','2022-10-18 20:37:14','2022-10-18 20:37:14',0),(264,154,'1085595','KIT352','New Pig','12','Kit, Spill, Battery Acid, 20-Gallon, Overpack','10/31/2022','584','14',0,'','88686','2022-10-19 14:28:50','2022-10-19 22:07:37',0),(265,155,'07036944','STT350','Honeywell','1','TRANSMITTER MODULE, TEMPERATURE, STT 3000 SMART, STT350, 4-20MA/DE, W/ FACTORY DEFAULT CFG, W/O INTEGRAL SENSOR PROBE / THERMOWELL, W/O HOUSING, W/O METER, W/O MNTG ARRANGEMENT, 1/2IN NPT CONDUIT CONNECTION, W/O LIGHTNING PROTECTION','11/18/2022','0','',1,'STT750-S-0-A-AH0-11S-A-00A0-00-0000','','2022-10-20 16:37:20','2022-10-21 17:44:43',0),(266,156,'','NS410-620','Walker Engineering','2','Sight logix camera','11/17/2022','7796','60',0,'','124252','2022-10-20 19:11:20','2022-11-10 11:30:28',0),(267,157,'1033058','GS5517','70E Solutions','11','Grounding Set,  4 way Connector, 6ft Ball Clamp, 3 Phases, w/bag, for Hot Sticks, Yellow/Orange','11/14/2022','','',0,'','','2022-10-21 14:19:26','2022-10-21 14:19:26',0),(268,158,'1033058','GS5517','70E Solutions','11','Grounding Set,  4 way Connector, 6ft Ball Clamp, 3 Phases, w/bag, for Hot Sticks, Yellow/Orange','11/14/2022','','',0,'','','2022-10-21 14:19:33','2022-10-21 14:19:33',0),(269,159,'1033058','GS5517','70E Solutions','11','Grounding Set,  4 way Connector, 6ft Ball Clamp, 3 Phases, w/bag, for Hot Sticks, Yellow/Orange','11/14/2022','','',0,'','','2022-10-21 14:19:36','2022-10-21 14:19:36',0),(270,160,'1033058','GS5517','70E Solutions','11','Grounding Set,  4 way Connector, 6ft Ball Clamp, 3 Phases, w/bag, for Hot Sticks, Yellow/Orange','11/14/2022','','',0,'','','2022-10-21 14:19:37','2022-10-21 14:19:37',0),(271,161,'','ACH550-UH-078A-4+K465','ABB','1','VARIABLE FREQUENCY DRIVE, 60HP, 44AMPS, 480VAC, NEMA/UL TYPE1, R3 FRAME, 3AWG TERMINAL BLOCK/ GROUND LUG, BACNET PROTOCOL, ACH550 SERIES - USED','11/21/2022','00','',1,'ACH580-01-077A-4+K465','','2022-10-21 16:05:43','2022-10-27 17:33:27',0),(272,155,'1040689','STT750-S-0-A-AH0-11S-A-00A0-00-0000','Honeywell','1','Transmitter Module, Temperature, STT750 SmartLine, 4-20mA/HART, w/Factory Std Config, Polyester  Powder Coated Aluminium Housing, w/o Accessories, 1/2in NPT Conn, w/o Lightning Protection','11/18/2022','1566.00','90',0,'','26426','2022-10-21 17:44:43','2022-10-25 18:35:08',0),(273,162,'1145036','ACH550-UH-031A-4','ABB','1','VARIABLE FREQUENCY DRIVE, 20HP, 480, 3PH','11/11/2022','00','',1,'ACH580-01-027A-4+J429','NA','2022-10-24 20:36:04','2022-11-03 19:18:50',0),(274,162,'','ACH580-01-027A-4+J429','ABB','1','AC motor data is per National Electrical Code Table 430.250 for typical motors used in most  applications.',NULL,'3960','200',0,'','124382','2022-10-27 16:48:11','2022-10-27 16:50:39',0),(275,161,'','ACH580-01-077A-4+K465','ABB','1','ACH580 6-Pulse base drive rated UL (NEMA) Type 1. Rated for 77 amps (60 HP) at 480 VAC three phase.',NULL,'11024','150',0,'','124385','2022-10-27 17:33:27','2022-10-27 17:33:27',0),(276,163,'1112751','BUCK-IMPB-TOB-NA-018','E+I ENGINEERING GROUP','6','BOX, TAP-OFF, (2) 32A 3PH IMPB PLUG IN UNIT, WITH 2NO 3P',NULL,'1526','90',0,'','114491','2022-10-31 17:32:11','2022-10-31 17:55:53',0),(277,164,'1116292','ACH580-01-034A-4+K490','ABB','1','VARIABLE FREQUENCY DRIVE, AC, HVAC, 550 SERIES, 25HP, 480VAC, 3PH, 63HZ, 38A, R3 FRAME SIZE, W/ ETHERNET ADAPTER','11/18/2022','6490','200',0,'','82728','2022-11-02 19:23:08','2022-11-18 17:51:49',0),(278,165,'1059510','34006','GENERAL AIR PRODUCTS, INC.','2','PACKAGING, DESICCANT, SILICA GEL, CHAMELEON 2050, SORBEAD,ORANGE','11/09/2022','138','15',0,'','125062','2022-11-03 15:12:19','2022-11-10 19:22:07',0),(279,166,'','FR-D740-080-NA','Mitsubishi','1','DRIVE, VARIABLE FREQUENCY, 5 HP, 480V, 8A, INVERTER','11/05/2022','','',0,'','','2022-11-03 15:35:33','2022-11-03 15:35:33',0),(280,167,'1145775 ','TGEWR00','Veris Industries','12','Sensor, Duct, Temp, Weatherproof Box, 12 IN, 10K, T2 Thms, High AC','11/30/2022','100','25',0,'','124761','2022-11-03 18:26:00','2023-01-06 18:09:15',0),(281,168,'','SVX075A14A1N1','Eaton','1','Variable frequency drive SVX 3-/3-phase 55 kW 480 V; degree of protection IP21; integrated EMC filter','11/30/2022','7320','240',0,'','125312','2022-11-09 21:22:24','2022-11-15 19:31:15',0),(282,169,'42000785-01','42000785-01','Unigen','4',' Assy, PCBA, Post LED Extender, Ixion, RoHS',NULL,'','',0,'','','2022-11-10 18:32:49','2022-11-10 18:32:49',0),(283,170,'1131970','TH11-B8CCBZ1AK1','Endress+Hauser, Inc. ','1','Thermometer, RTD, TH11, Enclosure US Style 628.31, Resistor, Sensor w/o, Thermowell, Low Range Value, -50 to +50C, HART Communication Available','12/05/2022','888','56',0,'','118476','2022-11-15 17:10:44','2022-11-15 19:27:12',0),(284,171,'1134754','M-4095-G','motor guard','10','SOLVENT, SILICA GEL, DESICCANT, BLUE','12/19/2022','87','56',0,'','117083','2022-11-17 14:58:55','2022-11-17 22:46:22',0),(285,172,'121344321','Dell PowerEdge XR12','DEll','12','Dell PowerEdge XR12 Rack Server',NULL,'12','15',0,'','','2022-11-21 12:02:58','2022-11-24 05:35:37',0),(286,172,'1213','Dell PowerEdge XR','Rahi','8','Dell Power','11/30/2022','11','10',0,'','12345','2022-11-24 05:03:10','2022-11-24 05:03:10',0),(287,173,'12345465','710P-16P','IOTA','12','Test eQuote1','11/30/2022','12','45',0,'','118476','2022-11-24 05:57:18','2022-11-24 06:24:12',0),(288,174,'3456','710P-16P','Rahi','12','Test','11/30/2022','','',0,'','','2022-11-24 09:33:21','2022-11-24 09:33:21',0),(289,175,'1238789','PI031','TPN','12','Test','11/28/2022','','',0,'','','2022-11-24 09:42:03','2022-11-24 09:42:03',0),(290,176,'1234','PI031','TPM','12','Test','11/30/2022','','',0,'','','2022-11-24 09:45:32','2022-11-24 09:45:32',0),(291,177,'4565','PI031','TOI','12','Test','11/30/2022','1','',0,'','','2022-11-24 10:05:45','2022-11-24 10:30:23',0),(292,177,'22','PI0','Junipar','8','Test','11/30/2022','2','7',0,'','','2022-11-24 10:31:04','2022-11-24 10:32:02',0),(293,178,'','1y9712u31','RAhi','23','testing product',NULL,'34','',0,'','34567','2022-12-02 07:30:21','2022-12-02 09:53:27',1),(294,179,'1232','3467980j8','TPM','12','Test','12/04/2022','12','23',0,'','','2022-12-02 09:55:12','2022-12-05 06:06:12',0),(295,180,'1134945','10KT-HSPHH-TF','GARRETTCOM','1','NETWORK SWITCH, GARRETCOM, FRONT MOUNTED, W/ 2 HOT SWAP POWER','12/09/2022','3092.00','75',0,'','124389','2022-12-02 18:37:44','2022-12-02 20:42:38',0),(296,181,'1134984','0411LOX6X5C6EEX357474XX','SCHWEITZER ENGINEERING LABORATORIES, INC.','1',':RELAY, ADVANCED LINE DIFFERENTIAL PROTECTION, AUTOMATION ANDCONTROL SYSTEM, 100 MBPS, 8 FIBRE OPTICS PORT, SEL T-PROTOCOL','12/09/2022','18559','100',0,'','126278','2022-12-02 18:44:50','2022-12-02 22:03:20',0),(297,179,'2223','3467980','Junipar','8','Test1','12/05/2022','2','9',0,'','','2022-12-05 06:13:38','2022-12-05 06:21:25',0),(298,182,'1105450','ACH580-01-023A-4+K452',NULL,'1','Variable Frequency Drive, 15HP, 480V, 23A, 3 Phase  ',NULL,'7113','200',0,'','77640','2022-12-05 18:35:01','2022-12-05 19:17:28',1),(299,183,'1145776','01DT-5LR','BELIMO AMERICAS','4','SENSOR, DUCT/IMMERSION, TEMPERATURE PASSIVE, NTC10K (10K2), PROBE LENGTH 12 INCHES , PROBE DIAMETER 0.24 INCHES','12/10/2022','16','35',0,'','126359','2022-12-05 19:24:45','2022-12-06 22:23:34',0),(300,184,'1036629','ACH550-UH-031A-4',NULL,'1','VARIABLE FREQUENCY DRIVE, 20HP, 480, 3PH','12/16/2022','00','',1,'ACH580-01-027A-4+J429','','2022-12-06 14:43:28','2022-12-06 17:37:58',0),(301,185,'07074663','ACH550-01-08A8-4',NULL,'1','VARIABLE SPEED DRIVE, 3 PHASE 380-480VAC, 8.8 I2NA, 4.0 PNKW, R1 FRAME, IP21, IEC INSTALLATION/COMPLIANCE, AC, HVAC DRIVE 550 SERIES','12/16/2022','00','',1,'ACH580-01-07A6-4+J429','','2022-12-06 15:44:05','2022-12-13 23:06:17',0),(302,186,'','TPS3EL130X0B2','Siemens','1','SPD2 L1 INT 10M 277/480V 300KA SC BWSurge ','12/26/2022','3736.00','40',0,'','126693','2022-12-06 16:03:11','2022-12-13 23:09:24',0),(303,184,'','ACH580-01-027A-4+J429','ABB','1','AC motor data is per National Electrical Code Table 430.250 for typical motors used in most  applications.',NULL,'3960','200',0,'','124382','2022-12-06 17:37:58','2022-12-06 17:37:58',1),(304,187,'07024935','ACH550-UH-015A-4-K465',NULL,'1','VARIABLE FREQUENCY DRIVE, 10HP, 480, 3PH','12/30/2022','00','',1,'ACH580-01-014A-4+K465','','2022-12-07 19:37:41','2022-12-13 23:01:21',0),(305,188,'07140553','MINI 24','Epilog Laser','1','Laser, Mini 24, Digitally Controlled, Air Cooled CO2 Laser Tubes, 30-60W, 64MB, 75-1200 dpi, 24x12 in, 5.5in Thick, 10 Base-T Ethernet, USB, 350-400 CFM, 59db, 110-240V, 50/60Hz, 15A, w/ Red Dot Printer, Motion Control, 34.5x26x16 in','01/07/2023','','',0,'','','2022-12-08 23:34:00','2022-12-08 23:34:00',0),(306,188,'1039353','Glowforge BASIC','Glowforge, Inc. ','1','Printer, 3D Laser,  w/ (Wide angle camera, Macro Camera), 2.4Ghz Wi-Fi, 110/220 VAC, upto 1355 DPI Engraving, Class 1 Laser, 965mm x 527mm x 210mm','01/07/2023','','',0,'','','2022-12-08 23:34:00','2022-12-08 23:34:00',0),(307,189,'1134754','M-4095-G','Motor Guard','10','Solvent, Silica Gel, Desiccant, Blue 1 gallon','01/12/2023','87','45',0,'','117083','2022-12-13 18:29:24','2022-12-13 19:25:05',0),(308,187,'','ACH580-01-014A-4+K465','ABB','1','ACH580 6-Pulse base drive rated UL (NEMA) Type 1. Rated for 14 amps (10 HP) at 480 VAC three phase.',NULL,'2920','200',0,'','102910','2022-12-13 23:01:21','2022-12-13 23:01:21',1),(309,185,'','ACH580-01-07A6-4+J429','ABB','1','AC motor data is per National Electrical Code Table 430.250 for typical motors used in most applications. It is provided as typical data only. DC motor data is per typical industry standards. Actual motor data may vary',NULL,'1872.00','125',0,'','126489','2022-12-13 23:06:17','2022-12-13 23:33:11',1),(310,190,'1148695','TLS100LR','Littel Fuse','10','Fuse,100A,170VDC, Bolt-in, LR','01/16/2023','48','56',0,'','127079','2022-12-15 14:46:24','2022-12-21 17:59:37',1),(311,191,'1118628','9810MADAPTER','Siemens','1','Adapter, 9X10 To 9810 Mounting','01/17/2023','717','56',0,'','83573','2022-12-20 20:07:13','2022-12-21 00:14:47',0),(312,192,'1091016	','GLC-LX-SM-RGD','Cisco','10','Optical Module, SFP, 1GbE (1000BASE-LX/LH), DOM, 1310nm, LX/LH, 550m/10km, -40 to 85C, Cisco GLC-LX-SM-RGD','01/22/2023','1406.00','24',0,'','127271','2022-12-24 00:16:35','2022-12-28 17:13:09',0),(313,193,'1145925','METSEEM480516','SSCHNEIDER ELECTRIC','1','METER, ENERGY, EM4800, MULTI-CIRCUIT, 24 X 5A INPUTS, 120V, 60HZ','01/13/2023','9069.00','56',0,'','127848','2022-12-30 19:29:33','2023-03-07 20:03:46',0),(314,194,'1059119','QT2000','Mainstream Engineering Corporation','10','KIT, TEST, 2-SECOND ACID, QWIKCHECK, F/ PREVENTATIVE MAINTENANCE CHECKS OR F/ VERIFYING PROPER ACID CLEAN-UP AFTER COMPRESSOR BURN-OUT/CHANGE-OUT. https://www.qwik.com/product/qwikcheck-acid-test-kit/','02/02/2023','20','56',0,'','26658','2023-01-03 19:32:00','2023-01-04 01:33:43',0),(315,195,'1135173','Ref. to quote# 3000119764734.1','Dell','0','Server, Dell R450, 1U 8x2.5in Chassis, Riser 2x16 LP PCIe4 slot, 2x4314 2.4G 16C, 16x16GB DDR4-3200 2Rx8 RDIMM, iDRAC9, H755 Front, 2x480GB RI AG SSD, X710-DA2 OCP, HBA355e DIB, 2x800W AC PSU, RR, bezel, 1yr vSphere 7 std 2 32cores','01/25/2023','0','',1,'','','2023-01-04 17:03:52','2023-03-09 19:46:03',0),(316,195,'1138384','3000124365581.1','Dell','8','Storage Array, Dell PV ME5024, 2U, SAS 24-Bay, 4x1.92TB SAS 12Gbps RI SSD, 2x580W AC PSU','01/25/2023','19855','56',0,'','130661','2023-01-04 17:03:52','2023-03-09 19:45:51',0),(317,196,'07023341','SYBT5','Schneider Electric','1','UPS/SURGE, Battery Module, Symmetra, LX  ','01/25/2023','869.00','56',0,'','127589','2023-01-04 19:20:48','2023-02-02 01:50:20',0),(318,197,'1092640','3000070799797.1','Dell','.','Dell Engineering Workstation - PowerEdge R440 Server with License','01/25/2023','.','',1,'','','2023-01-04 19:52:23','2023-03-09 19:39:06',0),(320,197,'1092251','VCS6-STD-C','VMware, Inc','.','License, vCenter Std - VMware',NULL,'.','',1,'','','2023-01-05 23:01:10','2023-02-23 23:04:36',0),(321,197,'1092252','VCS6-STD-P-SSS-C','VMware, Inc','.','License, vCenter Std Prod Support (1 year) - VMware',NULL,'.','',1,'','','2023-01-05 23:01:10','2023-02-23 23:04:36',0),(322,198,'','12503','Viking ','4','KIT, MAINTENANCE, ACCELERATOR, E-1','01/16/2023','298.00','75',0,'','127832','2023-01-06 18:48:40','2023-02-02 01:32:45',0),(323,199,'07058657','A7547276','Dell','30','Cable, Server Interface Pod (SIP), Virtual Media, w/ CAC, 1xRJ45F / 1xUSB2.0-Type A Male / 1xVGA-HD','02/06/2023','','',0,'','','2023-01-09 13:11:39','2023-01-09 13:11:39',0),(324,200,'1067111',' SUA87710','Rolls-Royce Power Systems AG (MTU)','2','Heater, Tank, Block, 9kw, 208V 3P, CSM W/10GPM PU','02/10/2023','3402.00','99',0,'','34552','2023-01-12 19:25:37','2023-02-02 01:21:00',0),(325,201,'1097198','SRT10KXLI','APC','2','APC SMART UPS SRT,10000VA, 230V, Load Crest Factor 3:1, 50/60Hz, Lead Acid Battery, 955W, LED status display, EPO, 0 To +40 C, 263W X 736D X 432H mm, IP20, RoHS','02/07/2023','9516.00','120',0,'','77625','2023-01-17 20:28:46','2023-01-18 22:05:55',0),(326,202,'432134','12346576',NULL,'12','Test',NULL,'12','',0,'','','2023-01-19 09:12:30','2023-01-19 09:16:44',0),(327,203,'1057429','T5410','CK TOOLS','10','Tool, Cable Management, Cable Rods, 10x Fiberglass Composite 5mm Rods, 1x Mini Eye & Ring, 1x Cable Hook, 1x Coiled Steel Flexi 190mm Lead, 1x 5mm Adapter, 10m',NULL,'71','42',0,'','128633','2023-01-19 16:12:47','2023-01-27 22:50:37',0),(328,204,'1091578','8600A','PowerHandling Inc. ','1','Tool, Power Mover, Feeder Kit, Deschutes','02/18/2023','305','60',0,'','130517','2023-01-19 19:04:27','2023-03-07 19:45:25',0),(329,205,'07088289-R','ACH550-UH-078A-4+K465','ABB','1','VARIABLE FREQUENCY DRIVE, 60HP, 44AMPS, 480VAC, NEMA/UL TYPE1, R3 FRAME, 3AWG TERMINAL BLOCK/ GROUND LUG, BACNET PROTOCOL, ACH550 SERIES - USED','01/26/2023','0','',0,'','','2023-01-19 22:31:13','2023-01-30 19:15:41',0),(330,206,'1069322','SW22PTPIX1DIYD7E10CEBN','DYNICS','1','Panel PC, Touchscreen, Fanless, 21.5','02/16/2023','0','',1,'','','2023-01-20 20:52:21','2023-02-02 00:17:06',0),(331,207,'n/a','MSZ-FS12NA / MUZ-FS12NA','Mitsubishi','0','12,000 BTU 26.1 SEER Wall Mounted Mitsubishi Mini-Split FS Single Zone Heat Pump','03/24/2023','0','',0,'','','2023-01-23 23:51:02','2023-03-07 21:41:05',0),(332,208,'','MSZ-FS18NA / MUZ-FS18NAH2','Mitsubishi','0','18,000 BTU 21 SEER Wall Mounted Mitsubishi Mini-Split H2i Hyper Heat Single Zone Heat Pump - MZ-FS18NAH',NULL,'0','',0,'','','2023-01-25 15:38:41','2023-03-07 21:35:49',0),(333,209,'','MSZ-GL24NA / MUZ-GL24NA','Mitsubishi','0','24,000 BTU 20.5 SEER Wall Mounted Mitsubishi Mini-Split GL Single Zone Heat Pump - MZ-GL24NA','02/23/2023','0','',0,'','','2023-01-25 15:44:44','2023-03-07 21:29:18',0),(334,210,'1112168','5201-022','Bard','1','Filter, Liquid, Drier, HVAC','02/15/2023','41.00','56',0,'','103877','2023-01-25 23:50:21','2023-01-27 22:54:30',0),(335,211,'1095877','CFM3166A','Baldor Electric Company','4','Motor, 1.5hp Airover, 460V, 3Ph, 60Hz, For Drycooler, 1140RPM, 56YZ Frame, OPAO Enclosure  	','02/28/2023','815.00','74',0,'','57111','2023-01-26 13:39:18','2023-01-27 22:55:30',0),(336,205,'','ACH580-01-077A-4+K465','ABB','1','ACH580 6-Pulse base drive rated UL (NEMA) Type 1. Rated for 77 amps (60 HP) at 480 VAC three phase.',NULL,'12008.00','130',0,'','124385','2023-01-30 19:15:41','2023-02-02 00:49:48',0),(337,206,'','SW22PTPIX1DIYD8E10CEBN','DYNICS','1','SW22 21.5',NULL,'4262','130',0,'','128802','2023-02-02 00:17:06','2023-02-02 00:37:07',0),(338,212,'','Test1234',NULL,'123','Test',NULL,'12','',1,'','dfdsfd','2023-02-03 04:40:20','2023-02-13 08:39:51',0),(339,213,'','NS100-620','Sight logix','1','camera','02/13/2023','6232','56',0,'','129226','2023-02-06 18:34:56','2023-02-09 00:23:36',0),(340,212,'','Test12345',NULL,'34','Test',NULL,'34','',0,'','12345gf@#$','2023-02-13 08:39:51','2023-02-13 08:39:51',0),(341,214,'1075631-07','1075631-07','Flextronics Guadalajara Mexico','1','PCBA, Left Rear, PIES Controller and Ethernet Switch (KSZ8999), Margarita, RoHS','03/10/2023','','',0,'','','2023-02-23 14:05:49','2023-02-23 14:05:49',0),(342,215,'1118198','743XU305635','Marley','5','HEATER, 24 KW, ELECTRIC, COOLING TOWER BASIN','03/06/2023','3390','56',0,'','130423','2023-02-23 18:05:07','2023-03-05 19:12:19',0),(343,197,'1151746','3000144081116.2','Dell','4','GPN 1151746 R450',NULL,'12075.00','56',0,'','130659','2023-02-23 23:04:36','2023-03-13 23:00:01',0),(344,197,'','VCS8-STD-C','VMware, Inc','1','VCTR SERVER 8 STD VSPH 8 LICS',NULL,'6226.00','56',0,'','130662','2023-02-23 23:04:36','2023-03-13 23:00:01',0),(345,197,'','VCS8-STD-P-SSS-C','VMware, Inc','1','VCTR SERVER 8 STD VSPHLICS 8 1Y',NULL,'1648.50','56',0,'','130561','2023-02-23 23:04:36','2023-03-13 23:00:01',0),(346,195,'1151756','3000143989010.2','Dell','8','GPN 1151756 R450',NULL,'9751','56',0,'','130660','2023-02-23 23:38:19','2023-03-09 19:45:51',0),(347,216,'1145925','METSEEM480516','SCHNEIDER ELECTRIC','1','METER, ENERGY, EM4800, MULTI-CIRCUIT, 24 X 5A INPUTS, 120V, 60HZ','03/10/2023','9069.00','56',0,'','127848','2023-02-28 17:29:14','2023-03-03 18:35:41',0),(348,217,'1095877','CFM3166A',NULL,'2','MOTOR, 1.5HP AIROVER, 460V, 3PH, 60HZ, FOR DRYCOOLER, 1140RPM, 56YZ FRAME, OPAO ENCLOSURE','03/30/2023','815','74',0,'','57111','2023-03-01 13:43:27','2023-03-03 18:31:10',0),(349,218,'','TPS3EL130X0B2','Siemens','1','SPD2 L1 INT 10M 277/480V 300KA SC BW','04/07/2023','3736.00','75',0,'','126693','2023-03-02 21:08:26','2023-03-03 18:26:36',0),(350,209,'','MSZ-GL24NA-U1','Mitsubishi','1','MINI SPLIT; 24K BTU HEAT PUMP',NULL,'1293','56',0,'','130650','2023-03-07 21:29:18','2023-03-09 19:15:33',0),(351,209,'','MUZ-GL24NA-U2','Mitsubishi','1','24,000BTU, H WALL MNT, HP',NULL,'2647','365',0,'','130651','2023-03-07 21:29:18','2023-03-09 19:15:33',0),(352,209,'','LS303858','Mitsubishi','1','LINE SET; 30 FEET 3/8 X 5/8',NULL,'367.37','56',0,'','130658','2023-03-07 21:29:18','2023-03-09 19:15:33',0),(353,208,'','MSZ-FS18NA','Mitsubishi','2','MINI SPLIT; 18K BTU, WALL MTD HEAT  PUMP',NULL,'1299','56',0,'','130652','2023-03-07 21:35:49','2023-03-09 19:21:23',0),(354,208,'','MUZ-FS18NAH-U1','Mitsubishi','2','MINI SPLIT; 18K BTU OUTDOOR, HEAT  PUMP',NULL,'5807','120',0,'','130653','2023-03-07 21:35:49','2023-03-09 19:21:23',0),(355,208,'','LS301212','Mitsubishi','2','LINE SET; 30 FEET 1/4 X /12',NULL,'319','56',0,'','130657','2023-03-07 21:35:49','2023-03-09 19:21:23',0),(356,207,'','MSZ-FS12NA','Mitsubishi','2','MINI SPLIT; 12K BTU, WALL MOUNTED HEAT P',NULL,'1031.45','56',0,'','130654','2023-03-07 21:41:05','2023-03-09 19:23:38',0),(357,207,'','MUZ-FS12NA','Mitsubishi','2','MINI SPLIT; 12K BTU OUTDOOR HEAT  PUMP',NULL,'1863','56',0,'','130655','2023-03-07 21:41:05','2023-03-09 19:23:38',0),(358,207,'','LS301428','Mitsubishi','2','LINE SET; 30 FEET 1/4 X 3/8',NULL,'304.26','56',0,'','130656','2023-03-07 21:41:05','2023-03-09 19:23:38',0),(359,219,'1134945','10KT-HSPHH-TF','GARRETTCOM','1','NETWORK SWITCH, GARRETCOM, FRONT MOUNTED, W/ 2 HOT SWAP POWER SLOTS, 90-250V AC/DC','03/13/2023','','',0,'','','2023-03-08 20:44:30','2023-03-08 20:44:30',0),(360,220,'07123136','07123136','Vanderbend','4','Assy, Fan Tray, 1/2 HP with DOE Motor and Mongoose, HH2  	','03/31/2023','','',0,'','','2023-03-14 12:25:33','2023-03-14 12:25:33',0),(361,221,'1131045','S00965','Eaton','2','BOARD, FAN DRIVER, AC, 480/575V, F/ SVX DRIVES, FR8 SPARE PARTS','03/31/2023','5445.00','126',0,'','114500','2023-03-20 18:41:44','2023-05-08 21:48:18',0),(362,222,'','MRC-100A/4-480VAC','Cerus,Franklin Control','0','Cerus,Franklin Control, MIRA, AC contactor, type MRC, 100A AC-3, 225AF, complete with 480V 60Hz coil, AC magnetic contactor','03/24/2023','0','',0,'','','2023-03-22 04:41:50','2023-05-08 22:25:54',0),(363,223,'07115872','TVS3DSPHC','Schneider Electric','1','Kit Display, Transient Voltage Surge Suppressors, 3-Phase, 4-wire, 120/160/240 kA, Counter Horizontal','04/17/2023','788','75',0,'','136758','2023-03-24 11:16:21','2023-05-17 21:22:31',0),(364,224,'1111913',' 685B1001A41',NULL,'5','Vibration Switch, Electronic, 0 to 1.5 ips pk, 85-240VAC 50/60Hz, 150mA, 100mV/g Raw Vibration, 1/2in NPT Conduit Hub, Aluminum Alloy Housing, Temp Range -30 to +70C, NEMA 4X & IP66, 3.5 WD x 2.8 HT x 3.5 Dia in','04/07/2023','1317.00','56',0,'','80242','2023-03-29 15:16:49','2023-03-29 22:32:42',0),(365,225,'1154824','E4FG0101-001','Senstar','2','UltraWave transmitter and receiver pair, includes two mounting kits and four cable glands.','04/13/2023','3047.5','42',0,'','136757','2023-04-06 14:51:05','2023-05-17 21:20:45',0),(366,226,'1120248','4601516250','Schneider Electric','2','Gearbox, Racking, 1200/2000','5/13/2023','','',0,'','','2023-04-13 19:16:34','2023-04-13 19:16:34',0),(367,227,'','CSCBTH-199','AO SMITH','1','AO SMOTH BTH-199 100GL NG 199.9K BTU COMM WATER HEATER POWER VENT W/POWERTED ANODE ROD 76','04/28/2023','10203','50',0,'','136659','2023-04-14 22:18:32','2023-05-15 21:43:58',0),(368,228,'','Babbitt chain bucket ','BABBITT','175','Babbitt chain bucket ','04/28/2023','63.5','42',0,'','136660','2023-04-14 22:36:14','2023-05-15 21:45:53',0),(369,229,'','CSCBTH-199','AO Smith','1','100 gal NG 199.9K BTU Water Heater ','05/12/2023','10203','50',0,'','136659','2023-04-19 21:57:05','2023-05-15 21:43:25',0),(371,231,'1153076',' FL-PS10','Honeywell','2','Remote Power Supply, 10A, 120Vac, Lockable, Metal Enclosure, Independently Configurable, Supports FACP NAC','05/12/2023','616','42',0,'','136658','2023-05-03 12:17:49','2023-05-15 21:35:27',0),(372,222,'','MRC-100LA-480VAC','Cerus,Franklin Control','1','MRC100LA480VAC CONTACTOR 100A 100AF 1NO & 1NC AUX 480VAC 60HZ LUG FACTORY WARRANTY MAY NOT APPLY. RADWELL 2-YEAR WARRANTY INCLUDED',NULL,'473','42',0,'','135686','2023-05-08 22:25:54','2023-05-08 22:57:49',0),(373,232,'','000711','Berluto','4','SV 94 MS - 3/8','05/26/2023','67','42',0,'','136661','2023-05-09 14:45:50','2023-05-15 17:19:35',0),(374,232,'','000831','Berluto','4','HDPE-float - 90 mm','05/26/2023','14','42',0,'','136662','2023-05-09 14:45:50','2023-05-15 17:19:35',0),(375,233,'07036918','40025A015','TAS','1',' Flowmeter, Magnetic, 16 IN Badger','05/31/2023','14246','40',0,'','136630','2023-05-10 11:34:38','2023-05-12 19:17:45',0),(376,234,'','12503','VIKING','1','KIT, MAINTENANCE, ACCELERATOR, E-1','05/30/2023','308','75',0,'','127832','2023-05-10 19:01:15','2023-05-12 19:39:38',0),(377,235,'','12503','VIKING','1','KIT, MAINTENANCE, ACCELERATOR, E-1','05/30/2023','308','75',0,'','127832','2023-05-10 19:01:16','2023-05-12 19:41:25',0),(378,236,'','12503','VIKING','1','KIT, MAINTENANCE, ACCELERATOR, E-1','05/30/2023','308','75',0,'','127832','2023-05-10 19:01:17','2023-05-12 19:42:28',0),(379,237,'','12503','VIKING','1','KIT, MAINTENANCE, ACCELERATOR, E-1','05/30/2023','308','75',0,'','127832','2023-05-10 19:01:19','2023-05-12 19:42:52',0),(380,238,'','12503','VIKING','1','KIT, MAINTENANCE, ACCELERATOR, E-1','05/30/2023','308','75',0,'','127832','2023-05-10 19:01:20','2023-05-12 19:43:17',0),(381,239,'','12503','VIKING','1','KIT, MAINTENANCE, ACCELERATOR, E-1','05/30/2023','308','75',0,'','127832','2023-05-10 19:01:21','2023-05-12 19:45:04',0),(382,240,'','12503','VIKING','1','KIT, MAINTENANCE, ACCELERATOR, E-1','05/30/2023','308','75',0,'','127832','2023-05-10 19:01:22','2023-05-12 19:43:50',0),(383,241,'','12503','VIKING','1','KIT, MAINTENANCE, ACCELERATOR, E-1','05/30/2023','308','75',0,'','127832','2023-05-10 19:01:24','2023-05-12 19:44:30',0),(384,242,'','21T-LF201215CCP',NULL,'1','AC Drive,Trane Corp. Special,480V AC,1200 A,Series 2.0','05/30/2023','','',0,'','','2023-05-10 19:29:13','2023-05-10 19:29:13',0),(385,243,'1119312','57143','NVENT ELECTRIC PLC (NVENT)','2','TANK, EXPANSION, CDU, NVENT, DESCHUTES 3.0','05/31/2023','','',0,'','','2023-05-15 14:01:52','2023-05-15 14:01:52',0),(386,244,'1073459','BPS10A','Edwards Signaling','1','Booster Power Supply, 10Amp, 120VAC or 220-240VAC,UL 50/60Hz , UL 864, Expands Power to NACs, Keyed Lockable Steel Cabinet w/ Removable Door','05/26/2023','573','56',0,'','136805','2023-05-17 18:00:26','2023-05-17 22:33:23',0),(387,245,'1148789','685B100A10','PCB Piezotronics','1','Switch, Vibration, IMI 685B, Internal Accelerometer','06/16/2023','2659','30',0,'','131894','2023-05-17 19:55:02','2023-05-18 00:12:18',0),(388,246,'1123522','SVX075A1-4A1N1','EATON CORP','1','DRIVE, 75 HP, EATON, SVX9000 SERIES, NEMA 1, ENCLOSED VFD, 400','05/23/2023','20200','250',0,'','124016','2023-05-22 20:11:36','2023-05-22 21:41:25',1),(389,247,'1096633','P3-120N4','ProMation Engineering, Inc','2','Actuator, Quarter Turn, 1335in lbs/150Nm, 120Vac+10%, Running Current 1.2A, On/Off, Non-Spring Return, NEMA 4X, Split Phase Capacitor Motor, Aluminum Alloy/Powder Coated Case, -30 to 52C',NULL,'1279','65',0,'','56108','2023-05-23 11:06:17','2023-05-23 17:02:06',0),(390,248,'','MT-0102582-0920','POWERSECURE INC','28','Madison Custom Full Size, Multi Level Liquid Level Switch','06/15/2023','','',0,'','','2023-05-23 17:34:56','2023-05-23 17:34:56',0),(391,249,'1136827','PRP228052-000','HOTSTART INC','2','Pump, 1/25HP, 240V, 1P, 10GPM, 6x7x5in','6/24/2023','335','75',0,'','125142','2023-05-25 11:39:01','2023-05-25 17:39:58',0),(392,250,'','M4602-Z-110269','Madison','28','Madison full size, multi level liquid switch, stainless steel stem, buna float, 2','06/09/2023','845','45',0,'','137655','2023-05-25 16:46:24','2023-08-01 23:39:35',0),(393,251,'1151756',' 3000139819098.1','Dell','10','Server, Dell R450, 1U 8x2.5in, 2x16 LP PCIe4, 2x4314 2.4G 16C, 16x16GB DDR4-3200 2Rx8 RDIMM, iDRAC9, H755 Front, 2x480GB SSD, Broadcom 5720 DP 1GbE, X710-DA2 OCP, HBA355e DIB, 2x800W AC PSU, 2x vSphere 8 Std 32C 1yr SNS','06/26/2023','9751','60',0,'','146077','2023-05-25 16:54:44','2023-06-26 19:09:16',0),(394,251,'1138384',' 3000124365581.1','Dell','10','Storage Array, Dell PV ME5024, 2U, SAS 24-Bay, 4x1.92TB SAS 12Gbps RI SSD, 2x580W AC PSU','06/26/2023','19855','55',0,'','146078','2023-05-25 16:54:44','2023-06-26 19:16:07',0),(395,230,'','NS100-620','Sight logix','2','Thermal Video Analytic Camera - 640x480 Thermal (LWIR), Inbound range of 328 ft (100m), 70° FOV, 24VAC, PoE',NULL,'5972.00','50',0,'','129226','2023-06-05 22:47:36','2023-06-05 22:47:36',0),(396,252,'1035247','32770-E01',NULL,'1','SSEMBLY, SINGLE DOOR, LEFT/RIGHT OPENING MODELS, SNUG FIT, INTEGRATEDINTERIOR HANDLE, AUTOMATIC CLOSE SYSTEM, W/ PAINTED DOOR FRAMES, RETROFITSOLUTION FOR NARROWER 36IN, 87.8IN W X 88.5IN H X 5.4IN D','06/30/2023','4196','56',0,'','90492','2023-06-12 17:47:15','2023-06-12 17:56:07',0),(397,253,'','21T-LF201215CCP',NULL,'1','AC Drive,Trane Corp. Special,480V AC,1200 A,Series 2.0','06/30/2023','','',0,'','','2023-06-13 13:27:51','2023-06-13 13:27:51',0),(398,254,'07120025','GLC-GE-100FX','CISCO','8','Module, Ethernet, Gigabit, 100BASE-FX SFP MMF, Input/Output, Pluggable, 1310nm, Dual LC, 2km, Hot Swappable','06/29/2023','186','56',0,'','95781','2023-06-15 20:06:48','2023-06-15 21:15:00',0),(399,255,'1082302','BUCK-IMPB-TOB-NA-017','E + I Engineering Group','12','TAP OFF BOX, E AND I ENGINEERING GROUP BUSWAY, 50A, 3 PHASE IMPB, W/ 2TRIPLE POLE WITH NON-INDICATING FUSES, W/ 2 OF 4 WIRE DUAL DROP, 4 FEETPOWER CORDS','06/30/2023','1817','107',0,'','94480','2023-06-19 14:54:31','2023-06-20 17:25:00',0),(400,256,'1096051','IPC2150WT-I76-8GB-240SS-W7U-CU225','Comark','0','Computer, 21.5in FHD LCD Touchscreen(Widescreen), Intel i7-6822EQ, 8GB DRAM, 240GB SATA Solid State','07/10/2023','0','',1,'','','2023-06-19 17:01:45','2023-06-20 23:07:15',0),(401,256,'',' IPC2150AC-M8F0AAA-CU225','Comark','1','Industrial grade 21.5 iPC, 11th Gen, i711, 256GB SSD, 8GB RAM, W1021 i711','07/10/2023','6081.20','45',0,'','143021','2023-06-20 23:07:15','2023-06-20 23:07:15',0),(402,257,'1034395','RSI-TLA-TBOX-0918-002','Rahi','1','Kit, Tools, for DCOPS Technicians  ','07/11/2023','1066.5','35',0,'','23308','2023-06-22 20:57:33','2023-06-27 17:27:23',0),(403,258,'1034758','FG-NET F','TTK','1','Monitoring Unit, Leak Detection and Location, Wall mounted, Digital, w/ 7in Touch-Screen, 36VA, 100 to 240VAC, 50-60Hz, 5 to 40C, 228mm x 303mm x 67mm','07/13/2023','7740','45',0,'','59555','2023-06-23 11:01:25','2023-06-23 20:59:16',0),(404,259,'1034395 ','RSI-TLA-TBOX-0918-002',NULL,'10','Kit, Tools, for DCOPS Technicians ','07/07/2023','1066.5','35',0,'','23308','2023-06-23 17:54:45','2023-06-27 17:23:50',0),(405,260,'PRP228052-000','1136827','Hot Start','2','Pump, 1/25HP, 240V, 1P, 10GPM, 6x7x5in','07/17/2023','335','75',0,'','125142','2023-06-26 16:47:11','2023-06-26 16:52:07',0),(406,261,'NA','RZQ24TAVJUA','Daikin','1','24K Outdoor - HEAT PUMP SKYAIR','07/03/2023','','',0,'','','2023-06-26 16:57:01','2023-06-26 16:57:01',0),(407,262,'1063651','LCX-00121-K1-GP2S6','Cool Master ','5','Tool, Dig Dug, Version 5b, Cooler Master, Loro & Ruisinar, Deschutes 2.0 ','07/07/2023','','',0,'','','2023-06-27 03:46:41','2023-06-27 03:46:41',0),(408,263,'1039744','DCW-00011-K1-GP','Coolermaster ','5','Charge Tool, Deschutes, CM ','07/07/2023','','',0,'','','2023-06-27 03:59:09','2023-06-27 03:59:09',0),(409,264,'1039743',' DCW-00010-K1-GP2','Coolermaster ','4','Feeder Kit, Deschutes, with Hose, CM','07/07/2023','','',0,'','','2023-06-27 04:06:37','2023-06-27 04:06:37',0),(410,265,'1159956','ACH580-01-07A6-4+K465','ABB','3','Variable Frequency Drive, ACH580 Series, Wall Mounted, 480VAC, 5hp, 7.6 A','07/28/2023','2231','70',0,'','146411','2023-06-29 12:17:42','2023-06-30 23:15:43',0),(411,266,'1063651','LCX-00121-K1-GP2','Coolermaster ','5','Tool, Dig Dug, Version 5b, Cooler Master, Loro & Ruisinar, Deschutes 2.0','07/14/2023','17124','70',0,'','143863','2023-06-29 17:37:48','2023-06-29 17:51:32',0),(412,267,'1039744','LC-01605-02-GP2','Cooler Master ','5','Charge Tool, Deschutes, CM MFG: Coolermaster','07/14/2023','6606','155',0,'','146413','2023-06-29 17:40:23','2023-06-30 23:22:59',0),(413,268,'1039743','LC-01851-02-GP2','Cooler Master ','4','Feeder Kit, Deschutes, with Hose, CM','07/14/2023','17947','210',0,'','146414','2023-06-29 17:42:12','2023-06-30 23:25:04',0),(414,269,'','511HHBJMAA0040','Apollo','4','APOLLO 511HHBJMAA0040 Relief Valve, H Orifice, 2 Inch Size, Bronze ','07/14/2023','1010.40','120',0,'','146412','2023-06-29 21:31:03','2023-07-05 18:40:18',0),(415,270,'1156360','IPC2150WT-i56-4GB-240SS-W1064-DC-AL','Comark','1','Computer, Panel Mount, High Performance, 21.5in Display, 1920x1080 HD, Touchscreen','08/31/2023','','',0,'','','2023-07-11 16:39:41','2023-07-11 16:39:41',0),(416,271,'1115390','BUCK-IMPB-DC-NA-144','E+I Engineering, Burnfoot, Ireland','4','Circuit Breaker, 144in Drop Cord, w/ IEC60309 Plug, 416V, 3P, 32A, 3-Pole, 5-Wire, IP44, NA','08/31/2023','652.10','266',0,'','147443','2023-07-11 16:44:04','2023-07-26 00:14:54',0),(417,272,'1112751','BUCK-IMPB-TOB-NA-018','E+I Engineering, Burnfoot, Ireland','4','Tap Box, 2 x 32A Triple Phase iMPB Plug In Unit, w/ 2No. Triple Pole Miniature Circuit Breakers,','08/31/2023','1592','266',0,'','114491','2023-07-11 16:45:52','2023-07-26 00:16:49',0),(418,273,'1115389','BUCK-IMPB-DC-NA-120','E+I Engineering, Burnfoot, Ireland','4','Circuit Breaker, 120in Drop Cord, w/ IEC60309 Plug, 416V, 3P, 32A, 3-Pole, 5-Wire, IP44, NA','08/31/2023','610.30','266',0,'','147444','2023-07-11 16:47:43','2023-07-26 00:18:46',0),(419,274,'1112751 ','BUCK-IMPB-TOB-NA-018','E+I Engineering, Burnfoot, Ireland','2','Tap Box, 2 x 32A Triple Phase iMPB Plug In Unit, w/ 2No. Triple Pole Miniature Circuit Breakers,','08/31/2023','1592','266',0,'','114491','2023-07-11 16:54:28','2023-07-26 00:17:38',0),(420,275,'1094074','39347','nVent Electric plc (nVent)','6','Eaton to Air Compressor Kit','08/31/2023','','',0,'','','2023-07-11 16:57:11','2023-07-11 16:57:11',0),(421,276,'1082302','BUCK-IMPB-TOB-NA-017','E+I Engineering, Burnfoot, Ireland','4','Tap Off Box, E And I Engineering Group Busway, 50A, 3 Phase iMP',NULL,'1731','266',0,'','94480','2023-07-11 17:04:37','2023-07-26 00:20:18',0),(422,277,'1044399 ','1044399','Proto Labs, Inc.','10','Cover, Connector, Power, Right PDBB, PFSP','08/31/2023','','',0,'','','2023-07-11 17:08:50','2023-07-11 17:08:50',0),(423,278,'1027450','1027450-EMJ','ESON/Actmax','10','Cover, Power Connector, PDBB, IKEA 4','08/19/2023','','',0,'','','2023-07-11 17:11:12','2023-07-11 17:11:12',0),(424,279,'1082976','IE-4010-16S12P','Cisco','1','Switch, Ethernet, IE-4010-16S12P,  4 SFP (100MB/1G), 12 (100MB/1G), 12 (10/100/1000M)','07/26/2023','2285','91',0,'','94388','2023-07-12 14:23:19','2023-08-07 18:30:06',0),(425,280,'1082302','BUCK-IMPB-TOB-NA-017','E+I ENGINEERING GROUP','4','TAP OFF BOX, E AND I ENGINEERING GROUP BUSWAY, 50A, 3 PHASE IMPB, W/ 2 TRIPLE POLE WITH NON-INDICATING FUSES, W/ 2 OF 4 WIRE DUAL DROP, 4 FEET POWER CORDS','08/11/2023','1731','266',0,'','94480','2023-07-18 14:53:33','2023-07-26 00:21:17',0),(426,281,'1145061','ACH550-UH-023A-4','ABB','1','Variable Frequency Drive, HVAC, 380-480V Input Voltage, 3Phase, 23A, Flux Braking, 15HP, Wall Mount, R2 Frame, IP21, NEMA 1, Keypad Included, ACH550 Series, 8.7x4.9x18.5in (LxWxH)','08/16/2023','.','',0,'','','2023-07-26 19:40:56','2023-07-28 18:39:26',0),(427,282,'1157383','C-3000FS','Eaton','3','Uninterruptible Power Supply (UPS), 3kVA / 2400W, 220 VAC, 13.6 A, 60 Hz, Built-in 1 A charger','08/15/2023','784','55',0,'','107485','2023-07-27 16:11:26','2023-08-02 20:39:31',1),(428,283,'1044276','LCX-00082-K1-GP2_0613','CoolerMaster','5','Assembly, Hose, Expansion Tank, CDU, CM, Deschutes','08/10/2023','371','56',0,'','147857','2023-07-27 20:17:13','2023-08-04 00:46:53',0),(429,284,'1163930','GHPS0.2A20C2E','GLOBAL FILTER','64','FILTER, CARTRIDGE, HIGH PURITY POLYSULFONE, 20 INCH LENGTH, 0.2 MICRON RATING, 2.7 INCH OUTSIDE DIAMETER, DOE FLAT GASKET, EPDM ','8/26/23','202','28',0,'','147715','2023-07-27 23:56:34','2023-07-31 22:32:46',0),(430,285,'1035319','40452','LINDY Computer Connection Technology Inc.','25','Port Blocker, Physical, USB, Simple/Effective, Quick, 4x Blocks, 1x Key, Blue','08/31/2023','20','21',0,'','90486','2023-08-01 15:25:37','2023-08-03 16:41:02',0),(431,286,'1118229','OE-21','ADVANTAGE CONTROLS','15','PH/ORP PROBE, FLAT SURFACE, DOUBLE JUNCTION, 10 FT LEAD, 140 F,  100 PSI MAX','08/31/2023','388','56',0,'','92187','2023-08-01 21:55:58','2023-08-01 23:44:54',0),(432,287,'','NS100-620','Sightlogix','1','Sightlogix Camer','08/11/2023','5972','56',0,'','129226','2023-08-02 14:09:50','2023-08-02 19:44:17',0),(433,288,'1119230','MagnesiumCORIN2X7.25rodout','Rotometals','8','Pipe, Plug, 2','08/16/2023','0','',1,'','','2023-08-02 15:18:32','2023-08-02 20:48:16',0),(434,289,'1119230','MagnesiumCORIN2X7.25rodout','Rotometals','8','Pipe, Plug, 2','08/16/2023','0','',1,'','','2023-08-02 15:28:11','2023-08-02 20:50:22',0),(435,290,'1119230','MagnesiumCORIN2X7.25rodout	','Rotometals','8','Pipe, Plug, 2','08/16/2023','0','',1,'','','2023-08-02 15:30:50','2023-08-02 20:52:06',0),(436,291,'1119230','MagnesiumCORIN2X7.25rodout','Rotometals','8','Pipe, Plug, 2','08/16/2023','0','',1,'','','2023-08-02 15:32:26','2023-08-02 20:53:06',0),(437,288,'','3642K999','McMaster-Carr','8','Magnesium Pencil Anode 2\" NPT X 9\", Overall Length (7.25\" Mag Rod Exposed) Goog','08/16/2023','226','28',0,'','147809','2023-08-02 20:48:16','2023-08-02 20:48:16',0),(438,289,'','3642K999','McMaster-Carr','8','Magnesium Pencil Anode 2\" NPT X 9\", Overall Length (7.25\" Mag Rod Exposed) Goog',NULL,'226','28',0,'','147809','2023-08-02 20:50:22','2023-08-02 20:50:22',0),(439,290,'','3642K999','McMaster-Carr','8','Magnesium Pencil Anode 2\" NPT X 9\", Overall Length (7.25\" Mag Rod Exposed) Goog',NULL,'226','28',0,'','147809','2023-08-02 20:52:06','2023-08-02 20:52:06',0),(440,291,'','3642K999',' McMaster-Carr','8','Magnesium Pencil Anode 2\" NPT X 9\", Overall Length (7.25\" Mag Rod Exposed) Goog',NULL,'226','28',0,'','147809','2023-08-02 20:53:06','2023-08-02 20:53:06',0),(441,292,'','VCTR SERVER 8 STD VSPHLICS 8 1Y','VMWare','7','VCTR SERVER 8 STD VSPH 8 LICS',NULL,'','',0,'','','2023-08-03 11:29:56','2023-08-03 11:29:56',0),(442,292,'','VCTR SERVER 8 STD VSPHLICS 8 1Y','VMWare','3','VCTR SERVER 8 STD VSPHLICS 8 1Y',NULL,'','',0,'','','2023-08-03 11:29:56','2023-08-03 11:29:56',0),(443,293,'1131271','CC0281801GP2','Cooler Master','4','Pump, Feeder Kit, Grundfos CME5-4 A-S-IE-AQQE U-A-D-N, w/Tri-Clamps, Cooler Master, Deschutes 3.0 . part number is CC-02818-01-GP2','08/17/2023','3780','49',0,'','147977','2023-08-03 16:51:57','2023-08-07 18:55:40',0),(444,294,'1035319','40452','LINDY COMPUTER CONNECTION TECHNOLOGY INC.','47','Port Blocker, Physical, USB, Simple/Effective, Quick, 4x Blocks, 1x Key, Blue','08/25/2023','20','21',0,'','90486','2023-08-03 18:32:04','2023-08-03 23:27:47',0),(445,295,'test1223','testinng-product',NULL,'10','Testing by Rahi team',NULL,'10','5',0,'','34567','2023-08-04 06:59:50','2023-08-04 07:06:20',0),(446,296,'Relay, AC, 4-Pole, f/  SPC Eaton Switchgear','1051941','Eaton','6','Relay, AC, 4-Pole, f/  SPC Eaton Switchgear',NULL,'0','',1,'','','2023-08-04 18:49:59','2023-08-04 19:43:28',0),(447,296,'1051941','766A440G01','Eaton','6','Relay, AC, 4-Pole, f/  SPC Eaton Switchgear',NULL,'559','63',0,'','85984','2023-08-04 19:43:28','2023-08-04 19:43:28',0),(448,297,'1051941','766A440G01','Eaton','2','Relay, AC, 4-Pole, f/  SPC Eaton Switchgear','09/04/2023','559','63',0,'','85984','2023-08-07 11:05:58','2023-08-07 18:24:18',0),(449,298,'1065861','134398800','MODINE ','10','FAN MOTOR ASSEMBLY, 910MM, ZA  	','08/25/2023','2406','45',0,'','148246','2023-08-10 20:38:54','2023-08-15 19:06:48',0),(450,299,'1081467','B00E50208145/76','Rolls-Royce Power Systems AG (MTU)','1','Governor, ECU-ADEC, Not Adjusted','08/21/2023','8382','45',0,'','77718','2023-08-14 17:17:25','2023-08-15 19:27:01',1),(451,300,'1145776','01DT-5LR','BELIMO AMERICAS','2','SENSOR, DUCT/IMMERSION, TEMPERATURE PASSIVE, NTC10K (10K2), PROBE LENGTH 12 INCHES , PROBE DIAMETER 0.24 INCHES','08/29/2023','15','45',0,'','126359','2023-08-15 15:54:44','2023-08-15 19:34:54',0),(452,301,'1034395',' RSI-TLA-TBOX-0918-002','Rahi Systems ','1','Kit, Tools, for DCOPS Technicians','08/30/2023','1066.5','45',0,'','23308','2023-08-16 23:45:55','2023-08-17 17:57:54',0),(453,302,'1036776','FLUKE-233	','Fluke','7','Multimeter, Removable Digital Display, Remote, Flexibility, Auto/Manual Ranging, w/ Backlight, 3.6in W x 2in H x 7.6in D, Yellow',NULL,'410','56',0,'','89199','2023-08-17 17:00:31','2023-08-18 17:18:09',0),(454,303,'1163925','PRP228052-001','HotStart INC','1','PUMP, 1/25HP, 120V, 1P, 10GPM, GRUNDFOS, 6X7X5IN, 3.3 KG','09/12/2023','335','21',0,'','148775','2023-08-22 12:30:18','2023-08-23 23:54:48',0),(455,304,'1163925','PRP228052-001','HotStart INC','1','PUMP, 1/25HP, 120V, 1P, 10GPM, GRUNDFOS, 6X7X5IN, 3.3 KG','09/12/2023','335','21',0,'','148775','2023-08-22 12:35:09','2023-08-23 23:56:10',0),(456,305,'1163925','PRP228052-001','Hot Start','1','Pump, 1/25HP, 120V, 1P, 10GPM, Grundfos, 6x7x5in, 3.3 Kg','09/18/2023','335','21',0,'','148775','2023-08-28 16:44:33','2023-08-28 19:39:34',0),(457,306,'','06DS5376BC06AR','Liebert','2','460V Compressor','09/22/2023','0','',1,'','','2023-08-31 12:57:04','2023-09-06 19:27:37',0),(458,307,'1088434','QTP 4x54T5HO/UNV PSN HTW NL','Osram Sylvania','15','Ballast, Quicktronic 49161 (4) Lamp, FP54T5HO, 120/277V, Programmed Start, 1.0 Ballast Factor, Professional Series, Type CC, QUICKSENSE, Wiretrap Connectors Wiring, Series Circuit Light, 1 HT x 16.73 LG x 2.23 WD in','10/03/2023','0','',1,'','','2023-09-05 10:56:32','2023-09-12 21:25:55',0),(459,306,'','6D5376TLBC0650T','United Technologies','2','400/460V 3PH 15HP Compressor',NULL,'6800','45',0,'','153537','2023-09-06 19:27:37','2023-09-06 19:27:37',0),(460,308,'07134745','GF-PDFM0','MTU(Rolls-Royce) Friedrichshafen Germany','26','Kit, Fuel Analysis, Diesel Engine, Cleanliness, No Spec','09/25/2023','139','56',0,'','10059','2023-09-11 13:52:20','2023-09-12 21:03:10',0),(461,309,'','Part # 83342CE is sold in 16 OZ Containers. ','Eaton','2','Part # 83342CE is sold in 16 OZ Containers. Comes with Brushes and Grease for MV Breakers','10/02/2023','0','',1,'','','2023-09-11 17:16:33','2023-09-13 19:04:39',0),(462,307,'','QHE4X54T5HOUNVPSNHTSCLDOE','Osram Sylvania','15','High efficiency 4 lamp ballast Program Start UNV voltage with leads in a 10 pack that runs 4 or 3 54 W lamps, DOE compliant','10/03/2023','80','45',0,'','153720','2023-09-12 21:25:55','2023-09-12 21:25:55',1),(463,310,'1156360','iPC2150AC-iC11-8GB-256SS-W1019-AC-AL-CU225','Comark','1','Replacement for MPN PC-01890. ','10/01/2023','5451','56',0,'','153778','2023-09-13 12:00:24','2023-09-13 23:50:32',0),(466,311,'07099622',' SL-500X','ServerLift Corporation ','2','Lift, Electric, 500 lb. Lifting Capacity, 3ft 8in L x 2ft 0.5in W x 5ft 9.4in H, Platform L 24in W  	','09/27/2023','13163','98',0,'','120934','2023-09-13 18:26:02','2023-09-27 18:20:08',0),(468,311,'1073361','LCX-00165-K1-GP2','Cooler master ','1','Tool, Alignment, Angular Orientation, 45 Degrees, Wall Manifold, Cooler Master, Deschutes 3.0  	','09/27/2023','241.50','84',0,'','154191','2023-09-13 18:26:02','2023-09-27 18:20:08',1),(469,312,'1039675','AHS3T - 420 - 165','AVK INDUSTRIAL PRODUCTS ','114','Nut, Rivet Type, Hex, 1/4-20, .027-.165 in. Grip Range, Steel, Zinc Plated','09/27/2023','0.75','45',0,'','154192','2023-09-13 18:38:56','2023-09-27 18:26:08',0),(471,312,'1104222','37808961','MSC Industrial Supply Co. ','2','Wrench, Combination, 1.5','09/27/2023','57.50','21',0,'','144319','2023-09-13 18:38:56','2023-09-27 18:26:08',0),(472,312,'1104224','89146599','Pentair-Anoka','8','CLIP,CABLE ','09/27/2023','.','',0,'','','2023-09-13 18:38:56','2023-09-27 18:26:08',0),(473,312,'1146177','CC-03080-01-GP2','Cooler Master ','1','Cable, Power, Extension, 50\', C14 male straight, C13 female, Cooler Master, Deschutes  	',NULL,'141','120',0,'','154193','2023-09-13 18:38:56','2023-09-27 18:26:08',0),(474,313,'07098335',' 126127300','Modine Grenada USA ','2','Assy, Valve and Manifold, Hyena, Luvata  	','09/27/2023','947','45',0,'','153777','2023-09-13 18:45:55','2023-09-13 23:53:09',0),(475,309,'','83342CE','Eaton','2','Eaton - lubricating blue wax for breakers',NULL,'146','45',0,'','153749','2023-09-13 19:04:39','2023-09-13 19:04:39',0),(476,314,'07134745','GF-PDFM0','MTU(Rolls-Royce) Friedrichshafen Germany','10','Kit, Fuel Analysis, Diesel Engine, Cleanliness, No Spec','10/09/2023','139','56',0,'','10059','2023-09-18 17:19:12','2023-09-18 17:54:10',0),(477,315,'1151756','3000139819098.1','Dell','2','Server, Dell R450, 1U 8x2.5in, 2x16 LP PCIe4, 2x4314 2.4G 16C, 16x16GB DDR4-3200 2Rx8 RDIMM, iDRAC9','10/15/2023','9751','35',0,'','146077','2023-09-20 10:42:04','2023-09-28 16:56:11',0),(478,316,'1142699','US-0201-522','Lutz','1','Pump, Fluid Transfer, 120V, 1000mm Immersion Depth, B2 Vario, Lutz',NULL,'808','56',0,'','154398','2023-09-21 14:18:26','2023-09-28 17:28:38',0),(479,317,'1082302','BUCK-IMPB-TOB-NA-017','E+I ENGINEERING GROUP','4','TAP OFF BOX, E AND I ENGINEERING GROUP BUSWAY, 50A, 3 PHASE IMPB, W/ 2 TRIPLE POLE WITH NON-INDICATING FUSES, W/ 2 OF 4 WIRE DUAL DROP, 4 FEET POWER CORDS','10/06/2023','','',0,'','','2023-09-21 18:43:10','2023-09-21 18:43:10',0),(480,311,'1119870','86184','Power handling ','6','Kit, Industrial Cart Mover, Power Cart H, PowerHandling, Feeder Kit, Deschutes','09/27/2023','247.50','45',0,'','154251','2023-09-27 18:20:08','2023-09-27 18:20:08',1),(481,318,'1115608','LRA650.625SS','Rexnord Industries LLC','1','Shaft, Drive',NULL,'','',0,'','','2023-09-28 18:00:54','2023-09-28 18:00:54',0),(482,319,'1120699','2641005WD11A1F','Setra','4','Transducer, Pressure, Model 264, 0 to 5.0in W.C., 4-20 mA,','10/23/2023','330','56',0,'','112869','2023-10-02 12:14:14','2023-10-03 21:51:43',0),(483,320,'1120699','2641005WD11A1F','Setra','4','Transducer, Pressure, Model 264, 0 to 5.0in W.C., 4-20 mA,','10/23/2023','330','56',0,'','112869','2023-10-02 12:14:39','2023-10-03 21:52:39',0),(484,321,'07134745','GF-PDFM0','MTU(Rolls-Royce) Friedrichshafen Germany','26','Kit, Fuel Analysis, Diesel Engine, Cleanliness, No Spec','10/19/2023','139','56',0,'','10059','2023-10-02 15:04:02','2023-10-02 17:45:30',0),(485,322,'07120025','GLC-GE-100FX','Cisco','20','Module, Ethernet, Gigabit, 100BASE-FX SFP MMF, Input/Output, Pluggable, 1310nm, Dual LC, 2km, Hot S','10/20/2023','77','56',0,'','143791','2023-10-06 20:04:08','2023-10-09 17:53:56',0),(488,325,'07138764','DS4308-XD00007VZWW','Motorola','10','Scanner, Barcode, Handheld, 5VDC +/-10%, 360mA, Scans: 1D/2D/PDF417 UPCs, Range: 0-2.0in (Near)/3.0-53in (Far), USB/RS-232/Keyboard Wedge/RS-485/SSI Interface, Black, Motorola/Symbol Technologies, DS4308','10/31/2023','','',0,'','','2023-10-11 11:53:57','2023-10-11 11:53:57',0),(490,323,'',' NP-PV710UL-W1-13ZL','NEC','2','NEC DISPLAY SOLUTIONS : WUXGA LCD, 7100 Lumen Advanced Professional Laser Installation Projector (THIS PRODUCT SHIPS WITH THE NP13ZL LENS) - 3,000,000:1 Contrast (with Light Adjust), Laser Light Source, 4K Ready, Center lens design, HDBaseT Input, Dual HDMI, Manual Lens, ProAssi','10/19/2023','3527','45',0,'','154521','2023-10-12 22:12:51','2023-10-12 22:12:51',0),(491,324,'','LED48T8KL2-18W-XPW-101WF','LEDtronics Inc.','800','100-277Vac. 5000K.BBP+BR. Frosted. 18W','10/23/2023','15.5','63',0,'','155377','2023-10-12 22:16:01','2023-10-12 22:16:01',0),(492,327,'1114199','BMENOC0311','Schneider Electric ','1','Module, Communication, Modicon M580, Ethernet & X-bus Rack, 3 Port RJ45, 10/100Mbit/s Double Shielded Twisted Pair, FactoryCast Configurable, 60C, IP20, EU & China RoHS','10/26/2023','2870','84',0,'','145208','2023-10-12 22:43:56','2023-10-16 17:28:45',0),(495,328,'','744-A3297','Eaton','10','Eaton 9PX battery pack for 9PX1500RT','11/01/2023','765','90',0,'','155918','2023-10-18 22:34:44','2023-10-18 22:34:44',0),(496,329,'1036629',' ACH580-01-027A-4+J429','ABB','4','Variable Frequency Drive, 20hp, 480, 3ph','10/31/2023','3800','56',0,'','124382','2023-10-24 19:00:33','2023-10-24 19:00:33',0),(497,330,'1133627','PWR-RGD-AC-DC-H-RF','Cisco','1','Power Supply, hot-plug, CDW PART- 6655975','11/01/2023','564','40',0,'','113601','2023-10-25 15:35:23','2023-11-15 18:50:01',0),(500,330,'1082976','IE-4010-16S12P','Cisco','9','Switch, Ethernet, IE-4010-16S12P, 4 SFP (100MB/1G), 12 (100MB/1G), 12 (10/100/1000M), 2 x 100-240VAC/100-250VDC Power Supply, DNA Advantage, LAN Base, 15.2 (4) EC2','11/01/2023','2256','63',0,'','157509','2023-10-25 15:35:23','2023-11-15 18:50:01',0),(501,331,'','771000FH10','Parker Racor','1','Parker Racor 10 Micron, 1000 Turbine Series, Triple Manifold Fuel Filter Assembly','10/31/2023','.','',0,'','','2023-10-26 12:57:19','2023-11-01 18:16:26',0),(502,326,'1068279','LC-01605-02-GP2','Coolermaster','2','Charge Tool, Deschutes, CM ',NULL,'6606','160',0,'','146413','2023-10-26 17:23:12','2023-10-26 17:23:12',0),(503,332,'1114797','712FX4-SC','Red Lion','1','Ethernet Switch, Industrial, Managed, 12 Port, 8x 10/100BaseTX RJ-45 Port, 4x 100BaseFX Fiber Port, 10-49VDC, DIN Rail Mount',NULL,'3940','56',0,'','156789','2023-10-27 11:53:55','2023-10-31 23:53:16',0),(504,333,'','2891082','Phoenix Contact','8','FL SFP FX SM - Media module',NULL,'316','45',0,'','156790','2023-10-27 18:12:00','2023-10-31 23:56:23',0),(505,333,'','2891081','Phoenix Contact','8','FL SFP FX - Media module',NULL,'240','105',0,'','129291','2023-10-27 18:12:00','2023-10-31 23:56:23',0),(506,333,'','2702439','Phoenix Contact','8','FL SFP FE WDM20-SET - Media module',NULL,'1026','56',0,'','156792','2023-10-27 18:12:00','2023-10-31 23:56:23',0),(507,333,'','1085484','Phoenix Contact','8','FL DIN-RAIL ADAPTER 40 - Mounting panel ',NULL,'23','45',0,'','156793','2023-10-27 18:12:00','2023-10-31 23:56:23',0),(508,334,'1036629','ACH580-01-027A-4+J429	','ABB','1','Variable Frequency Drive, 20hp, 480, 3ph','12/31/2023','3800','56',0,'','124382','2023-10-30 18:23:44','2023-10-31 16:39:50',0),(509,335,'1068125','PC-01890','Comark','1','PANEL, CONTROL, HMI, 21.5IN, FANLESS DESIGN, IP65/NEMA 4 FRONT BEZEL, 1920X1080 FULL HD LCD, 2.5IN SATA SSD, 11 TO 32VDC INPUT, PANEL MOUNT, TOUCHSCREEN PANEL PC, DISPLAY PORT, WINDOWS OPERATING SYSTEM','11/30/2023','.','',1,'iPC2150AC-iC11-8GB-256SS-W1019-AC-AL-CU225','','2023-10-31 18:14:25','2023-11-02 23:06:25',0),(510,336,'1151924','EDS-316-MM-SC','Moxa','1','Ethernet Switch, 14 10/100BaseT(X) Ports, 2 100BaseFX Multi-mode Ports With SC Connectors','11/10/2023','760','77',0,'','156921','2023-11-01 11:23:26','2023-11-07 01:10:23',0),(511,337,'1129156','LD2820A-1X','Advantage Controls','3','SENSOR, FLUOROMETER, LITTLE DIPPER 2, 4-20MA OUTPUT, 0-100 PSI, PTSA OPTICS (1-300 PPB), STANDARD 55IN QUICK RELEASE CABLE, PROBE AND TEE NOT INCLUDED','11/27/2023','1500','35',0,'','112851','2023-11-01 15:29:48','2023-11-02 22:57:36',0),(512,338,'1118229','OE-21','Advantage Controls','6','PH/ORP PROBE, FLAT SURFACE, DOUBLE JUNCTION, 10 FT LEAD, 140 F,  100 PSI MAX','11/27/2023','252','35',0,'','92187','2023-11-01 15:31:05','2023-11-02 22:54:43',0),(513,339,'07134745','GF-PDFM0','MTU(Rolls-Royce) Friedrichshafen Germany Manufacturer','26','KIT, FUEL ANALYSIS, DIESEL ENGINE, CLEANLINESS, NO SPEC','11/15/2023','139','56',0,'','10059','2023-11-01 20:48:32','2023-11-01 22:08:16',0),(515,335,'1156360','iPC2150AC-iC11-8GB-256SS-W1019-AC-AL-CU225','Comark','1','Industrial Grade 21.5\" 16:9 Touchscreen Panel Computer Aluminum Intel Celeron 6600E 8 GB DRAM 100-240 VAC 256GB Solid State Drive Windows 10 2019 Enterprise IoT (64 bit) - iC11 Option WiFi USB Dongle',NULL,'5451','56',0,'','153778','2023-11-02 23:06:25','2023-11-02 23:06:25',0),(516,340,'','6GK60248GS233DA0-Z+A01+B01+C01+D01+E13+F13+G65+H65','Siemens','1','RUGGEDCOM RSG2488 is a RuggedRated fully managed Ethernet switch; 128-bit Encryption; up to 28 non-blocking ports; configured as: 10/100/1000TX copper','11/15/2023','11910','90',0,'','157224','2023-11-08 00:02:37','2023-11-08 00:02:37',0),(517,341,'1120775 ','NS195-620','SightLogix','3','Camera, Security, Outdoor, Intrusion Detection, Thermal, IP66, Stabilization, 640ft Range',NULL,'5792','75',0,'','145540','2023-11-08 12:12:54','2023-11-08 23:25:44',0),(518,342,'1154961','SHA 16-17L26412','ASC Engineered Solutions LLC','2','VALVE, 16INCH SHARPE SERIES, 17 BUTTERFLY,  DI BODY, SS STEM, SS DISC, EPDM SEAT, CL150, LUGGED W/GEAR OPERATOR','11/22/2023','2912','150',0,'','156629','2023-11-08 21:22:14','2023-11-08 23:57:27',0),(520,343,'1117464','VSP-025','Xtralis','5','Xtralis-Vesda Filter Cartridge, Pack of 20 cartridges','12/05/2023','1944','45',0,'','95052','2023-11-21 21:03:36','2023-11-21 21:03:36',0),(521,344,'1105450','ACH580-01-023A-4+K452','ABB','1','Variable Frequency Drive, 15hp, 480, 3ph','12/08/2023','3381','49',0,'','77640','2023-11-28 13:52:59','2023-11-29 23:39:16',0),(522,345,'1154016','MDSC4N3WEA-401FDNCN6YNANFX','Eaton','1','Circuit Breaker, Magnum DS, Std Or Double, Withstand Rating 100, 4000A, 3Pole, Drawout, 24/48Vdc','12/20','.','',0,'','','2023-11-29 16:44:14','2023-12-18 17:51:53',0),(524,346,'1117749','503-4417','CATERPILLAR','1','Caterpillar - panel, control, emcp 4.4, digital indicators, aluminum housing, programmable protection relay, 3.41x12.13x9.72in (lxwxh).','12/05/2023','8105','35',0,'','82980','2023-11-30 23:58:01','2023-11-30 23:58:01',0),(526,348,'07134744','GAMP51R','MTU(Rolls-Royce) Friedrichshafen Germany','13','Kit, Oil Analysis, Diesel Engine, w/Form, Advanced Extended Test Plus','12/18/2023','36','45',0,'','6061','2023-12-04 22:02:38','2023-12-07 19:48:28',0),(527,349,'07134744','GAMP51R','MTU(Rolls-Royce) Friedrichshafen Germany	','13','Kit, Oil Analysis, Diesel Engine, w/Form, Advanced Extended Test Plus','12/18/2023','36','45',0,'','6061','2023-12-04 22:05:05','2023-12-07 19:48:31',0),(528,350,'1064211','127033','DP Products inc ','11','Assembly, BECDECORBIN  	','12/22/2023','1150','56',0,'','159591','2023-12-06 16:08:49','2023-12-19 22:00:18',0),(529,351,'1112019','EL150EX','FW Murphy','1','LEVEL SWITCH, MONITORS LEVEL OF COOLANT, LUBE OIL, DIESEL FUEL AND HYDRAULIC FLUID, MAX TEMP 250° F, MAX PRES 25PSI, 165X171X162MM, O-RINGS','12/21/2023','515','56',0,'','93411','2023-12-07 14:05:39','2024-01-16 19:56:03',1),(530,352,'1145523','503-4406','Caterpillar','2','PANEL, ENGINE DIAGNOSTICS, ENGINE OPERATING STATE, EMCP 4.3','12/21/2023','7430','200',0,'','143781','2023-12-07 21:55:40','2023-12-12 20:21:42',0),(531,353,'NA','W160077PE1','THE MACOMB GROUP INC.','4','VICTAULIC 16 in. EPDM Gasket','12/25/2023','.','',0,'','','2023-12-08 13:43:28','2023-12-13 00:22:04',0),(532,353,'NA','32VL','THE MACOMB GROUP INC.','2','LUBRICANT, 32 OZ, VICTAULIC','12/25/2023','.','',0,'','','2023-12-08 13:43:28','2023-12-13 00:22:04',0),(533,354,'1033974','S48907','Schneider Electric','3','Circuit Breaker, Test Cable, Unstructured Data, Molded Case, R/P Frame, Micrologic PowerPact P/R, 7 Pin, Black','01/05/2024','1822','35',0,'','105442','2023-12-08 18:25:14','2023-12-14 23:37:35',0),(534,347,'1073459','BPS10A','Edwards Signaling','5','Booster Power Supply, 10Amp, 120VAC or 220-240VAC,UL 50/60Hz , UL 864, Expands Power to NACs, Keyed Lockable Steel Cabinet w/ Removable Door','12/23/2023','575','105',0,'','136805','2023-12-12 20:10:09','2023-12-12 20:10:09',0),(535,355,'1114797',' 712FX4-SC','Red Lion','1','Ethernet Switch, Industrial, Managed, 12 Port, 8x 10/100BaseTX RJ-45 Port, 4x 100BaseFX Fiber Port  	','01/02/2024','3150','56',0,'','156789','2023-12-19 11:51:59','2023-12-20 23:15:41',0),(536,356,'1156789',' NT24K-FX8-SC','Red Lion','3','Module, Slide-In, With 8 100BaseFX Multimode Fiber Ports, 2km  	','12/31/2023','2542','56',0,'','146168','2023-12-19 11:54:19','2023-12-20 23:17:52',0),(537,357,'1131341','RSTI-CC-6952-01-1000','TE Connectivity','5','MV Terminations, Raychem Screened Coupling connector, 25kV, 1000kcmil conductor size  	','01/17/2024','2528','147',0,'','160411','2023-12-19 11:57:08','2023-12-26 23:12:11',0),(538,358,'1133621','2400184','PHOENIX CONTACT','1','PANEL, PC TOUCHSCREEN, 24IN, INTEL CORE I3-4010U PROCESSOR','01/03/2024','','',0,'','','2023-12-22 15:13:45','2023-12-22 15:13:45',0),(539,359,'1122241',' 20YVS0SD00','Lenovo','1','Laptop, ThinkPad P17 Gen 2 Intel Core i9-11950H (2.60GHz, 16MB) 17.3 3840x2160 Non-Touch, Windows 10 Pro 64, 64GB, 3x2TB SSD, M.2 2280, PCIe Gen4 OPAL2.0, TLC, NVIDIA RTX A5000, 16GB, WiFi6 AX210,BT 5.0, Bluetooth 5.1, IR&RGB Camera','01/19/2024','','',0,'','','2023-12-26 15:15:57','2023-12-26 15:15:57',0),(540,360,'07134745','GF-PDFM0','MTU(Rolls-Royce) Friedrichshafen Germany ','14','KIT, FUEL ANALYSIS, DIESEL ENGINE, CLEANLINESS, NO SPEC','01/26/2024','139','56',0,'','10059','2023-12-28 14:52:55','2024-01-02 23:16:15',0),(541,361,'1133627','PWR-RGD-AC-DC-H-RF','Siemens','17','Power Supply, hot-plug, CDW PART- 6655975',NULL,'564','40',0,'','113601','2024-01-03 11:58:58','2024-01-04 23:49:50',0),(542,362,'1105450','ACH580-01-023A-4+K452','ABB','1','Variable Frequency Drive, 15HP, 480V, 23A, 3 Phase','01/09/2024','3381','49',0,'','77640','2024-01-04 21:24:03','2024-01-16 20:22:09',1),(543,363,'1105450','ACH580-01-023A-4+K452','ABB','1','VARIABLE FREQUENCY DRIVE, 15HP, 480V, 23A, 3 PHASE','01/31/2024','3381','49',0,'','77640','2024-01-15 15:25:54','2024-01-16 20:22:20',1),(544,364,'1105450','ACH580-01-023A-4+K452','ABB','1','VARIABLE FREQUENCY DRIVE, 15HP, 480V, 23A, 3 PHASE','01/31/2024','3381','49',0,'','77640','2024-01-15 15:27:50','2024-01-16 20:22:32',1),(546,366,'07134745','GF-PDFM0','MTU(Rolls-Royce) Friedrichshafen Germany ','14','Kit, Fuel Analysis, Diesel Engine, Cleanliness, No Spec  	','01/31/2024','139','56',0,'','10059','2024-01-20 19:45:55','2024-02-12 19:41:40',0),(547,367,'1096051','IPC2150WT-i76-8GB-240SS-W7U-CU225','Comark','1','Computer, 21.5in FHD LCD Touchscreen(Widescreen), Intel i7-6822EQ, 8GB DRAM, 240GB SATA Solid State Drive, Windows 7 Ultimate(64 bit), 100-240VAC, Powder Coated Aluminum Front Panel, Wi-Fi Dongle Cable Included','02/28/2024','0','',1,'','','2024-01-30 21:30:31','2024-02-14 23:02:52',0),(548,368,'1116292','ACH580-01-034A-4+K490','ABB','1','VARIABLE FREQUENCY DRIVE, AC, HVAC, 550 SERIES, 25HP, 480VAC, 3PH, 63HZ, 38A, R3 FRAME SIZE, W/ ETHERNET ADAPTER','02/29/2024','6965','65',0,'','2666722','2024-02-01 15:44:30','2024-02-14 00:14:18',1),(549,369,'1117908','P-A-UL13-JP-D115-TPNBE','E+I Engineering','2','Joint Pack - Maint, E&I, NA','02/22/2024','','',0,'','','2024-02-01 18:57:18','2024-02-01 18:57:18',0),(550,370,'1065051',' AXIS T8154','AXIS','6','Converter, Media, High PoE 60W, 100 to 240Vac 50 to 60Hz Input, 55Vdc Output, Shielded RJ45, EIA 568A & 568B SFP Slot, Power Connector C14, IEC/EN/UL 60950-1, PVC Free, -10 to 45C @60W, 184 LG x 80 WD x 50 DP mm','02/02/2024','206','49',0,'','89360','2024-02-02 10:46:20','2024-02-14 23:15:03',0),(551,371,'1179823',' 2020V10','Racor','200','Filter, 10 Micron, Filter Housing 1000FV, Black Molded Endcaps, 9.6in Height\r\n','02/26/2024','','',0,'','','2024-02-06 13:10:27','2024-02-06 13:10:27',0),(552,372,'1090375','EC-01006-01-GP2','Coolermaster Guangdong China ','18','Kit, NSP to Staubli Quick Disconnect Adaptors, Dig Dug, Cooler Master, Deschutes 2.0 and 3.0','03/14/2024','497','126',0,'','163937','2024-02-13 16:26:51','2024-02-21 23:51:15',1),(553,367,'1156360','iPC2150AC-iC11-8GB-256SS-W1019-AC-AL-CU225','Comark','1','Industrial Grade 21.5\" 16:9 Touchscreen Panel Computer, Aluminum, Intel Celeron 6600E,  8 GB DRAM, 100-240 VAC, 256GB Solid State Drive, Windows 10 2019 Enterprise IoT (64 bit) - iC11 Option, WiFi USB Dongle',NULL,'5451','56',0,'','153778','2024-02-14 23:02:52','2024-02-14 23:02:52',1),(554,373,'','US2TPS4EL130X0B2 ','Siemens','1','Surge Protector, SPD2 L1 INT 10M 277/480V 300KA SC BW','03/16/2024','.','',0,'','','2024-02-15 20:13:37','2024-02-21 23:07:59',0),(555,374,'','TPS4EL130XWB2','Siemens','4','SPD2 300kA 480/277V 3P4W SC WRD BUS','03/21/2024','3784','56',0,'','163936','2024-02-22 11:57:19','2024-02-22 15:33:11',1),(556,375,'1069258','9PX1500RT','Eaton','1','Eaton/Power Quality 9PX1500RT UPS System, 2U, 1500VA, 1350W, 5-15P Input, 5-15R Output, 9PX Series','03/18/2024','1853','42',0,'','35777','2024-02-22 13:30:40','2024-02-23 19:21:41',1),(557,376,'30001180-001','TI-DLCUDLCUOM3001','AFOP','60','CABLE, FIBER, CORD, OM3, MM, BIF, LC-LC-DX, UPC, 2.0MM ZIPCORD, OFNR, 1M','3/20/2024','','',0,'','','2024-02-28 19:27:29','2024-02-28 19:27:29',0),(558,376,'07120025','GLCGE100FX','CISCO','55','MODULE, ETHERNET, GIGABIT, 100BASE-FX SFP MMF, INPUT/OUTPUT, PLUGGABLE, 1310NM, DUAL LC, 2KM, HOT SWAPPABLE','3/20/2024','','',0,'','','2024-02-28 19:27:29','2024-02-28 19:27:29',0),(559,376,'1082976','IE-4010-16S12P','CISCO','10','SWITCH, ETHERNET, IE-4010-16S12P, 4 SFP (100MB/1G), 12 (100MB/1G), 12 (10/100/1000M), 2 X 100-240VAC/100-250VDC POWER SUPPLY, DNA ADVANTAGE, LAN BASE, 15.2 (4) EC2','3/20/2024','','',0,'','','2024-02-28 19:27:29','2024-02-28 19:27:29',0),(560,376,'1133627','PWR-RGD-AC-DC-H-RF','SIEMENS','20','POWER SUPPLY, HOT-PLUG, CDW PART- 6655975','3/20/2024','','',0,'','','2024-02-28 19:27:29','2024-02-28 19:27:29',0),(561,365,'','2400184/D23U/A20/I35/R17/M57/OS38/T00/EP0/EP0/S00','PHOENIX CONTACT','1','Phoenix Contact, Inc. - Panel, pc touchscreen, 19IN, D23U, OS38, INTEL CORE I3-4010U PROCESSOR, Rtouch W/front USB, M57, 500 GB hard drive SATA','02/28/2024','6610','35',0,'','164278','2024-02-28 22:48:27','2024-02-28 22:48:50',1),(562,377,'07123010','VHX-1420','Xtralis ','3','Interface, Modbus, VESDA, Wall Mounted, 24 VDC, 70 mA, Dim 280mm x 185mm 5mm  	','03/15/2024','','',0,'','','2024-03-08 17:42:22','2024-03-08 17:42:22',0),(563,377,'1072759','FW-UL6S','Edwards Signaling ','1','Server, Workstation, FireWorks, 3.6GHz, 10-Core, 25MB Cache, Single Xeon Process, 128GB Server RAM  	','03/15/2024','','',0,'','','2024-03-08 17:42:22','2024-03-08 17:42:22',0);

--
-- Table structure for table `rating`
--

CREATE TABLE `rating` (
  `rating_id` smallint(5) unsigned NOT NULL AUTO_INCREMENT COMMENT 'Rating ID',
  `entity_id` smallint(5) unsigned NOT NULL DEFAULT '0' COMMENT 'Entity ID',
  `rating_code` varchar(64) NOT NULL COMMENT 'Rating Code',
  `position` smallint(5) unsigned NOT NULL DEFAULT '0' COMMENT 'Rating Position On Storefront',
  `is_active` smallint(6) NOT NULL DEFAULT '1' COMMENT 'Rating is active.',
  PRIMARY KEY (`rating_id`),
  UNIQUE KEY `RATING_RATING_CODE` (`rating_code`),
  KEY `RATING_ENTITY_ID` (`entity_id`),
  CONSTRAINT `RATING_ENTITY_ID_RATING_ENTITY_ENTITY_ID` FOREIGN KEY (`entity_id`) REFERENCES `rating_entity` (`entity_id`) ON DELETE CASCADE
) ENGINE=InnoDB AUTO_INCREMENT=4 DEFAULT CHARSET=utf8 COMMENT='Ratings';

--
-- Dumping data for table `rating`
--

INSERT INTO `rating` VALUES (1,1,'Quality',0,1),(2,1,'Value',0,1),(3,1,'Price',0,1);

--
-- Table structure for table `rating_entity`
--

CREATE TABLE `rating_entity` (
  `entity_id` smallint(5) unsigned NOT NULL AUTO_INCREMENT COMMENT 'Entity ID',
  `entity_code` varchar(64) NOT NULL COMMENT 'Entity Code',
  PRIMARY KEY (`entity_id`),
  UNIQUE KEY `RATING_ENTITY_ENTITY_CODE` (`entity_code`)
) ENGINE=InnoDB AUTO_INCREMENT=4 DEFAULT CHARSET=utf8 COMMENT='Rating entities';

--
-- Dumping data for table `rating_entity`
--

INSERT INTO `rating_entity` VALUES (1,'product'),(2,'product_review'),(3,'review');

--
-- Table structure for table `rating_option`
--

CREATE TABLE `rating_option` (
  `option_id` int(10) unsigned NOT NULL AUTO_INCREMENT COMMENT 'Rating Option ID',
  `rating_id` smallint(5) unsigned NOT NULL DEFAULT '0' COMMENT 'Rating ID',
  `code` varchar(32) NOT NULL COMMENT 'Rating Option Code',
  `value` smallint(5) unsigned NOT NULL DEFAULT '0' COMMENT 'Rating Option Value',
  `position` smallint(5) unsigned NOT NULL DEFAULT '0' COMMENT 'Ration option position on Storefront',
  PRIMARY KEY (`option_id`),
  KEY `RATING_OPTION_RATING_ID` (`rating_id`),
  CONSTRAINT `RATING_OPTION_RATING_ID_RATING_RATING_ID` FOREIGN KEY (`rating_id`) REFERENCES `rating` (`rating_id`) ON DELETE CASCADE
) ENGINE=InnoDB AUTO_INCREMENT=16 DEFAULT CHARSET=utf8 COMMENT='Rating options';

--
-- Dumping data for table `rating_option`
--

INSERT INTO `rating_option` VALUES (1,1,'1',1,1),(2,1,'2',2,2),(3,1,'3',3,3),(4,1,'4',4,4),(5,1,'5',5,5),(6,2,'1',1,1),(7,2,'2',2,2),(8,2,'3',3,3),(9,2,'4',4,4),(10,2,'5',5,5),(11,3,'1',1,1),(12,3,'2',2,2),(13,3,'3',3,3),(14,3,'4',4,4),(15,3,'5',5,5);

--
-- Table structure for table `rating_option_vote`
--

CREATE TABLE `rating_option_vote` (
  `vote_id` bigint(20) unsigned NOT NULL AUTO_INCREMENT COMMENT 'Vote ID',
  `option_id` int(10) unsigned NOT NULL DEFAULT '0' COMMENT 'Vote option ID',
  `remote_ip` varchar(16) NOT NULL COMMENT 'Customer IP',
  `remote_ip_long` bigint(20) NOT NULL DEFAULT '0' COMMENT 'Customer IP converted to long integer format',
  `customer_id` int(10) unsigned DEFAULT '0' COMMENT 'Customer ID',
  `entity_pk_value` bigint(20) unsigned NOT NULL DEFAULT '0' COMMENT 'Product ID',
  `rating_id` smallint(5) unsigned NOT NULL DEFAULT '0' COMMENT 'Rating ID',
  `review_id` bigint(20) unsigned DEFAULT NULL COMMENT 'Review ID',
  `percent` smallint(6) NOT NULL DEFAULT '0' COMMENT 'Percent amount',
  `value` smallint(6) NOT NULL DEFAULT '0' COMMENT 'Vote option value',
  PRIMARY KEY (`vote_id`),
  KEY `RATING_OPTION_VOTE_REVIEW_ID_REVIEW_REVIEW_ID` (`review_id`),
  KEY `RATING_OPTION_VOTE_OPTION_ID` (`option_id`),
  CONSTRAINT `RATING_OPTION_VOTE_OPTION_ID_RATING_OPTION_OPTION_ID` FOREIGN KEY (`option_id`) REFERENCES `rating_option` (`option_id`) ON DELETE CASCADE,
  CONSTRAINT `RATING_OPTION_VOTE_REVIEW_ID_REVIEW_REVIEW_ID` FOREIGN KEY (`review_id`) REFERENCES `review` (`review_id`) ON DELETE CASCADE
) ENGINE=InnoDB DEFAULT CHARSET=utf8 COMMENT='Rating option values';

--
-- Dumping data for table `rating_option_vote`
--


--
-- Table structure for table `rating_option_vote_aggregated`
--

CREATE TABLE `rating_option_vote_aggregated` (
  `primary_id` int(11) NOT NULL AUTO_INCREMENT COMMENT 'Vote aggregation ID',
  `rating_id` smallint(5) unsigned NOT NULL DEFAULT '0' COMMENT 'Rating ID',
  `entity_pk_value` bigint(20) unsigned NOT NULL DEFAULT '0' COMMENT 'Product ID',
  `vote_count` int(10) unsigned NOT NULL DEFAULT '0' COMMENT 'Vote dty',
  `vote_value_sum` int(10) unsigned NOT NULL DEFAULT '0' COMMENT 'General vote sum',
  `percent` smallint(6) NOT NULL DEFAULT '0' COMMENT 'Vote percent',
  `percent_approved` smallint(6) DEFAULT '0' COMMENT 'Vote percent approved by admin',
  `store_id` smallint(5) unsigned NOT NULL DEFAULT '0' COMMENT 'Store ID',
  PRIMARY KEY (`primary_id`),
  KEY `RATING_OPTION_VOTE_AGGREGATED_RATING_ID` (`rating_id`),
  KEY `RATING_OPTION_VOTE_AGGREGATED_STORE_ID` (`store_id`),
  CONSTRAINT `RATING_OPTION_VOTE_AGGREGATED_RATING_ID_RATING_RATING_ID` FOREIGN KEY (`rating_id`) REFERENCES `rating` (`rating_id`) ON DELETE CASCADE,
  CONSTRAINT `RATING_OPTION_VOTE_AGGREGATED_STORE_ID_STORE_STORE_ID` FOREIGN KEY (`store_id`) REFERENCES `store` (`store_id`) ON DELETE CASCADE
) ENGINE=InnoDB DEFAULT CHARSET=utf8 COMMENT='Rating vote aggregated';

--
-- Dumping data for table `rating_option_vote_aggregated`
--


--
-- Table structure for table `rating_store`
--

CREATE TABLE `rating_store` (
  `rating_id` smallint(5) unsigned NOT NULL DEFAULT '0' COMMENT 'Rating ID',
  `store_id` smallint(5) unsigned NOT NULL DEFAULT '0' COMMENT 'Store ID',
  PRIMARY KEY (`rating_id`,`store_id`),
  KEY `RATING_STORE_STORE_ID` (`store_id`),
  CONSTRAINT `RATING_STORE_RATING_ID_RATING_RATING_ID` FOREIGN KEY (`rating_id`) REFERENCES `rating` (`rating_id`) ON DELETE CASCADE,
  CONSTRAINT `RATING_STORE_STORE_ID_STORE_STORE_ID` FOREIGN KEY (`store_id`) REFERENCES `store` (`store_id`) ON DELETE CASCADE
) ENGINE=InnoDB DEFAULT CHARSET=utf8 COMMENT='Rating Store';

--
-- Dumping data for table `rating_store`
--

INSERT INTO `rating_store` VALUES (1,0),(2,0),(3,0),(1,5),(2,5),(3,5);

--
-- Table structure for table `rating_title`
--

CREATE TABLE `rating_title` (
  `rating_id` smallint(5) unsigned NOT NULL DEFAULT '0' COMMENT 'Rating ID',
  `store_id` smallint(5) unsigned NOT NULL DEFAULT '0' COMMENT 'Store ID',
  `value` varchar(255) NOT NULL COMMENT 'Rating Label',
  PRIMARY KEY (`rating_id`,`store_id`),
  KEY `RATING_TITLE_STORE_ID` (`store_id`),
  CONSTRAINT `RATING_TITLE_RATING_ID_RATING_RATING_ID` FOREIGN KEY (`rating_id`) REFERENCES `rating` (`rating_id`) ON DELETE CASCADE,
  CONSTRAINT `RATING_TITLE_STORE_ID_STORE_STORE_ID` FOREIGN KEY (`store_id`) REFERENCES `store` (`store_id`) ON DELETE CASCADE
) ENGINE=InnoDB DEFAULT CHARSET=utf8 COMMENT='Rating Title';

--
-- Dumping data for table `rating_title`
--


--
-- Table structure for table `release_notification_viewer_log`
--

CREATE TABLE `release_notification_viewer_log` (
  `id` int(10) unsigned NOT NULL AUTO_INCREMENT COMMENT 'Log ID',
  `viewer_id` int(10) unsigned NOT NULL COMMENT 'Viewer admin user ID',
  `last_view_version` varchar(16) NOT NULL COMMENT 'Viewer last view on product version',
  PRIMARY KEY (`id`),
  UNIQUE KEY `RELEASE_NOTIFICATION_VIEWER_LOG_VIEWER_ID` (`viewer_id`),
  CONSTRAINT `RELEASE_NOTIFICATION_VIEWER_LOG_VIEWER_ID_ADMIN_USER_USER_ID` FOREIGN KEY (`viewer_id`) REFERENCES `admin_user` (`user_id`) ON DELETE CASCADE
) ENGINE=InnoDB DEFAULT CHARSET=utf8 COMMENT='Release Notification Viewer Log Table';

--
-- Dumping data for table `release_notification_viewer_log`
--


--
-- Table structure for table `report_compared_product_index`
--

CREATE TABLE `report_compared_product_index` (
  `index_id` bigint(20) unsigned NOT NULL AUTO_INCREMENT COMMENT 'Index ID',
  `visitor_id` int(10) unsigned DEFAULT NULL COMMENT 'Visitor ID',
  `customer_id` int(10) unsigned DEFAULT NULL COMMENT 'Customer ID',
  `product_id` int(10) unsigned NOT NULL COMMENT 'Product ID',
  `store_id` smallint(5) unsigned DEFAULT NULL COMMENT 'Store ID',
  `added_at` timestamp NOT NULL DEFAULT CURRENT_TIMESTAMP COMMENT 'Added At',
  PRIMARY KEY (`index_id`),
  UNIQUE KEY `REPORT_COMPARED_PRODUCT_INDEX_VISITOR_ID_PRODUCT_ID` (`visitor_id`,`product_id`),
  UNIQUE KEY `REPORT_COMPARED_PRODUCT_INDEX_CUSTOMER_ID_PRODUCT_ID` (`customer_id`,`product_id`),
  KEY `REPORT_COMPARED_PRODUCT_INDEX_STORE_ID` (`store_id`),
  KEY `REPORT_COMPARED_PRODUCT_INDEX_ADDED_AT` (`added_at`),
  KEY `REPORT_COMPARED_PRODUCT_INDEX_PRODUCT_ID` (`product_id`),
  CONSTRAINT `REPORT_CMPD_PRD_IDX_CSTR_ID_CSTR_ENTT_ENTT_ID` FOREIGN KEY (`customer_id`) REFERENCES `customer_entity` (`entity_id`) ON DELETE CASCADE,
  CONSTRAINT `REPORT_CMPD_PRD_IDX_PRD_ID_CAT_PRD_ENTT_ENTT_ID` FOREIGN KEY (`product_id`) REFERENCES `catalog_product_entity` (`entity_id`) ON DELETE CASCADE,
  CONSTRAINT `REPORT_COMPARED_PRODUCT_INDEX_STORE_ID_STORE_STORE_ID` FOREIGN KEY (`store_id`) REFERENCES `store` (`store_id`) ON DELETE SET NULL
) ENGINE=InnoDB DEFAULT CHARSET=utf8 COMMENT='Reports Compared Product Index Table';

--
-- Dumping data for table `report_compared_product_index`
--


--
-- Table structure for table `report_event`
--

CREATE TABLE `report_event` (
  `event_id` bigint(20) unsigned NOT NULL AUTO_INCREMENT COMMENT 'Event ID',
  `logged_at` timestamp NOT NULL DEFAULT CURRENT_TIMESTAMP COMMENT 'Logged At',
  `event_type_id` smallint(5) unsigned NOT NULL DEFAULT '0' COMMENT 'Event Type ID',
  `object_id` int(10) unsigned NOT NULL DEFAULT '0' COMMENT 'Object ID',
  `subject_id` int(10) unsigned NOT NULL DEFAULT '0' COMMENT 'Subject ID',
  `subtype` smallint(5) unsigned NOT NULL DEFAULT '0' COMMENT 'Subtype',
  `store_id` smallint(5) unsigned NOT NULL COMMENT 'Store ID',
  PRIMARY KEY (`event_id`),
  KEY `REPORT_EVENT_EVENT_TYPE_ID` (`event_type_id`),
  KEY `REPORT_EVENT_SUBJECT_ID` (`subject_id`),
  KEY `REPORT_EVENT_OBJECT_ID` (`object_id`),
  KEY `REPORT_EVENT_SUBTYPE` (`subtype`),
  KEY `REPORT_EVENT_STORE_ID` (`store_id`),
  CONSTRAINT `REPORT_EVENT_EVENT_TYPE_ID_REPORT_EVENT_TYPES_EVENT_TYPE_ID` FOREIGN KEY (`event_type_id`) REFERENCES `report_event_types` (`event_type_id`) ON DELETE CASCADE,
  CONSTRAINT `REPORT_EVENT_STORE_ID_STORE_STORE_ID` FOREIGN KEY (`store_id`) REFERENCES `store` (`store_id`) ON DELETE CASCADE
) ENGINE=InnoDB DEFAULT CHARSET=utf8 COMMENT='Reports Event Table';

--
-- Dumping data for table `report_event`
--


--
-- Table structure for table `report_event_types`
--

CREATE TABLE `report_event_types` (
  `event_type_id` smallint(5) unsigned NOT NULL AUTO_INCREMENT COMMENT 'Event Type ID',
  `event_name` varchar(64) NOT NULL COMMENT 'Event Name',
  `customer_login` smallint(5) unsigned NOT NULL DEFAULT '0' COMMENT 'Customer Login',
  PRIMARY KEY (`event_type_id`)
) ENGINE=InnoDB AUTO_INCREMENT=7 DEFAULT CHARSET=utf8 COMMENT='Reports Event Type Table';

--
-- Dumping data for table `report_event_types`
--

INSERT INTO `report_event_types` VALUES (1,'catalog_product_view',0),(2,'sendfriend_product',0),(3,'catalog_product_compare_add_product',0),(4,'checkout_cart_add_product',0),(5,'wishlist_add_product',0),(6,'wishlist_share',0);

--
-- Table structure for table `report_viewed_product_aggregated_daily`
--

CREATE TABLE `report_viewed_product_aggregated_daily` (
  `id` int(10) unsigned NOT NULL AUTO_INCREMENT COMMENT 'ID',
  `period` date DEFAULT NULL COMMENT 'Period',
  `store_id` smallint(5) unsigned DEFAULT NULL COMMENT 'Store ID',
  `product_id` int(10) unsigned DEFAULT NULL COMMENT 'Product ID',
  `product_name` varchar(255) DEFAULT NULL COMMENT 'Product Name',
  `product_price` decimal(12,4) NOT NULL DEFAULT '0.0000' COMMENT 'Product Price',
  `views_num` int(11) NOT NULL DEFAULT '0' COMMENT 'Number of Views',
  `rating_pos` smallint(5) unsigned NOT NULL DEFAULT '0' COMMENT 'Rating Pos',
  PRIMARY KEY (`id`),
  UNIQUE KEY `REPORT_VIEWED_PRD_AGGRED_DAILY_PERIOD_STORE_ID_PRD_ID` (`period`,`store_id`,`product_id`),
  KEY `REPORT_VIEWED_PRODUCT_AGGREGATED_DAILY_STORE_ID` (`store_id`),
  KEY `REPORT_VIEWED_PRODUCT_AGGREGATED_DAILY_PRODUCT_ID` (`product_id`),
  CONSTRAINT `REPORT_VIEWED_PRD_AGGRED_DAILY_PRD_ID_CAT_PRD_ENTT_ENTT_ID` FOREIGN KEY (`product_id`) REFERENCES `catalog_product_entity` (`entity_id`) ON DELETE CASCADE,
  CONSTRAINT `REPORT_VIEWED_PRODUCT_AGGREGATED_DAILY_STORE_ID_STORE_STORE_ID` FOREIGN KEY (`store_id`) REFERENCES `store` (`store_id`) ON DELETE CASCADE
) ENGINE=InnoDB DEFAULT CHARSET=utf8 COMMENT='Most Viewed Products Aggregated Daily';

--
-- Dumping data for table `report_viewed_product_aggregated_daily`
--


--
-- Table structure for table `report_viewed_product_aggregated_monthly`
--

CREATE TABLE `report_viewed_product_aggregated_monthly` (
  `id` int(10) unsigned NOT NULL AUTO_INCREMENT COMMENT 'ID',
  `period` date DEFAULT NULL COMMENT 'Period',
  `store_id` smallint(5) unsigned DEFAULT NULL COMMENT 'Store ID',
  `product_id` int(10) unsigned DEFAULT NULL COMMENT 'Product ID',
  `product_name` varchar(255) DEFAULT NULL COMMENT 'Product Name',
  `product_price` decimal(12,4) NOT NULL DEFAULT '0.0000' COMMENT 'Product Price',
  `views_num` int(11) NOT NULL DEFAULT '0' COMMENT 'Number of Views',
  `rating_pos` smallint(5) unsigned NOT NULL DEFAULT '0' COMMENT 'Rating Pos',
  PRIMARY KEY (`id`),
  UNIQUE KEY `REPORT_VIEWED_PRD_AGGRED_MONTHLY_PERIOD_STORE_ID_PRD_ID` (`period`,`store_id`,`product_id`),
  KEY `REPORT_VIEWED_PRODUCT_AGGREGATED_MONTHLY_STORE_ID` (`store_id`),
  KEY `REPORT_VIEWED_PRODUCT_AGGREGATED_MONTHLY_PRODUCT_ID` (`product_id`),
  CONSTRAINT `REPORT_VIEWED_PRD_AGGRED_MONTHLY_PRD_ID_CAT_PRD_ENTT_ENTT_ID` FOREIGN KEY (`product_id`) REFERENCES `catalog_product_entity` (`entity_id`) ON DELETE CASCADE,
  CONSTRAINT `REPORT_VIEWED_PRODUCT_AGGREGATED_MONTHLY_STORE_ID_STORE_STORE_ID` FOREIGN KEY (`store_id`) REFERENCES `store` (`store_id`) ON DELETE CASCADE
) ENGINE=InnoDB DEFAULT CHARSET=utf8 COMMENT='Most Viewed Products Aggregated Monthly';

--
-- Dumping data for table `report_viewed_product_aggregated_monthly`
--


--
-- Table structure for table `report_viewed_product_aggregated_yearly`
--

CREATE TABLE `report_viewed_product_aggregated_yearly` (
  `id` int(10) unsigned NOT NULL AUTO_INCREMENT COMMENT 'ID',
  `period` date DEFAULT NULL COMMENT 'Period',
  `store_id` smallint(5) unsigned DEFAULT NULL COMMENT 'Store ID',
  `product_id` int(10) unsigned DEFAULT NULL COMMENT 'Product ID',
  `product_name` varchar(255) DEFAULT NULL COMMENT 'Product Name',
  `product_price` decimal(12,4) NOT NULL DEFAULT '0.0000' COMMENT 'Product Price',
  `views_num` int(11) NOT NULL DEFAULT '0' COMMENT 'Number of Views',
  `rating_pos` smallint(5) unsigned NOT NULL DEFAULT '0' COMMENT 'Rating Pos',
  PRIMARY KEY (`id`),
  UNIQUE KEY `REPORT_VIEWED_PRD_AGGRED_YEARLY_PERIOD_STORE_ID_PRD_ID` (`period`,`store_id`,`product_id`),
  KEY `REPORT_VIEWED_PRODUCT_AGGREGATED_YEARLY_STORE_ID` (`store_id`),
  KEY `REPORT_VIEWED_PRODUCT_AGGREGATED_YEARLY_PRODUCT_ID` (`product_id`),
  CONSTRAINT `REPORT_VIEWED_PRD_AGGRED_YEARLY_PRD_ID_CAT_PRD_ENTT_ENTT_ID` FOREIGN KEY (`product_id`) REFERENCES `catalog_product_entity` (`entity_id`) ON DELETE CASCADE,
  CONSTRAINT `REPORT_VIEWED_PRODUCT_AGGREGATED_YEARLY_STORE_ID_STORE_STORE_ID` FOREIGN KEY (`store_id`) REFERENCES `store` (`store_id`) ON DELETE CASCADE
) ENGINE=InnoDB DEFAULT CHARSET=utf8 COMMENT='Most Viewed Products Aggregated Yearly';

--
-- Dumping data for table `report_viewed_product_aggregated_yearly`
--


--
-- Table structure for table `report_viewed_product_index`
--

CREATE TABLE `report_viewed_product_index` (
  `index_id` bigint(20) unsigned NOT NULL AUTO_INCREMENT COMMENT 'Index ID',
  `visitor_id` int(10) unsigned DEFAULT NULL COMMENT 'Visitor ID',
  `customer_id` int(10) unsigned DEFAULT NULL COMMENT 'Customer ID',
  `product_id` int(10) unsigned NOT NULL COMMENT 'Product ID',
  `store_id` smallint(5) unsigned DEFAULT NULL COMMENT 'Store ID',
  `added_at` timestamp NOT NULL DEFAULT CURRENT_TIMESTAMP COMMENT 'Added At',
  PRIMARY KEY (`index_id`),
  UNIQUE KEY `REPORT_VIEWED_PRODUCT_INDEX_VISITOR_ID_PRODUCT_ID` (`visitor_id`,`product_id`),
  UNIQUE KEY `REPORT_VIEWED_PRODUCT_INDEX_CUSTOMER_ID_PRODUCT_ID` (`customer_id`,`product_id`),
  KEY `REPORT_VIEWED_PRODUCT_INDEX_STORE_ID` (`store_id`),
  KEY `REPORT_VIEWED_PRODUCT_INDEX_ADDED_AT` (`added_at`),
  KEY `REPORT_VIEWED_PRODUCT_INDEX_PRODUCT_ID` (`product_id`),
  CONSTRAINT `REPORT_VIEWED_PRD_IDX_CSTR_ID_CSTR_ENTT_ENTT_ID` FOREIGN KEY (`customer_id`) REFERENCES `customer_entity` (`entity_id`) ON DELETE CASCADE,
  CONSTRAINT `REPORT_VIEWED_PRD_IDX_PRD_ID_CAT_PRD_ENTT_ENTT_ID` FOREIGN KEY (`product_id`) REFERENCES `catalog_product_entity` (`entity_id`) ON DELETE CASCADE,
  CONSTRAINT `REPORT_VIEWED_PRODUCT_INDEX_STORE_ID_STORE_STORE_ID` FOREIGN KEY (`store_id`) REFERENCES `store` (`store_id`) ON DELETE SET NULL
) ENGINE=InnoDB DEFAULT CHARSET=utf8 COMMENT='Reports Viewed Product Index Table';

--
-- Dumping data for table `report_viewed_product_index`
--


--
-- Table structure for table `reporting_counts`
--

CREATE TABLE `reporting_counts` (
  `entity_id` int(10) unsigned NOT NULL AUTO_INCREMENT COMMENT 'Entity ID',
  `type` varchar(255) DEFAULT NULL COMMENT 'Item Reported',
  `count` int(10) unsigned DEFAULT NULL COMMENT 'Count Value',
  `updated_at` timestamp NOT NULL DEFAULT CURRENT_TIMESTAMP ON UPDATE CURRENT_TIMESTAMP COMMENT 'Updated At',
  PRIMARY KEY (`entity_id`)
) ENGINE=InnoDB DEFAULT CHARSET=utf8 COMMENT='Reporting for all count related events generated via the cron job';

--
-- Dumping data for table `reporting_counts`
--


--
-- Table structure for table `reporting_module_status`
--

CREATE TABLE `reporting_module_status` (
  `entity_id` int(10) unsigned NOT NULL AUTO_INCREMENT COMMENT 'Module ID',
  `name` varchar(255) DEFAULT NULL COMMENT 'Module Name',
  `active` varchar(255) DEFAULT NULL COMMENT 'Module Active Status',
  `setup_version` varchar(255) DEFAULT NULL COMMENT 'Module Version',
  `state` varchar(255) DEFAULT NULL COMMENT 'Module State',
  `updated_at` timestamp NOT NULL DEFAULT CURRENT_TIMESTAMP ON UPDATE CURRENT_TIMESTAMP COMMENT 'Updated At',
  PRIMARY KEY (`entity_id`)
) ENGINE=InnoDB DEFAULT CHARSET=utf8 COMMENT='Module Status Table';

--
-- Dumping data for table `reporting_module_status`
--


--
-- Table structure for table `reporting_orders`
--

CREATE TABLE `reporting_orders` (
  `entity_id` int(10) unsigned NOT NULL AUTO_INCREMENT COMMENT 'Entity ID',
  `customer_id` int(10) unsigned DEFAULT NULL COMMENT 'Customer ID',
  `total` decimal(20,4) unsigned DEFAULT NULL,
  `total_base` decimal(20,4) unsigned DEFAULT NULL,
  `item_count` int(10) unsigned NOT NULL COMMENT 'Line Item Count',
  `updated_at` timestamp NOT NULL DEFAULT CURRENT_TIMESTAMP COMMENT 'Updated At',
  PRIMARY KEY (`entity_id`)
) ENGINE=InnoDB DEFAULT CHARSET=utf8 COMMENT='Reporting for all orders';

--
-- Dumping data for table `reporting_orders`
--


--
-- Table structure for table `reporting_system_updates`
--

CREATE TABLE `reporting_system_updates` (
  `entity_id` int(10) unsigned NOT NULL AUTO_INCREMENT COMMENT 'Entity ID',
  `type` varchar(255) DEFAULT NULL COMMENT 'Update Type',
  `action` varchar(255) DEFAULT NULL COMMENT 'Action Performed',
  `updated_at` timestamp NOT NULL DEFAULT CURRENT_TIMESTAMP COMMENT 'Updated At',
  PRIMARY KEY (`entity_id`)
) ENGINE=InnoDB DEFAULT CHARSET=utf8 COMMENT='Reporting for system updates';

--
-- Dumping data for table `reporting_system_updates`
--


--
-- Table structure for table `reporting_users`
--

CREATE TABLE `reporting_users` (
  `entity_id` int(10) unsigned NOT NULL AUTO_INCREMENT COMMENT 'Entity ID',
  `type` varchar(255) DEFAULT NULL COMMENT 'User Type',
  `action` varchar(255) DEFAULT NULL COMMENT 'Action Performed',
  `updated_at` timestamp NOT NULL DEFAULT CURRENT_TIMESTAMP COMMENT 'Updated At',
  PRIMARY KEY (`entity_id`)
) ENGINE=InnoDB DEFAULT CHARSET=utf8 COMMENT='Reporting for user actions';

--
-- Dumping data for table `reporting_users`
--


--
-- Table structure for table `review`
--

CREATE TABLE `review` (
  `review_id` bigint(20) unsigned NOT NULL AUTO_INCREMENT COMMENT 'Review ID',
  `created_at` timestamp NOT NULL DEFAULT CURRENT_TIMESTAMP COMMENT 'Review create date',
  `entity_id` smallint(5) unsigned NOT NULL DEFAULT '0' COMMENT 'Entity ID',
  `entity_pk_value` int(10) unsigned NOT NULL DEFAULT '0' COMMENT 'Product ID',
  `status_id` smallint(5) unsigned NOT NULL DEFAULT '0' COMMENT 'Status code',
  PRIMARY KEY (`review_id`),
  KEY `REVIEW_ENTITY_ID` (`entity_id`),
  KEY `REVIEW_STATUS_ID` (`status_id`),
  KEY `REVIEW_ENTITY_PK_VALUE` (`entity_pk_value`),
  CONSTRAINT `REVIEW_ENTITY_ID_REVIEW_ENTITY_ENTITY_ID` FOREIGN KEY (`entity_id`) REFERENCES `review_entity` (`entity_id`) ON DELETE CASCADE,
  CONSTRAINT `REVIEW_STATUS_ID_REVIEW_STATUS_STATUS_ID` FOREIGN KEY (`status_id`) REFERENCES `review_status` (`status_id`) ON DELETE NO ACTION
) ENGINE=InnoDB DEFAULT CHARSET=utf8 COMMENT='Review base information';

--
-- Dumping data for table `review`
--


--
-- Table structure for table `review_detail`
--

CREATE TABLE `review_detail` (
  `detail_id` bigint(20) unsigned NOT NULL AUTO_INCREMENT COMMENT 'Review detail ID',
  `review_id` bigint(20) unsigned NOT NULL DEFAULT '0' COMMENT 'Review ID',
  `store_id` smallint(5) unsigned DEFAULT '0' COMMENT 'Store ID',
  `title` varchar(255) NOT NULL COMMENT 'Title',
  `detail` text NOT NULL COMMENT 'Detail description',
  `nickname` varchar(128) NOT NULL COMMENT 'User nickname',
  `customer_id` int(10) unsigned DEFAULT NULL COMMENT 'Customer ID',
  PRIMARY KEY (`detail_id`),
  KEY `REVIEW_DETAIL_REVIEW_ID` (`review_id`),
  KEY `REVIEW_DETAIL_STORE_ID` (`store_id`),
  KEY `REVIEW_DETAIL_CUSTOMER_ID` (`customer_id`),
  CONSTRAINT `REVIEW_DETAIL_CUSTOMER_ID_CUSTOMER_ENTITY_ENTITY_ID` FOREIGN KEY (`customer_id`) REFERENCES `customer_entity` (`entity_id`) ON DELETE SET NULL,
  CONSTRAINT `REVIEW_DETAIL_REVIEW_ID_REVIEW_REVIEW_ID` FOREIGN KEY (`review_id`) REFERENCES `review` (`review_id`) ON DELETE CASCADE,
  CONSTRAINT `REVIEW_DETAIL_STORE_ID_STORE_STORE_ID` FOREIGN KEY (`store_id`) REFERENCES `store` (`store_id`) ON DELETE SET NULL
) ENGINE=InnoDB DEFAULT CHARSET=utf8 COMMENT='Review detail information';

--
-- Dumping data for table `review_detail`
--


--
-- Table structure for table `review_entity`
--

CREATE TABLE `review_entity` (
  `entity_id` smallint(5) unsigned NOT NULL AUTO_INCREMENT COMMENT 'Review entity ID',
  `entity_code` varchar(32) NOT NULL COMMENT 'Review entity code',
  PRIMARY KEY (`entity_id`)
) ENGINE=InnoDB AUTO_INCREMENT=4 DEFAULT CHARSET=utf8 COMMENT='Review entities';

--
-- Dumping data for table `review_entity`
--

INSERT INTO `review_entity` VALUES (1,'product'),(2,'customer'),(3,'category');

--
-- Table structure for table `review_entity_summary`
--

CREATE TABLE `review_entity_summary` (
  `primary_id` bigint(20) NOT NULL AUTO_INCREMENT COMMENT 'Summary review entity ID',
  `entity_pk_value` bigint(20) NOT NULL DEFAULT '0' COMMENT 'Product ID',
  `entity_type` smallint(6) NOT NULL DEFAULT '0' COMMENT 'Entity type ID',
  `reviews_count` smallint(6) NOT NULL DEFAULT '0' COMMENT 'Qty of reviews',
  `rating_summary` smallint(6) NOT NULL DEFAULT '0' COMMENT 'Summarized rating',
  `store_id` smallint(5) unsigned NOT NULL DEFAULT '0' COMMENT 'Store ID',
  PRIMARY KEY (`primary_id`),
  UNIQUE KEY `REVIEW_ENTITY_SUMMARY_ENTITY_PK_VALUE_STORE_ID_ENTITY_TYPE` (`entity_pk_value`,`store_id`,`entity_type`),
  KEY `REVIEW_ENTITY_SUMMARY_STORE_ID` (`store_id`),
  CONSTRAINT `REVIEW_ENTITY_SUMMARY_STORE_ID_STORE_STORE_ID` FOREIGN KEY (`store_id`) REFERENCES `store` (`store_id`) ON DELETE CASCADE
) ENGINE=InnoDB DEFAULT CHARSET=utf8 COMMENT='Review aggregates';

--
-- Dumping data for table `review_entity_summary`
--


--
-- Table structure for table `review_status`
--

CREATE TABLE `review_status` (
  `status_id` smallint(5) unsigned NOT NULL AUTO_INCREMENT COMMENT 'Status ID',
  `status_code` varchar(32) NOT NULL COMMENT 'Status code',
  PRIMARY KEY (`status_id`)
) ENGINE=InnoDB AUTO_INCREMENT=4 DEFAULT CHARSET=utf8 COMMENT='Review statuses';

--
-- Dumping data for table `review_status`
--

INSERT INTO `review_status` VALUES (1,'Approved'),(2,'Pending'),(3,'Not Approved');

--
-- Table structure for table `review_store`
--

CREATE TABLE `review_store` (
  `review_id` bigint(20) unsigned NOT NULL COMMENT 'Review ID',
  `store_id` smallint(5) unsigned NOT NULL COMMENT 'Store ID',
  PRIMARY KEY (`review_id`,`store_id`),
  KEY `REVIEW_STORE_STORE_ID` (`store_id`),
  CONSTRAINT `REVIEW_STORE_REVIEW_ID_REVIEW_REVIEW_ID` FOREIGN KEY (`review_id`) REFERENCES `review` (`review_id`) ON DELETE CASCADE,
  CONSTRAINT `REVIEW_STORE_STORE_ID_STORE_STORE_ID` FOREIGN KEY (`store_id`) REFERENCES `store` (`store_id`) ON DELETE CASCADE
) ENGINE=InnoDB DEFAULT CHARSET=utf8 COMMENT='Review Store';

--
-- Dumping data for table `review_store`
--


--
-- Table structure for table `sales_bestsellers_aggregated_daily`
--

CREATE TABLE `sales_bestsellers_aggregated_daily` (
  `id` int(10) unsigned NOT NULL AUTO_INCREMENT COMMENT 'ID',
  `period` date DEFAULT NULL COMMENT 'Period',
  `store_id` smallint(5) unsigned DEFAULT NULL COMMENT 'Store ID',
  `product_id` int(10) unsigned DEFAULT NULL COMMENT 'Product ID',
  `product_name` varchar(255) DEFAULT NULL COMMENT 'Product Name',
  `product_price` decimal(12,4) NOT NULL DEFAULT '0.0000' COMMENT 'Product Price',
  `qty_ordered` decimal(12,4) NOT NULL DEFAULT '0.0000' COMMENT 'Qty Ordered',
  `rating_pos` smallint(5) unsigned NOT NULL DEFAULT '0' COMMENT 'Rating Pos',
  PRIMARY KEY (`id`),
  UNIQUE KEY `SALES_BESTSELLERS_AGGREGATED_DAILY_PERIOD_STORE_ID_PRODUCT_ID` (`period`,`store_id`,`product_id`),
  KEY `SALES_BESTSELLERS_AGGREGATED_DAILY_STORE_ID` (`store_id`),
  KEY `SALES_BESTSELLERS_AGGREGATED_DAILY_PRODUCT_ID` (`product_id`),
  CONSTRAINT `SALES_BESTSELLERS_AGGREGATED_DAILY_STORE_ID_STORE_STORE_ID` FOREIGN KEY (`store_id`) REFERENCES `store` (`store_id`) ON DELETE CASCADE
) ENGINE=InnoDB AUTO_INCREMENT=67 DEFAULT CHARSET=utf8 COMMENT='Sales Bestsellers Aggregated Daily';

--
-- Dumping data for table `sales_bestsellers_aggregated_daily`
--

INSERT INTO `sales_bestsellers_aggregated_daily` VALUES (1,'2021-01-19',NULL,12,'Apple iPhone Plus Silicon Case',90.0000,10.0000,1),(2,'2021-01-27',NULL,2,'Acer Aspire S24 All-In-One PC',300.0000,1.0000,3),(3,'2021-01-27',NULL,3,'Apple iMac 2017 21.5-inch Retina 4K',400.0000,1.0000,5),(4,'2021-01-27',NULL,5,'Beat Crossfade 2 Wireless Headphone',100.0000,1.0000,7),(5,'2021-01-27',NULL,12,'Apple iPhone Plus Silicon Case',90.0000,1.0000,8),(6,'2021-01-27',NULL,21,'Travel Leather Backpack',220.0000,3.0000,2),(7,'2021-01-27',NULL,22,'Purple Wool Women Hat',105.0000,1.0000,9),(8,'2021-01-27',NULL,29,'Cahill Automatic Silver Black',255.0000,13.0000,1),(9,'2021-01-27',NULL,30,'Colored Diamonds Fancy Loose',310.0000,1.0000,4),(10,'2021-01-27',NULL,35,'Red automatic Skeleton Waterproof',108.0000,1.0000,6),(11,'2021-04-27',NULL,16,'iPad Pro 9.7 inch Wifi Cellular 16GB',156.0000,1.0000,1),(12,'2021-04-27',NULL,20,'Navy Skinny Fit Suit With Wool',127.0000,1.0000,2),(13,'2021-04-27',NULL,21,'Travel Leather Backpack',220.0000,1.0000,3),(14,'2021-06-01',NULL,11,'Washing Machines & Dryers',610.0000,1.0000,6),(15,'2021-06-01',NULL,12,'Apple iPhone Plus Silicon Case',110.0000,1.0000,8),(16,'2021-06-01',NULL,13,'Apple Iphone X 512Gb White',75.0000,1.0000,10),(17,'2021-06-01',NULL,14,'iPad Mini 4G Wifi Cellular 64GB',320.0000,1.0000,11),(18,'2021-06-01',NULL,15,'iPhone 8 Plus 64GB Full Color',500.0000,1.0000,12),(19,'2021-06-01',NULL,16,'iPad Pro 9.7 inch Wifi Cellular 16GB',156.0000,1.0000,14),(20,'2021-06-01',NULL,17,'iPhone 6s Plus Black Gray 128Gb',206.0000,4.0000,2),(21,'2021-06-01',NULL,18,'iPhone 6s Plus Red Case',20.0000,4.0000,1),(22,'2021-06-01',NULL,19,'Samsung Galaxy S8 Plus Gray',400.0000,1.0000,9),(23,'2021-06-01',NULL,21,'Travel Leather Backpack',220.0000,2.0000,4),(24,'2021-06-01',NULL,36,'Samsung Galaxy J7 Prime 64Gb',250.0000,3.0000,3),(25,'2021-06-01',NULL,38,'iPhone 7 Plus 64GB Silver',88.0000,1.0000,13),(26,'2021-06-01',NULL,39,'Google Pixel Android 8.1 OPM',90.0000,2.0000,5),(27,'2021-06-01',NULL,40,'iPad Pro 10.5 inch Retina',95.0000,1.0000,7),(28,'2021-06-08',NULL,44,'Girls Shoes Girls Sneakers',230.0000,20.0000,2),(29,'2021-06-08',NULL,45,'Flex racer 360 580 Black 11249',125.0000,20.0000,3),(30,'2021-06-08',NULL,46,'Refresh Womens Wynne06 Ribbed',450.0000,20.0000,4),(31,'2021-06-08',NULL,47,'Latest National Valentine Day',310.0000,20.0000,5),(32,'2021-06-08',NULL,48,'Valentino by Mario Valentino',195.0000,20.0000,6),(33,'2021-06-08',NULL,49,'Michael Kors Rogers Shoulder',109.0000,20.0000,1),(34,'2021-07-15',NULL,61,'Floor Uplight Lamp 69 Inch White',250.0000,4.0000,4),(35,'2021-07-15',NULL,62,'Silent Quartz Decorative Wall',105.0000,10.0000,1),(36,'2021-07-15',NULL,63,'Relax Massage Chair Recliner',317.0000,5.0000,3),(37,'2021-07-15',NULL,64,'Sparkle Paper Towels 24 Giant',410.0000,8.0000,2),(38,'2021-07-15',NULL,65,'High Back Executive Chair Black',615.0000,1.0000,6),(39,'2021-07-15',NULL,66,'Merango Microfiber Living Room',268.0000,3.0000,5),(40,'2021-10-22',NULL,134,'Delicious Fresh Egypt Natural',145.0000,1.0000,4),(41,'2021-10-22',NULL,136,'Organic New Cheap Sweet Fresh',450.0000,3.0000,1),(42,'2021-10-22',NULL,137,'New Crop Citrus Fruit Summer',110.0000,2.0000,2),(43,'2021-10-22',NULL,138,'Hot Price Fruit Honey Pomelo',435.0000,2.0000,3),(44,'2022-08-04',5,12660,'1020401-D7PR2T',28.0000,1.0000,2),(45,'2022-08-04',5,15787,'1069235-Nucom-10NL-150',6678.0000,1.0000,3),(46,'2022-08-04',5,19549,'1234',5.0000,10.0000,1),(64,'2022-08-04',0,12660,'1020401-D7PR2T',28.0000,1.0000,2),(65,'2022-08-04',0,15787,'1069235-Nucom-10NL-150',6678.0000,1.0000,3),(66,'2022-08-04',0,19549,'1234',5.0000,10.0000,1);

--
-- Table structure for table `sales_bestsellers_aggregated_monthly`
--

CREATE TABLE `sales_bestsellers_aggregated_monthly` (
  `id` int(10) unsigned NOT NULL AUTO_INCREMENT COMMENT 'ID',
  `period` date DEFAULT NULL COMMENT 'Period',
  `store_id` smallint(5) unsigned DEFAULT NULL COMMENT 'Store ID',
  `product_id` int(10) unsigned DEFAULT NULL COMMENT 'Product ID',
  `product_name` varchar(255) DEFAULT NULL COMMENT 'Product Name',
  `product_price` decimal(12,4) NOT NULL DEFAULT '0.0000' COMMENT 'Product Price',
  `qty_ordered` decimal(12,4) NOT NULL DEFAULT '0.0000' COMMENT 'Qty Ordered',
  `rating_pos` smallint(5) unsigned NOT NULL DEFAULT '0' COMMENT 'Rating Pos',
  PRIMARY KEY (`id`),
  UNIQUE KEY `SALES_BESTSELLERS_AGGREGATED_MONTHLY_PERIOD_STORE_ID_PRODUCT_ID` (`period`,`store_id`,`product_id`),
  KEY `SALES_BESTSELLERS_AGGREGATED_MONTHLY_STORE_ID` (`store_id`),
  KEY `SALES_BESTSELLERS_AGGREGATED_MONTHLY_PRODUCT_ID` (`product_id`),
  CONSTRAINT `SALES_BESTSELLERS_AGGREGATED_MONTHLY_STORE_ID_STORE_STORE_ID` FOREIGN KEY (`store_id`) REFERENCES `store` (`store_id`) ON DELETE CASCADE
) ENGINE=InnoDB AUTO_INCREMENT=190 DEFAULT CHARSET=utf8 COMMENT='Sales Bestsellers Aggregated Monthly';

--
-- Dumping data for table `sales_bestsellers_aggregated_monthly`
--

INSERT INTO `sales_bestsellers_aggregated_monthly` VALUES (1,'2021-01-01',NULL,29,'Cahill Automatic Silver Black',255.0000,13.0000,1),(2,'2021-01-01',NULL,12,'Apple iPhone Plus Silicon Case',90.0000,11.0000,2),(3,'2021-01-01',NULL,21,'Travel Leather Backpack',220.0000,3.0000,3),(4,'2021-01-01',NULL,3,'Apple iMac 2017 21.5-inch Retina 4K',400.0000,1.0000,4),(5,'2021-01-01',NULL,30,'Colored Diamonds Fancy Loose',310.0000,1.0000,5),(6,'2021-01-01',NULL,22,'Purple Wool Women Hat',105.0000,1.0000,6),(7,'2021-01-01',NULL,5,'Beat Crossfade 2 Wireless Headphone',100.0000,1.0000,7),(8,'2021-01-01',NULL,35,'Red automatic Skeleton Waterproof',108.0000,1.0000,8),(9,'2021-01-01',NULL,2,'Acer Aspire S24 All-In-One PC',300.0000,1.0000,9),(10,'2021-04-01',NULL,16,'iPad Pro 9.7 inch Wifi Cellular 16GB',156.0000,1.0000,1),(11,'2021-04-01',NULL,20,'Navy Skinny Fit Suit With Wool',127.0000,1.0000,2),(12,'2021-04-01',NULL,21,'Travel Leather Backpack',220.0000,1.0000,3),(13,'2021-06-01',NULL,47,'Latest National Valentine Day',310.0000,20.0000,1),(14,'2021-06-01',NULL,45,'Flex racer 360 580 Black 11249',125.0000,20.0000,2),(15,'2021-06-01',NULL,48,'Valentino by Mario Valentino',195.0000,20.0000,3),(16,'2021-06-01',NULL,46,'Refresh Womens Wynne06 Ribbed',450.0000,20.0000,4),(17,'2021-06-01',NULL,44,'Girls Shoes Girls Sneakers',230.0000,20.0000,5),(18,'2021-06-01',NULL,49,'Michael Kors Rogers Shoulder',109.0000,20.0000,6),(19,'2021-06-01',NULL,18,'iPhone 6s Plus Red Case',20.0000,4.0000,7),(20,'2021-06-01',NULL,17,'iPhone 6s Plus Black Gray 128Gb',206.0000,4.0000,8),(21,'2021-06-01',NULL,36,'Samsung Galaxy J7 Prime 64Gb',250.0000,3.0000,9),(22,'2021-06-01',NULL,39,'Google Pixel Android 8.1 OPM',90.0000,2.0000,10),(23,'2021-06-01',NULL,21,'Travel Leather Backpack',220.0000,2.0000,11),(24,'2021-06-01',NULL,13,'Apple Iphone X 512Gb White',75.0000,1.0000,12),(25,'2021-06-01',NULL,11,'Washing Machines & Dryers',610.0000,1.0000,13),(26,'2021-06-01',NULL,16,'iPad Pro 9.7 inch Wifi Cellular 16GB',156.0000,1.0000,14),(27,'2021-06-01',NULL,14,'iPad Mini 4G Wifi Cellular 64GB',320.0000,1.0000,15),(28,'2021-06-01',NULL,19,'Samsung Galaxy S8 Plus Gray',400.0000,1.0000,16),(29,'2021-06-01',NULL,40,'iPad Pro 10.5 inch Retina',95.0000,1.0000,17),(30,'2021-06-01',NULL,12,'Apple iPhone Plus Silicon Case',110.0000,1.0000,18),(31,'2021-06-01',NULL,38,'iPhone 7 Plus 64GB Silver',88.0000,1.0000,19),(32,'2021-06-01',NULL,15,'iPhone 8 Plus 64GB Full Color',500.0000,1.0000,20),(33,'2021-07-01',NULL,62,'Silent Quartz Decorative Wall',105.0000,10.0000,1),(34,'2021-07-01',NULL,64,'Sparkle Paper Towels 24 Giant',410.0000,8.0000,2),(35,'2021-07-01',NULL,63,'Relax Massage Chair Recliner',317.0000,5.0000,3),(36,'2021-07-01',NULL,61,'Floor Uplight Lamp 69 Inch White',250.0000,4.0000,4),(37,'2021-07-01',NULL,66,'Merango Microfiber Living Room',268.0000,3.0000,5),(38,'2021-07-01',NULL,65,'High Back Executive Chair Black',615.0000,1.0000,6),(39,'2021-10-01',NULL,136,'Organic New Cheap Sweet Fresh',450.0000,3.0000,1),(40,'2021-10-01',NULL,138,'Hot Price Fruit Honey Pomelo',435.0000,2.0000,2),(41,'2021-10-01',NULL,137,'New Crop Citrus Fruit Summer',110.0000,2.0000,3),(42,'2021-10-01',NULL,134,'Delicious Fresh Egypt Natural',145.0000,1.0000,4),(43,'2022-08-01',0,19549,'1234',5.0000,10.0000,1),(44,'2022-08-01',0,15787,'1069235-Nucom-10NL-150',6678.0000,1.0000,3),(45,'2022-08-01',0,12660,'1020401-D7PR2T',28.0000,1.0000,2),(46,'2022-08-01',5,19549,'1234',5.0000,10.0000,1),(47,'2022-08-01',5,12660,'1020401-D7PR2T',28.0000,1.0000,3),(48,'2022-08-01',5,15787,'1069235-Nucom-10NL-150',6678.0000,1.0000,2),(64,'2021-01-01',NULL,29,'Cahill Automatic Silver Black',255.0000,13.0000,1),(65,'2021-01-01',NULL,12,'Apple iPhone Plus Silicon Case',90.0000,11.0000,2),(66,'2021-01-01',NULL,21,'Travel Leather Backpack',220.0000,3.0000,3),(67,'2021-01-01',NULL,22,'Purple Wool Women Hat',105.0000,1.0000,4),(68,'2021-01-01',NULL,5,'Beat Crossfade 2 Wireless Headphone',100.0000,1.0000,5),(69,'2021-01-01',NULL,35,'Red automatic Skeleton Waterproof',108.0000,1.0000,6),(70,'2021-01-01',NULL,2,'Acer Aspire S24 All-In-One PC',300.0000,1.0000,7),(71,'2021-01-01',NULL,3,'Apple iMac 2017 21.5-inch Retina 4K',400.0000,1.0000,8),(72,'2021-01-01',NULL,30,'Colored Diamonds Fancy Loose',310.0000,1.0000,9),(73,'2021-04-01',NULL,20,'Navy Skinny Fit Suit With Wool',127.0000,1.0000,1),(74,'2021-04-01',NULL,21,'Travel Leather Backpack',220.0000,1.0000,2),(75,'2021-04-01',NULL,16,'iPad Pro 9.7 inch Wifi Cellular 16GB',156.0000,1.0000,3),(76,'2021-06-01',NULL,45,'Flex racer 360 580 Black 11249',125.0000,20.0000,1),(77,'2021-06-01',NULL,48,'Valentino by Mario Valentino',195.0000,20.0000,2),(78,'2021-06-01',NULL,46,'Refresh Womens Wynne06 Ribbed',450.0000,20.0000,3),(79,'2021-06-01',NULL,44,'Girls Shoes Girls Sneakers',230.0000,20.0000,4),(80,'2021-06-01',NULL,49,'Michael Kors Rogers Shoulder',109.0000,20.0000,5),(81,'2021-06-01',NULL,47,'Latest National Valentine Day',310.0000,20.0000,6),(82,'2021-06-01',NULL,17,'iPhone 6s Plus Black Gray 128Gb',206.0000,4.0000,7),(83,'2021-06-01',NULL,18,'iPhone 6s Plus Red Case',20.0000,4.0000,8),(84,'2021-06-01',NULL,36,'Samsung Galaxy J7 Prime 64Gb',250.0000,3.0000,9),(85,'2021-06-01',NULL,21,'Travel Leather Backpack',220.0000,2.0000,10),(86,'2021-06-01',NULL,39,'Google Pixel Android 8.1 OPM',90.0000,2.0000,11),(87,'2021-06-01',NULL,14,'iPad Mini 4G Wifi Cellular 64GB',320.0000,1.0000,12),(88,'2021-06-01',NULL,19,'Samsung Galaxy S8 Plus Gray',400.0000,1.0000,13),(89,'2021-06-01',NULL,40,'iPad Pro 10.5 inch Retina',95.0000,1.0000,14),(90,'2021-06-01',NULL,12,'Apple iPhone Plus Silicon Case',110.0000,1.0000,15),(91,'2021-06-01',NULL,38,'iPhone 7 Plus 64GB Silver',88.0000,1.0000,16),(92,'2021-06-01',NULL,15,'iPhone 8 Plus 64GB Full Color',500.0000,1.0000,17),(93,'2021-06-01',NULL,13,'Apple Iphone X 512Gb White',75.0000,1.0000,18),(94,'2021-06-01',NULL,11,'Washing Machines & Dryers',610.0000,1.0000,19),(95,'2021-06-01',NULL,16,'iPad Pro 9.7 inch Wifi Cellular 16GB',156.0000,1.0000,20),(96,'2021-07-01',NULL,62,'Silent Quartz Decorative Wall',105.0000,10.0000,1),(97,'2021-07-01',NULL,64,'Sparkle Paper Towels 24 Giant',410.0000,8.0000,2),(98,'2021-07-01',NULL,63,'Relax Massage Chair Recliner',317.0000,5.0000,3),(99,'2021-07-01',NULL,61,'Floor Uplight Lamp 69 Inch White',250.0000,4.0000,4),(100,'2021-07-01',NULL,66,'Merango Microfiber Living Room',268.0000,3.0000,5),(101,'2021-07-01',NULL,65,'High Back Executive Chair Black',615.0000,1.0000,6),(102,'2021-10-01',NULL,136,'Organic New Cheap Sweet Fresh',450.0000,3.0000,1),(103,'2021-10-01',NULL,137,'New Crop Citrus Fruit Summer',110.0000,2.0000,2),(104,'2021-10-01',NULL,138,'Hot Price Fruit Honey Pomelo',435.0000,2.0000,3),(105,'2021-10-01',NULL,134,'Delicious Fresh Egypt Natural',145.0000,1.0000,4),(127,'2021-01-01',NULL,29,'Cahill Automatic Silver Black',255.0000,13.0000,1),(128,'2021-01-01',NULL,12,'Apple iPhone Plus Silicon Case',90.0000,11.0000,2),(129,'2021-01-01',NULL,21,'Travel Leather Backpack',220.0000,3.0000,3),(130,'2021-01-01',NULL,5,'Beat Crossfade 2 Wireless Headphone',100.0000,1.0000,4),(131,'2021-01-01',NULL,35,'Red automatic Skeleton Waterproof',108.0000,1.0000,5),(132,'2021-01-01',NULL,2,'Acer Aspire S24 All-In-One PC',300.0000,1.0000,6),(133,'2021-01-01',NULL,3,'Apple iMac 2017 21.5-inch Retina 4K',400.0000,1.0000,7),(134,'2021-01-01',NULL,30,'Colored Diamonds Fancy Loose',310.0000,1.0000,8),(135,'2021-01-01',NULL,22,'Purple Wool Women Hat',105.0000,1.0000,9),(136,'2021-04-01',NULL,21,'Travel Leather Backpack',220.0000,1.0000,1),(137,'2021-04-01',NULL,16,'iPad Pro 9.7 inch Wifi Cellular 16GB',156.0000,1.0000,2),(138,'2021-04-01',NULL,20,'Navy Skinny Fit Suit With Wool',127.0000,1.0000,3),(139,'2021-06-01',NULL,48,'Valentino by Mario Valentino',195.0000,20.0000,1),(140,'2021-06-01',NULL,46,'Refresh Womens Wynne06 Ribbed',450.0000,20.0000,2),(141,'2021-06-01',NULL,44,'Girls Shoes Girls Sneakers',230.0000,20.0000,3),(142,'2021-06-01',NULL,49,'Michael Kors Rogers Shoulder',109.0000,20.0000,4),(143,'2021-06-01',NULL,47,'Latest National Valentine Day',310.0000,20.0000,5),(144,'2021-06-01',NULL,45,'Flex racer 360 580 Black 11249',125.0000,20.0000,6),(145,'2021-06-01',NULL,17,'iPhone 6s Plus Black Gray 128Gb',206.0000,4.0000,7),(146,'2021-06-01',NULL,18,'iPhone 6s Plus Red Case',20.0000,4.0000,8),(147,'2021-06-01',NULL,36,'Samsung Galaxy J7 Prime 64Gb',250.0000,3.0000,9),(148,'2021-06-01',NULL,21,'Travel Leather Backpack',220.0000,2.0000,10),(149,'2021-06-01',NULL,39,'Google Pixel Android 8.1 OPM',90.0000,2.0000,11),(150,'2021-06-01',NULL,12,'Apple iPhone Plus Silicon Case',110.0000,1.0000,12),(151,'2021-06-01',NULL,38,'iPhone 7 Plus 64GB Silver',88.0000,1.0000,13),(152,'2021-06-01',NULL,15,'iPhone 8 Plus 64GB Full Color',500.0000,1.0000,14),(153,'2021-06-01',NULL,13,'Apple Iphone X 512Gb White',75.0000,1.0000,15),(154,'2021-06-01',NULL,11,'Washing Machines & Dryers',610.0000,1.0000,16),(155,'2021-06-01',NULL,16,'iPad Pro 9.7 inch Wifi Cellular 16GB',156.0000,1.0000,17),(156,'2021-06-01',NULL,14,'iPad Mini 4G Wifi Cellular 64GB',320.0000,1.0000,18),(157,'2021-06-01',NULL,19,'Samsung Galaxy S8 Plus Gray',400.0000,1.0000,19),(158,'2021-06-01',NULL,40,'iPad Pro 10.5 inch Retina',95.0000,1.0000,20),(159,'2021-07-01',NULL,62,'Silent Quartz Decorative Wall',105.0000,10.0000,1),(160,'2021-07-01',NULL,64,'Sparkle Paper Towels 24 Giant',410.0000,8.0000,2),(161,'2021-07-01',NULL,63,'Relax Massage Chair Recliner',317.0000,5.0000,3),(162,'2021-07-01',NULL,61,'Floor Uplight Lamp 69 Inch White',250.0000,4.0000,4),(163,'2021-07-01',NULL,66,'Merango Microfiber Living Room',268.0000,3.0000,5),(164,'2021-07-01',NULL,65,'High Back Executive Chair Black',615.0000,1.0000,6),(165,'2021-10-01',NULL,136,'Organic New Cheap Sweet Fresh',450.0000,3.0000,1),(166,'2021-10-01',NULL,137,'New Crop Citrus Fruit Summer',110.0000,2.0000,2),(167,'2021-10-01',NULL,138,'Hot Price Fruit Honey Pomelo',435.0000,2.0000,3),(168,'2021-10-01',NULL,134,'Delicious Fresh Egypt Natural',145.0000,1.0000,4);

--
-- Table structure for table `sales_bestsellers_aggregated_yearly`
--

CREATE TABLE `sales_bestsellers_aggregated_yearly` (
  `id` int(10) unsigned NOT NULL AUTO_INCREMENT COMMENT 'ID',
  `period` date DEFAULT NULL COMMENT 'Period',
  `store_id` smallint(5) unsigned DEFAULT NULL COMMENT 'Store ID',
  `product_id` int(10) unsigned DEFAULT NULL COMMENT 'Product ID',
  `product_name` varchar(255) DEFAULT NULL COMMENT 'Product Name',
  `product_price` decimal(12,4) NOT NULL DEFAULT '0.0000' COMMENT 'Product Price',
  `qty_ordered` decimal(12,4) NOT NULL DEFAULT '0.0000' COMMENT 'Qty Ordered',
  `rating_pos` smallint(5) unsigned NOT NULL DEFAULT '0' COMMENT 'Rating Pos',
  PRIMARY KEY (`id`),
  UNIQUE KEY `SALES_BESTSELLERS_AGGREGATED_YEARLY_PERIOD_STORE_ID_PRODUCT_ID` (`period`,`store_id`,`product_id`),
  KEY `SALES_BESTSELLERS_AGGREGATED_YEARLY_STORE_ID` (`store_id`),
  KEY `SALES_BESTSELLERS_AGGREGATED_YEARLY_PRODUCT_ID` (`product_id`),
  CONSTRAINT `SALES_BESTSELLERS_AGGREGATED_YEARLY_STORE_ID_STORE_STORE_ID` FOREIGN KEY (`store_id`) REFERENCES `store` (`store_id`) ON DELETE CASCADE
) ENGINE=InnoDB AUTO_INCREMENT=190 DEFAULT CHARSET=utf8 COMMENT='Sales Bestsellers Aggregated Yearly';

--
-- Dumping data for table `sales_bestsellers_aggregated_yearly`
--

INSERT INTO `sales_bestsellers_aggregated_yearly` VALUES (1,'2021-01-01',NULL,46,'Refresh Womens Wynne06 Ribbed',450.0000,20.0000,1),(2,'2021-01-01',NULL,44,'Girls Shoes Girls Sneakers',230.0000,20.0000,2),(3,'2021-01-01',NULL,49,'Michael Kors Rogers Shoulder',109.0000,20.0000,3),(4,'2021-01-01',NULL,47,'Latest National Valentine Day',310.0000,20.0000,4),(5,'2021-01-01',NULL,45,'Flex racer 360 580 Black 11249',125.0000,20.0000,5),(6,'2021-01-01',NULL,48,'Valentino by Mario Valentino',195.0000,20.0000,6),(7,'2021-01-01',NULL,29,'Cahill Automatic Silver Black',255.0000,13.0000,7),(8,'2021-01-01',NULL,12,'Apple iPhone Plus Silicon Case',90.0000,12.0000,8),(9,'2021-01-01',NULL,62,'Silent Quartz Decorative Wall',105.0000,10.0000,9),(10,'2021-01-01',NULL,64,'Sparkle Paper Towels 24 Giant',410.0000,8.0000,10),(11,'2021-01-01',NULL,21,'Travel Leather Backpack',220.0000,6.0000,11),(12,'2021-01-01',NULL,63,'Relax Massage Chair Recliner',317.0000,5.0000,12),(13,'2021-01-01',NULL,17,'iPhone 6s Plus Black Gray 128Gb',206.0000,4.0000,13),(14,'2021-01-01',NULL,61,'Floor Uplight Lamp 69 Inch White',250.0000,4.0000,14),(15,'2021-01-01',NULL,18,'iPhone 6s Plus Red Case',20.0000,4.0000,15),(16,'2021-01-01',NULL,136,'Organic New Cheap Sweet Fresh',450.0000,3.0000,16),(17,'2021-01-01',NULL,36,'Samsung Galaxy J7 Prime 64Gb',250.0000,3.0000,17),(18,'2021-01-01',NULL,66,'Merango Microfiber Living Room',268.0000,3.0000,18),(19,'2021-01-01',NULL,137,'New Crop Citrus Fruit Summer',110.0000,2.0000,19),(20,'2021-01-01',NULL,16,'iPad Pro 9.7 inch Wifi Cellular 16GB',156.0000,2.0000,20),(21,'2021-01-01',NULL,138,'Hot Price Fruit Honey Pomelo',435.0000,2.0000,21),(22,'2021-01-01',NULL,39,'Google Pixel Android 8.1 OPM',90.0000,2.0000,22),(23,'2021-01-01',NULL,15,'iPhone 8 Plus 64GB Full Color',500.0000,1.0000,23),(24,'2021-01-01',NULL,38,'iPhone 7 Plus 64GB Silver',88.0000,1.0000,24),(25,'2021-01-01',NULL,3,'Apple iMac 2017 21.5-inch Retina 4K',400.0000,1.0000,25),(26,'2021-01-01',NULL,134,'Delicious Fresh Egypt Natural',145.0000,1.0000,26),(27,'2021-01-01',NULL,30,'Colored Diamonds Fancy Loose',310.0000,1.0000,27),(28,'2021-01-01',NULL,13,'Apple Iphone X 512Gb White',75.0000,1.0000,28),(29,'2021-01-01',NULL,19,'Samsung Galaxy S8 Plus Gray',400.0000,1.0000,29),(30,'2021-01-01',NULL,65,'High Back Executive Chair Black',615.0000,1.0000,30),(31,'2021-01-01',NULL,22,'Purple Wool Women Hat',105.0000,1.0000,31),(32,'2021-01-01',NULL,20,'Navy Skinny Fit Suit With Wool',127.0000,1.0000,32),(33,'2021-01-01',NULL,5,'Beat Crossfade 2 Wireless Headphone',100.0000,1.0000,33),(34,'2021-01-01',NULL,35,'Red automatic Skeleton Waterproof',108.0000,1.0000,34),(35,'2021-01-01',NULL,14,'iPad Mini 4G Wifi Cellular 64GB',320.0000,1.0000,35),(36,'2021-01-01',NULL,2,'Acer Aspire S24 All-In-One PC',300.0000,1.0000,36),(37,'2021-01-01',NULL,11,'Washing Machines & Dryers',610.0000,1.0000,37),(38,'2021-01-01',NULL,40,'iPad Pro 10.5 inch Retina',95.0000,1.0000,38),(39,'2022-01-01',0,19549,'1234',5.0000,10.0000,1),(40,'2022-01-01',0,12660,'1020401-D7PR2T',28.0000,1.0000,2),(41,'2022-01-01',0,15787,'1069235-Nucom-10NL-150',6678.0000,1.0000,3),(42,'2022-01-01',5,19549,'1234',5.0000,10.0000,1),(43,'2022-01-01',5,15787,'1069235-Nucom-10NL-150',6678.0000,1.0000,3),(44,'2022-01-01',5,12660,'1020401-D7PR2T',28.0000,1.0000,2),(64,'2021-01-01',NULL,44,'Girls Shoes Girls Sneakers',230.0000,20.0000,1),(65,'2021-01-01',NULL,49,'Michael Kors Rogers Shoulder',109.0000,20.0000,2),(66,'2021-01-01',NULL,47,'Latest National Valentine Day',310.0000,20.0000,3),(67,'2021-01-01',NULL,45,'Flex racer 360 580 Black 11249',125.0000,20.0000,4),(68,'2021-01-01',NULL,48,'Valentino by Mario Valentino',195.0000,20.0000,5),(69,'2021-01-01',NULL,46,'Refresh Womens Wynne06 Ribbed',450.0000,20.0000,6),(70,'2021-01-01',NULL,29,'Cahill Automatic Silver Black',255.0000,13.0000,7),(71,'2021-01-01',NULL,12,'Apple iPhone Plus Silicon Case',90.0000,12.0000,8),(72,'2021-01-01',NULL,62,'Silent Quartz Decorative Wall',105.0000,10.0000,9),(73,'2021-01-01',NULL,64,'Sparkle Paper Towels 24 Giant',410.0000,8.0000,10),(74,'2021-01-01',NULL,21,'Travel Leather Backpack',220.0000,6.0000,11),(75,'2021-01-01',NULL,63,'Relax Massage Chair Recliner',317.0000,5.0000,12),(76,'2021-01-01',NULL,17,'iPhone 6s Plus Black Gray 128Gb',206.0000,4.0000,13),(77,'2021-01-01',NULL,61,'Floor Uplight Lamp 69 Inch White',250.0000,4.0000,14),(78,'2021-01-01',NULL,18,'iPhone 6s Plus Red Case',20.0000,4.0000,15),(79,'2021-01-01',NULL,136,'Organic New Cheap Sweet Fresh',450.0000,3.0000,16),(80,'2021-01-01',NULL,36,'Samsung Galaxy J7 Prime 64Gb',250.0000,3.0000,17),(81,'2021-01-01',NULL,66,'Merango Microfiber Living Room',268.0000,3.0000,18),(82,'2021-01-01',NULL,138,'Hot Price Fruit Honey Pomelo',435.0000,2.0000,19),(83,'2021-01-01',NULL,39,'Google Pixel Android 8.1 OPM',90.0000,2.0000,20),(84,'2021-01-01',NULL,137,'New Crop Citrus Fruit Summer',110.0000,2.0000,21),(85,'2021-01-01',NULL,16,'iPad Pro 9.7 inch Wifi Cellular 16GB',156.0000,2.0000,22),(86,'2021-01-01',NULL,65,'High Back Executive Chair Black',615.0000,1.0000,23),(87,'2021-01-01',NULL,22,'Purple Wool Women Hat',105.0000,1.0000,24),(88,'2021-01-01',NULL,20,'Navy Skinny Fit Suit With Wool',127.0000,1.0000,25),(89,'2021-01-01',NULL,5,'Beat Crossfade 2 Wireless Headphone',100.0000,1.0000,26),(90,'2021-01-01',NULL,35,'Red automatic Skeleton Waterproof',108.0000,1.0000,27),(91,'2021-01-01',NULL,14,'iPad Mini 4G Wifi Cellular 64GB',320.0000,1.0000,28),(92,'2021-01-01',NULL,2,'Acer Aspire S24 All-In-One PC',300.0000,1.0000,29),(93,'2021-01-01',NULL,11,'Washing Machines & Dryers',610.0000,1.0000,30),(94,'2021-01-01',NULL,40,'iPad Pro 10.5 inch Retina',95.0000,1.0000,31),(95,'2021-01-01',NULL,15,'iPhone 8 Plus 64GB Full Color',500.0000,1.0000,32),(96,'2021-01-01',NULL,38,'iPhone 7 Plus 64GB Silver',88.0000,1.0000,33),(97,'2021-01-01',NULL,3,'Apple iMac 2017 21.5-inch Retina 4K',400.0000,1.0000,34),(98,'2021-01-01',NULL,134,'Delicious Fresh Egypt Natural',145.0000,1.0000,35),(99,'2021-01-01',NULL,30,'Colored Diamonds Fancy Loose',310.0000,1.0000,36),(100,'2021-01-01',NULL,13,'Apple Iphone X 512Gb White',75.0000,1.0000,37),(101,'2021-01-01',NULL,19,'Samsung Galaxy S8 Plus Gray',400.0000,1.0000,38),(127,'2021-01-01',NULL,45,'Flex racer 360 580 Black 11249',125.0000,20.0000,1),(128,'2021-01-01',NULL,48,'Valentino by Mario Valentino',195.0000,20.0000,2),(129,'2021-01-01',NULL,46,'Refresh Womens Wynne06 Ribbed',450.0000,20.0000,3),(130,'2021-01-01',NULL,44,'Girls Shoes Girls Sneakers',230.0000,20.0000,4),(131,'2021-01-01',NULL,49,'Michael Kors Rogers Shoulder',109.0000,20.0000,5),(132,'2021-01-01',NULL,47,'Latest National Valentine Day',310.0000,20.0000,6),(133,'2021-01-01',NULL,29,'Cahill Automatic Silver Black',255.0000,13.0000,7),(134,'2021-01-01',NULL,12,'Apple iPhone Plus Silicon Case',90.0000,12.0000,8),(135,'2021-01-01',NULL,62,'Silent Quartz Decorative Wall',105.0000,10.0000,9),(136,'2021-01-01',NULL,64,'Sparkle Paper Towels 24 Giant',410.0000,8.0000,10),(137,'2021-01-01',NULL,21,'Travel Leather Backpack',220.0000,6.0000,11),(138,'2021-01-01',NULL,63,'Relax Massage Chair Recliner',317.0000,5.0000,12),(139,'2021-01-01',NULL,61,'Floor Uplight Lamp 69 Inch White',250.0000,4.0000,13),(140,'2021-01-01',NULL,18,'iPhone 6s Plus Red Case',20.0000,4.0000,14),(141,'2021-01-01',NULL,17,'iPhone 6s Plus Black Gray 128Gb',206.0000,4.0000,15),(142,'2021-01-01',NULL,136,'Organic New Cheap Sweet Fresh',450.0000,3.0000,16),(143,'2021-01-01',NULL,36,'Samsung Galaxy J7 Prime 64Gb',250.0000,3.0000,17),(144,'2021-01-01',NULL,66,'Merango Microfiber Living Room',268.0000,3.0000,18),(145,'2021-01-01',NULL,137,'New Crop Citrus Fruit Summer',110.0000,2.0000,19),(146,'2021-01-01',NULL,16,'iPad Pro 9.7 inch Wifi Cellular 16GB',156.0000,2.0000,20),(147,'2021-01-01',NULL,138,'Hot Price Fruit Honey Pomelo',435.0000,2.0000,21),(148,'2021-01-01',NULL,39,'Google Pixel Android 8.1 OPM',90.0000,2.0000,22),(149,'2021-01-01',NULL,5,'Beat Crossfade 2 Wireless Headphone',100.0000,1.0000,23),(150,'2021-01-01',NULL,35,'Red automatic Skeleton Waterproof',108.0000,1.0000,24),(151,'2021-01-01',NULL,14,'iPad Mini 4G Wifi Cellular 64GB',320.0000,1.0000,25),(152,'2021-01-01',NULL,2,'Acer Aspire S24 All-In-One PC',300.0000,1.0000,26),(153,'2021-01-01',NULL,11,'Washing Machines & Dryers',610.0000,1.0000,27),(154,'2021-01-01',NULL,40,'iPad Pro 10.5 inch Retina',95.0000,1.0000,28),(155,'2021-01-01',NULL,15,'iPhone 8 Plus 64GB Full Color',500.0000,1.0000,29),(156,'2021-01-01',NULL,38,'iPhone 7 Plus 64GB Silver',88.0000,1.0000,30),(157,'2021-01-01',NULL,3,'Apple iMac 2017 21.5-inch Retina 4K',400.0000,1.0000,31),(158,'2021-01-01',NULL,134,'Delicious Fresh Egypt Natural',145.0000,1.0000,32),(159,'2021-01-01',NULL,30,'Colored Diamonds Fancy Loose',310.0000,1.0000,33),(160,'2021-01-01',NULL,13,'Apple Iphone X 512Gb White',75.0000,1.0000,34),(161,'2021-01-01',NULL,19,'Samsung Galaxy S8 Plus Gray',400.0000,1.0000,35),(162,'2021-01-01',NULL,65,'High Back Executive Chair Black',615.0000,1.0000,36),(163,'2021-01-01',NULL,22,'Purple Wool Women Hat',105.0000,1.0000,37),(164,'2021-01-01',NULL,20,'Navy Skinny Fit Suit With Wool',127.0000,1.0000,38);

--
-- Table structure for table `sales_creditmemo`
--

CREATE TABLE `sales_creditmemo` (
  `entity_id` int(10) unsigned NOT NULL AUTO_INCREMENT COMMENT 'Entity ID',
  `store_id` smallint(5) unsigned DEFAULT NULL COMMENT 'Store ID',
  `adjustment_positive` decimal(20,4) DEFAULT NULL COMMENT 'Adjustment Positive',
  `base_shipping_tax_amount` decimal(20,4) DEFAULT NULL COMMENT 'Base Shipping Tax Amount',
  `store_to_order_rate` decimal(20,4) DEFAULT NULL COMMENT 'Store To Order Rate',
  `base_discount_amount` decimal(20,4) DEFAULT NULL COMMENT 'Base Discount Amount',
  `base_to_order_rate` decimal(20,4) DEFAULT NULL COMMENT 'Base To Order Rate',
  `grand_total` decimal(20,4) DEFAULT NULL COMMENT 'Grand Total',
  `base_adjustment_negative` decimal(20,4) DEFAULT NULL COMMENT 'Base Adjustment Negative',
  `base_subtotal_incl_tax` decimal(20,4) DEFAULT NULL COMMENT 'Base Subtotal Incl Tax',
  `shipping_amount` decimal(20,4) DEFAULT NULL COMMENT 'Shipping Amount',
  `subtotal_incl_tax` decimal(20,4) DEFAULT NULL COMMENT 'Subtotal Incl Tax',
  `adjustment_negative` decimal(20,4) DEFAULT NULL COMMENT 'Adjustment Negative',
  `base_shipping_amount` decimal(20,4) DEFAULT NULL COMMENT 'Base Shipping Amount',
  `store_to_base_rate` decimal(20,4) DEFAULT NULL COMMENT 'Store To Base Rate',
  `base_to_global_rate` decimal(20,4) DEFAULT NULL COMMENT 'Base To Global Rate',
  `base_adjustment` decimal(20,4) DEFAULT NULL COMMENT 'Base Adjustment',
  `base_subtotal` decimal(20,4) DEFAULT NULL COMMENT 'Base Subtotal',
  `discount_amount` decimal(20,4) DEFAULT NULL COMMENT 'Discount Amount',
  `subtotal` decimal(20,4) DEFAULT NULL COMMENT 'Subtotal',
  `adjustment` decimal(20,4) DEFAULT NULL COMMENT 'Adjustment',
  `base_grand_total` decimal(20,4) DEFAULT NULL COMMENT 'Base Grand Total',
  `base_adjustment_positive` decimal(20,4) DEFAULT NULL COMMENT 'Base Adjustment Positive',
  `base_tax_amount` decimal(20,4) DEFAULT NULL COMMENT 'Base Tax Amount',
  `shipping_tax_amount` decimal(20,4) DEFAULT NULL COMMENT 'Shipping Tax Amount',
  `tax_amount` decimal(20,4) DEFAULT NULL COMMENT 'Tax Amount',
  `order_id` int(10) unsigned NOT NULL COMMENT 'Order ID',
  `email_sent` smallint(5) unsigned DEFAULT NULL COMMENT 'Email Sent',
  `send_email` smallint(5) unsigned DEFAULT NULL COMMENT 'Send Email',
  `creditmemo_status` int(11) DEFAULT NULL COMMENT 'Creditmemo Status',
  `state` int(11) DEFAULT NULL COMMENT 'State',
  `shipping_address_id` int(11) DEFAULT NULL COMMENT 'Shipping Address ID',
  `billing_address_id` int(11) DEFAULT NULL COMMENT 'Billing Address ID',
  `invoice_id` int(11) DEFAULT NULL COMMENT 'Invoice ID',
  `store_currency_code` varchar(3) DEFAULT NULL COMMENT 'Store Currency Code',
  `order_currency_code` varchar(3) DEFAULT NULL COMMENT 'Order Currency Code',
  `base_currency_code` varchar(3) DEFAULT NULL COMMENT 'Base Currency Code',
  `global_currency_code` varchar(3) DEFAULT NULL COMMENT 'Global Currency Code',
  `transaction_id` varchar(255) DEFAULT NULL COMMENT 'Transaction ID',
  `increment_id` varchar(50) DEFAULT NULL COMMENT 'Increment ID',
  `created_at` timestamp NOT NULL DEFAULT CURRENT_TIMESTAMP COMMENT 'Created At',
  `updated_at` timestamp NOT NULL DEFAULT CURRENT_TIMESTAMP ON UPDATE CURRENT_TIMESTAMP COMMENT 'Updated At',
  `discount_tax_compensation_amount` decimal(20,4) DEFAULT NULL COMMENT 'Discount Tax Compensation Amount',
  `base_discount_tax_compensation_amount` decimal(20,4) DEFAULT NULL COMMENT 'Base Discount Tax Compensation Amount',
  `shipping_discount_tax_compensation_amount` decimal(20,4) DEFAULT NULL COMMENT 'Shipping Discount Tax Compensation Amount',
  `base_shipping_discount_tax_compensation_amnt` decimal(20,4) DEFAULT NULL COMMENT 'Base Shipping Discount Tax Compensation Amount',
  `shipping_incl_tax` decimal(20,4) DEFAULT NULL COMMENT 'Shipping Incl Tax',
  `base_shipping_incl_tax` decimal(20,4) DEFAULT NULL COMMENT 'Base Shipping Incl Tax',
  `discount_description` varchar(255) DEFAULT NULL COMMENT 'Discount Description',
  `customer_note` text COMMENT 'Customer Note',
  `customer_note_notify` smallint(5) unsigned DEFAULT NULL COMMENT 'Customer Note Notify',
  PRIMARY KEY (`entity_id`),
  UNIQUE KEY `SALES_CREDITMEMO_INCREMENT_ID_STORE_ID` (`increment_id`,`store_id`),
  KEY `SALES_CREDITMEMO_STORE_ID` (`store_id`),
  KEY `SALES_CREDITMEMO_ORDER_ID` (`order_id`),
  KEY `SALES_CREDITMEMO_CREDITMEMO_STATUS` (`creditmemo_status`),
  KEY `SALES_CREDITMEMO_STATE` (`state`),
  KEY `SALES_CREDITMEMO_CREATED_AT` (`created_at`),
  KEY `SALES_CREDITMEMO_UPDATED_AT` (`updated_at`),
  KEY `SALES_CREDITMEMO_SEND_EMAIL` (`send_email`),
  KEY `SALES_CREDITMEMO_EMAIL_SENT` (`email_sent`),
  CONSTRAINT `SALES_CREDITMEMO_ORDER_ID_SALES_ORDER_ENTITY_ID` FOREIGN KEY (`order_id`) REFERENCES `sales_order` (`entity_id`) ON DELETE CASCADE,
  CONSTRAINT `SALES_CREDITMEMO_STORE_ID_STORE_STORE_ID` FOREIGN KEY (`store_id`) REFERENCES `store` (`store_id`) ON DELETE SET NULL
) ENGINE=InnoDB DEFAULT CHARSET=utf8 COMMENT='Sales Flat Creditmemo';

--
-- Dumping data for table `sales_creditmemo`
--


--
-- Table structure for table `sales_creditmemo_comment`
--

CREATE TABLE `sales_creditmemo_comment` (
  `entity_id` int(10) unsigned NOT NULL AUTO_INCREMENT COMMENT 'Entity ID',
  `parent_id` int(10) unsigned NOT NULL COMMENT 'Parent ID',
  `is_customer_notified` int(11) DEFAULT NULL COMMENT 'Is Customer Notified',
  `is_visible_on_front` smallint(5) unsigned NOT NULL DEFAULT '0' COMMENT 'Is Visible On Front',
  `comment` text COMMENT 'Comment',
  `created_at` timestamp NOT NULL DEFAULT CURRENT_TIMESTAMP COMMENT 'Created At',
  PRIMARY KEY (`entity_id`),
  KEY `SALES_CREDITMEMO_COMMENT_CREATED_AT` (`created_at`),
  KEY `SALES_CREDITMEMO_COMMENT_PARENT_ID` (`parent_id`),
  CONSTRAINT `SALES_CREDITMEMO_COMMENT_PARENT_ID_SALES_CREDITMEMO_ENTITY_ID` FOREIGN KEY (`parent_id`) REFERENCES `sales_creditmemo` (`entity_id`) ON DELETE CASCADE
) ENGINE=InnoDB DEFAULT CHARSET=utf8 COMMENT='Sales Flat Creditmemo Comment';

--
-- Dumping data for table `sales_creditmemo_comment`
--


--
-- Table structure for table `sales_creditmemo_grid`
--

CREATE TABLE `sales_creditmemo_grid` (
  `entity_id` int(10) unsigned NOT NULL COMMENT 'Entity ID',
  `increment_id` varchar(50) DEFAULT NULL COMMENT 'Increment ID',
  `created_at` timestamp NULL DEFAULT NULL COMMENT 'Created At',
  `updated_at` timestamp NULL DEFAULT NULL COMMENT 'Updated At',
  `order_id` int(10) unsigned NOT NULL COMMENT 'Order ID',
  `order_increment_id` varchar(50) DEFAULT NULL COMMENT 'Order Increment ID',
  `order_created_at` timestamp NULL DEFAULT NULL COMMENT 'Order Created At',
  `billing_name` varchar(255) DEFAULT NULL COMMENT 'Billing Name',
  `state` int(11) DEFAULT NULL COMMENT 'Status',
  `base_grand_total` decimal(20,4) DEFAULT NULL COMMENT 'Base Grand Total',
  `order_status` varchar(32) DEFAULT NULL COMMENT 'Order Status',
  `store_id` smallint(5) unsigned DEFAULT NULL COMMENT 'Store ID',
  `billing_address` varchar(255) DEFAULT NULL COMMENT 'Billing Address',
  `shipping_address` varchar(255) DEFAULT NULL COMMENT 'Shipping Address',
  `customer_name` varchar(128) NOT NULL COMMENT 'Customer Name',
  `customer_email` varchar(128) DEFAULT NULL COMMENT 'Customer Email',
  `customer_group_id` smallint(6) DEFAULT NULL COMMENT 'Customer Group ID',
  `payment_method` varchar(32) DEFAULT NULL COMMENT 'Payment Method',
  `shipping_information` varchar(255) DEFAULT NULL COMMENT 'Shipping Method Name',
  `subtotal` decimal(20,4) DEFAULT NULL COMMENT 'Subtotal',
  `shipping_and_handling` decimal(20,4) DEFAULT NULL COMMENT 'Shipping and handling amount',
  `adjustment_positive` decimal(20,4) DEFAULT NULL COMMENT 'Adjustment Positive',
  `adjustment_negative` decimal(20,4) DEFAULT NULL COMMENT 'Adjustment Negative',
  `order_base_grand_total` decimal(20,4) DEFAULT NULL COMMENT 'Order Grand Total',
  PRIMARY KEY (`entity_id`),
  UNIQUE KEY `SALES_CREDITMEMO_GRID_INCREMENT_ID_STORE_ID` (`increment_id`,`store_id`),
  KEY `SALES_CREDITMEMO_GRID_ORDER_INCREMENT_ID` (`order_increment_id`),
  KEY `SALES_CREDITMEMO_GRID_CREATED_AT` (`created_at`),
  KEY `SALES_CREDITMEMO_GRID_UPDATED_AT` (`updated_at`),
  KEY `SALES_CREDITMEMO_GRID_ORDER_CREATED_AT` (`order_created_at`),
  KEY `SALES_CREDITMEMO_GRID_STATE` (`state`),
  KEY `SALES_CREDITMEMO_GRID_BILLING_NAME` (`billing_name`),
  KEY `SALES_CREDITMEMO_GRID_ORDER_STATUS` (`order_status`),
  KEY `SALES_CREDITMEMO_GRID_BASE_GRAND_TOTAL` (`base_grand_total`),
  KEY `SALES_CREDITMEMO_GRID_STORE_ID` (`store_id`),
  KEY `SALES_CREDITMEMO_GRID_ORDER_BASE_GRAND_TOTAL` (`order_base_grand_total`),
  KEY `SALES_CREDITMEMO_GRID_ORDER_ID` (`order_id`),
  FULLTEXT KEY `FTI_32B7BA885941A8254EE84AE650ABDC86` (`increment_id`,`order_increment_id`,`billing_name`,`billing_address`,`shipping_address`,`customer_name`,`customer_email`)
) ENGINE=InnoDB DEFAULT CHARSET=utf8 COMMENT='Sales Flat Creditmemo Grid';

--
-- Dumping data for table `sales_creditmemo_grid`
--


--
-- Table structure for table `sales_creditmemo_item`
--

CREATE TABLE `sales_creditmemo_item` (
  `entity_id` int(10) unsigned NOT NULL AUTO_INCREMENT COMMENT 'Entity ID',
  `parent_id` int(10) unsigned NOT NULL COMMENT 'Parent ID',
  `base_price` decimal(12,4) DEFAULT NULL COMMENT 'Base Price',
  `tax_amount` decimal(12,4) DEFAULT NULL COMMENT 'Tax Amount',
  `base_row_total` decimal(12,4) DEFAULT NULL COMMENT 'Base Row Total',
  `discount_amount` decimal(12,4) DEFAULT NULL COMMENT 'Discount Amount',
  `row_total` decimal(12,4) DEFAULT NULL COMMENT 'Row Total',
  `base_discount_amount` decimal(12,4) DEFAULT NULL COMMENT 'Base Discount Amount',
  `price_incl_tax` decimal(12,4) DEFAULT NULL COMMENT 'Price Incl Tax',
  `base_tax_amount` decimal(12,4) DEFAULT NULL COMMENT 'Base Tax Amount',
  `base_price_incl_tax` decimal(12,4) DEFAULT NULL COMMENT 'Base Price Incl Tax',
  `qty` decimal(12,4) DEFAULT NULL COMMENT 'Qty',
  `base_cost` decimal(12,4) DEFAULT NULL COMMENT 'Base Cost',
  `price` decimal(12,4) DEFAULT NULL COMMENT 'Price',
  `base_row_total_incl_tax` decimal(12,4) DEFAULT NULL COMMENT 'Base Row Total Incl Tax',
  `row_total_incl_tax` decimal(12,4) DEFAULT NULL COMMENT 'Row Total Incl Tax',
  `product_id` int(11) DEFAULT NULL COMMENT 'Product ID',
  `order_item_id` int(11) DEFAULT NULL COMMENT 'Order Item ID',
  `additional_data` text COMMENT 'Additional Data',
  `description` text COMMENT 'Description',
  `sku` varchar(255) DEFAULT NULL COMMENT 'Sku',
  `name` varchar(255) DEFAULT NULL COMMENT 'Name',
  `discount_tax_compensation_amount` decimal(12,4) DEFAULT NULL COMMENT 'Discount Tax Compensation Amount',
  `base_discount_tax_compensation_amount` decimal(12,4) DEFAULT NULL COMMENT 'Base Discount Tax Compensation Amount',
  `tax_ratio` text COMMENT 'Ratio of tax in the creditmemo item over tax of the order item',
  `weee_tax_applied` text COMMENT 'Weee Tax Applied',
  `weee_tax_applied_amount` decimal(12,4) DEFAULT NULL COMMENT 'Weee Tax Applied Amount',
  `weee_tax_applied_row_amount` decimal(12,4) DEFAULT NULL COMMENT 'Weee Tax Applied Row Amount',
  `weee_tax_disposition` decimal(12,4) DEFAULT NULL COMMENT 'Weee Tax Disposition',
  `weee_tax_row_disposition` decimal(12,4) DEFAULT NULL COMMENT 'Weee Tax Row Disposition',
  `base_weee_tax_applied_amount` decimal(12,4) DEFAULT NULL COMMENT 'Base Weee Tax Applied Amount',
  `base_weee_tax_applied_row_amnt` decimal(12,4) DEFAULT NULL COMMENT 'Base Weee Tax Applied Row Amnt',
  `base_weee_tax_disposition` decimal(12,4) DEFAULT NULL COMMENT 'Base Weee Tax Disposition',
  `base_weee_tax_row_disposition` decimal(12,4) DEFAULT NULL COMMENT 'Base Weee Tax Row Disposition',
  PRIMARY KEY (`entity_id`),
  KEY `SALES_CREDITMEMO_ITEM_PARENT_ID` (`parent_id`),
  CONSTRAINT `SALES_CREDITMEMO_ITEM_PARENT_ID_SALES_CREDITMEMO_ENTITY_ID` FOREIGN KEY (`parent_id`) REFERENCES `sales_creditmemo` (`entity_id`) ON DELETE CASCADE
) ENGINE=InnoDB DEFAULT CHARSET=utf8 COMMENT='Sales Flat Creditmemo Item';

--
-- Dumping data for table `sales_creditmemo_item`
--


--
-- Table structure for table `sales_invoice`
--

CREATE TABLE `sales_invoice` (
  `entity_id` int(10) unsigned NOT NULL AUTO_INCREMENT COMMENT 'Entity ID',
  `store_id` smallint(5) unsigned DEFAULT NULL COMMENT 'Store ID',
  `base_grand_total` decimal(20,4) DEFAULT NULL COMMENT 'Base Grand Total',
  `shipping_tax_amount` decimal(20,4) DEFAULT NULL COMMENT 'Shipping Tax Amount',
  `tax_amount` decimal(20,4) DEFAULT NULL COMMENT 'Tax Amount',
  `base_tax_amount` decimal(20,4) DEFAULT NULL COMMENT 'Base Tax Amount',
  `store_to_order_rate` decimal(20,4) DEFAULT NULL COMMENT 'Store To Order Rate',
  `base_shipping_tax_amount` decimal(20,4) DEFAULT NULL COMMENT 'Base Shipping Tax Amount',
  `base_discount_amount` decimal(20,4) DEFAULT NULL COMMENT 'Base Discount Amount',
  `base_to_order_rate` decimal(20,4) DEFAULT NULL COMMENT 'Base To Order Rate',
  `grand_total` decimal(20,4) DEFAULT NULL COMMENT 'Grand Total',
  `shipping_amount` decimal(20,4) DEFAULT NULL COMMENT 'Shipping Amount',
  `subtotal_incl_tax` decimal(20,4) DEFAULT NULL COMMENT 'Subtotal Incl Tax',
  `base_subtotal_incl_tax` decimal(20,4) DEFAULT NULL COMMENT 'Base Subtotal Incl Tax',
  `store_to_base_rate` decimal(20,4) DEFAULT NULL COMMENT 'Store To Base Rate',
  `base_shipping_amount` decimal(20,4) DEFAULT NULL COMMENT 'Base Shipping Amount',
  `total_qty` decimal(12,4) DEFAULT NULL COMMENT 'Total Qty',
  `base_to_global_rate` decimal(20,4) DEFAULT NULL COMMENT 'Base To Global Rate',
  `subtotal` decimal(20,4) DEFAULT NULL COMMENT 'Subtotal',
  `base_subtotal` decimal(20,4) DEFAULT NULL COMMENT 'Base Subtotal',
  `discount_amount` decimal(20,4) DEFAULT NULL COMMENT 'Discount Amount',
  `billing_address_id` int(11) DEFAULT NULL COMMENT 'Billing Address ID',
  `is_used_for_refund` smallint(5) unsigned DEFAULT NULL COMMENT 'Is Used For Refund',
  `order_id` int(10) unsigned NOT NULL COMMENT 'Order ID',
  `email_sent` smallint(5) unsigned DEFAULT NULL COMMENT 'Email Sent',
  `send_email` smallint(5) unsigned DEFAULT NULL COMMENT 'Send Email',
  `can_void_flag` smallint(5) unsigned DEFAULT NULL COMMENT 'Can Void Flag',
  `state` int(11) DEFAULT NULL COMMENT 'State',
  `shipping_address_id` int(11) DEFAULT NULL COMMENT 'Shipping Address ID',
  `store_currency_code` varchar(3) DEFAULT NULL COMMENT 'Store Currency Code',
  `transaction_id` varchar(255) DEFAULT NULL COMMENT 'Transaction ID',
  `order_currency_code` varchar(3) DEFAULT NULL COMMENT 'Order Currency Code',
  `base_currency_code` varchar(3) DEFAULT NULL COMMENT 'Base Currency Code',
  `global_currency_code` varchar(3) DEFAULT NULL COMMENT 'Global Currency Code',
  `increment_id` varchar(50) DEFAULT NULL COMMENT 'Increment ID',
  `created_at` timestamp NOT NULL DEFAULT CURRENT_TIMESTAMP COMMENT 'Created At',
  `updated_at` timestamp NOT NULL DEFAULT CURRENT_TIMESTAMP ON UPDATE CURRENT_TIMESTAMP COMMENT 'Updated At',
  `discount_tax_compensation_amount` decimal(20,4) DEFAULT NULL COMMENT 'Discount Tax Compensation Amount',
  `base_discount_tax_compensation_amount` decimal(20,4) DEFAULT NULL COMMENT 'Base Discount Tax Compensation Amount',
  `shipping_discount_tax_compensation_amount` decimal(20,4) DEFAULT NULL COMMENT 'Shipping Discount Tax Compensation Amount',
  `base_shipping_discount_tax_compensation_amnt` decimal(20,4) DEFAULT NULL COMMENT 'Base Shipping Discount Tax Compensation Amount',
  `shipping_incl_tax` decimal(20,4) DEFAULT NULL COMMENT 'Shipping Incl Tax',
  `base_shipping_incl_tax` decimal(20,4) DEFAULT NULL COMMENT 'Base Shipping Incl Tax',
  `base_total_refunded` decimal(20,4) DEFAULT NULL COMMENT 'Base Total Refunded',
  `discount_description` varchar(255) DEFAULT NULL COMMENT 'Discount Description',
  `customer_note` text COMMENT 'Customer Note',
  `customer_note_notify` smallint(5) unsigned DEFAULT NULL COMMENT 'Customer Note Notify',
  PRIMARY KEY (`entity_id`),
  UNIQUE KEY `SALES_INVOICE_INCREMENT_ID_STORE_ID` (`increment_id`,`store_id`),
  KEY `SALES_INVOICE_STORE_ID` (`store_id`),
  KEY `SALES_INVOICE_GRAND_TOTAL` (`grand_total`),
  KEY `SALES_INVOICE_ORDER_ID` (`order_id`),
  KEY `SALES_INVOICE_STATE` (`state`),
  KEY `SALES_INVOICE_CREATED_AT` (`created_at`),
  KEY `SALES_INVOICE_UPDATED_AT` (`updated_at`),
  KEY `SALES_INVOICE_SEND_EMAIL` (`send_email`),
  KEY `SALES_INVOICE_EMAIL_SENT` (`email_sent`),
  CONSTRAINT `SALES_INVOICE_ORDER_ID_SALES_ORDER_ENTITY_ID` FOREIGN KEY (`order_id`) REFERENCES `sales_order` (`entity_id`) ON DELETE CASCADE,
  CONSTRAINT `SALES_INVOICE_STORE_ID_STORE_STORE_ID` FOREIGN KEY (`store_id`) REFERENCES `store` (`store_id`) ON DELETE SET NULL
) ENGINE=InnoDB AUTO_INCREMENT=5 DEFAULT CHARSET=utf8 COMMENT='Sales Flat Invoice';

--
-- Dumping data for table `sales_invoice`
--

INSERT INTO `sales_invoice` VALUES (1,NULL,950.0000,0.0000,0.0000,0.0000,0.0000,0.0000,0.0000,1.0000,950.0000,50.0000,900.0000,900.0000,0.0000,50.0000,10.0000,1.0000,900.0000,900.0000,0.0000,2,NULL,1,NULL,1,0,2,1,'USD',NULL,'USD','USD','USD','000000001','2021-01-20 02:33:29','2021-01-20 02:33:30',0.0000,0.0000,0.0000,0.0000,50.0000,50.0000,NULL,NULL,NULL,NULL),(2,NULL,2736.0000,0.0000,0.0000,0.0000,0.0000,0.0000,0.0000,1.0000,2736.0000,85.0000,2651.0000,2651.0000,0.0000,85.0000,17.0000,1.0000,2651.0000,2651.0000,0.0000,10,NULL,5,NULL,1,0,2,9,'USD',NULL,'USD','USD','USD','11000000001','2021-06-02 04:54:31','2021-06-02 04:54:34',0.0000,0.0000,0.0000,0.0000,85.0000,85.0000,NULL,NULL,NULL,NULL),(3,NULL,2012.0000,0.0000,0.0000,0.0000,0.0000,0.0000,0.0000,1.0000,2012.0000,35.0000,1977.0000,1977.0000,0.0000,35.0000,7.0000,1.0000,1977.0000,1977.0000,0.0000,12,NULL,6,NULL,1,0,2,11,'USD',NULL,'USD','USD','USD','11000000002','2021-06-02 05:18:47','2021-06-02 05:18:50',0.0000,0.0000,0.0000,0.0000,35.0000,35.0000,NULL,NULL,NULL,NULL),(4,NULL,8489.0000,0.0000,0.0000,0.0000,0.0000,0.0000,0.0000,1.0000,8489.0000,155.0000,8334.0000,8334.0000,0.0000,155.0000,31.0000,1.0000,8334.0000,8334.0000,0.0000,16,NULL,8,NULL,1,0,2,15,'USD',NULL,'USD','USD','USD','18000000001','2021-07-15 09:12:41','2021-07-15 09:12:43',0.0000,0.0000,0.0000,0.0000,155.0000,155.0000,NULL,NULL,NULL,NULL);

--
-- Table structure for table `sales_invoice_comment`
--

CREATE TABLE `sales_invoice_comment` (
  `entity_id` int(10) unsigned NOT NULL AUTO_INCREMENT COMMENT 'Entity ID',
  `parent_id` int(10) unsigned NOT NULL COMMENT 'Parent ID',
  `is_customer_notified` smallint(5) unsigned DEFAULT NULL COMMENT 'Is Customer Notified',
  `is_visible_on_front` smallint(5) unsigned NOT NULL DEFAULT '0' COMMENT 'Is Visible On Front',
  `comment` text COMMENT 'Comment',
  `created_at` timestamp NOT NULL DEFAULT CURRENT_TIMESTAMP COMMENT 'Created At',
  PRIMARY KEY (`entity_id`),
  KEY `SALES_INVOICE_COMMENT_CREATED_AT` (`created_at`),
  KEY `SALES_INVOICE_COMMENT_PARENT_ID` (`parent_id`),
  CONSTRAINT `SALES_INVOICE_COMMENT_PARENT_ID_SALES_INVOICE_ENTITY_ID` FOREIGN KEY (`parent_id`) REFERENCES `sales_invoice` (`entity_id`) ON DELETE CASCADE
) ENGINE=InnoDB DEFAULT CHARSET=utf8 COMMENT='Sales Flat Invoice Comment';

--
-- Dumping data for table `sales_invoice_comment`
--


--
-- Table structure for table `sales_invoice_grid`
--

CREATE TABLE `sales_invoice_grid` (
  `entity_id` int(10) unsigned NOT NULL COMMENT 'Entity ID',
  `increment_id` varchar(50) DEFAULT NULL COMMENT 'Increment ID',
  `state` int(11) DEFAULT NULL COMMENT 'State',
  `store_id` smallint(5) unsigned DEFAULT NULL COMMENT 'Store ID',
  `store_name` varchar(255) DEFAULT NULL COMMENT 'Store Name',
  `order_id` int(10) unsigned NOT NULL COMMENT 'Order ID',
  `order_increment_id` varchar(50) DEFAULT NULL COMMENT 'Order Increment ID',
  `order_created_at` timestamp NULL DEFAULT NULL COMMENT 'Order Created At',
  `customer_name` varchar(255) DEFAULT NULL COMMENT 'Customer Name',
  `customer_email` varchar(255) DEFAULT NULL COMMENT 'Customer Email',
  `customer_group_id` int(11) DEFAULT NULL,
  `payment_method` varchar(128) DEFAULT NULL COMMENT 'Payment Method',
  `store_currency_code` varchar(3) DEFAULT NULL COMMENT 'Store Currency Code',
  `order_currency_code` varchar(3) DEFAULT NULL COMMENT 'Order Currency Code',
  `base_currency_code` varchar(3) DEFAULT NULL COMMENT 'Base Currency Code',
  `global_currency_code` varchar(3) DEFAULT NULL COMMENT 'Global Currency Code',
  `billing_name` varchar(255) DEFAULT NULL COMMENT 'Billing Name',
  `billing_address` varchar(255) DEFAULT NULL COMMENT 'Billing Address',
  `shipping_address` varchar(255) DEFAULT NULL COMMENT 'Shipping Address',
  `shipping_information` varchar(255) DEFAULT NULL COMMENT 'Shipping Method Name',
  `subtotal` decimal(20,4) DEFAULT NULL COMMENT 'Subtotal',
  `shipping_and_handling` decimal(20,4) DEFAULT NULL COMMENT 'Shipping and handling amount',
  `grand_total` decimal(20,4) DEFAULT NULL COMMENT 'Grand Total',
  `created_at` timestamp NULL DEFAULT NULL COMMENT 'Created At',
  `updated_at` timestamp NULL DEFAULT NULL COMMENT 'Updated At',
  `base_grand_total` decimal(20,4) DEFAULT NULL COMMENT 'Base Grand Total',
  PRIMARY KEY (`entity_id`),
  UNIQUE KEY `SALES_INVOICE_GRID_INCREMENT_ID_STORE_ID` (`increment_id`,`store_id`),
  KEY `SALES_INVOICE_GRID_STORE_ID` (`store_id`),
  KEY `SALES_INVOICE_GRID_GRAND_TOTAL` (`grand_total`),
  KEY `SALES_INVOICE_GRID_ORDER_ID` (`order_id`),
  KEY `SALES_INVOICE_GRID_STATE` (`state`),
  KEY `SALES_INVOICE_GRID_ORDER_INCREMENT_ID` (`order_increment_id`),
  KEY `SALES_INVOICE_GRID_CREATED_AT` (`created_at`),
  KEY `SALES_INVOICE_GRID_UPDATED_AT` (`updated_at`),
  KEY `SALES_INVOICE_GRID_ORDER_CREATED_AT` (`order_created_at`),
  KEY `SALES_INVOICE_GRID_BILLING_NAME` (`billing_name`),
  KEY `SALES_INVOICE_GRID_BASE_GRAND_TOTAL` (`base_grand_total`),
  FULLTEXT KEY `FTI_95D9C924DD6A8734EB8B5D01D60F90DE` (`increment_id`,`order_increment_id`,`billing_name`,`billing_address`,`shipping_address`,`customer_name`,`customer_email`)
) ENGINE=InnoDB DEFAULT CHARSET=utf8 COMMENT='Sales Flat Invoice Grid';

--
-- Dumping data for table `sales_invoice_grid`
--

INSERT INTO `sales_invoice_grid` VALUES (1,'000000001',2,1,'Main Website\nMain Website Store\nEnglish',1,'000000001','2021-01-20 02:33:00','Magentech Magentech','cuongtd@ytcvn.com',1,'checkmo','USD','USD','USD','USD','Magentech Magentech','Magentech,Magentech,Ha Noi,10000','Magentech,Magentech,Ha Noi,10000','Flat Rate - Fixed',900.0000,50.0000,950.0000,'2021-01-20 02:33:29','2021-01-20 02:33:29',950.0000),(2,'11000000001',2,11,'Main Website\nMain Website Store\nIran',5,'11000000001','2021-06-02 04:52:39','Magentech Magentech','cuongtd@ytcvn.com',1,'checkmo','USD','USD','USD','USD','Magentech Magentech','Magentech,Magentech,Ha Noi,10000','Magentech,Magentech,Ha Noi,10000','Flat Rate - Fixed',2651.0000,85.0000,2736.0000,'2021-06-02 04:54:31','2021-06-02 04:54:31',2736.0000),(3,'11000000002',2,11,'Main Website\nMain Website Store\nIran',6,'11000000002','2021-06-02 05:16:10','Magentech Magentech','cuongtd@ytcvn.com',1,'checkmo','USD','USD','USD','USD','Magentech Magentech','Magentech,Magentech,Ha Noi,10000','Magentech,Magentech,Ha Noi,10000','Flat Rate - Fixed',1977.0000,35.0000,2012.0000,'2021-06-02 05:18:47','2021-06-02 05:18:47',2012.0000),(4,'18000000001',2,18,'Main Website\nMain Website Store\nMauritius',8,'18000000001','2021-07-15 09:11:25','Magentech Magentech','cuongtd@ytcvn.com',1,'checkmo','USD','USD','USD','USD','Magentech Magentech','Magentech,Magentech,Ha Noi,10000','Magentech,Magentech,Ha Noi,10000','Flat Rate - Fixed',8334.0000,155.0000,8489.0000,'2021-07-15 09:12:41','2021-07-15 09:12:41',8489.0000);

--
-- Table structure for table `sales_invoice_item`
--

CREATE TABLE `sales_invoice_item` (
  `entity_id` int(10) unsigned NOT NULL AUTO_INCREMENT COMMENT 'Entity ID',
  `parent_id` int(10) unsigned NOT NULL COMMENT 'Parent ID',
  `base_price` decimal(12,4) DEFAULT NULL COMMENT 'Base Price',
  `tax_amount` decimal(12,4) DEFAULT NULL COMMENT 'Tax Amount',
  `base_row_total` decimal(20,4) DEFAULT NULL COMMENT 'Base Row Total',
  `discount_amount` decimal(12,4) DEFAULT NULL COMMENT 'Discount Amount',
  `row_total` decimal(20,4) DEFAULT NULL COMMENT 'Row Total',
  `base_discount_amount` decimal(12,4) DEFAULT NULL COMMENT 'Base Discount Amount',
  `price_incl_tax` decimal(12,4) DEFAULT NULL COMMENT 'Price Incl Tax',
  `base_tax_amount` decimal(12,4) DEFAULT NULL COMMENT 'Base Tax Amount',
  `base_price_incl_tax` decimal(12,4) DEFAULT NULL COMMENT 'Base Price Incl Tax',
  `qty` decimal(12,4) DEFAULT NULL COMMENT 'Qty',
  `base_cost` decimal(12,4) DEFAULT NULL COMMENT 'Base Cost',
  `price` decimal(12,4) DEFAULT NULL COMMENT 'Price',
  `base_row_total_incl_tax` decimal(12,4) DEFAULT NULL COMMENT 'Base Row Total Incl Tax',
  `row_total_incl_tax` decimal(12,4) DEFAULT NULL COMMENT 'Row Total Incl Tax',
  `product_id` int(11) DEFAULT NULL COMMENT 'Product ID',
  `order_item_id` int(11) DEFAULT NULL COMMENT 'Order Item ID',
  `additional_data` text COMMENT 'Additional Data',
  `description` text COMMENT 'Description',
  `sku` varchar(255) DEFAULT NULL COMMENT 'Sku',
  `name` varchar(255) DEFAULT NULL COMMENT 'Name',
  `discount_tax_compensation_amount` decimal(12,4) DEFAULT NULL COMMENT 'Discount Tax Compensation Amount',
  `base_discount_tax_compensation_amount` decimal(12,4) DEFAULT NULL COMMENT 'Base Discount Tax Compensation Amount',
  `tax_ratio` text COMMENT 'Ratio of tax invoiced over tax of the order item',
  `weee_tax_applied` text COMMENT 'Weee Tax Applied',
  `weee_tax_applied_amount` decimal(12,4) DEFAULT NULL COMMENT 'Weee Tax Applied Amount',
  `weee_tax_applied_row_amount` decimal(12,4) DEFAULT NULL COMMENT 'Weee Tax Applied Row Amount',
  `weee_tax_disposition` decimal(12,4) DEFAULT NULL COMMENT 'Weee Tax Disposition',
  `weee_tax_row_disposition` decimal(12,4) DEFAULT NULL COMMENT 'Weee Tax Row Disposition',
  `base_weee_tax_applied_amount` decimal(12,4) DEFAULT NULL COMMENT 'Base Weee Tax Applied Amount',
  `base_weee_tax_applied_row_amnt` decimal(12,4) DEFAULT NULL COMMENT 'Base Weee Tax Applied Row Amnt',
  `base_weee_tax_disposition` decimal(12,4) DEFAULT NULL COMMENT 'Base Weee Tax Disposition',
  `base_weee_tax_row_disposition` decimal(12,4) DEFAULT NULL COMMENT 'Base Weee Tax Row Disposition',
  PRIMARY KEY (`entity_id`),
  KEY `SALES_INVOICE_ITEM_PARENT_ID` (`parent_id`),
  CONSTRAINT `SALES_INVOICE_ITEM_PARENT_ID_SALES_INVOICE_ENTITY_ID` FOREIGN KEY (`parent_id`) REFERENCES `sales_invoice` (`entity_id`) ON DELETE CASCADE
) ENGINE=InnoDB AUTO_INCREMENT=23 DEFAULT CHARSET=utf8 COMMENT='Sales Flat Invoice Item';

--
-- Dumping data for table `sales_invoice_item`
--

INSERT INTO `sales_invoice_item` VALUES (1,1,90.0000,0.0000,900.0000,NULL,900.0000,NULL,90.0000,0.0000,90.0000,10.0000,NULL,90.0000,900.0000,900.0000,12,1,NULL,NULL,'MK-01289','Apple iPhone Plus Silicon Case',0.0000,0.0000,NULL,'[]',NULL,0.0000,NULL,0.0000,NULL,NULL,NULL,0.0000),(2,2,220.0000,0.0000,440.0000,NULL,440.0000,NULL,220.0000,0.0000,220.0000,2.0000,NULL,220.0000,440.0000,440.0000,21,14,NULL,NULL,'MK-01953','Travel Leather Backpack',0.0000,0.0000,NULL,'[]',NULL,0.0000,NULL,0.0000,NULL,NULL,NULL,0.0000),(3,2,90.0000,0.0000,180.0000,NULL,180.0000,NULL,90.0000,0.0000,90.0000,2.0000,NULL,90.0000,180.0000,180.0000,39,15,NULL,NULL,'MK-0109735','Google Pixel Android 8.1 OPM',0.0000,0.0000,NULL,'[]',NULL,0.0000,NULL,0.0000,NULL,NULL,NULL,0.0000),(4,2,88.0000,0.0000,88.0000,NULL,88.0000,NULL,88.0000,0.0000,88.0000,1.0000,NULL,88.0000,88.0000,88.0000,38,16,NULL,NULL,'MK-583642','iPhone 7 Plus 64GB Silver',0.0000,0.0000,NULL,'[]',NULL,0.0000,NULL,0.0000,NULL,NULL,NULL,0.0000),(5,2,250.0000,0.0000,750.0000,NULL,750.0000,NULL,250.0000,0.0000,250.0000,3.0000,NULL,250.0000,750.0000,750.0000,36,17,NULL,NULL,'MK-4253901','Samsung Galaxy J7 Prime 64Gb',0.0000,0.0000,NULL,'[]',NULL,0.0000,NULL,0.0000,NULL,NULL,NULL,0.0000),(6,2,400.0000,0.0000,400.0000,NULL,400.0000,NULL,400.0000,0.0000,400.0000,1.0000,NULL,400.0000,400.0000,400.0000,19,18,NULL,NULL,'MK-96354','Samsung Galaxy S8 Plus Gray',0.0000,0.0000,NULL,'[]',NULL,0.0000,NULL,0.0000,NULL,NULL,NULL,0.0000),(7,2,20.0000,0.0000,80.0000,NULL,80.0000,NULL,20.0000,0.0000,20.0000,4.0000,NULL,20.0000,80.0000,80.0000,18,19,NULL,NULL,'MK-879020','iPhone 6s Plus Red Case',0.0000,0.0000,NULL,'[]',NULL,0.0000,NULL,0.0000,NULL,NULL,NULL,0.0000),(8,2,95.0000,0.0000,95.0000,NULL,95.0000,NULL,95.0000,0.0000,95.0000,1.0000,NULL,95.0000,95.0000,95.0000,40,20,NULL,NULL,'MK-012967','iPad Pro 10.5 inch Retina',0.0000,0.0000,NULL,'[]',NULL,0.0000,NULL,0.0000,NULL,NULL,NULL,0.0000),(9,2,206.0000,0.0000,618.0000,NULL,618.0000,NULL,206.0000,0.0000,206.0000,3.0000,NULL,206.0000,618.0000,618.0000,17,21,NULL,NULL,'MK-852456','iPhone 6s Plus Black Gray 128Gb',0.0000,0.0000,NULL,'[]',NULL,0.0000,NULL,0.0000,NULL,NULL,NULL,0.0000),(10,3,206.0000,0.0000,206.0000,NULL,206.0000,NULL,206.0000,0.0000,206.0000,1.0000,NULL,206.0000,206.0000,206.0000,17,22,NULL,NULL,'MK-852456','iPhone 6s Plus Black Gray 128Gb',0.0000,0.0000,NULL,'[]',NULL,0.0000,NULL,0.0000,NULL,NULL,NULL,0.0000),(11,3,156.0000,0.0000,156.0000,NULL,156.0000,NULL,156.0000,0.0000,156.0000,1.0000,NULL,156.0000,156.0000,156.0000,16,23,NULL,NULL,'MK-965027','iPad Pro 9.7 inch Wifi Cellular 16GB',0.0000,0.0000,NULL,'[]',NULL,0.0000,NULL,0.0000,NULL,NULL,NULL,0.0000),(12,3,500.0000,0.0000,500.0000,NULL,500.0000,NULL,500.0000,0.0000,500.0000,1.0000,NULL,500.0000,500.0000,500.0000,15,24,NULL,NULL,'MK-85602-1','iPhone 8 Plus 64GB Full Color',0.0000,0.0000,NULL,'[]',NULL,0.0000,NULL,0.0000,NULL,NULL,NULL,0.0000),(13,3,320.0000,0.0000,320.0000,NULL,320.0000,NULL,320.0000,0.0000,320.0000,1.0000,NULL,320.0000,320.0000,320.0000,14,25,NULL,NULL,'MK-968012','iPad Mini 4G Wifi Cellular 64GB',0.0000,0.0000,NULL,'[]',NULL,0.0000,NULL,0.0000,NULL,NULL,NULL,0.0000),(14,3,75.0000,0.0000,75.0000,NULL,75.0000,NULL,75.0000,0.0000,75.0000,1.0000,NULL,75.0000,75.0000,75.0000,13,26,NULL,NULL,'MK-01963','Apple Iphone X 512Gb White',0.0000,0.0000,NULL,'[]',NULL,0.0000,NULL,0.0000,NULL,NULL,NULL,0.0000),(15,3,110.0000,0.0000,110.0000,NULL,110.0000,NULL,110.0000,0.0000,110.0000,1.0000,NULL,110.0000,110.0000,110.0000,12,27,NULL,NULL,'MK-01289','Apple iPhone Plus Silicon Case',0.0000,0.0000,NULL,'[]',NULL,0.0000,NULL,0.0000,NULL,NULL,NULL,0.0000),(16,3,610.0000,0.0000,610.0000,NULL,610.0000,NULL,610.0000,0.0000,610.0000,1.0000,NULL,610.0000,610.0000,610.0000,11,28,NULL,NULL,'MK-96803','Washing Machines & Dryers',0.0000,0.0000,NULL,'[]',NULL,0.0000,NULL,0.0000,NULL,NULL,NULL,0.0000),(17,4,615.0000,0.0000,615.0000,NULL,615.0000,NULL,615.0000,0.0000,615.0000,1.0000,NULL,615.0000,615.0000,615.0000,65,35,NULL,NULL,'MK-8570645','High Back Executive Chair Black',0.0000,0.0000,NULL,'[]',NULL,0.0000,NULL,0.0000,NULL,NULL,NULL,0.0000),(18,4,268.0000,0.0000,804.0000,NULL,804.0000,NULL,268.0000,0.0000,268.0000,3.0000,NULL,268.0000,804.0000,804.0000,66,36,NULL,NULL,'MK-0130102','Merango Microfiber Living Room',0.0000,0.0000,NULL,'[]',NULL,0.0000,NULL,0.0000,NULL,NULL,NULL,0.0000),(19,4,410.0000,0.0000,3280.0000,NULL,3280.0000,NULL,410.0000,0.0000,410.0000,8.0000,NULL,410.0000,3280.0000,3280.0000,64,37,NULL,NULL,'MK-858696','Sparkle Paper Towels 24 Giant',0.0000,0.0000,NULL,'[]',NULL,0.0000,NULL,0.0000,NULL,NULL,NULL,0.0000),(20,4,317.0000,0.0000,1585.0000,NULL,1585.0000,NULL,317.0000,0.0000,317.0000,5.0000,NULL,317.0000,1585.0000,1585.0000,63,38,NULL,NULL,'MK-0853102','Relax Massage Chair Recliner',0.0000,0.0000,NULL,'[]',NULL,0.0000,NULL,0.0000,NULL,NULL,NULL,0.0000),(21,4,105.0000,0.0000,1050.0000,NULL,1050.0000,NULL,105.0000,0.0000,105.0000,10.0000,NULL,105.0000,1050.0000,1050.0000,62,39,NULL,NULL,'MK-777031','Silent Quartz Decorative Wall',0.0000,0.0000,NULL,'[]',NULL,0.0000,NULL,0.0000,NULL,NULL,NULL,0.0000),(22,4,250.0000,0.0000,1000.0000,NULL,1000.0000,NULL,250.0000,0.0000,250.0000,4.0000,NULL,250.0000,1000.0000,1000.0000,61,40,NULL,NULL,'MK-455023','Floor Uplight Lamp 69 Inch White',0.0000,0.0000,NULL,'[]',NULL,0.0000,NULL,0.0000,NULL,NULL,NULL,0.0000);

--
-- Table structure for table `sales_invoiced_aggregated`
--

CREATE TABLE `sales_invoiced_aggregated` (
  `id` int(10) unsigned NOT NULL AUTO_INCREMENT COMMENT 'ID',
  `period` date DEFAULT NULL COMMENT 'Period',
  `store_id` smallint(5) unsigned DEFAULT NULL COMMENT 'Store ID',
  `order_status` varchar(50) DEFAULT NULL COMMENT 'Order Status',
  `orders_count` int(11) NOT NULL DEFAULT '0' COMMENT 'Orders Count',
  `orders_invoiced` decimal(12,4) DEFAULT NULL COMMENT 'Orders Invoiced',
  `invoiced` decimal(12,4) DEFAULT NULL COMMENT 'Invoiced',
  `invoiced_captured` decimal(12,4) DEFAULT NULL COMMENT 'Invoiced Captured',
  `invoiced_not_captured` decimal(12,4) DEFAULT NULL COMMENT 'Invoiced Not Captured',
  PRIMARY KEY (`id`),
  UNIQUE KEY `SALES_INVOICED_AGGREGATED_PERIOD_STORE_ID_ORDER_STATUS` (`period`,`store_id`,`order_status`),
  KEY `SALES_INVOICED_AGGREGATED_STORE_ID` (`store_id`),
  CONSTRAINT `SALES_INVOICED_AGGREGATED_STORE_ID_STORE_STORE_ID` FOREIGN KEY (`store_id`) REFERENCES `store` (`store_id`) ON DELETE SET NULL
) ENGINE=InnoDB AUTO_INCREMENT=10 DEFAULT CHARSET=utf8 COMMENT='Sales Invoiced Aggregated';

--
-- Dumping data for table `sales_invoiced_aggregated`
--

INSERT INTO `sales_invoiced_aggregated` VALUES (7,'2021-01-19',NULL,'complete',1,1.0000,950.0000,950.0000,0.0000),(8,'2021-06-01',NULL,'complete',2,2.0000,4748.0000,4748.0000,0.0000),(9,'2021-07-15',NULL,'complete',1,1.0000,8489.0000,8489.0000,0.0000);

--
-- Table structure for table `sales_invoiced_aggregated_order`
--

CREATE TABLE `sales_invoiced_aggregated_order` (
  `id` int(10) unsigned NOT NULL AUTO_INCREMENT COMMENT 'ID',
  `period` date DEFAULT NULL COMMENT 'Period',
  `store_id` smallint(5) unsigned DEFAULT NULL COMMENT 'Store ID',
  `order_status` varchar(50) NOT NULL COMMENT 'Order Status',
  `orders_count` int(11) NOT NULL DEFAULT '0' COMMENT 'Orders Count',
  `orders_invoiced` decimal(12,4) DEFAULT NULL COMMENT 'Orders Invoiced',
  `invoiced` decimal(12,4) DEFAULT NULL COMMENT 'Invoiced',
  `invoiced_captured` decimal(12,4) DEFAULT NULL COMMENT 'Invoiced Captured',
  `invoiced_not_captured` decimal(12,4) DEFAULT NULL COMMENT 'Invoiced Not Captured',
  PRIMARY KEY (`id`),
  UNIQUE KEY `SALES_INVOICED_AGGREGATED_ORDER_PERIOD_STORE_ID_ORDER_STATUS` (`period`,`store_id`,`order_status`),
  KEY `SALES_INVOICED_AGGREGATED_ORDER_STORE_ID` (`store_id`),
  CONSTRAINT `SALES_INVOICED_AGGREGATED_ORDER_STORE_ID_STORE_STORE_ID` FOREIGN KEY (`store_id`) REFERENCES `store` (`store_id`) ON DELETE SET NULL
) ENGINE=InnoDB AUTO_INCREMENT=4 DEFAULT CHARSET=utf8 COMMENT='Sales Invoiced Aggregated Order';

--
-- Dumping data for table `sales_invoiced_aggregated_order`
--

INSERT INTO `sales_invoiced_aggregated_order` VALUES (1,'2021-01-19',NULL,'complete',1,1.0000,950.0000,950.0000,0.0000),(2,'2021-06-01',NULL,'complete',2,2.0000,4748.0000,4748.0000,0.0000),(3,'2021-07-15',NULL,'complete',1,1.0000,8489.0000,8489.0000,0.0000);

--
-- Table structure for table `sales_order`
--

CREATE TABLE `sales_order` (
  `entity_id` int(10) unsigned NOT NULL AUTO_INCREMENT COMMENT 'Entity ID',
  `state` varchar(32) DEFAULT NULL COMMENT 'State',
  `status` varchar(32) DEFAULT NULL COMMENT 'Status',
  `coupon_code` varchar(255) DEFAULT NULL COMMENT 'Coupon Code',
  `protect_code` varchar(255) DEFAULT NULL COMMENT 'Protect Code',
  `shipping_description` varchar(255) DEFAULT NULL COMMENT 'Shipping Description',
  `is_virtual` smallint(5) unsigned DEFAULT NULL COMMENT 'Is Virtual',
  `store_id` smallint(5) unsigned DEFAULT NULL COMMENT 'Store ID',
  `customer_id` int(10) unsigned DEFAULT NULL COMMENT 'Customer ID',
  `base_discount_amount` decimal(20,4) DEFAULT NULL COMMENT 'Base Discount Amount',
  `base_discount_canceled` decimal(20,4) DEFAULT NULL COMMENT 'Base Discount Canceled',
  `base_discount_invoiced` decimal(20,4) DEFAULT NULL COMMENT 'Base Discount Invoiced',
  `base_discount_refunded` decimal(20,4) DEFAULT NULL COMMENT 'Base Discount Refunded',
  `base_grand_total` decimal(20,4) DEFAULT NULL COMMENT 'Base Grand Total',
  `base_shipping_amount` decimal(20,4) DEFAULT NULL COMMENT 'Base Shipping Amount',
  `base_shipping_canceled` decimal(20,4) DEFAULT NULL COMMENT 'Base Shipping Canceled',
  `base_shipping_invoiced` decimal(20,4) DEFAULT NULL COMMENT 'Base Shipping Invoiced',
  `base_shipping_refunded` decimal(20,4) DEFAULT NULL COMMENT 'Base Shipping Refunded',
  `base_shipping_tax_amount` decimal(20,4) DEFAULT NULL COMMENT 'Base Shipping Tax Amount',
  `base_shipping_tax_refunded` decimal(20,4) DEFAULT NULL COMMENT 'Base Shipping Tax Refunded',
  `base_subtotal` decimal(20,4) DEFAULT NULL COMMENT 'Base Subtotal',
  `base_subtotal_canceled` decimal(20,4) DEFAULT NULL COMMENT 'Base Subtotal Canceled',
  `base_subtotal_invoiced` decimal(20,4) DEFAULT NULL COMMENT 'Base Subtotal Invoiced',
  `base_subtotal_refunded` decimal(20,4) DEFAULT NULL COMMENT 'Base Subtotal Refunded',
  `base_tax_amount` decimal(20,4) DEFAULT NULL COMMENT 'Base Tax Amount',
  `base_tax_canceled` decimal(20,4) DEFAULT NULL COMMENT 'Base Tax Canceled',
  `base_tax_invoiced` decimal(20,4) DEFAULT NULL COMMENT 'Base Tax Invoiced',
  `base_tax_refunded` decimal(20,4) DEFAULT NULL COMMENT 'Base Tax Refunded',
  `base_to_global_rate` decimal(20,4) DEFAULT NULL COMMENT 'Base To Global Rate',
  `base_to_order_rate` decimal(20,4) DEFAULT NULL COMMENT 'Base To Order Rate',
  `base_total_canceled` decimal(20,4) DEFAULT NULL COMMENT 'Base Total Canceled',
  `base_total_invoiced` decimal(20,4) DEFAULT NULL COMMENT 'Base Total Invoiced',
  `base_total_invoiced_cost` decimal(20,4) DEFAULT NULL COMMENT 'Base Total Invoiced Cost',
  `base_total_offline_refunded` decimal(20,4) DEFAULT NULL COMMENT 'Base Total Offline Refunded',
  `base_total_online_refunded` decimal(20,4) DEFAULT NULL COMMENT 'Base Total Online Refunded',
  `base_total_paid` decimal(20,4) DEFAULT NULL COMMENT 'Base Total Paid',
  `base_total_qty_ordered` decimal(12,4) DEFAULT NULL COMMENT 'Base Total Qty Ordered',
  `base_total_refunded` decimal(20,4) DEFAULT NULL COMMENT 'Base Total Refunded',
  `discount_amount` decimal(20,4) DEFAULT NULL COMMENT 'Discount Amount',
  `discount_canceled` decimal(20,4) DEFAULT NULL COMMENT 'Discount Canceled',
  `discount_invoiced` decimal(20,4) DEFAULT NULL COMMENT 'Discount Invoiced',
  `discount_refunded` decimal(20,4) DEFAULT NULL COMMENT 'Discount Refunded',
  `grand_total` decimal(20,4) DEFAULT NULL COMMENT 'Grand Total',
  `shipping_amount` decimal(20,4) DEFAULT NULL COMMENT 'Shipping Amount',
  `shipping_canceled` decimal(20,4) DEFAULT NULL COMMENT 'Shipping Canceled',
  `shipping_invoiced` decimal(20,4) DEFAULT NULL COMMENT 'Shipping Invoiced',
  `shipping_refunded` decimal(20,4) DEFAULT NULL COMMENT 'Shipping Refunded',
  `shipping_tax_amount` decimal(20,4) DEFAULT NULL COMMENT 'Shipping Tax Amount',
  `shipping_tax_refunded` decimal(20,4) DEFAULT NULL COMMENT 'Shipping Tax Refunded',
  `store_to_base_rate` decimal(12,4) DEFAULT NULL COMMENT 'Store To Base Rate',
  `store_to_order_rate` decimal(12,4) DEFAULT NULL COMMENT 'Store To Order Rate',
  `subtotal` decimal(20,4) DEFAULT NULL COMMENT 'Subtotal',
  `subtotal_canceled` decimal(20,4) DEFAULT NULL COMMENT 'Subtotal Canceled',
  `subtotal_invoiced` decimal(20,4) DEFAULT NULL COMMENT 'Subtotal Invoiced',
  `subtotal_refunded` decimal(20,4) DEFAULT NULL COMMENT 'Subtotal Refunded',
  `tax_amount` decimal(20,4) DEFAULT NULL COMMENT 'Tax Amount',
  `tax_canceled` decimal(20,4) DEFAULT NULL COMMENT 'Tax Canceled',
  `tax_invoiced` decimal(20,4) DEFAULT NULL COMMENT 'Tax Invoiced',
  `tax_refunded` decimal(20,4) DEFAULT NULL COMMENT 'Tax Refunded',
  `total_canceled` decimal(20,4) DEFAULT NULL COMMENT 'Total Canceled',
  `total_invoiced` decimal(20,4) DEFAULT NULL COMMENT 'Total Invoiced',
  `total_offline_refunded` decimal(20,4) DEFAULT NULL COMMENT 'Total Offline Refunded',
  `total_online_refunded` decimal(20,4) DEFAULT NULL COMMENT 'Total Online Refunded',
  `total_paid` decimal(20,4) DEFAULT NULL COMMENT 'Total Paid',
  `total_qty_ordered` decimal(12,4) DEFAULT NULL COMMENT 'Total Qty Ordered',
  `total_refunded` decimal(20,4) DEFAULT NULL COMMENT 'Total Refunded',
  `can_ship_partially` smallint(5) unsigned DEFAULT NULL COMMENT 'Can Ship Partially',
  `can_ship_partially_item` smallint(5) unsigned DEFAULT NULL COMMENT 'Can Ship Partially Item',
  `customer_is_guest` smallint(5) unsigned DEFAULT NULL COMMENT 'Customer Is Guest',
  `customer_note_notify` smallint(5) unsigned DEFAULT NULL COMMENT 'Customer Note Notify',
  `billing_address_id` int(11) DEFAULT NULL COMMENT 'Billing Address ID',
  `customer_group_id` int(11) DEFAULT NULL,
  `edit_increment` int(11) DEFAULT NULL COMMENT 'Edit Increment',
  `email_sent` smallint(5) unsigned DEFAULT NULL COMMENT 'Email Sent',
  `send_email` smallint(5) unsigned DEFAULT NULL COMMENT 'Send Email',
  `forced_shipment_with_invoice` smallint(5) unsigned DEFAULT NULL COMMENT 'Forced Do Shipment With Invoice',
  `payment_auth_expiration` int(11) DEFAULT NULL COMMENT 'Payment Authorization Expiration',
  `quote_address_id` int(11) DEFAULT NULL COMMENT 'Quote Address ID',
  `quote_id` int(11) DEFAULT NULL COMMENT 'Quote ID',
  `shipping_address_id` int(11) DEFAULT NULL COMMENT 'Shipping Address ID',
  `adjustment_negative` decimal(20,4) DEFAULT NULL COMMENT 'Adjustment Negative',
  `adjustment_positive` decimal(20,4) DEFAULT NULL COMMENT 'Adjustment Positive',
  `base_adjustment_negative` decimal(20,4) DEFAULT NULL COMMENT 'Base Adjustment Negative',
  `base_adjustment_positive` decimal(20,4) DEFAULT NULL COMMENT 'Base Adjustment Positive',
  `base_shipping_discount_amount` decimal(20,4) DEFAULT NULL COMMENT 'Base Shipping Discount Amount',
  `base_subtotal_incl_tax` decimal(20,4) DEFAULT NULL COMMENT 'Base Subtotal Incl Tax',
  `base_total_due` decimal(20,4) DEFAULT NULL COMMENT 'Base Total Due',
  `payment_authorization_amount` decimal(20,4) DEFAULT NULL COMMENT 'Payment Authorization Amount',
  `shipping_discount_amount` decimal(20,4) DEFAULT NULL COMMENT 'Shipping Discount Amount',
  `subtotal_incl_tax` decimal(20,4) DEFAULT NULL COMMENT 'Subtotal Incl Tax',
  `total_due` decimal(20,4) DEFAULT NULL COMMENT 'Total Due',
  `weight` decimal(12,4) DEFAULT NULL COMMENT 'Weight',
  `customer_dob` datetime DEFAULT NULL COMMENT 'Customer Dob',
  `increment_id` varchar(32) DEFAULT NULL COMMENT 'Increment ID',
  `applied_rule_ids` varchar(128) DEFAULT NULL COMMENT 'Applied Rule Ids',
  `base_currency_code` varchar(3) DEFAULT NULL COMMENT 'Base Currency Code',
  `customer_email` varchar(128) DEFAULT NULL COMMENT 'Customer Email',
  `customer_firstname` varchar(128) DEFAULT NULL COMMENT 'Customer Firstname',
  `customer_lastname` varchar(128) DEFAULT NULL COMMENT 'Customer Lastname',
  `customer_middlename` varchar(128) DEFAULT NULL COMMENT 'Customer Middlename',
  `customer_prefix` varchar(32) DEFAULT NULL COMMENT 'Customer Prefix',
  `customer_suffix` varchar(32) DEFAULT NULL COMMENT 'Customer Suffix',
  `customer_taxvat` varchar(32) DEFAULT NULL COMMENT 'Customer Taxvat',
  `discount_description` varchar(255) DEFAULT NULL COMMENT 'Discount Description',
  `ext_customer_id` varchar(32) DEFAULT NULL COMMENT 'Ext Customer ID',
  `ext_order_id` varchar(32) DEFAULT NULL COMMENT 'Ext Order ID',
  `global_currency_code` varchar(3) DEFAULT NULL COMMENT 'Global Currency Code',
  `hold_before_state` varchar(32) DEFAULT NULL COMMENT 'Hold Before State',
  `hold_before_status` varchar(32) DEFAULT NULL COMMENT 'Hold Before Status',
  `order_currency_code` varchar(3) DEFAULT NULL COMMENT 'Order Currency Code',
  `original_increment_id` varchar(32) DEFAULT NULL COMMENT 'Original Increment ID',
  `relation_child_id` varchar(32) DEFAULT NULL COMMENT 'Relation Child ID',
  `relation_child_real_id` varchar(32) DEFAULT NULL COMMENT 'Relation Child Real ID',
  `relation_parent_id` varchar(32) DEFAULT NULL COMMENT 'Relation Parent ID',
  `relation_parent_real_id` varchar(32) DEFAULT NULL COMMENT 'Relation Parent Real ID',
  `remote_ip` varchar(45) DEFAULT NULL COMMENT 'Remote Ip',
  `shipping_method` varchar(120) DEFAULT NULL,
  `store_currency_code` varchar(3) DEFAULT NULL COMMENT 'Store Currency Code',
  `store_name` varchar(255) DEFAULT NULL COMMENT 'Store Name',
  `x_forwarded_for` varchar(255) DEFAULT NULL COMMENT 'X Forwarded For',
  `customer_note` text COMMENT 'Customer Note',
  `created_at` timestamp NOT NULL DEFAULT CURRENT_TIMESTAMP COMMENT 'Created At',
  `updated_at` timestamp NOT NULL DEFAULT CURRENT_TIMESTAMP ON UPDATE CURRENT_TIMESTAMP COMMENT 'Updated At',
  `total_item_count` smallint(5) unsigned NOT NULL DEFAULT '0' COMMENT 'Total Item Count',
  `customer_gender` int(11) DEFAULT NULL COMMENT 'Customer Gender',
  `discount_tax_compensation_amount` decimal(20,4) DEFAULT NULL COMMENT 'Discount Tax Compensation Amount',
  `base_discount_tax_compensation_amount` decimal(20,4) DEFAULT NULL COMMENT 'Base Discount Tax Compensation Amount',
  `shipping_discount_tax_compensation_amount` decimal(20,4) DEFAULT NULL COMMENT 'Shipping Discount Tax Compensation Amount',
  `base_shipping_discount_tax_compensation_amnt` decimal(20,4) DEFAULT NULL COMMENT 'Base Shipping Discount Tax Compensation Amount',
  `discount_tax_compensation_invoiced` decimal(20,4) DEFAULT NULL COMMENT 'Discount Tax Compensation Invoiced',
  `base_discount_tax_compensation_invoiced` decimal(20,4) DEFAULT NULL COMMENT 'Base Discount Tax Compensation Invoiced',
  `discount_tax_compensation_refunded` decimal(20,4) DEFAULT NULL COMMENT 'Discount Tax Compensation Refunded',
  `base_discount_tax_compensation_refunded` decimal(20,4) DEFAULT NULL COMMENT 'Base Discount Tax Compensation Refunded',
  `shipping_incl_tax` decimal(20,4) DEFAULT NULL COMMENT 'Shipping Incl Tax',
  `base_shipping_incl_tax` decimal(20,4) DEFAULT NULL COMMENT 'Base Shipping Incl Tax',
  `coupon_rule_name` varchar(255) DEFAULT NULL COMMENT 'Coupon Sales Rule Name',
  `gift_message_id` int(11) DEFAULT NULL COMMENT 'Gift Message ID',
  `paypal_ipn_customer_notified` int(11) DEFAULT '0' COMMENT 'Paypal Ipn Customer Notified',
  `mp_smtp_email_marketing_synced` smallint(6) DEFAULT '0' COMMENT 'Mp SMTP Email Marketing synced',
  `mp_smtp_email_marketing_order_created` smallint(6) DEFAULT '0' COMMENT 'Mp SMTP Email Marketing order created',
  PRIMARY KEY (`entity_id`),
  UNIQUE KEY `SALES_ORDER_INCREMENT_ID_STORE_ID` (`increment_id`,`store_id`),
  KEY `SALES_ORDER_STATUS` (`status`),
  KEY `SALES_ORDER_STATE` (`state`),
  KEY `SALES_ORDER_STORE_ID` (`store_id`),
  KEY `SALES_ORDER_CREATED_AT` (`created_at`),
  KEY `SALES_ORDER_CUSTOMER_ID` (`customer_id`),
  KEY `SALES_ORDER_EXT_ORDER_ID` (`ext_order_id`),
  KEY `SALES_ORDER_QUOTE_ID` (`quote_id`),
  KEY `SALES_ORDER_UPDATED_AT` (`updated_at`),
  KEY `SALES_ORDER_SEND_EMAIL` (`send_email`),
  KEY `SALES_ORDER_EMAIL_SENT` (`email_sent`),
  CONSTRAINT `SALES_ORDER_CUSTOMER_ID_CUSTOMER_ENTITY_ENTITY_ID` FOREIGN KEY (`customer_id`) REFERENCES `customer_entity` (`entity_id`) ON DELETE SET NULL,
  CONSTRAINT `SALES_ORDER_STORE_ID_STORE_STORE_ID` FOREIGN KEY (`store_id`) REFERENCES `store` (`store_id`) ON DELETE SET NULL
) ENGINE=InnoDB AUTO_INCREMENT=14 DEFAULT CHARSET=utf8 COMMENT='Sales Flat Order';

--
-- Dumping data for table `sales_order`
--

INSERT INTO `sales_order` VALUES (1,'complete','complete',NULL,'aecc13ae9020e210656557155bd1c383','Flat Rate - Fixed',0,NULL,1,0.0000,NULL,0.0000,NULL,950.0000,50.0000,NULL,50.0000,NULL,0.0000,NULL,900.0000,NULL,900.0000,NULL,0.0000,NULL,0.0000,NULL,1.0000,1.0000,NULL,950.0000,0.0000,NULL,NULL,950.0000,NULL,NULL,0.0000,NULL,0.0000,NULL,950.0000,50.0000,NULL,50.0000,NULL,0.0000,NULL,0.0000,0.0000,900.0000,NULL,900.0000,NULL,0.0000,NULL,0.0000,NULL,NULL,950.0000,NULL,NULL,950.0000,10.0000,NULL,NULL,NULL,0,0,2,1,NULL,NULL,1,NULL,NULL,NULL,1,1,NULL,NULL,NULL,NULL,0.0000,900.0000,0.0000,NULL,0.0000,900.0000,0.0000,0.0000,NULL,'000000001',NULL,'USD','cuongtd@ytcvn.com','Magentech','Magentech',NULL,NULL,NULL,NULL,NULL,NULL,NULL,'USD',NULL,NULL,'USD',NULL,NULL,NULL,NULL,NULL,'127.0.0.1','flatrate_flatrate','USD','Main Website\nMain Website Store\nEnglish',NULL,NULL,'2021-01-20 02:33:00','2021-01-20 02:33:40',1,NULL,0.0000,0.0000,0.0000,0.0000,0.0000,0.0000,NULL,NULL,50.0000,50.0000,NULL,NULL,0,0,0),(2,'new','pending',NULL,'2d995bee2474c51254c0c9a775ffe355','Flat Rate - Fixed',0,NULL,2,0.0000,NULL,NULL,NULL,3805.0000,75.0000,NULL,NULL,NULL,0.0000,NULL,3730.0000,NULL,NULL,NULL,0.0000,NULL,NULL,NULL,1.0000,1.0000,NULL,NULL,NULL,NULL,NULL,NULL,NULL,NULL,0.0000,NULL,NULL,NULL,3805.0000,75.0000,NULL,NULL,NULL,0.0000,NULL,0.0000,0.0000,3730.0000,NULL,NULL,NULL,0.0000,NULL,NULL,NULL,NULL,NULL,NULL,NULL,NULL,15.0000,NULL,NULL,NULL,0,1,4,1,NULL,NULL,1,NULL,NULL,NULL,12,3,NULL,NULL,NULL,NULL,0.0000,3730.0000,3805.0000,NULL,0.0000,3730.0000,3805.0000,0.0000,NULL,'000000002',NULL,'USD','admin678@gmail.com','admin','admin',NULL,NULL,NULL,NULL,NULL,NULL,NULL,'USD',NULL,NULL,'USD',NULL,NULL,NULL,NULL,NULL,'192.168.1.67','flatrate_flatrate','USD','Main Website\nMain Website Store\nEnglish',NULL,NULL,'2021-01-28 02:14:58','2021-01-28 02:15:03',3,NULL,0.0000,0.0000,0.0000,0.0000,NULL,NULL,NULL,NULL,75.0000,75.0000,NULL,NULL,0,0,0),(3,'new','pending',NULL,'25dca09e0e0c1319b60dd38a9f8e0472','Flat Rate - Fixed',0,NULL,2,0.0000,NULL,NULL,NULL,1698.0000,40.0000,NULL,NULL,NULL,0.0000,NULL,1658.0000,NULL,NULL,NULL,0.0000,NULL,NULL,NULL,1.0000,1.0000,NULL,NULL,NULL,NULL,NULL,NULL,NULL,NULL,0.0000,NULL,NULL,NULL,1698.0000,40.0000,NULL,NULL,NULL,0.0000,NULL,0.0000,0.0000,1658.0000,NULL,NULL,NULL,0.0000,NULL,NULL,NULL,NULL,NULL,NULL,NULL,NULL,8.0000,NULL,NULL,NULL,0,1,6,1,NULL,NULL,1,NULL,NULL,NULL,13,5,NULL,NULL,NULL,NULL,0.0000,1658.0000,1698.0000,NULL,0.0000,1658.0000,1698.0000,0.0000,NULL,'000000003',NULL,'USD','admin678@gmail.com','admin','admin',NULL,NULL,NULL,NULL,NULL,NULL,NULL,'USD',NULL,NULL,'USD',NULL,NULL,NULL,NULL,NULL,'192.168.1.41','flatrate_flatrate','USD','Main Website\nMain Website Store\nEnglish',NULL,NULL,'2021-01-28 02:41:37','2021-01-28 02:41:43',6,NULL,0.0000,0.0000,0.0000,0.0000,NULL,NULL,NULL,NULL,40.0000,40.0000,NULL,NULL,0,0,0),(4,'new','pending',NULL,'8a9cecb3a4eb7c63aac47aa36ab53780','Flat Rate - Fixed',0,NULL,1,0.0000,NULL,NULL,NULL,518.0000,15.0000,NULL,NULL,NULL,0.0000,NULL,503.0000,NULL,NULL,NULL,0.0000,NULL,NULL,NULL,1.0000,1.0000,NULL,NULL,NULL,NULL,NULL,NULL,NULL,NULL,0.0000,NULL,NULL,NULL,518.0000,15.0000,NULL,NULL,NULL,0.0000,NULL,0.0000,0.0000,503.0000,NULL,NULL,NULL,0.0000,NULL,NULL,NULL,NULL,NULL,NULL,NULL,NULL,3.0000,NULL,NULL,NULL,0,1,8,1,NULL,NULL,1,NULL,NULL,NULL,3,7,NULL,NULL,NULL,NULL,0.0000,503.0000,518.0000,NULL,0.0000,503.0000,518.0000,0.0000,NULL,'000000004',NULL,'USD','cuongtd@ytcvn.com','Magentech','Magentech',NULL,NULL,NULL,NULL,NULL,NULL,NULL,'USD',NULL,NULL,'USD',NULL,NULL,NULL,NULL,NULL,'192.168.1.71','flatrate_flatrate','USD','Main Website\nMain Website Store\nEnglish',NULL,NULL,'2021-04-28 03:30:56','2021-04-28 03:31:18',3,NULL,0.0000,0.0000,0.0000,0.0000,NULL,NULL,NULL,NULL,15.0000,15.0000,NULL,NULL,0,0,0),(5,'complete','complete',NULL,'0181c387e271c92a1bf490e0ed426dd0','Flat Rate - Fixed',0,NULL,1,0.0000,NULL,0.0000,NULL,2736.0000,85.0000,NULL,85.0000,NULL,0.0000,NULL,2651.0000,NULL,2651.0000,NULL,0.0000,NULL,0.0000,NULL,1.0000,1.0000,NULL,2736.0000,0.0000,NULL,NULL,2736.0000,NULL,NULL,0.0000,NULL,0.0000,NULL,2736.0000,85.0000,NULL,85.0000,NULL,0.0000,NULL,0.0000,0.0000,2651.0000,NULL,2651.0000,NULL,0.0000,NULL,0.0000,NULL,NULL,2736.0000,NULL,NULL,2736.0000,17.0000,NULL,NULL,NULL,0,0,10,1,NULL,NULL,1,NULL,NULL,NULL,33,9,NULL,NULL,NULL,NULL,0.0000,2651.0000,0.0000,NULL,0.0000,2651.0000,0.0000,0.0000,NULL,'11000000001',NULL,'USD','cuongtd@ytcvn.com','Magentech','Magentech',NULL,NULL,NULL,NULL,NULL,NULL,NULL,'USD',NULL,NULL,'USD',NULL,NULL,NULL,NULL,NULL,'127.0.0.1','flatrate_flatrate','USD','Main Website\nMain Website Store\nIran',NULL,NULL,'2021-06-02 04:52:39','2021-06-02 04:54:51',8,NULL,0.0000,0.0000,0.0000,0.0000,0.0000,0.0000,NULL,NULL,85.0000,85.0000,NULL,NULL,0,0,0),(6,'complete','complete',NULL,'98d22bbf72ce630cbe5d17aee2619677','Flat Rate - Fixed',0,NULL,1,0.0000,NULL,0.0000,NULL,2012.0000,35.0000,NULL,35.0000,NULL,0.0000,NULL,1977.0000,NULL,1977.0000,NULL,0.0000,NULL,0.0000,NULL,1.0000,1.0000,NULL,2012.0000,0.0000,NULL,NULL,2012.0000,NULL,NULL,0.0000,NULL,0.0000,NULL,2012.0000,35.0000,NULL,35.0000,NULL,0.0000,NULL,0.0000,0.0000,1977.0000,NULL,1977.0000,NULL,0.0000,NULL,0.0000,NULL,NULL,2012.0000,NULL,NULL,2012.0000,7.0000,NULL,NULL,NULL,0,0,12,1,NULL,NULL,1,NULL,NULL,NULL,47,11,NULL,NULL,NULL,NULL,0.0000,1977.0000,0.0000,NULL,0.0000,1977.0000,0.0000,0.0000,NULL,'11000000002',NULL,'USD','cuongtd@ytcvn.com','Magentech','Magentech',NULL,NULL,NULL,NULL,NULL,NULL,NULL,'USD',NULL,NULL,'USD',NULL,NULL,NULL,NULL,NULL,'127.0.0.1','flatrate_flatrate','USD','Main Website\nMain Website Store\nIran',NULL,NULL,'2021-06-02 05:16:10','2021-06-02 05:19:21',7,NULL,0.0000,0.0000,0.0000,0.0000,0.0000,0.0000,NULL,NULL,35.0000,35.0000,NULL,NULL,0,0,0),(7,'new','pending',NULL,'50ff17b7c1c3a57410a9b3050a546420','Flat Rate - Fixed',0,NULL,1,0.0000,NULL,NULL,NULL,28980.0000,600.0000,NULL,NULL,NULL,0.0000,NULL,28380.0000,NULL,NULL,NULL,0.0000,NULL,NULL,NULL,1.0000,1.0000,NULL,NULL,NULL,NULL,NULL,NULL,NULL,NULL,0.0000,NULL,NULL,NULL,28980.0000,600.0000,NULL,NULL,NULL,0.0000,NULL,0.0000,0.0000,28380.0000,NULL,NULL,NULL,0.0000,NULL,NULL,NULL,NULL,NULL,NULL,NULL,NULL,120.0000,NULL,NULL,NULL,0,1,14,1,NULL,NULL,1,NULL,NULL,NULL,48,13,NULL,NULL,NULL,NULL,0.0000,28380.0000,28980.0000,NULL,0.0000,28380.0000,28980.0000,0.0000,NULL,'14000000001',NULL,'USD','cuongtd@ytcvn.com','Magentech','Magentech',NULL,NULL,NULL,NULL,NULL,NULL,NULL,'USD',NULL,NULL,'USD',NULL,NULL,NULL,NULL,NULL,'127.0.0.1','flatrate_flatrate','USD','Main Website\nMain Website Store\nDominica',NULL,NULL,'2021-06-08 08:11:26','2021-06-08 08:11:35',6,NULL,0.0000,0.0000,0.0000,0.0000,NULL,NULL,NULL,NULL,600.0000,600.0000,NULL,NULL,0,0,0),(8,'complete','complete',NULL,'6377a1398cbcc19f0523e07ed181fee0','Flat Rate - Fixed',0,NULL,1,0.0000,NULL,0.0000,NULL,8489.0000,155.0000,NULL,155.0000,NULL,0.0000,NULL,8334.0000,NULL,8334.0000,NULL,0.0000,NULL,0.0000,NULL,1.0000,1.0000,NULL,8489.0000,0.0000,NULL,NULL,8489.0000,NULL,NULL,0.0000,NULL,0.0000,NULL,8489.0000,155.0000,NULL,155.0000,NULL,0.0000,NULL,0.0000,0.0000,8334.0000,NULL,8334.0000,NULL,0.0000,NULL,0.0000,NULL,NULL,8489.0000,NULL,NULL,8489.0000,31.0000,NULL,NULL,NULL,0,0,16,1,NULL,NULL,1,NULL,NULL,NULL,49,15,NULL,NULL,NULL,NULL,0.0000,8334.0000,0.0000,NULL,0.0000,8334.0000,0.0000,0.0000,NULL,'18000000001',NULL,'USD','cuongtd@ytcvn.com','Magentech','Magentech',NULL,NULL,NULL,NULL,NULL,NULL,NULL,'USD',NULL,NULL,'USD',NULL,NULL,NULL,NULL,NULL,'127.0.0.1','flatrate_flatrate','USD','Main Website\nMain Website Store\nMauritius',NULL,NULL,'2021-07-15 09:11:25','2021-07-15 09:13:00',6,NULL,0.0000,0.0000,0.0000,0.0000,0.0000,0.0000,NULL,NULL,155.0000,155.0000,NULL,NULL,0,0,0),(9,'new','pending',NULL,'f92687e35832606d1f7c830ed452c318','Flat Rate - Fixed',0,NULL,3,0.0000,NULL,NULL,NULL,2185.0000,35.0000,NULL,NULL,NULL,0.0000,NULL,2150.0000,NULL,NULL,NULL,0.0000,NULL,NULL,NULL,1.0000,1.0000,NULL,NULL,NULL,NULL,NULL,NULL,NULL,NULL,0.0000,NULL,NULL,NULL,2185.0000,35.0000,NULL,NULL,NULL,0.0000,NULL,0.0000,0.0000,2150.0000,NULL,NULL,NULL,0.0000,NULL,NULL,NULL,NULL,NULL,NULL,NULL,NULL,7.0000,NULL,NULL,NULL,0,1,18,1,NULL,NULL,1,NULL,NULL,NULL,83,17,NULL,NULL,NULL,NULL,0.0000,2150.0000,2185.0000,NULL,0.0000,2150.0000,2185.0000,0.0000,NULL,'28000000001',NULL,'USD','admin876@gmail.com','jena','nguyen',NULL,NULL,NULL,NULL,NULL,NULL,NULL,'USD',NULL,NULL,'USD',NULL,NULL,NULL,NULL,NULL,'192.168.1.67','flatrate_flatrate','USD','Main Website\nMain Website Store\nRomania',NULL,NULL,'2021-10-23 01:43:54','2021-10-23 01:43:58',4,NULL,0.0000,0.0000,0.0000,0.0000,NULL,NULL,NULL,NULL,35.0000,35.0000,NULL,NULL,0,0,0),(10,'new','pending',NULL,'f84477f3d8cadeaab4bc32341f1ae5fc','Flat Rate - Fixed',0,NULL,3,0.0000,NULL,NULL,NULL,440.0000,5.0000,NULL,NULL,NULL,0.0000,NULL,435.0000,NULL,NULL,NULL,0.0000,NULL,NULL,NULL,1.0000,1.0000,NULL,NULL,NULL,NULL,NULL,NULL,NULL,NULL,0.0000,NULL,NULL,NULL,440.0000,5.0000,NULL,NULL,NULL,0.0000,NULL,0.0000,0.0000,435.0000,NULL,NULL,NULL,0.0000,NULL,NULL,NULL,NULL,NULL,NULL,NULL,NULL,1.0000,NULL,NULL,NULL,0,1,20,1,NULL,NULL,1,NULL,NULL,NULL,85,19,NULL,NULL,NULL,NULL,0.0000,435.0000,440.0000,NULL,0.0000,435.0000,440.0000,0.0000,NULL,'28000000002',NULL,'USD','admin876@gmail.com','jena','nguyen',NULL,NULL,NULL,NULL,NULL,NULL,NULL,'USD',NULL,NULL,'USD',NULL,NULL,NULL,NULL,NULL,'192.168.1.67','flatrate_flatrate','USD','Main Website\nMain Website Store\nRomania',NULL,NULL,'2021-10-23 01:52:24','2021-10-23 01:52:27',1,NULL,0.0000,0.0000,0.0000,0.0000,NULL,NULL,NULL,NULL,5.0000,5.0000,NULL,NULL,0,0,0),(11,'new','pending',NULL,'2fc679ad8d072f678ee491a4e685809d','Flat Rate - Fixed',0,5,36,0.0000,NULL,NULL,NULL,33.0000,5.0000,NULL,NULL,NULL,0.0000,NULL,28.0000,NULL,NULL,NULL,0.0000,NULL,NULL,NULL,1.0000,1.0000,NULL,NULL,NULL,NULL,NULL,NULL,NULL,NULL,0.0000,NULL,NULL,NULL,33.0000,5.0000,NULL,NULL,NULL,0.0000,NULL,0.0000,0.0000,28.0000,NULL,NULL,NULL,0.0000,NULL,NULL,NULL,NULL,NULL,NULL,NULL,NULL,1.0000,NULL,NULL,NULL,0,1,22,1,NULL,NULL,1,NULL,NULL,NULL,309,21,NULL,NULL,NULL,NULL,0.0000,28.0000,33.0000,NULL,0.0000,28.0000,33.0000,0.0000,NULL,'5000000001',NULL,'USD','bhavya.seth@rahisystems.com','bhavya','seth',NULL,NULL,NULL,NULL,NULL,NULL,NULL,'USD',NULL,NULL,'USD',NULL,NULL,NULL,NULL,NULL,'172.69.134.88','flatrate_flatrate','USD','Main Website\nMain Website Store\nIndia','2601:646:9500:cac:49c4:ee7:2972:d8d4',NULL,'2022-08-04 16:27:02','2022-08-04 16:27:03',1,NULL,0.0000,0.0000,0.0000,0.0000,NULL,NULL,NULL,NULL,5.0000,5.0000,NULL,NULL,0,0,0),(12,'new','pending',NULL,'dbab4f887d140d0e0ecdedce28b466e0','Flat Rate - Fixed',0,5,35,0.0000,NULL,NULL,NULL,6683.0000,5.0000,NULL,NULL,NULL,0.0000,NULL,6678.0000,NULL,NULL,NULL,0.0000,NULL,NULL,NULL,1.0000,1.0000,NULL,NULL,NULL,NULL,NULL,NULL,NULL,NULL,0.0000,NULL,NULL,NULL,6683.0000,5.0000,NULL,NULL,NULL,0.0000,NULL,0.0000,0.0000,6678.0000,NULL,NULL,NULL,0.0000,NULL,NULL,NULL,NULL,NULL,NULL,NULL,NULL,1.0000,NULL,NULL,NULL,0,1,24,1,NULL,NULL,1,NULL,NULL,NULL,308,23,NULL,NULL,NULL,NULL,0.0000,6678.0000,6683.0000,NULL,0.0000,6678.0000,6683.0000,0.0000,NULL,'5000000002',NULL,'USD','kevin.chemparathy@rahisystems.com','Kevin','Chemparathy',NULL,NULL,NULL,NULL,NULL,NULL,NULL,'USD',NULL,NULL,'USD',NULL,NULL,NULL,NULL,NULL,'172.68.35.23','flatrate_flatrate','USD','Main Website\nMain Website Store\nIndia','50.237.188.250',NULL,'2022-08-04 16:27:50','2022-08-04 16:27:51',1,NULL,0.0000,0.0000,0.0000,0.0000,NULL,NULL,NULL,NULL,5.0000,5.0000,NULL,NULL,0,0,0),(13,'new','pending',NULL,'caf1ffe3b67a209062fddaf40aa7e57e','Flat Rate - Fixed',0,5,36,0.0000,NULL,NULL,NULL,100.0000,50.0000,NULL,NULL,NULL,0.0000,NULL,50.0000,NULL,NULL,NULL,0.0000,NULL,NULL,NULL,1.0000,1.0000,NULL,NULL,NULL,NULL,NULL,NULL,NULL,NULL,0.0000,NULL,NULL,NULL,100.0000,50.0000,NULL,NULL,NULL,0.0000,NULL,0.0000,0.0000,50.0000,NULL,NULL,NULL,0.0000,NULL,NULL,NULL,NULL,NULL,NULL,NULL,NULL,10.0000,NULL,NULL,NULL,0,1,26,1,NULL,NULL,1,NULL,NULL,NULL,326,25,NULL,NULL,NULL,NULL,0.0000,50.0000,100.0000,NULL,0.0000,50.0000,100.0000,0.0000,NULL,'5000000003',NULL,'USD','bhavya.seth@rahisystems.com','bhavya','seth',NULL,NULL,NULL,NULL,NULL,NULL,NULL,'USD',NULL,NULL,'USD',NULL,NULL,NULL,NULL,NULL,'172.68.35.23','flatrate_flatrate','USD','Main Website\nMain Website Store\nIndia','2601:646:9500:cac:f178:87eb:d7b9:6a64',NULL,'2022-08-04 20:06:48','2022-08-04 20:06:48',1,NULL,0.0000,0.0000,0.0000,0.0000,NULL,NULL,NULL,NULL,50.0000,50.0000,NULL,NULL,0,0,0);

--
-- Table structure for table `sales_order_address`
--

CREATE TABLE `sales_order_address` (
  `entity_id` int(10) unsigned NOT NULL AUTO_INCREMENT COMMENT 'Entity ID',
  `parent_id` int(10) unsigned DEFAULT NULL COMMENT 'Parent ID',
  `customer_address_id` int(11) DEFAULT NULL COMMENT 'Customer Address ID',
  `quote_address_id` int(11) DEFAULT NULL COMMENT 'Quote Address ID',
  `region_id` int(11) DEFAULT NULL COMMENT 'Region ID',
  `customer_id` int(11) DEFAULT NULL COMMENT 'Customer ID',
  `fax` varchar(255) DEFAULT NULL COMMENT 'Fax',
  `region` varchar(255) DEFAULT NULL COMMENT 'Region',
  `postcode` varchar(255) DEFAULT NULL COMMENT 'Postcode',
  `lastname` varchar(255) DEFAULT NULL COMMENT 'Lastname',
  `street` varchar(255) DEFAULT NULL COMMENT 'Street',
  `city` varchar(255) DEFAULT NULL COMMENT 'City',
  `email` varchar(255) DEFAULT NULL COMMENT 'Email',
  `telephone` varchar(255) DEFAULT NULL COMMENT 'Phone Number',
  `country_id` varchar(2) DEFAULT NULL COMMENT 'Country ID',
  `firstname` varchar(255) DEFAULT NULL COMMENT 'Firstname',
  `address_type` varchar(255) DEFAULT NULL COMMENT 'Address Type',
  `prefix` varchar(255) DEFAULT NULL COMMENT 'Prefix',
  `middlename` varchar(255) DEFAULT NULL COMMENT 'Middlename',
  `suffix` varchar(255) DEFAULT NULL COMMENT 'Suffix',
  `company` varchar(255) DEFAULT NULL COMMENT 'Company',
  `vat_id` text COMMENT 'Vat ID',
  `vat_is_valid` smallint(6) DEFAULT NULL COMMENT 'Vat Is Valid',
  `vat_request_id` text COMMENT 'Vat Request ID',
  `vat_request_date` text COMMENT 'Vat Request Date',
  `vat_request_success` smallint(6) DEFAULT NULL COMMENT 'Vat Request Success',
  `vertex_vat_country_code` varchar(255) DEFAULT NULL COMMENT 'Vertex Customer Vat Country',
  PRIMARY KEY (`entity_id`),
  KEY `SALES_ORDER_ADDRESS_PARENT_ID` (`parent_id`),
  CONSTRAINT `SALES_ORDER_ADDRESS_PARENT_ID_SALES_ORDER_ENTITY_ID` FOREIGN KEY (`parent_id`) REFERENCES `sales_order` (`entity_id`) ON DELETE CASCADE
) ENGINE=InnoDB AUTO_INCREMENT=27 DEFAULT CHARSET=utf8 COMMENT='Sales Flat Order Address';

--
-- Dumping data for table `sales_order_address`
--

INSERT INTO `sales_order_address` VALUES (1,1,1,2,NULL,NULL,NULL,NULL,'10000','Magentech','Magentech','Ha Noi','cuongtd@ytcvn.com','123456789','VN','Magentech','shipping',NULL,NULL,NULL,'Magentech',NULL,NULL,NULL,NULL,NULL,NULL),(2,1,NULL,5,NULL,NULL,NULL,NULL,'10000','Magentech','Magentech','Ha Noi','cuongtd@ytcvn.com','123456789','VN','Magentech','billing',NULL,NULL,NULL,'Magentech',NULL,NULL,NULL,NULL,NULL,NULL),(3,2,2,25,NULL,NULL,NULL,NULL,'92126','admin','fgfgf','fgfgfg','admin678@gmail.com','fgfgfgfg','TT','admin','shipping',NULL,NULL,NULL,NULL,NULL,NULL,NULL,NULL,NULL,NULL),(4,2,NULL,26,NULL,NULL,NULL,NULL,'92126','admin','fgfgf','fgfgfg','admin678@gmail.com','fgfgfgfg','TT','admin','billing',NULL,NULL,NULL,NULL,NULL,NULL,NULL,NULL,NULL,NULL),(5,3,2,28,NULL,NULL,NULL,NULL,'92126','admin','fgfgf','fgfgfg','admin678@gmail.com','fgfgfgfg','TT','admin','shipping',NULL,NULL,NULL,NULL,NULL,NULL,NULL,NULL,NULL,NULL),(6,3,2,31,NULL,NULL,NULL,NULL,'92126','admin','fgfgf','fgfgfg','admin678@gmail.com','fgfgfgfg','TT','admin','billing',NULL,NULL,NULL,NULL,NULL,NULL,NULL,NULL,NULL,NULL),(7,4,1,7,NULL,NULL,NULL,NULL,'10000','Magentech','Magentech','Ha Noi','cuongtd@ytcvn.com','123456789','VN','Magentech','shipping',NULL,NULL,NULL,'Magentech',NULL,NULL,NULL,NULL,NULL,NULL),(8,4,1,72,NULL,NULL,NULL,NULL,'10000','Magentech','Magentech','Ha Noi','cuongtd@ytcvn.com','123456789','VN','Magentech','billing',NULL,NULL,NULL,'Magentech',NULL,NULL,NULL,NULL,NULL,NULL),(9,5,1,74,NULL,NULL,NULL,NULL,'10000','Magentech','Magentech','Ha Noi','cuongtd@ytcvn.com','123456789','VN','Magentech','shipping',NULL,NULL,NULL,'Magentech',NULL,NULL,NULL,NULL,NULL,NULL),(10,5,1,103,NULL,NULL,NULL,NULL,'10000','Magentech','Magentech','Ha Noi','cuongtd@ytcvn.com','123456789','VN','Magentech','billing',NULL,NULL,NULL,'Magentech',NULL,NULL,NULL,NULL,NULL,NULL),(11,6,1,105,NULL,NULL,NULL,NULL,'10000','Magentech','Magentech','Ha Noi','cuongtd@ytcvn.com','123456789','VN','Magentech','shipping',NULL,NULL,NULL,'Magentech',NULL,NULL,NULL,NULL,NULL,NULL),(12,6,1,106,NULL,NULL,NULL,NULL,'10000','Magentech','Magentech','Ha Noi','cuongtd@ytcvn.com','123456789','VN','Magentech','billing',NULL,NULL,NULL,'Magentech',NULL,NULL,NULL,NULL,NULL,NULL),(13,7,1,108,NULL,NULL,NULL,NULL,'10000','Magentech','Magentech','Ha Noi','cuongtd@ytcvn.com','123456789','VN','Magentech','shipping',NULL,NULL,NULL,'Magentech',NULL,NULL,NULL,NULL,NULL,NULL),(14,7,1,109,NULL,NULL,NULL,NULL,'10000','Magentech','Magentech','Ha Noi','cuongtd@ytcvn.com','123456789','VN','Magentech','billing',NULL,NULL,NULL,'Magentech',NULL,NULL,NULL,NULL,NULL,NULL),(15,8,1,111,NULL,NULL,NULL,NULL,'10000','Magentech','Magentech','Ha Noi','cuongtd@ytcvn.com','123456789','VN','Magentech','shipping',NULL,NULL,NULL,'Magentech',NULL,NULL,NULL,NULL,NULL,NULL),(16,8,1,134,NULL,NULL,NULL,NULL,'10000','Magentech','Magentech','Ha Noi','cuongtd@ytcvn.com','123456789','VN','Magentech','billing',NULL,NULL,NULL,'Magentech',NULL,NULL,NULL,NULL,NULL,NULL),(17,9,3,198,NULL,NULL,NULL,NULL,'98224','nguyen','Hà Nội','hanoi','admin876@gmail.com','0347338465','VN','jena','shipping',NULL,NULL,NULL,NULL,NULL,NULL,NULL,NULL,NULL,NULL),(18,9,NULL,201,NULL,NULL,NULL,NULL,'98224','nguyen','Hà Nội','hanoi','admin876@gmail.com','0347338465','VN','jena','billing',NULL,NULL,NULL,NULL,NULL,NULL,NULL,NULL,NULL,NULL),(19,10,4,203,NULL,NULL,NULL,NULL,'98224','nguyen','18 thái hà','hanoi','admin876@gmail.com','0347338465','VN','jena','shipping',NULL,NULL,NULL,NULL,NULL,NULL,NULL,NULL,NULL,NULL),(20,10,NULL,204,NULL,NULL,NULL,NULL,'98224','nguyen','18 thái hà','hanoi','admin876@gmail.com','0347338465','VN','jena','billing',NULL,NULL,NULL,NULL,NULL,NULL,NULL,NULL,NULL,NULL),(21,11,6,664,12,NULL,NULL,'California','94538','seth','fremont','fremont','bhavya.seth@rahisystems.com','4088879244','US','bhavya','shipping',NULL,NULL,NULL,'google',NULL,NULL,NULL,NULL,NULL,NULL),(22,11,NULL,677,12,NULL,NULL,'California','94538','seth','fremont','fremont','bhavya.seth@rahisystems.com','4088879244','US','bhavya','billing',NULL,NULL,NULL,'google',NULL,NULL,NULL,NULL,NULL,NULL),(23,12,7,662,12,NULL,NULL,'California','94538','Chemparathy','4 fremont','fremont','kevin.chemparathy@rahisystems.com','2581342581','US','Kevin','shipping',NULL,NULL,NULL,NULL,NULL,NULL,NULL,NULL,NULL,NULL),(24,12,NULL,680,12,NULL,NULL,'California','94538','Chemparathy','4 fremont','fremont','kevin.chemparathy@rahisystems.com','2581342581','US','Kevin','billing',NULL,NULL,NULL,NULL,NULL,NULL,NULL,NULL,NULL,NULL),(25,13,6,706,12,NULL,NULL,'California','94538','seth','fremont','fremont','bhavya.seth@rahisystems.com','4088879244','US','bhavya','shipping',NULL,NULL,NULL,'google',NULL,NULL,NULL,NULL,NULL,NULL),(26,13,6,707,12,NULL,NULL,'California','94538','seth','fremont','fremont','bhavya.seth@rahisystems.com','4088879244','US','bhavya','billing',NULL,NULL,NULL,'google',NULL,NULL,NULL,NULL,NULL,NULL);

--
-- Table structure for table `sales_order_aggregated_created`
--

CREATE TABLE `sales_order_aggregated_created` (
  `id` int(10) unsigned NOT NULL AUTO_INCREMENT COMMENT 'ID',
  `period` date DEFAULT NULL COMMENT 'Period',
  `store_id` smallint(5) unsigned DEFAULT NULL COMMENT 'Store ID',
  `order_status` varchar(50) NOT NULL COMMENT 'Order Status',
  `orders_count` int(11) NOT NULL DEFAULT '0' COMMENT 'Orders Count',
  `total_qty_ordered` decimal(12,4) NOT NULL DEFAULT '0.0000' COMMENT 'Total Qty Ordered',
  `total_qty_invoiced` decimal(12,4) NOT NULL DEFAULT '0.0000' COMMENT 'Total Qty Invoiced',
  `total_income_amount` decimal(20,4) NOT NULL DEFAULT '0.0000' COMMENT 'Total Income Amount',
  `total_revenue_amount` decimal(20,4) NOT NULL DEFAULT '0.0000' COMMENT 'Total Revenue Amount',
  `total_profit_amount` decimal(20,4) NOT NULL DEFAULT '0.0000' COMMENT 'Total Profit Amount',
  `total_invoiced_amount` decimal(20,4) NOT NULL DEFAULT '0.0000' COMMENT 'Total Invoiced Amount',
  `total_canceled_amount` decimal(20,4) NOT NULL DEFAULT '0.0000' COMMENT 'Total Canceled Amount',
  `total_paid_amount` decimal(20,4) NOT NULL DEFAULT '0.0000' COMMENT 'Total Paid Amount',
  `total_refunded_amount` decimal(20,4) NOT NULL DEFAULT '0.0000' COMMENT 'Total Refunded Amount',
  `total_tax_amount` decimal(20,4) NOT NULL DEFAULT '0.0000' COMMENT 'Total Tax Amount',
  `total_tax_amount_actual` decimal(20,4) NOT NULL DEFAULT '0.0000' COMMENT 'Total Tax Amount Actual',
  `total_shipping_amount` decimal(20,4) NOT NULL DEFAULT '0.0000' COMMENT 'Total Shipping Amount',
  `total_shipping_amount_actual` decimal(20,4) NOT NULL DEFAULT '0.0000' COMMENT 'Total Shipping Amount Actual',
  `total_discount_amount` decimal(20,4) NOT NULL DEFAULT '0.0000' COMMENT 'Total Discount Amount',
  `total_discount_amount_actual` decimal(20,4) NOT NULL DEFAULT '0.0000' COMMENT 'Total Discount Amount Actual',
  PRIMARY KEY (`id`),
  UNIQUE KEY `SALES_ORDER_AGGREGATED_CREATED_PERIOD_STORE_ID_ORDER_STATUS` (`period`,`store_id`,`order_status`),
  KEY `SALES_ORDER_AGGREGATED_CREATED_STORE_ID` (`store_id`),
  CONSTRAINT `SALES_ORDER_AGGREGATED_CREATED_STORE_ID_STORE_STORE_ID` FOREIGN KEY (`store_id`) REFERENCES `store` (`store_id`) ON DELETE SET NULL
) ENGINE=InnoDB AUTO_INCREMENT=10 DEFAULT CHARSET=utf8 COMMENT='Sales Order Aggregated Created';

--
-- Dumping data for table `sales_order_aggregated_created`
--

INSERT INTO `sales_order_aggregated_created` VALUES (7,'2021-01-19',NULL,'complete',1,10.0000,10.0000,950.0000,900.0000,900.0000,950.0000,0.0000,950.0000,0.0000,0.0000,0.0000,50.0000,50.0000,0.0000,0.0000),(8,'2021-06-01',NULL,'complete',2,24.0000,24.0000,4748.0000,4628.0000,4628.0000,4748.0000,0.0000,4748.0000,0.0000,0.0000,0.0000,120.0000,120.0000,0.0000,0.0000),(9,'2021-07-15',NULL,'complete',1,31.0000,31.0000,8489.0000,8334.0000,8334.0000,8489.0000,0.0000,8489.0000,0.0000,0.0000,0.0000,155.0000,155.0000,0.0000,0.0000);

--
-- Table structure for table `sales_order_aggregated_updated`
--

CREATE TABLE `sales_order_aggregated_updated` (
  `id` int(10) unsigned NOT NULL AUTO_INCREMENT COMMENT 'ID',
  `period` date DEFAULT NULL COMMENT 'Period',
  `store_id` smallint(5) unsigned DEFAULT NULL COMMENT 'Store ID',
  `order_status` varchar(50) NOT NULL COMMENT 'Order Status',
  `orders_count` int(11) NOT NULL DEFAULT '0' COMMENT 'Orders Count',
  `total_qty_ordered` decimal(12,4) NOT NULL DEFAULT '0.0000' COMMENT 'Total Qty Ordered',
  `total_qty_invoiced` decimal(12,4) NOT NULL DEFAULT '0.0000' COMMENT 'Total Qty Invoiced',
  `total_income_amount` decimal(20,4) NOT NULL DEFAULT '0.0000' COMMENT 'Total Income Amount',
  `total_revenue_amount` decimal(20,4) NOT NULL DEFAULT '0.0000' COMMENT 'Total Revenue Amount',
  `total_profit_amount` decimal(20,4) NOT NULL DEFAULT '0.0000' COMMENT 'Total Profit Amount',
  `total_invoiced_amount` decimal(20,4) NOT NULL DEFAULT '0.0000' COMMENT 'Total Invoiced Amount',
  `total_canceled_amount` decimal(20,4) NOT NULL DEFAULT '0.0000' COMMENT 'Total Canceled Amount',
  `total_paid_amount` decimal(20,4) NOT NULL DEFAULT '0.0000' COMMENT 'Total Paid Amount',
  `total_refunded_amount` decimal(20,4) NOT NULL DEFAULT '0.0000' COMMENT 'Total Refunded Amount',
  `total_tax_amount` decimal(20,4) NOT NULL DEFAULT '0.0000' COMMENT 'Total Tax Amount',
  `total_tax_amount_actual` decimal(20,4) NOT NULL DEFAULT '0.0000' COMMENT 'Total Tax Amount Actual',
  `total_shipping_amount` decimal(20,4) NOT NULL DEFAULT '0.0000' COMMENT 'Total Shipping Amount',
  `total_shipping_amount_actual` decimal(20,4) NOT NULL DEFAULT '0.0000' COMMENT 'Total Shipping Amount Actual',
  `total_discount_amount` decimal(20,4) NOT NULL DEFAULT '0.0000' COMMENT 'Total Discount Amount',
  `total_discount_amount_actual` decimal(20,4) NOT NULL DEFAULT '0.0000' COMMENT 'Total Discount Amount Actual',
  PRIMARY KEY (`id`),
  UNIQUE KEY `SALES_ORDER_AGGREGATED_UPDATED_PERIOD_STORE_ID_ORDER_STATUS` (`period`,`store_id`,`order_status`),
  KEY `SALES_ORDER_AGGREGATED_UPDATED_STORE_ID` (`store_id`),
  CONSTRAINT `SALES_ORDER_AGGREGATED_UPDATED_STORE_ID_STORE_STORE_ID` FOREIGN KEY (`store_id`) REFERENCES `store` (`store_id`) ON DELETE SET NULL
) ENGINE=InnoDB AUTO_INCREMENT=10 DEFAULT CHARSET=utf8 COMMENT='Sales Order Aggregated Updated';

--
-- Dumping data for table `sales_order_aggregated_updated`
--

INSERT INTO `sales_order_aggregated_updated` VALUES (7,'2021-01-19',NULL,'complete',1,10.0000,10.0000,950.0000,900.0000,900.0000,950.0000,0.0000,950.0000,0.0000,0.0000,0.0000,50.0000,50.0000,0.0000,0.0000),(8,'2021-06-01',NULL,'complete',2,24.0000,24.0000,4748.0000,4628.0000,4628.0000,4748.0000,0.0000,4748.0000,0.0000,0.0000,0.0000,120.0000,120.0000,0.0000,0.0000),(9,'2021-07-15',NULL,'complete',1,31.0000,31.0000,8489.0000,8334.0000,8334.0000,8489.0000,0.0000,8489.0000,0.0000,0.0000,0.0000,155.0000,155.0000,0.0000,0.0000);

--
-- Table structure for table `sales_order_grid`
--

CREATE TABLE `sales_order_grid` (
  `entity_id` int(10) unsigned NOT NULL COMMENT 'Entity ID',
  `status` varchar(32) DEFAULT NULL COMMENT 'Status',
  `store_id` smallint(5) unsigned DEFAULT NULL COMMENT 'Store ID',
  `store_name` varchar(255) DEFAULT NULL COMMENT 'Store Name',
  `customer_id` int(10) unsigned DEFAULT NULL COMMENT 'Customer ID',
  `base_grand_total` decimal(20,4) DEFAULT NULL COMMENT 'Base Grand Total',
  `base_total_paid` decimal(20,4) DEFAULT NULL COMMENT 'Base Total Paid',
  `grand_total` decimal(20,4) DEFAULT NULL COMMENT 'Grand Total',
  `total_paid` decimal(20,4) DEFAULT NULL COMMENT 'Total Paid',
  `increment_id` varchar(50) DEFAULT NULL COMMENT 'Increment ID',
  `base_currency_code` varchar(3) DEFAULT NULL COMMENT 'Base Currency Code',
  `order_currency_code` varchar(255) DEFAULT NULL COMMENT 'Order Currency Code',
  `shipping_name` varchar(255) DEFAULT NULL COMMENT 'Shipping Name',
  `billing_name` varchar(255) DEFAULT NULL COMMENT 'Billing Name',
  `created_at` timestamp NULL DEFAULT NULL COMMENT 'Created At',
  `updated_at` timestamp NULL DEFAULT NULL COMMENT 'Updated At',
  `billing_address` varchar(255) DEFAULT NULL COMMENT 'Billing Address',
  `shipping_address` varchar(255) DEFAULT NULL COMMENT 'Shipping Address',
  `shipping_information` varchar(255) DEFAULT NULL COMMENT 'Shipping Method Name',
  `customer_email` varchar(255) DEFAULT NULL COMMENT 'Customer Email',
  `customer_group` varchar(255) DEFAULT NULL COMMENT 'Customer Group',
  `subtotal` decimal(20,4) DEFAULT NULL COMMENT 'Subtotal',
  `shipping_and_handling` decimal(20,4) DEFAULT NULL COMMENT 'Shipping and handling amount',
  `customer_name` varchar(255) DEFAULT NULL COMMENT 'Customer Name',
  `payment_method` varchar(255) DEFAULT NULL COMMENT 'Payment Method',
  `total_refunded` decimal(20,4) DEFAULT NULL COMMENT 'Total Refunded',
  `pickup_location_code` varchar(255) DEFAULT NULL COMMENT 'Pickup Location Code',
  PRIMARY KEY (`entity_id`),
  UNIQUE KEY `SALES_ORDER_GRID_INCREMENT_ID_STORE_ID` (`increment_id`,`store_id`),
  KEY `SALES_ORDER_GRID_STATUS` (`status`),
  KEY `SALES_ORDER_GRID_STORE_ID` (`store_id`),
  KEY `SALES_ORDER_GRID_BASE_GRAND_TOTAL` (`base_grand_total`),
  KEY `SALES_ORDER_GRID_BASE_TOTAL_PAID` (`base_total_paid`),
  KEY `SALES_ORDER_GRID_GRAND_TOTAL` (`grand_total`),
  KEY `SALES_ORDER_GRID_TOTAL_PAID` (`total_paid`),
  KEY `SALES_ORDER_GRID_SHIPPING_NAME` (`shipping_name`),
  KEY `SALES_ORDER_GRID_BILLING_NAME` (`billing_name`),
  KEY `SALES_ORDER_GRID_CREATED_AT` (`created_at`),
  KEY `SALES_ORDER_GRID_CUSTOMER_ID` (`customer_id`),
  KEY `SALES_ORDER_GRID_UPDATED_AT` (`updated_at`),
  KEY `SALES_ORDER_GRID_PICKUP_LOCATION_CODE` (`pickup_location_code`),
  FULLTEXT KEY `FTI_65B9E9925EC58F0C7C2E2F6379C233E7` (`increment_id`,`billing_name`,`shipping_name`,`shipping_address`,`billing_address`,`customer_name`,`customer_email`)
) ENGINE=InnoDB DEFAULT CHARSET=utf8 COMMENT='Sales Flat Order Grid';

--
-- Dumping data for table `sales_order_grid`
--

INSERT INTO `sales_order_grid` VALUES (1,'complete',1,'Main Website\nMain Website Store\nEnglish',1,950.0000,950.0000,950.0000,950.0000,'000000001','USD','USD','Magentech Magentech','Magentech Magentech','2021-01-20 02:33:00','2021-01-20 02:33:40','Magentech,Magentech,Ha Noi,10000','Magentech,Magentech,Ha Noi,10000','Flat Rate - Fixed','cuongtd@ytcvn.com','1',900.0000,50.0000,'Magentech Magentech','checkmo',NULL,NULL),(2,'pending',1,'Main Website\nMain Website Store\nEnglish',2,3805.0000,NULL,3805.0000,NULL,'000000002','USD','USD','admin admin','admin admin','2021-01-28 02:14:58','2021-01-28 02:14:58','fgfgf,fgfgfg,92126','fgfgf,fgfgfg,92126','Flat Rate - Fixed','admin678@gmail.com','1',3730.0000,75.0000,'admin admin','checkmo',NULL,NULL),(3,'pending',1,'Main Website\nMain Website Store\nEnglish',2,1698.0000,NULL,1698.0000,NULL,'000000003','USD','USD','admin admin','admin admin','2021-01-28 02:41:37','2021-01-28 02:41:37','fgfgf,fgfgfg,92126','fgfgf,fgfgfg,92126','Flat Rate - Fixed','admin678@gmail.com','1',1658.0000,40.0000,'admin admin','checkmo',NULL,NULL),(4,'pending',1,'Main Website\nMain Website Store\nEnglish',1,518.0000,NULL,518.0000,NULL,'000000004','USD','USD','Magentech Magentech','Magentech Magentech','2021-04-28 03:30:56','2021-04-28 03:30:56','Magentech,Magentech,Ha Noi,10000','Magentech,Magentech,Ha Noi,10000','Flat Rate - Fixed','cuongtd@ytcvn.com','1',503.0000,15.0000,'Magentech Magentech','checkmo',NULL,NULL),(5,'complete',11,'Main Website\nMain Website Store\nIran',1,2736.0000,2736.0000,2736.0000,2736.0000,'11000000001','USD','USD','Magentech Magentech','Magentech Magentech','2021-06-02 04:52:39','2021-06-02 04:54:51','Magentech,Magentech,Ha Noi,10000','Magentech,Magentech,Ha Noi,10000','Flat Rate - Fixed','cuongtd@ytcvn.com','1',2651.0000,85.0000,'Magentech Magentech','checkmo',NULL,NULL),(6,'complete',11,'Main Website\nMain Website Store\nIran',1,2012.0000,2012.0000,2012.0000,2012.0000,'11000000002','USD','USD','Magentech Magentech','Magentech Magentech','2021-06-02 05:16:10','2021-06-02 05:19:21','Magentech,Magentech,Ha Noi,10000','Magentech,Magentech,Ha Noi,10000','Flat Rate - Fixed','cuongtd@ytcvn.com','1',1977.0000,35.0000,'Magentech Magentech','checkmo',NULL,NULL),(7,'pending',14,'Main Website\nMain Website Store\nDominica',1,28980.0000,NULL,28980.0000,NULL,'14000000001','USD','USD','Magentech Magentech','Magentech Magentech','2021-06-08 08:11:26','2021-06-08 08:11:27','Magentech,Magentech,Ha Noi,10000','Magentech,Magentech,Ha Noi,10000','Flat Rate - Fixed','cuongtd@ytcvn.com','1',28380.0000,600.0000,'Magentech Magentech','checkmo',NULL,NULL),(8,'complete',18,'Main Website\nMain Website Store\nMauritius',1,8489.0000,8489.0000,8489.0000,8489.0000,'18000000001','USD','USD','Magentech Magentech','Magentech Magentech','2021-07-15 09:11:25','2021-07-15 09:13:00','Magentech,Magentech,Ha Noi,10000','Magentech,Magentech,Ha Noi,10000','Flat Rate - Fixed','cuongtd@ytcvn.com','1',8334.0000,155.0000,'Magentech Magentech','checkmo',NULL,NULL),(9,'pending',28,'Main Website\nMain Website Store\nRomania',3,2185.0000,NULL,2185.0000,NULL,'28000000001','USD','USD','jena nguyen','jena nguyen','2021-10-23 01:43:54','2021-10-23 01:43:54','Hà Nội,hanoi,98224','Hà Nội,hanoi,98224','Flat Rate - Fixed','admin876@gmail.com','1',2150.0000,35.0000,'jena nguyen','checkmo',NULL,NULL),(10,'pending',28,'Main Website\nMain Website Store\nRomania',3,440.0000,NULL,440.0000,NULL,'28000000002','USD','USD','jena nguyen','jena nguyen','2021-10-23 01:52:24','2021-10-23 01:52:24','18 thái hà,hanoi,98224','18 thái hà,hanoi,98224','Flat Rate - Fixed','admin876@gmail.com','1',435.0000,5.0000,'jena nguyen','checkmo',NULL,NULL),(11,'pending',5,'Main Website\nMain Website Store\nIndia',36,33.0000,NULL,33.0000,NULL,'5000000001','USD','USD','bhavya seth','bhavya seth','2022-08-04 16:27:02','2022-08-04 16:27:03','google,fremont,fremont,California,94538','google,fremont,fremont,California,94538','Flat Rate - Fixed','bhavya.seth@rahisystems.com','1',28.0000,5.0000,'bhavya seth','cashondelivery',NULL,NULL),(12,'pending',5,'Main Website\nMain Website Store\nIndia',35,6683.0000,NULL,6683.0000,NULL,'5000000002','USD','USD','Kevin Chemparathy','Kevin Chemparathy','2022-08-04 16:27:50','2022-08-04 16:27:50','4 fremont,fremont,California,94538','4 fremont,fremont,California,94538','Flat Rate - Fixed','kevin.chemparathy@rahisystems.com','1',6678.0000,5.0000,'Kevin Chemparathy','banktransfer',NULL,NULL),(13,'pending',5,'Main Website\nMain Website Store\nIndia',36,100.0000,NULL,100.0000,NULL,'5000000003','USD','USD','bhavya seth','bhavya seth','2022-08-04 20:06:48','2022-08-04 20:06:48','google,fremont,fremont,California,94538','google,fremont,fremont,California,94538','Flat Rate - Fixed','bhavya.seth@rahisystems.com','1',50.0000,50.0000,'bhavya seth','cashondelivery',NULL,NULL);

--
-- Table structure for table `sales_order_item`
--

CREATE TABLE `sales_order_item` (
  `item_id` int(10) unsigned NOT NULL AUTO_INCREMENT COMMENT 'Item ID',
  `order_id` int(10) unsigned NOT NULL DEFAULT '0' COMMENT 'Order ID',
  `parent_item_id` int(10) unsigned DEFAULT NULL COMMENT 'Parent Item ID',
  `quote_item_id` int(10) unsigned DEFAULT NULL COMMENT 'Quote Item ID',
  `store_id` smallint(5) unsigned DEFAULT NULL COMMENT 'Store ID',
  `created_at` timestamp NOT NULL DEFAULT CURRENT_TIMESTAMP COMMENT 'Created At',
  `updated_at` timestamp NOT NULL DEFAULT CURRENT_TIMESTAMP ON UPDATE CURRENT_TIMESTAMP COMMENT 'Updated At',
  `product_id` int(10) unsigned DEFAULT NULL COMMENT 'Product ID',
  `product_type` varchar(255) DEFAULT NULL COMMENT 'Product Type',
  `product_options` text COMMENT 'Product Options',
  `weight` decimal(12,4) DEFAULT '0.0000' COMMENT 'Weight',
  `is_virtual` smallint(5) unsigned DEFAULT NULL COMMENT 'Is Virtual',
  `sku` varchar(255) DEFAULT NULL COMMENT 'Sku',
  `name` varchar(255) DEFAULT NULL COMMENT 'Name',
  `description` text COMMENT 'Description',
  `applied_rule_ids` text COMMENT 'Applied Rule Ids',
  `additional_data` text COMMENT 'Additional Data',
  `is_qty_decimal` smallint(5) unsigned DEFAULT NULL COMMENT 'Is Qty Decimal',
  `no_discount` smallint(5) unsigned NOT NULL DEFAULT '0' COMMENT 'No Discount',
  `qty_backordered` decimal(12,4) DEFAULT '0.0000' COMMENT 'Qty Backordered',
  `qty_canceled` decimal(12,4) DEFAULT '0.0000' COMMENT 'Qty Canceled',
  `qty_invoiced` decimal(12,4) DEFAULT '0.0000' COMMENT 'Qty Invoiced',
  `qty_ordered` decimal(12,4) DEFAULT '0.0000' COMMENT 'Qty Ordered',
  `qty_refunded` decimal(12,4) DEFAULT '0.0000' COMMENT 'Qty Refunded',
  `qty_shipped` decimal(12,4) DEFAULT '0.0000' COMMENT 'Qty Shipped',
  `base_cost` decimal(12,4) DEFAULT '0.0000' COMMENT 'Base Cost',
  `price` decimal(12,4) NOT NULL DEFAULT '0.0000' COMMENT 'Price',
  `base_price` decimal(12,4) NOT NULL DEFAULT '0.0000' COMMENT 'Base Price',
  `original_price` decimal(12,4) DEFAULT NULL COMMENT 'Original Price',
  `base_original_price` decimal(12,4) DEFAULT NULL COMMENT 'Base Original Price',
  `tax_percent` decimal(12,4) DEFAULT '0.0000' COMMENT 'Tax Percent',
  `tax_amount` decimal(20,4) DEFAULT '0.0000' COMMENT 'Tax Amount',
  `base_tax_amount` decimal(20,4) DEFAULT '0.0000' COMMENT 'Base Tax Amount',
  `tax_invoiced` decimal(20,4) DEFAULT '0.0000' COMMENT 'Tax Invoiced',
  `base_tax_invoiced` decimal(20,4) DEFAULT '0.0000' COMMENT 'Base Tax Invoiced',
  `discount_percent` decimal(12,4) DEFAULT '0.0000' COMMENT 'Discount Percent',
  `discount_amount` decimal(20,4) DEFAULT '0.0000' COMMENT 'Discount Amount',
  `base_discount_amount` decimal(20,4) DEFAULT '0.0000' COMMENT 'Base Discount Amount',
  `discount_invoiced` decimal(20,4) DEFAULT '0.0000' COMMENT 'Discount Invoiced',
  `base_discount_invoiced` decimal(20,4) DEFAULT '0.0000' COMMENT 'Base Discount Invoiced',
  `amount_refunded` decimal(20,4) DEFAULT '0.0000' COMMENT 'Amount Refunded',
  `base_amount_refunded` decimal(20,4) DEFAULT '0.0000' COMMENT 'Base Amount Refunded',
  `row_total` decimal(20,4) NOT NULL DEFAULT '0.0000' COMMENT 'Row Total',
  `base_row_total` decimal(20,4) NOT NULL DEFAULT '0.0000' COMMENT 'Base Row Total',
  `row_invoiced` decimal(20,4) NOT NULL DEFAULT '0.0000' COMMENT 'Row Invoiced',
  `base_row_invoiced` decimal(20,4) NOT NULL DEFAULT '0.0000' COMMENT 'Base Row Invoiced',
  `row_weight` decimal(12,4) DEFAULT '0.0000' COMMENT 'Row Weight',
  `base_tax_before_discount` decimal(20,4) DEFAULT NULL COMMENT 'Base Tax Before Discount',
  `tax_before_discount` decimal(20,4) DEFAULT NULL COMMENT 'Tax Before Discount',
  `ext_order_item_id` varchar(255) DEFAULT NULL COMMENT 'Ext Order Item ID',
  `locked_do_invoice` smallint(5) unsigned DEFAULT NULL COMMENT 'Locked Do Invoice',
  `locked_do_ship` smallint(5) unsigned DEFAULT NULL COMMENT 'Locked Do Ship',
  `price_incl_tax` decimal(20,4) DEFAULT NULL COMMENT 'Price Incl Tax',
  `base_price_incl_tax` decimal(20,4) DEFAULT NULL COMMENT 'Base Price Incl Tax',
  `row_total_incl_tax` decimal(20,4) DEFAULT NULL COMMENT 'Row Total Incl Tax',
  `base_row_total_incl_tax` decimal(20,4) DEFAULT NULL COMMENT 'Base Row Total Incl Tax',
  `discount_tax_compensation_amount` decimal(20,4) DEFAULT NULL COMMENT 'Discount Tax Compensation Amount',
  `base_discount_tax_compensation_amount` decimal(20,4) DEFAULT NULL COMMENT 'Base Discount Tax Compensation Amount',
  `discount_tax_compensation_invoiced` decimal(20,4) DEFAULT NULL COMMENT 'Discount Tax Compensation Invoiced',
  `base_discount_tax_compensation_invoiced` decimal(20,4) DEFAULT NULL COMMENT 'Base Discount Tax Compensation Invoiced',
  `discount_tax_compensation_refunded` decimal(20,4) DEFAULT NULL COMMENT 'Discount Tax Compensation Refunded',
  `base_discount_tax_compensation_refunded` decimal(20,4) DEFAULT NULL COMMENT 'Base Discount Tax Compensation Refunded',
  `tax_canceled` decimal(12,4) DEFAULT NULL COMMENT 'Tax Canceled',
  `discount_tax_compensation_canceled` decimal(20,4) DEFAULT NULL COMMENT 'Discount Tax Compensation Canceled',
  `tax_refunded` decimal(20,4) DEFAULT NULL COMMENT 'Tax Refunded',
  `base_tax_refunded` decimal(20,4) DEFAULT NULL COMMENT 'Base Tax Refunded',
  `discount_refunded` decimal(20,4) DEFAULT NULL COMMENT 'Discount Refunded',
  `base_discount_refunded` decimal(20,4) DEFAULT NULL COMMENT 'Base Discount Refunded',
  `gift_message_id` int(11) DEFAULT NULL COMMENT 'Gift Message ID',
  `gift_message_available` int(11) DEFAULT NULL COMMENT 'Gift Message Available',
  `free_shipping` smallint(5) unsigned NOT NULL DEFAULT '0' COMMENT 'Free Shipping',
  `weee_tax_applied` text COMMENT 'Weee Tax Applied',
  `weee_tax_applied_amount` decimal(12,4) DEFAULT NULL COMMENT 'Weee Tax Applied Amount',
  `weee_tax_applied_row_amount` decimal(12,4) DEFAULT NULL COMMENT 'Weee Tax Applied Row Amount',
  `weee_tax_disposition` decimal(12,4) DEFAULT NULL COMMENT 'Weee Tax Disposition',
  `weee_tax_row_disposition` decimal(12,4) DEFAULT NULL COMMENT 'Weee Tax Row Disposition',
  `base_weee_tax_applied_amount` decimal(12,4) DEFAULT NULL COMMENT 'Base Weee Tax Applied Amount',
  `base_weee_tax_applied_row_amnt` decimal(12,4) DEFAULT NULL COMMENT 'Base Weee Tax Applied Row Amnt',
  `base_weee_tax_disposition` decimal(12,4) DEFAULT NULL COMMENT 'Base Weee Tax Disposition',
  `base_weee_tax_row_disposition` decimal(12,4) DEFAULT NULL COMMENT 'Base Weee Tax Row Disposition',
  PRIMARY KEY (`item_id`),
  KEY `SALES_ORDER_ITEM_ORDER_ID` (`order_id`),
  KEY `SALES_ORDER_ITEM_STORE_ID` (`store_id`),
  CONSTRAINT `SALES_ORDER_ITEM_ORDER_ID_SALES_ORDER_ENTITY_ID` FOREIGN KEY (`order_id`) REFERENCES `sales_order` (`entity_id`) ON DELETE CASCADE,
  CONSTRAINT `SALES_ORDER_ITEM_STORE_ID_STORE_STORE_ID` FOREIGN KEY (`store_id`) REFERENCES `store` (`store_id`) ON DELETE SET NULL
) ENGINE=InnoDB AUTO_INCREMENT=49 DEFAULT CHARSET=utf8 COMMENT='Sales Flat Order Item';

--
-- Dumping data for table `sales_order_item`
--

INSERT INTO `sales_order_item` VALUES (1,1,NULL,2,NULL,'2021-01-20 02:33:00','2021-01-20 02:33:40',12,'simple','{\"info_buyRequest\":{\"uenc\":\"aHR0cDovL2Rldi55dGN2bi5jb20vbWFnZW50bzIvc20tbWFya2V0bmV3MjQxL3NtYXJ0cGhvbmVzLXRhYmxldHMuaHRtbA,,\",\"product\":\"12\",\"qty\":1}}',NULL,0,'MK-01289','Apple iPhone Plus Silicon Case',NULL,NULL,NULL,0,0,NULL,0.0000,10.0000,10.0000,0.0000,10.0000,NULL,90.0000,90.0000,90.0000,90.0000,0.0000,0.0000,0.0000,0.0000,0.0000,0.0000,0.0000,0.0000,0.0000,0.0000,0.0000,0.0000,900.0000,900.0000,900.0000,900.0000,0.0000,NULL,NULL,NULL,NULL,NULL,90.0000,90.0000,900.0000,900.0000,0.0000,0.0000,0.0000,0.0000,NULL,NULL,NULL,NULL,NULL,NULL,NULL,NULL,NULL,NULL,0,'[]',NULL,NULL,NULL,NULL,NULL,NULL,NULL,NULL),(2,2,NULL,15,NULL,'2021-01-28 02:14:58','2021-01-28 02:14:58',22,'simple','{\"info_buyRequest\":{\"uenc\":\"aHR0cDovLzE5Mi4xNjguMS43MS9tYWdlbnRvMi9zbS1tYXJrZXRuZXcyNDEv\",\"product\":\"22\",\"qty\":1}}',NULL,0,'MK-965870','Purple Wool Women Hat',NULL,NULL,NULL,0,0,NULL,0.0000,0.0000,1.0000,0.0000,0.0000,NULL,105.0000,105.0000,105.0000,105.0000,0.0000,0.0000,0.0000,0.0000,0.0000,0.0000,0.0000,0.0000,0.0000,0.0000,0.0000,0.0000,105.0000,105.0000,0.0000,0.0000,0.0000,NULL,NULL,NULL,NULL,NULL,105.0000,105.0000,105.0000,105.0000,0.0000,0.0000,NULL,NULL,NULL,NULL,NULL,NULL,NULL,NULL,NULL,NULL,NULL,NULL,0,NULL,NULL,NULL,NULL,NULL,NULL,NULL,NULL,NULL),(3,2,NULL,16,NULL,'2021-01-28 02:14:58','2021-01-28 02:14:58',29,'simple','{\"info_buyRequest\":{\"uenc\":\"aHR0cDovLzE5Mi4xNjguMS43MS9tYWdlbnRvMi9zbS1tYXJrZXRuZXcyNDEvbGlzdGluZ3RhYnMvaW5kZXgvaW5kZXg,\",\"product\":\"29\",\"qty\":1}}',NULL,0,'MK-9635013','Cahill Automatic Silver Black',NULL,NULL,NULL,0,0,NULL,0.0000,0.0000,13.0000,0.0000,0.0000,NULL,255.0000,255.0000,255.0000,255.0000,0.0000,0.0000,0.0000,0.0000,0.0000,0.0000,0.0000,0.0000,0.0000,0.0000,0.0000,0.0000,3315.0000,3315.0000,0.0000,0.0000,0.0000,NULL,NULL,NULL,NULL,NULL,255.0000,255.0000,3315.0000,3315.0000,0.0000,0.0000,NULL,NULL,NULL,NULL,NULL,NULL,NULL,NULL,NULL,NULL,NULL,NULL,0,NULL,NULL,NULL,NULL,NULL,NULL,NULL,NULL,NULL),(4,2,NULL,18,NULL,'2021-01-28 02:14:58','2021-01-28 02:14:58',30,'simple','{\"info_buyRequest\":{\"uenc\":\"aHR0cDovLzE5Mi4xNjguMS43MS9tYWdlbnRvMi9zbS1tYXJrZXRuZXcyNDEvbGlzdGluZ3RhYnMvaW5kZXgvaW5kZXg,\",\"product\":\"30\",\"qty\":1}}',NULL,0,'MK-96301','Colored Diamonds Fancy Loose',NULL,NULL,NULL,0,0,NULL,0.0000,0.0000,1.0000,0.0000,0.0000,NULL,310.0000,310.0000,310.0000,310.0000,0.0000,0.0000,0.0000,0.0000,0.0000,0.0000,0.0000,0.0000,0.0000,0.0000,0.0000,0.0000,310.0000,310.0000,0.0000,0.0000,0.0000,NULL,NULL,NULL,NULL,NULL,310.0000,310.0000,310.0000,310.0000,0.0000,0.0000,NULL,NULL,NULL,NULL,NULL,NULL,NULL,NULL,NULL,NULL,NULL,NULL,0,NULL,NULL,NULL,NULL,NULL,NULL,NULL,NULL,NULL),(5,3,NULL,19,NULL,'2021-01-28 02:41:37','2021-01-28 02:41:37',21,'simple','{\"info_buyRequest\":{\"uenc\":\"aHR0cDovLzE5Mi4xNjguMS43MS9tYWdlbnRvMi9zbS1tYXJrZXRuZXcyNDEvcHVycGxlLXdvb2wtd29tZW4taGF0Lmh0bWw,\",\"product\":\"21\",\"qty\":1}}',NULL,0,'MK-01953','Travel Leather Backpack',NULL,NULL,NULL,0,0,NULL,0.0000,0.0000,3.0000,0.0000,0.0000,NULL,220.0000,220.0000,235.0000,235.0000,0.0000,0.0000,0.0000,0.0000,0.0000,0.0000,0.0000,0.0000,0.0000,0.0000,0.0000,0.0000,660.0000,660.0000,0.0000,0.0000,0.0000,NULL,NULL,NULL,NULL,NULL,220.0000,220.0000,660.0000,660.0000,0.0000,0.0000,NULL,NULL,NULL,NULL,NULL,NULL,NULL,NULL,NULL,NULL,NULL,NULL,0,NULL,NULL,NULL,NULL,NULL,NULL,NULL,NULL,NULL),(6,3,NULL,20,NULL,'2021-01-28 02:41:37','2021-01-28 02:41:37',12,'simple','{\"info_buyRequest\":{\"uenc\":\"aHR0cDovLzE5Mi4xNjguMS43MS9tYWdlbnRvMi9zbS1tYXJrZXRuZXcyNDEvY2FydHF1aWNrcHJvL2NhdGFsb2dfcHJvZHVjdC9vcHRpb25zL2lkLzEyL3JhbmR0aW1lLzE2MTE4MDA1NzEzODYv\",\"product\":\"12\",\"selected_configurable_option\":\"\",\"related_product\":\"\",\"item\":\"12\",\"options\":{\"1\":\"1\",\"2\":\"3\"},\"qty\":\"1\"},\"options\":[{\"label\":\"RAM\",\"value\":\"2GB\",\"print_value\":\"2GB\",\"option_id\":\"1\",\"option_type\":\"drop_down\",\"option_value\":\"1\",\"custom_view\":false},{\"label\":\"Color\",\"value\":\"Blue\",\"print_value\":\"Blue\",\"option_id\":\"2\",\"option_type\":\"drop_down\",\"option_value\":\"3\",\"custom_view\":false}]}',NULL,0,'MK-01289','Apple iPhone Plus Silicon Case',NULL,NULL,NULL,0,0,NULL,0.0000,0.0000,1.0000,0.0000,0.0000,NULL,90.0000,90.0000,90.0000,90.0000,0.0000,0.0000,0.0000,0.0000,0.0000,0.0000,0.0000,0.0000,0.0000,0.0000,0.0000,0.0000,90.0000,90.0000,0.0000,0.0000,0.0000,NULL,NULL,NULL,NULL,NULL,90.0000,90.0000,90.0000,90.0000,0.0000,0.0000,NULL,NULL,NULL,NULL,NULL,NULL,NULL,NULL,NULL,NULL,NULL,NULL,0,NULL,NULL,NULL,NULL,NULL,NULL,NULL,NULL,NULL),(7,3,NULL,21,NULL,'2021-01-28 02:41:37','2021-01-28 02:41:37',3,'simple','{\"info_buyRequest\":{\"uenc\":\"aHR0cDovLzE5Mi4xNjguMS43MS9tYWdlbnRvMi9zbS1tYXJrZXRuZXcyNDEvZGFpbHktZGVhbHM,\",\"product\":\"3\",\"qty\":1}}',NULL,0,'MK-018034','Apple iMac 2017 21.5-inch Retina 4K',NULL,NULL,NULL,0,0,NULL,0.0000,0.0000,1.0000,0.0000,0.0000,NULL,400.0000,400.0000,410.0000,410.0000,0.0000,0.0000,0.0000,0.0000,0.0000,0.0000,0.0000,0.0000,0.0000,0.0000,0.0000,0.0000,400.0000,400.0000,0.0000,0.0000,0.0000,NULL,NULL,NULL,NULL,NULL,400.0000,400.0000,400.0000,400.0000,0.0000,0.0000,NULL,NULL,NULL,NULL,NULL,NULL,NULL,NULL,NULL,NULL,NULL,NULL,0,NULL,NULL,NULL,NULL,NULL,NULL,NULL,NULL,NULL),(8,3,NULL,22,NULL,'2021-01-28 02:41:37','2021-01-28 02:41:37',2,'simple','{\"info_buyRequest\":{\"uenc\":\"aHR0cDovLzE5Mi4xNjguMS43MS9tYWdlbnRvMi9zbS1tYXJrZXRuZXcyNDEvZGFpbHktZGVhbHM,\",\"product\":\"2\",\"qty\":1}}',NULL,0,'MK-45013','Acer Aspire S24 All-In-One PC',NULL,NULL,NULL,0,0,NULL,0.0000,0.0000,1.0000,0.0000,0.0000,NULL,300.0000,300.0000,310.0000,310.0000,0.0000,0.0000,0.0000,0.0000,0.0000,0.0000,0.0000,0.0000,0.0000,0.0000,0.0000,0.0000,300.0000,300.0000,0.0000,0.0000,0.0000,NULL,NULL,NULL,NULL,NULL,300.0000,300.0000,300.0000,300.0000,0.0000,0.0000,NULL,NULL,NULL,NULL,NULL,NULL,NULL,NULL,NULL,NULL,NULL,NULL,0,NULL,NULL,NULL,NULL,NULL,NULL,NULL,NULL,NULL),(9,3,NULL,23,NULL,'2021-01-28 02:41:37','2021-01-28 02:41:37',35,'simple','{\"info_buyRequest\":{\"uenc\":\"aHR0cDovLzE5Mi4xNjguMS43MS9tYWdlbnRvMi9zbS1tYXJrZXRuZXcyNDEvY2F0YWxvZ3NlYXJjaC9yZXN1bHQvaW5kZXgvP2NhdD0mcT1yZWQrJnByb2R1Y3RfbGlzdF9tb2RlPWxpc3Q,\",\"product\":\"35\",\"qty\":1}}',NULL,0,'MK-96501','Red automatic Skeleton Waterproof',NULL,NULL,NULL,0,0,NULL,0.0000,0.0000,1.0000,0.0000,0.0000,NULL,108.0000,108.0000,108.0000,108.0000,0.0000,0.0000,0.0000,0.0000,0.0000,0.0000,0.0000,0.0000,0.0000,0.0000,0.0000,0.0000,108.0000,108.0000,0.0000,0.0000,0.0000,NULL,NULL,NULL,NULL,NULL,108.0000,108.0000,108.0000,108.0000,0.0000,0.0000,NULL,NULL,NULL,NULL,NULL,NULL,NULL,NULL,NULL,NULL,NULL,NULL,0,NULL,NULL,NULL,NULL,NULL,NULL,NULL,NULL,NULL),(10,3,NULL,25,NULL,'2021-01-28 02:41:37','2021-01-28 02:41:37',5,'simple','{\"info_buyRequest\":{\"uenc\":\"aHR0cDovLzE5Mi4xNjguMS43MS9tYWdlbnRvMi9zbS1tYXJrZXRuZXcyNDEv\",\"product\":\"5\",\"qty\":1}}',NULL,0,'MK-96503','Beat Crossfade 2 Wireless Headphone',NULL,NULL,NULL,0,0,NULL,0.0000,0.0000,1.0000,0.0000,0.0000,NULL,100.0000,100.0000,110.0000,110.0000,0.0000,0.0000,0.0000,0.0000,0.0000,0.0000,0.0000,0.0000,0.0000,0.0000,0.0000,0.0000,100.0000,100.0000,0.0000,0.0000,0.0000,NULL,NULL,NULL,NULL,NULL,100.0000,100.0000,100.0000,100.0000,0.0000,0.0000,NULL,NULL,NULL,NULL,NULL,NULL,NULL,NULL,NULL,NULL,NULL,NULL,0,NULL,NULL,NULL,NULL,NULL,NULL,NULL,NULL,NULL),(11,4,NULL,12,NULL,'2021-04-28 03:30:56','2021-04-28 03:30:56',16,'simple','{\"info_buyRequest\":{\"uenc\":\"aHR0cDovL2Rldi55dGN2bi5jb20vbWFnZW50bzIvc20tbWFya2V0bmV3MjQxL2FwcGxlLWlwaG9uZS1wbHVzLXNpbGljb24tY2FzZS5odG1s\",\"product\":\"16\",\"qty\":1}}',NULL,0,'MK-965027','iPad Pro 9.7 inch Wifi Cellular 16GB',NULL,NULL,NULL,0,0,NULL,0.0000,0.0000,1.0000,0.0000,0.0000,NULL,156.0000,156.0000,156.0000,156.0000,0.0000,0.0000,0.0000,0.0000,0.0000,0.0000,0.0000,0.0000,0.0000,0.0000,0.0000,0.0000,156.0000,156.0000,0.0000,0.0000,0.0000,NULL,NULL,NULL,NULL,NULL,156.0000,156.0000,156.0000,156.0000,0.0000,0.0000,NULL,NULL,NULL,NULL,NULL,NULL,NULL,NULL,NULL,NULL,NULL,NULL,0,NULL,NULL,NULL,NULL,NULL,NULL,NULL,NULL,NULL),(12,4,NULL,45,NULL,'2021-04-28 03:30:56','2021-04-28 03:30:56',20,'simple','{\"info_buyRequest\":{\"uenc\":\"aHR0cDovL2Rldi55dGN2bi5jb20vbWFnZW50bzIvc20tbWFya2V0bmV3MjQxL2NhcnRxdWlja3Byby9jYXRhbG9nX3Byb2R1Y3Qvb3B0aW9ucy9pZC8yMC9yYW5kdGltZS8xNjE5MTUyNTM5OTAyLw,,\",\"product\":\"20\",\"selected_configurable_option\":\"\",\"related_product\":\"\",\"item\":\"20\",\"options\":{\"3\":\"5\",\"4\":\"8\"},\"qty\":\"1\"},\"options\":[{\"label\":\"Size\",\"value\":\"S\",\"print_value\":\"S\",\"option_id\":\"3\",\"option_type\":\"drop_down\",\"option_value\":\"5\",\"custom_view\":false},{\"label\":\"Color\",\"value\":\"Red\",\"print_value\":\"Red\",\"option_id\":\"4\",\"option_type\":\"drop_down\",\"option_value\":\"8\",\"custom_view\":false}]}',NULL,0,'MK-965874','Navy Skinny Fit Suit With Wool',NULL,NULL,NULL,0,0,NULL,0.0000,0.0000,1.0000,0.0000,0.0000,NULL,127.0000,127.0000,120.0000,120.0000,0.0000,0.0000,0.0000,0.0000,0.0000,0.0000,0.0000,0.0000,0.0000,0.0000,0.0000,0.0000,127.0000,127.0000,0.0000,0.0000,0.0000,NULL,NULL,NULL,NULL,NULL,127.0000,127.0000,127.0000,127.0000,0.0000,0.0000,NULL,NULL,NULL,NULL,NULL,NULL,NULL,NULL,NULL,NULL,NULL,NULL,0,NULL,NULL,NULL,NULL,NULL,NULL,NULL,NULL,NULL),(13,4,NULL,57,NULL,'2021-04-28 03:30:56','2021-04-28 03:30:56',21,'simple','{\"info_buyRequest\":{\"uenc\":\"aHR0cDovLzE5Mi4xNjguMS43MS9tYWdlbnRvMi9zbS1tYXJrZXRuZXcyNDEv\",\"product\":\"21\",\"qty\":1}}',NULL,0,'MK-01953','Travel Leather Backpack',NULL,NULL,NULL,0,0,NULL,0.0000,0.0000,1.0000,0.0000,0.0000,NULL,220.0000,220.0000,235.0000,235.0000,0.0000,0.0000,0.0000,0.0000,0.0000,0.0000,0.0000,0.0000,0.0000,0.0000,0.0000,0.0000,220.0000,220.0000,0.0000,0.0000,0.0000,NULL,NULL,NULL,NULL,NULL,220.0000,220.0000,220.0000,220.0000,0.0000,0.0000,NULL,NULL,NULL,NULL,NULL,NULL,NULL,NULL,NULL,NULL,NULL,NULL,0,NULL,NULL,NULL,NULL,NULL,NULL,NULL,NULL,NULL),(14,5,NULL,58,NULL,'2021-06-02 04:52:40','2021-06-02 04:54:51',21,'simple','{\"info_buyRequest\":{\"uenc\":\"aHR0cDovLzE5Mi4xNjguMS43MS9tYWdlbnRvMi9zbS1tYXJrZXRuZXcyNDEvZGVmYXVsdC8,\",\"product\":\"21\",\"qty\":1}}',NULL,0,'MK-01953','Travel Leather Backpack',NULL,NULL,NULL,0,0,NULL,0.0000,2.0000,2.0000,0.0000,2.0000,NULL,220.0000,220.0000,235.0000,235.0000,0.0000,0.0000,0.0000,0.0000,0.0000,0.0000,0.0000,0.0000,0.0000,0.0000,0.0000,0.0000,440.0000,440.0000,440.0000,440.0000,0.0000,NULL,NULL,NULL,NULL,NULL,220.0000,220.0000,440.0000,440.0000,0.0000,0.0000,0.0000,0.0000,NULL,NULL,NULL,NULL,NULL,NULL,NULL,NULL,NULL,NULL,0,'[]',NULL,NULL,NULL,NULL,NULL,NULL,NULL,NULL),(15,5,NULL,82,NULL,'2021-06-02 04:52:40','2021-06-02 04:54:51',39,'simple','{\"info_buyRequest\":{\"uenc\":\"aHR0cDovL2Rldi55dGN2bi5jb20vbWFnZW50bzIvc20tbWFya2V0bmV3MjQyL3B1Yi9pcmFuLw,,\",\"product\":\"39\",\"qty\":1}}',NULL,0,'MK-0109735','Google Pixel Android 8.1 OPM',NULL,NULL,NULL,0,0,NULL,0.0000,2.0000,2.0000,0.0000,2.0000,NULL,90.0000,90.0000,95.0000,95.0000,0.0000,0.0000,0.0000,0.0000,0.0000,0.0000,0.0000,0.0000,0.0000,0.0000,0.0000,0.0000,180.0000,180.0000,180.0000,180.0000,0.0000,NULL,NULL,NULL,NULL,NULL,90.0000,90.0000,180.0000,180.0000,0.0000,0.0000,0.0000,0.0000,NULL,NULL,NULL,NULL,NULL,NULL,NULL,NULL,NULL,NULL,0,'[]',NULL,NULL,NULL,NULL,NULL,NULL,NULL,NULL),(16,5,NULL,83,NULL,'2021-06-02 04:52:40','2021-06-02 04:54:51',38,'simple','{\"info_buyRequest\":{\"uenc\":\"aHR0cDovL2Rldi55dGN2bi5jb20vbWFnZW50bzIvc20tbWFya2V0bmV3MjQyL3B1Yi9pcmFuLw,,\",\"product\":\"38\",\"qty\":1}}',NULL,0,'MK-583642','iPhone 7 Plus 64GB Silver',NULL,NULL,NULL,0,0,NULL,0.0000,1.0000,1.0000,0.0000,1.0000,NULL,88.0000,88.0000,88.0000,88.0000,0.0000,0.0000,0.0000,0.0000,0.0000,0.0000,0.0000,0.0000,0.0000,0.0000,0.0000,0.0000,88.0000,88.0000,88.0000,88.0000,0.0000,NULL,NULL,NULL,NULL,NULL,88.0000,88.0000,88.0000,88.0000,0.0000,0.0000,0.0000,0.0000,NULL,NULL,NULL,NULL,NULL,NULL,NULL,NULL,NULL,NULL,0,'[]',NULL,NULL,NULL,NULL,NULL,NULL,NULL,NULL),(17,5,NULL,84,NULL,'2021-06-02 04:52:40','2021-06-02 04:54:52',36,'simple','{\"info_buyRequest\":{\"uenc\":\"aHR0cDovL2Rldi55dGN2bi5jb20vbWFnZW50bzIvc20tbWFya2V0bmV3MjQyL3B1Yi9pcmFuLw,,\",\"product\":\"36\",\"qty\":1}}',NULL,0,'MK-4253901','Samsung Galaxy J7 Prime 64Gb',NULL,NULL,NULL,0,0,NULL,0.0000,3.0000,3.0000,0.0000,3.0000,NULL,250.0000,250.0000,250.0000,250.0000,0.0000,0.0000,0.0000,0.0000,0.0000,0.0000,0.0000,0.0000,0.0000,0.0000,0.0000,0.0000,750.0000,750.0000,750.0000,750.0000,0.0000,NULL,NULL,NULL,NULL,NULL,250.0000,250.0000,750.0000,750.0000,0.0000,0.0000,0.0000,0.0000,NULL,NULL,NULL,NULL,NULL,NULL,NULL,NULL,NULL,NULL,0,'[]',NULL,NULL,NULL,NULL,NULL,NULL,NULL,NULL),(18,5,NULL,85,NULL,'2021-06-02 04:52:40','2021-06-02 04:54:52',19,'simple','{\"info_buyRequest\":{\"uenc\":\"aHR0cDovL2Rldi55dGN2bi5jb20vbWFnZW50bzIvc20tbWFya2V0bmV3MjQyL3B1Yi9pcmFuLw,,\",\"product\":\"19\",\"qty\":1}}',NULL,0,'MK-96354','Samsung Galaxy S8 Plus Gray',NULL,NULL,NULL,0,0,NULL,0.0000,1.0000,1.0000,0.0000,1.0000,NULL,400.0000,400.0000,418.0000,418.0000,0.0000,0.0000,0.0000,0.0000,0.0000,0.0000,0.0000,0.0000,0.0000,0.0000,0.0000,0.0000,400.0000,400.0000,400.0000,400.0000,0.0000,NULL,NULL,NULL,NULL,NULL,400.0000,400.0000,400.0000,400.0000,0.0000,0.0000,0.0000,0.0000,NULL,NULL,NULL,NULL,NULL,NULL,NULL,NULL,NULL,NULL,0,'[]',NULL,NULL,NULL,NULL,NULL,NULL,NULL,NULL),(19,5,NULL,86,NULL,'2021-06-02 04:52:40','2021-06-02 04:54:52',18,'simple','{\"info_buyRequest\":{\"uenc\":\"aHR0cDovL2Rldi55dGN2bi5jb20vbWFnZW50bzIvc20tbWFya2V0bmV3MjQyL3B1Yi9pcmFuLw,,\",\"product\":\"18\",\"qty\":1}}',NULL,0,'MK-879020','iPhone 6s Plus Red Case',NULL,NULL,NULL,0,0,NULL,0.0000,4.0000,4.0000,0.0000,4.0000,NULL,20.0000,20.0000,20.0000,20.0000,0.0000,0.0000,0.0000,0.0000,0.0000,0.0000,0.0000,0.0000,0.0000,0.0000,0.0000,0.0000,80.0000,80.0000,80.0000,80.0000,0.0000,NULL,NULL,NULL,NULL,NULL,20.0000,20.0000,80.0000,80.0000,0.0000,0.0000,0.0000,0.0000,NULL,NULL,NULL,NULL,NULL,NULL,NULL,NULL,NULL,NULL,0,'[]',NULL,NULL,NULL,NULL,NULL,NULL,NULL,NULL),(20,5,NULL,87,NULL,'2021-06-02 04:52:40','2021-06-02 04:54:52',40,'simple','{\"info_buyRequest\":{\"uenc\":\"aHR0cDovL2Rldi55dGN2bi5jb20vbWFnZW50bzIvc20tbWFya2V0bmV3MjQyL3B1Yi9pcmFuLw,,\",\"product\":\"40\",\"qty\":1}}',NULL,0,'MK-012967','iPad Pro 10.5 inch Retina',NULL,NULL,NULL,0,0,NULL,0.0000,1.0000,1.0000,0.0000,1.0000,NULL,95.0000,95.0000,100.0000,100.0000,0.0000,0.0000,0.0000,0.0000,0.0000,0.0000,0.0000,0.0000,0.0000,0.0000,0.0000,0.0000,95.0000,95.0000,95.0000,95.0000,0.0000,NULL,NULL,NULL,NULL,NULL,95.0000,95.0000,95.0000,95.0000,0.0000,0.0000,0.0000,0.0000,NULL,NULL,NULL,NULL,NULL,NULL,NULL,NULL,NULL,NULL,0,'[]',NULL,NULL,NULL,NULL,NULL,NULL,NULL,NULL),(21,5,NULL,88,NULL,'2021-06-02 04:52:40','2021-06-02 04:54:52',17,'simple','{\"info_buyRequest\":{\"uenc\":\"aHR0cDovL2Rldi55dGN2bi5jb20vbWFnZW50bzIvc20tbWFya2V0bmV3MjQyL3B1Yi9pcmFuL2NhcnRxdWlja3Byby9jYXRhbG9nX3Byb2R1Y3Qvdmlldy9pZC8xNy9yYW5kdGltZS8xNjIyNjA5NDk1MDEzLw,,\",\"product\":\"17\",\"selected_configurable_option\":\"\",\"related_product\":\"\",\"item\":\"17\",\"qty\":\"1\"}}',NULL,0,'MK-852456','iPhone 6s Plus Black Gray 128Gb',NULL,NULL,NULL,0,0,NULL,0.0000,3.0000,3.0000,0.0000,3.0000,NULL,206.0000,206.0000,206.0000,206.0000,0.0000,0.0000,0.0000,0.0000,0.0000,0.0000,0.0000,0.0000,0.0000,0.0000,0.0000,0.0000,618.0000,618.0000,618.0000,618.0000,0.0000,NULL,NULL,NULL,NULL,NULL,206.0000,206.0000,618.0000,618.0000,0.0000,0.0000,0.0000,0.0000,NULL,NULL,NULL,NULL,NULL,NULL,NULL,NULL,NULL,NULL,0,'[]',NULL,NULL,NULL,NULL,NULL,NULL,NULL,NULL),(22,6,NULL,89,NULL,'2021-06-02 05:16:11','2021-06-02 05:19:21',17,'simple','{\"info_buyRequest\":{\"uenc\":\"aHR0cDovL2Rldi55dGN2bi5jb20vbWFnZW50bzIvc20tbWFya2V0bmV3MjQyL3B1Yi9pcmFuLw,,\",\"product\":\"17\",\"qty\":1}}',NULL,0,'MK-852456','iPhone 6s Plus Black Gray 128Gb',NULL,NULL,NULL,0,0,NULL,0.0000,1.0000,1.0000,0.0000,1.0000,NULL,206.0000,206.0000,206.0000,206.0000,0.0000,0.0000,0.0000,0.0000,0.0000,0.0000,0.0000,0.0000,0.0000,0.0000,0.0000,0.0000,206.0000,206.0000,206.0000,206.0000,0.0000,NULL,NULL,NULL,NULL,NULL,206.0000,206.0000,206.0000,206.0000,0.0000,0.0000,0.0000,0.0000,NULL,NULL,NULL,NULL,NULL,NULL,NULL,NULL,NULL,NULL,0,'[]',NULL,NULL,NULL,NULL,NULL,NULL,NULL,NULL),(23,6,NULL,90,NULL,'2021-06-02 05:16:11','2021-06-02 05:19:21',16,'simple','{\"info_buyRequest\":{\"uenc\":\"aHR0cDovL2Rldi55dGN2bi5jb20vbWFnZW50bzIvc20tbWFya2V0bmV3MjQyL3B1Yi9pcmFuLw,,\",\"product\":\"16\",\"qty\":1}}',NULL,0,'MK-965027','iPad Pro 9.7 inch Wifi Cellular 16GB',NULL,NULL,NULL,0,0,NULL,0.0000,1.0000,1.0000,0.0000,1.0000,NULL,156.0000,156.0000,156.0000,156.0000,0.0000,0.0000,0.0000,0.0000,0.0000,0.0000,0.0000,0.0000,0.0000,0.0000,0.0000,0.0000,156.0000,156.0000,156.0000,156.0000,0.0000,NULL,NULL,NULL,NULL,NULL,156.0000,156.0000,156.0000,156.0000,0.0000,0.0000,0.0000,0.0000,NULL,NULL,NULL,NULL,NULL,NULL,NULL,NULL,NULL,NULL,0,'[]',NULL,NULL,NULL,NULL,NULL,NULL,NULL,NULL),(24,6,NULL,91,NULL,'2021-06-02 05:16:11','2021-06-02 05:19:21',15,'simple','{\"info_buyRequest\":{\"uenc\":\"aHR0cDovL2Rldi55dGN2bi5jb20vbWFnZW50bzIvc20tbWFya2V0bmV3MjQyL3B1Yi9pcmFuLw,,\",\"product\":\"15\",\"qty\":1}}',NULL,0,'MK-85602-1','iPhone 8 Plus 64GB Full Color',NULL,NULL,NULL,0,0,NULL,0.0000,1.0000,1.0000,0.0000,1.0000,NULL,500.0000,500.0000,502.0000,502.0000,0.0000,0.0000,0.0000,0.0000,0.0000,0.0000,0.0000,0.0000,0.0000,0.0000,0.0000,0.0000,500.0000,500.0000,500.0000,500.0000,0.0000,NULL,NULL,NULL,NULL,NULL,500.0000,500.0000,500.0000,500.0000,0.0000,0.0000,0.0000,0.0000,NULL,NULL,NULL,NULL,NULL,NULL,NULL,NULL,NULL,NULL,0,'[]',NULL,NULL,NULL,NULL,NULL,NULL,NULL,NULL),(25,6,NULL,92,NULL,'2021-06-02 05:16:11','2021-06-02 05:19:21',14,'simple','{\"info_buyRequest\":{\"uenc\":\"aHR0cDovL2Rldi55dGN2bi5jb20vbWFnZW50bzIvc20tbWFya2V0bmV3MjQyL3B1Yi9pcmFuLw,,\",\"product\":\"14\",\"qty\":1}}',NULL,0,'MK-968012','iPad Mini 4G Wifi Cellular 64GB',NULL,NULL,NULL,0,0,NULL,0.0000,1.0000,1.0000,0.0000,1.0000,NULL,320.0000,320.0000,320.0000,320.0000,0.0000,0.0000,0.0000,0.0000,0.0000,0.0000,0.0000,0.0000,0.0000,0.0000,0.0000,0.0000,320.0000,320.0000,320.0000,320.0000,0.0000,NULL,NULL,NULL,NULL,NULL,320.0000,320.0000,320.0000,320.0000,0.0000,0.0000,0.0000,0.0000,NULL,NULL,NULL,NULL,NULL,NULL,NULL,NULL,NULL,NULL,0,'[]',NULL,NULL,NULL,NULL,NULL,NULL,NULL,NULL),(26,6,NULL,93,NULL,'2021-06-02 05:16:11','2021-06-02 05:19:21',13,'simple','{\"info_buyRequest\":{\"uenc\":\"aHR0cDovL2Rldi55dGN2bi5jb20vbWFnZW50bzIvc20tbWFya2V0bmV3MjQyL3B1Yi9pcmFuLw,,\",\"product\":\"13\",\"qty\":1}}',NULL,0,'MK-01963','Apple Iphone X 512Gb White',NULL,NULL,NULL,0,0,NULL,0.0000,1.0000,1.0000,0.0000,1.0000,NULL,75.0000,75.0000,75.0000,75.0000,0.0000,0.0000,0.0000,0.0000,0.0000,0.0000,0.0000,0.0000,0.0000,0.0000,0.0000,0.0000,75.0000,75.0000,75.0000,75.0000,0.0000,NULL,NULL,NULL,NULL,NULL,75.0000,75.0000,75.0000,75.0000,0.0000,0.0000,0.0000,0.0000,NULL,NULL,NULL,NULL,NULL,NULL,NULL,NULL,NULL,NULL,0,'[]',NULL,NULL,NULL,NULL,NULL,NULL,NULL,NULL),(27,6,NULL,94,NULL,'2021-06-02 05:16:11','2021-06-02 05:19:21',12,'simple','{\"info_buyRequest\":{\"uenc\":\"aHR0cDovL2Rldi55dGN2bi5jb20vbWFnZW50bzIvc20tbWFya2V0bmV3MjQyL3B1Yi9pcmFuL2NhcnRxdWlja3Byby9jYXRhbG9nX3Byb2R1Y3Qvb3B0aW9ucy9pZC8xMi9yYW5kdGltZS8xNjIyNjEwOTM0NTc3Lw,,\",\"product\":\"12\",\"selected_configurable_option\":\"\",\"related_product\":\"\",\"item\":\"12\",\"options\":{\"1\":\"2\",\"2\":\"3\"},\"qty\":\"1.0000\"},\"options\":[{\"label\":\"RAM\",\"value\":\"3GB\",\"print_value\":\"3GB\",\"option_id\":\"1\",\"option_type\":\"drop_down\",\"option_value\":\"2\",\"custom_view\":false},{\"label\":\"Color\",\"value\":\"Blue\",\"print_value\":\"Blue\",\"option_id\":\"2\",\"option_type\":\"drop_down\",\"option_value\":\"3\",\"custom_view\":false}]}',NULL,0,'MK-01289','Apple iPhone Plus Silicon Case',NULL,NULL,NULL,0,0,NULL,0.0000,1.0000,1.0000,0.0000,1.0000,NULL,110.0000,110.0000,90.0000,90.0000,0.0000,0.0000,0.0000,0.0000,0.0000,0.0000,0.0000,0.0000,0.0000,0.0000,0.0000,0.0000,110.0000,110.0000,110.0000,110.0000,0.0000,NULL,NULL,NULL,NULL,NULL,110.0000,110.0000,110.0000,110.0000,0.0000,0.0000,0.0000,0.0000,NULL,NULL,NULL,NULL,NULL,NULL,NULL,NULL,NULL,NULL,0,'[]',NULL,NULL,NULL,NULL,NULL,NULL,NULL,NULL),(28,6,NULL,95,NULL,'2021-06-02 05:16:11','2021-06-02 05:19:21',11,'simple','{\"info_buyRequest\":{\"uenc\":\"aHR0cDovL2Rldi55dGN2bi5jb20vbWFnZW50bzIvc20tbWFya2V0bmV3MjQyL3B1Yi9pcmFuLw,,\",\"product\":\"11\",\"qty\":1}}',NULL,0,'MK-96803','Washing Machines & Dryers',NULL,NULL,NULL,0,0,NULL,0.0000,1.0000,1.0000,0.0000,1.0000,NULL,610.0000,610.0000,610.0000,610.0000,0.0000,0.0000,0.0000,0.0000,0.0000,0.0000,0.0000,0.0000,0.0000,0.0000,0.0000,0.0000,610.0000,610.0000,610.0000,610.0000,0.0000,NULL,NULL,NULL,NULL,NULL,610.0000,610.0000,610.0000,610.0000,0.0000,0.0000,0.0000,0.0000,NULL,NULL,NULL,NULL,NULL,NULL,NULL,NULL,NULL,NULL,0,'[]',NULL,NULL,NULL,NULL,NULL,NULL,NULL,NULL),(29,7,NULL,96,NULL,'2021-06-08 08:11:26','2021-06-08 08:11:26',49,'simple','{\"info_buyRequest\":{\"uenc\":\"aHR0cDovL2Rldi55dGN2bi5jb20vbWFnZW50bzIvc20tbWFya2V0bmV3MjQyL3B1Yi9kb21pbmljYS8,\",\"product\":\"49\",\"qty\":1}}',NULL,0,'MK-965803','Michael Kors Rogers Shoulder',NULL,NULL,NULL,0,0,NULL,0.0000,0.0000,20.0000,0.0000,0.0000,NULL,109.0000,109.0000,109.0000,109.0000,0.0000,0.0000,0.0000,0.0000,0.0000,0.0000,0.0000,0.0000,0.0000,0.0000,0.0000,0.0000,2180.0000,2180.0000,0.0000,0.0000,0.0000,NULL,NULL,NULL,NULL,NULL,109.0000,109.0000,2180.0000,2180.0000,0.0000,0.0000,NULL,NULL,NULL,NULL,NULL,NULL,NULL,NULL,NULL,NULL,NULL,NULL,0,NULL,NULL,NULL,NULL,NULL,NULL,NULL,NULL,NULL),(30,7,NULL,97,NULL,'2021-06-08 08:11:27','2021-06-08 08:11:27',46,'simple','{\"info_buyRequest\":{\"uenc\":\"aHR0cDovL2Rldi55dGN2bi5jb20vbWFnZW50bzIvc20tbWFya2V0bmV3MjQyL3B1Yi9kb21pbmljYS8,\",\"product\":\"46\",\"qty\":1}}',NULL,0,'MK-010201','Refresh Womens Wynne06 Ribbed',NULL,NULL,NULL,0,0,NULL,0.0000,0.0000,20.0000,0.0000,0.0000,NULL,450.0000,450.0000,450.0000,450.0000,0.0000,0.0000,0.0000,0.0000,0.0000,0.0000,0.0000,0.0000,0.0000,0.0000,0.0000,0.0000,9000.0000,9000.0000,0.0000,0.0000,0.0000,NULL,NULL,NULL,NULL,NULL,450.0000,450.0000,9000.0000,9000.0000,0.0000,0.0000,NULL,NULL,NULL,NULL,NULL,NULL,NULL,NULL,NULL,NULL,NULL,NULL,0,NULL,NULL,NULL,NULL,NULL,NULL,NULL,NULL,NULL),(31,7,NULL,98,NULL,'2021-06-08 08:11:27','2021-06-08 08:11:27',48,'simple','{\"info_buyRequest\":{\"uenc\":\"aHR0cDovL2Rldi55dGN2bi5jb20vbWFnZW50bzIvc20tbWFya2V0bmV3MjQyL3B1Yi9kb21pbmljYS8,\",\"product\":\"48\",\"qty\":1}}',NULL,0,'MK-741254','Valentino by Mario Valentino',NULL,NULL,NULL,0,0,NULL,0.0000,0.0000,20.0000,0.0000,0.0000,NULL,195.0000,195.0000,204.0000,204.0000,0.0000,0.0000,0.0000,0.0000,0.0000,0.0000,0.0000,0.0000,0.0000,0.0000,0.0000,0.0000,3900.0000,3900.0000,0.0000,0.0000,0.0000,NULL,NULL,NULL,NULL,NULL,195.0000,195.0000,3900.0000,3900.0000,0.0000,0.0000,NULL,NULL,NULL,NULL,NULL,NULL,NULL,NULL,NULL,NULL,NULL,NULL,0,NULL,NULL,NULL,NULL,NULL,NULL,NULL,NULL,NULL),(32,7,NULL,99,NULL,'2021-06-08 08:11:27','2021-06-08 08:11:27',44,'simple','{\"info_buyRequest\":{\"uenc\":\"aHR0cDovL2Rldi55dGN2bi5jb20vbWFnZW50bzIvc20tbWFya2V0bmV3MjQyL3B1Yi9kb21pbmljYS8,\",\"product\":\"44\",\"qty\":1}}',NULL,0,'MK-524096','Girls Shoes Girls Sneakers',NULL,NULL,NULL,0,0,NULL,0.0000,0.0000,20.0000,0.0000,0.0000,NULL,230.0000,230.0000,250.0000,250.0000,0.0000,0.0000,0.0000,0.0000,0.0000,0.0000,0.0000,0.0000,0.0000,0.0000,0.0000,0.0000,4600.0000,4600.0000,0.0000,0.0000,0.0000,NULL,NULL,NULL,NULL,NULL,230.0000,230.0000,4600.0000,4600.0000,0.0000,0.0000,NULL,NULL,NULL,NULL,NULL,NULL,NULL,NULL,NULL,NULL,NULL,NULL,0,NULL,NULL,NULL,NULL,NULL,NULL,NULL,NULL,NULL),(33,7,NULL,100,NULL,'2021-06-08 08:11:27','2021-06-08 08:11:27',45,'simple','{\"info_buyRequest\":{\"uenc\":\"aHR0cDovL2Rldi55dGN2bi5jb20vbWFnZW50bzIvc20tbWFya2V0bmV3MjQyL3B1Yi9kb21pbmljYS8,\",\"product\":\"45\",\"qty\":1}}',NULL,0,'MK-8758596','Flex racer 360 580 Black 11249',NULL,NULL,NULL,0,0,NULL,0.0000,0.0000,20.0000,0.0000,0.0000,NULL,125.0000,125.0000,125.0000,125.0000,0.0000,0.0000,0.0000,0.0000,0.0000,0.0000,0.0000,0.0000,0.0000,0.0000,0.0000,0.0000,2500.0000,2500.0000,0.0000,0.0000,0.0000,NULL,NULL,NULL,NULL,NULL,125.0000,125.0000,2500.0000,2500.0000,0.0000,0.0000,NULL,NULL,NULL,NULL,NULL,NULL,NULL,NULL,NULL,NULL,NULL,NULL,0,NULL,NULL,NULL,NULL,NULL,NULL,NULL,NULL,NULL),(34,7,NULL,101,NULL,'2021-06-08 08:11:27','2021-06-08 08:11:27',47,'simple','{\"info_buyRequest\":{\"uenc\":\"aHR0cDovL2Rldi55dGN2bi5jb20vbWFnZW50bzIvc20tbWFya2V0bmV3MjQyL3B1Yi9kb21pbmljYS8,\",\"product\":\"47\",\"qty\":1}}',NULL,0,'MK-8896574','Latest National Valentine Day',NULL,NULL,NULL,0,0,NULL,0.0000,0.0000,20.0000,0.0000,0.0000,NULL,310.0000,310.0000,310.0000,310.0000,0.0000,0.0000,0.0000,0.0000,0.0000,0.0000,0.0000,0.0000,0.0000,0.0000,0.0000,0.0000,6200.0000,6200.0000,0.0000,0.0000,0.0000,NULL,NULL,NULL,NULL,NULL,310.0000,310.0000,6200.0000,6200.0000,0.0000,0.0000,NULL,NULL,NULL,NULL,NULL,NULL,NULL,NULL,NULL,NULL,NULL,NULL,0,NULL,NULL,NULL,NULL,NULL,NULL,NULL,NULL,NULL),(35,8,NULL,127,NULL,'2021-07-15 09:11:26','2021-07-15 09:13:00',65,'simple','{\"info_buyRequest\":{\"uenc\":\"aHR0cDovL2Rldi55dGN2bi5jb20vbWFnZW50bzIvc20tbWFya2V0bmV3MjQyL3B1Yi9tYXVyaXRpdXMv\",\"product\":\"65\",\"qty\":1}}',NULL,0,'MK-8570645','High Back Executive Chair Black',NULL,NULL,NULL,0,0,NULL,0.0000,1.0000,1.0000,0.0000,1.0000,NULL,615.0000,615.0000,615.0000,615.0000,0.0000,0.0000,0.0000,0.0000,0.0000,0.0000,0.0000,0.0000,0.0000,0.0000,0.0000,0.0000,615.0000,615.0000,615.0000,615.0000,0.0000,NULL,NULL,NULL,NULL,NULL,615.0000,615.0000,615.0000,615.0000,0.0000,0.0000,0.0000,0.0000,NULL,NULL,NULL,NULL,NULL,NULL,NULL,NULL,NULL,NULL,0,'[]',NULL,NULL,NULL,NULL,NULL,NULL,NULL,NULL),(36,8,NULL,128,NULL,'2021-07-15 09:11:26','2021-07-15 09:13:00',66,'simple','{\"info_buyRequest\":{\"uenc\":\"aHR0cDovL2Rldi55dGN2bi5jb20vbWFnZW50bzIvc20tbWFya2V0bmV3MjQyL3B1Yi9tYXVyaXRpdXMv\",\"product\":\"66\",\"qty\":1}}',NULL,0,'MK-0130102','Merango Microfiber Living Room',NULL,NULL,NULL,0,0,NULL,0.0000,3.0000,3.0000,0.0000,3.0000,NULL,268.0000,268.0000,268.0000,268.0000,0.0000,0.0000,0.0000,0.0000,0.0000,0.0000,0.0000,0.0000,0.0000,0.0000,0.0000,0.0000,804.0000,804.0000,804.0000,804.0000,0.0000,NULL,NULL,NULL,NULL,NULL,268.0000,268.0000,804.0000,804.0000,0.0000,0.0000,0.0000,0.0000,NULL,NULL,NULL,NULL,NULL,NULL,NULL,NULL,NULL,NULL,0,'[]',NULL,NULL,NULL,NULL,NULL,NULL,NULL,NULL),(37,8,NULL,129,NULL,'2021-07-15 09:11:26','2021-07-15 09:13:00',64,'simple','{\"info_buyRequest\":{\"uenc\":\"aHR0cDovL2Rldi55dGN2bi5jb20vbWFnZW50bzIvc20tbWFya2V0bmV3MjQyL3B1Yi9tYXVyaXRpdXMv\",\"product\":\"64\",\"qty\":1}}',NULL,0,'MK-858696','Sparkle Paper Towels 24 Giant',NULL,NULL,NULL,0,0,NULL,0.0000,8.0000,8.0000,0.0000,8.0000,NULL,410.0000,410.0000,410.0000,410.0000,0.0000,0.0000,0.0000,0.0000,0.0000,0.0000,0.0000,0.0000,0.0000,0.0000,0.0000,0.0000,3280.0000,3280.0000,3280.0000,3280.0000,0.0000,NULL,NULL,NULL,NULL,NULL,410.0000,410.0000,3280.0000,3280.0000,0.0000,0.0000,0.0000,0.0000,NULL,NULL,NULL,NULL,NULL,NULL,NULL,NULL,NULL,NULL,0,'[]',NULL,NULL,NULL,NULL,NULL,NULL,NULL,NULL),(38,8,NULL,130,NULL,'2021-07-15 09:11:26','2021-07-15 09:13:00',63,'simple','{\"info_buyRequest\":{\"uenc\":\"aHR0cDovL2Rldi55dGN2bi5jb20vbWFnZW50bzIvc20tbWFya2V0bmV3MjQyL3B1Yi9tYXVyaXRpdXMv\",\"product\":\"63\",\"qty\":1}}',NULL,0,'MK-0853102','Relax Massage Chair Recliner',NULL,NULL,NULL,0,0,NULL,0.0000,5.0000,5.0000,0.0000,5.0000,NULL,317.0000,317.0000,317.0000,317.0000,0.0000,0.0000,0.0000,0.0000,0.0000,0.0000,0.0000,0.0000,0.0000,0.0000,0.0000,0.0000,1585.0000,1585.0000,1585.0000,1585.0000,0.0000,NULL,NULL,NULL,NULL,NULL,317.0000,317.0000,1585.0000,1585.0000,0.0000,0.0000,0.0000,0.0000,NULL,NULL,NULL,NULL,NULL,NULL,NULL,NULL,NULL,NULL,0,'[]',NULL,NULL,NULL,NULL,NULL,NULL,NULL,NULL),(39,8,NULL,131,NULL,'2021-07-15 09:11:26','2021-07-15 09:13:00',62,'simple','{\"info_buyRequest\":{\"uenc\":\"aHR0cDovL2Rldi55dGN2bi5jb20vbWFnZW50bzIvc20tbWFya2V0bmV3MjQyL3B1Yi9tYXVyaXRpdXMv\",\"product\":\"62\",\"qty\":1}}',NULL,0,'MK-777031','Silent Quartz Decorative Wall',NULL,NULL,NULL,0,0,NULL,0.0000,10.0000,10.0000,0.0000,10.0000,NULL,105.0000,105.0000,105.0000,105.0000,0.0000,0.0000,0.0000,0.0000,0.0000,0.0000,0.0000,0.0000,0.0000,0.0000,0.0000,0.0000,1050.0000,1050.0000,1050.0000,1050.0000,0.0000,NULL,NULL,NULL,NULL,NULL,105.0000,105.0000,1050.0000,1050.0000,0.0000,0.0000,0.0000,0.0000,NULL,NULL,NULL,NULL,NULL,NULL,NULL,NULL,NULL,NULL,0,'[]',NULL,NULL,NULL,NULL,NULL,NULL,NULL,NULL),(40,8,NULL,132,NULL,'2021-07-15 09:11:26','2021-07-15 09:13:00',61,'simple','{\"info_buyRequest\":{\"uenc\":\"aHR0cDovL2Rldi55dGN2bi5jb20vbWFnZW50bzIvc20tbWFya2V0bmV3MjQyL3B1Yi9tYXVyaXRpdXMv\",\"product\":\"61\",\"qty\":1}}',NULL,0,'MK-455023','Floor Uplight Lamp 69 Inch White',NULL,NULL,NULL,0,0,NULL,0.0000,4.0000,4.0000,0.0000,4.0000,NULL,250.0000,250.0000,250.0000,250.0000,0.0000,0.0000,0.0000,0.0000,0.0000,0.0000,0.0000,0.0000,0.0000,0.0000,0.0000,0.0000,1000.0000,1000.0000,1000.0000,1000.0000,0.0000,NULL,NULL,NULL,NULL,NULL,250.0000,250.0000,1000.0000,1000.0000,0.0000,0.0000,0.0000,0.0000,NULL,NULL,NULL,NULL,NULL,NULL,NULL,NULL,NULL,NULL,0,'[]',NULL,NULL,NULL,NULL,NULL,NULL,NULL,NULL),(41,9,NULL,213,NULL,'2021-10-23 01:43:54','2021-10-23 01:43:54',137,'simple','{\"info_buyRequest\":{\"uenc\":\"aHR0cDovLzE5Mi4xNjguMS43MS9tYWdlbnRvMi9zbS1tYXJrZXRuZXcyNDMvcHViL3JvbWFuaWEvbmV3LWNyb3AtY2l0cnVzLWZydWl0LXN1bW1lci5odG1s\",\"product\":\"137\",\"selected_configurable_option\":\"\",\"related_product\":\"\",\"item\":\"137\",\"qty\":\"1\",\"return_url\":\"http:\\/\\/192.168.1.71\\/magento2\\/sm-marketnew243\\/pub\\/romania\\/checkout\\/\"}}',NULL,0,'MK-85901348','New Crop Citrus Fruit Summer',NULL,NULL,NULL,0,0,NULL,0.0000,0.0000,2.0000,0.0000,0.0000,NULL,110.0000,110.0000,110.0000,110.0000,0.0000,0.0000,0.0000,0.0000,0.0000,0.0000,0.0000,0.0000,0.0000,0.0000,0.0000,0.0000,220.0000,220.0000,0.0000,0.0000,0.0000,NULL,NULL,NULL,NULL,NULL,110.0000,110.0000,220.0000,220.0000,0.0000,0.0000,NULL,NULL,NULL,NULL,NULL,NULL,NULL,NULL,NULL,NULL,NULL,NULL,0,NULL,NULL,NULL,NULL,NULL,NULL,NULL,NULL,NULL),(42,9,NULL,214,NULL,'2021-10-23 01:43:54','2021-10-23 01:43:54',136,'simple','{\"info_buyRequest\":{\"uenc\":\"aHR0cDovLzE5Mi4xNjguMS43MS9tYWdlbnRvMi9zbS1tYXJrZXRuZXcyNDMvcHViL3JvbWFuaWEvb3JnYW5pYy1uZXctY2hlYXAtc3dlZXQtZnJlc2guaHRtbA,,\",\"product\":\"136\",\"selected_configurable_option\":\"\",\"related_product\":\"\",\"item\":\"136\",\"qty\":\"1\",\"return_url\":\"http:\\/\\/192.168.1.71\\/magento2\\/sm-marketnew243\\/pub\\/romania\\/checkout\\/\"}}',NULL,0,'MK-5863103','Organic New Cheap Sweet Fresh',NULL,NULL,NULL,0,0,NULL,0.0000,0.0000,3.0000,0.0000,0.0000,NULL,450.0000,450.0000,450.0000,450.0000,0.0000,0.0000,0.0000,0.0000,0.0000,0.0000,0.0000,0.0000,0.0000,0.0000,0.0000,0.0000,1350.0000,1350.0000,0.0000,0.0000,0.0000,NULL,NULL,NULL,NULL,NULL,450.0000,450.0000,1350.0000,1350.0000,0.0000,0.0000,NULL,NULL,NULL,NULL,NULL,NULL,NULL,NULL,NULL,NULL,NULL,NULL,0,NULL,NULL,NULL,NULL,NULL,NULL,NULL,NULL,NULL),(43,9,NULL,215,NULL,'2021-10-23 01:43:54','2021-10-23 01:43:54',138,'simple','{\"info_buyRequest\":{\"uenc\":\"aHR0cDovLzE5Mi4xNjguMS43MS9tYWdlbnRvMi9zbS1tYXJrZXRuZXcyNDMvcHViL3JvbWFuaWEv\",\"product\":\"138\",\"qty\":1}}',NULL,0,'MK-452136','Hot Price Fruit Honey Pomelo',NULL,NULL,NULL,0,0,NULL,0.0000,0.0000,1.0000,0.0000,0.0000,NULL,435.0000,435.0000,435.0000,435.0000,0.0000,0.0000,0.0000,0.0000,0.0000,0.0000,0.0000,0.0000,0.0000,0.0000,0.0000,0.0000,435.0000,435.0000,0.0000,0.0000,0.0000,NULL,NULL,NULL,NULL,NULL,435.0000,435.0000,435.0000,435.0000,0.0000,0.0000,NULL,NULL,NULL,NULL,NULL,NULL,NULL,NULL,NULL,NULL,NULL,NULL,0,NULL,NULL,NULL,NULL,NULL,NULL,NULL,NULL,NULL),(44,9,NULL,216,NULL,'2021-10-23 01:43:54','2021-10-23 01:43:54',134,'simple','{\"info_buyRequest\":{\"uenc\":\"aHR0cDovLzE5Mi4xNjguMS43MS9tYWdlbnRvMi9zbS1tYXJrZXRuZXcyNDMvcHViL3JvbWFuaWEvZGVsaWNpb3VzLWZyZXNoLWVneXB0LW5hdHVyYWwuaHRtbA,,\",\"product\":\"134\",\"selected_configurable_option\":\"\",\"related_product\":\"\",\"item\":\"134\",\"qty\":\"1\",\"return_url\":\"http:\\/\\/192.168.1.71\\/magento2\\/sm-marketnew243\\/pub\\/romania\\/checkout\\/\"}}',NULL,0,'MK-5860123','Delicious Fresh Egypt Natural',NULL,NULL,NULL,0,0,NULL,0.0000,0.0000,1.0000,0.0000,0.0000,NULL,145.0000,145.0000,145.0000,145.0000,0.0000,0.0000,0.0000,0.0000,0.0000,0.0000,0.0000,0.0000,0.0000,0.0000,0.0000,0.0000,145.0000,145.0000,0.0000,0.0000,0.0000,NULL,NULL,NULL,NULL,NULL,145.0000,145.0000,145.0000,145.0000,0.0000,0.0000,NULL,NULL,NULL,NULL,NULL,NULL,NULL,NULL,NULL,NULL,NULL,NULL,0,NULL,NULL,NULL,NULL,NULL,NULL,NULL,NULL,NULL),(45,10,NULL,220,NULL,'2021-10-23 01:52:24','2021-10-23 01:52:24',138,'simple','{\"info_buyRequest\":{\"uenc\":\"aHR0cDovLzE5Mi4xNjguMS43MS9tYWdlbnRvMi9zbS1tYXJrZXRuZXcyNDMvcHViL3JvbWFuaWEvaG90LXByaWNlLWZydWl0LWhvbmV5LXBvbWVsby5odG1s\",\"product\":\"138\",\"selected_configurable_option\":\"\",\"related_product\":\"\",\"item\":\"138\",\"qty\":\"1\",\"return_url\":\"http:\\/\\/192.168.1.71\\/magento2\\/sm-marketnew243\\/pub\\/romania\\/checkout\\/\"}}',NULL,0,'MK-452136','Hot Price Fruit Honey Pomelo',NULL,NULL,NULL,0,0,NULL,0.0000,0.0000,1.0000,0.0000,0.0000,NULL,435.0000,435.0000,435.0000,435.0000,0.0000,0.0000,0.0000,0.0000,0.0000,0.0000,0.0000,0.0000,0.0000,0.0000,0.0000,0.0000,435.0000,435.0000,0.0000,0.0000,0.0000,NULL,NULL,NULL,NULL,NULL,435.0000,435.0000,435.0000,435.0000,0.0000,0.0000,NULL,NULL,NULL,NULL,NULL,NULL,NULL,NULL,NULL,NULL,NULL,NULL,0,NULL,NULL,NULL,NULL,NULL,NULL,NULL,NULL,NULL),(46,11,NULL,519,5,'2022-08-04 16:27:03','2022-08-04 16:27:03',12660,'simple','{\"info_buyRequest\":{\"uenc\":\"aHR0cHM6Ly9kZXYtZ29vZ2xlLXB1bmNob3V0LnJhaGlzeXN0ZW1zLmNvbS9sYXB0b3BzLWFjY2Vzc29yaWVzLmh0bWw,\",\"product\":\"12660\",\"qty\":1}}',NULL,0,'1020401','1020401-D7PR2T',NULL,NULL,NULL,0,0,NULL,0.0000,0.0000,1.0000,0.0000,0.0000,NULL,28.0000,28.0000,28.0000,28.0000,0.0000,0.0000,0.0000,0.0000,0.0000,0.0000,0.0000,0.0000,0.0000,0.0000,0.0000,0.0000,28.0000,28.0000,0.0000,0.0000,0.0000,NULL,NULL,NULL,NULL,NULL,28.0000,28.0000,28.0000,28.0000,0.0000,0.0000,NULL,NULL,NULL,NULL,NULL,NULL,NULL,NULL,NULL,NULL,NULL,NULL,0,NULL,NULL,NULL,NULL,NULL,NULL,NULL,NULL,NULL),(47,12,NULL,518,5,'2022-08-04 16:27:50','2022-08-04 16:27:50',15787,'simple','{\"info_buyRequest\":{\"uenc\":\"aHR0cHM6Ly9kZXYtZ29vZ2xlLXB1bmNob3V0LnJhaGlzeXN0ZW1zLmNvbS8,\",\"product\":\"15787\",\"qty\":1}}',NULL,0,'1069235','1069235-Nucom-10NL-150',NULL,NULL,NULL,0,0,NULL,0.0000,0.0000,1.0000,0.0000,0.0000,NULL,6678.0000,6678.0000,6678.0000,6678.0000,0.0000,0.0000,0.0000,0.0000,0.0000,0.0000,0.0000,0.0000,0.0000,0.0000,0.0000,0.0000,6678.0000,6678.0000,0.0000,0.0000,0.0000,NULL,NULL,NULL,NULL,NULL,6678.0000,6678.0000,6678.0000,6678.0000,0.0000,0.0000,NULL,NULL,NULL,NULL,NULL,NULL,NULL,NULL,NULL,NULL,NULL,0,0,NULL,NULL,NULL,NULL,NULL,NULL,NULL,NULL,NULL),(48,13,NULL,532,5,'2022-08-04 20:06:48','2022-08-04 20:06:48',19549,'simple','{\"info_buyRequest\":{\"product\":\"19549\",\"qty\":\"10\"}}',NULL,0,'ADB0036','1234',NULL,NULL,NULL,0,0,NULL,0.0000,0.0000,10.0000,0.0000,0.0000,NULL,5.0000,5.0000,5.0000,5.0000,0.0000,0.0000,0.0000,0.0000,0.0000,0.0000,0.0000,0.0000,0.0000,0.0000,0.0000,0.0000,50.0000,50.0000,0.0000,0.0000,0.0000,NULL,NULL,NULL,NULL,NULL,5.0000,5.0000,50.0000,50.0000,0.0000,0.0000,NULL,NULL,NULL,NULL,NULL,NULL,NULL,NULL,NULL,NULL,NULL,NULL,0,NULL,NULL,NULL,NULL,NULL,NULL,NULL,NULL,NULL);

--
