--
-- Host: localhost    Database: google_punchout
-- ------------------------------------------------------


--
-- Table structure for table `admin_analytics_usage_version_log`
--

CREATE TABLE `admin_analytics_usage_version_log` (
  `id` int(10) unsigned NOT NULL AUTO_INCREMENT COMMENT 'Log ID',
  `last_viewed_in_version` varchar(50) NOT NULL COMMENT 'Viewer last viewed on product version',
  PRIMARY KEY (`id`),
  UNIQUE KEY `ADMIN_ANALYTICS_USAGE_VERSION_LOG_LAST_VIEWED_IN_VERSION` (`last_viewed_in_version`)
) ENGINE=InnoDB AUTO_INCREMENT=2 DEFAULT CHARSET=utf8 COMMENT='Admin Notification Viewer Log Table';

--
-- Dumping data for table `admin_analytics_usage_version_log`
--

INSERT INTO `admin_analytics_usage_version_log` VALUES (1,'2.4.1');

--
-- Table structure for table `admin_passwords`
--

CREATE TABLE `admin_passwords` (
  `password_id` int(10) unsigned NOT NULL AUTO_INCREMENT COMMENT 'Password ID',
  `user_id` int(10) unsigned NOT NULL DEFAULT '0' COMMENT 'User ID',
  `password_hash` varchar(255) DEFAULT NULL COMMENT 'Password Hash',
  `expires` int(10) unsigned NOT NULL DEFAULT '0' COMMENT 'Deprecated',
  `last_updated` int(10) unsigned NOT NULL DEFAULT '0' COMMENT 'Last Updated',
  PRIMARY KEY (`password_id`),
  KEY `ADMIN_PASSWORDS_USER_ID` (`user_id`),
  CONSTRAINT `ADMIN_PASSWORDS_USER_ID_ADMIN_USER_USER_ID` FOREIGN KEY (`user_id`) REFERENCES `admin_user` (`user_id`) ON DELETE CASCADE
) ENGINE=InnoDB AUTO_INCREMENT=39 DEFAULT CHARSET=utf8 COMMENT='Admin Passwords';

--
-- Dumping data for table `admin_passwords`
--

INSERT INTO `admin_passwords` VALUES (7,4,'99d5b388ecddce0ddac2d673d6f408677ab8e0a0f78fe1f91ffe18696020d5c5:7zjBDQq8nNT0BP9iZidJK9av12OQyRSi:3_32_2_67108864',0,1633404726),(8,4,'0a08bb59add5c67c63d9c631a2ff7855ef94431f3ff5715a0560627e7d92ff9d:qY8ymL0jOeAvk13AGsA4m6Koqr9I4MFW:3_32_2_67108864',0,1641192620),(10,6,'d6ebf7a2dd1003c008d41d4cab6a6ae564955457775d7e1a0e957ecfa73c3944:RUt55kjIw7WEu7d8wgPGBbErhdQUSERH:3_32_2_67108864',0,1651044129),(11,6,'6d1a69d84b7a78c1f7e854094293e58a980cbd6b00e2f8a03dbac373311f3a33:D8Evs4QthTde1zZwQ0W5S6YSV9jP1ZlG:3_32_2_67108864',0,1651044669),(12,7,'f534cc6bdf201922e6496d0cad36afdda1b9c22e2be4169db45b13427656970c:7UAFzReLSvURhH31WDGbidurcydUH29y:3_32_2_67108864',0,1651061298),(13,7,'50d62bdf078e0f6651e3f70087b04b7ca9419a8be928c9b682417b8bd969183f:wMpeKGaL5tfJXOFyc1WT7vbPPL2lgWl8:3_32_2_67108864',0,1651074194),(14,8,'bd78558268803b043889d771f3503d0d542e7a891daabe55aca523f10ee566c7:85CDpoZpNboFhSmlAkXdvOv0ox7zHQzy:3_32_2_67108864',0,1652175959),(15,9,'2b543d453ca3cf64767b7348006eaa2dd1186f7916f98208863961422edbfe01:o2ByBF3YrqiUYopZ5WogtMyzMvMQ3jDM:3_32_2_67108864',0,1652176088),(16,7,'253a8937b48d3e39c0e0a635f0f7ed53d02f0b56efbe2a2d314d67287ea4fdb7:vXrGCXWU1EzXDhe3LiRkGLa1ev0fqzJz:3_32_2_67108864',0,1654185852),(17,10,'d368e95ea29ecb0179bbbc663f70e7862c9f59794a3b9920fba466227b1f98fb:WUfIXbM1ZxO886ZTRWQUfzIj0uurPcwT:3_32_2_67108864',0,1657778764),(18,11,'7f7303a5c48ef469f213ba7b10e1c26ee21cf4760e762252b05ca753e9e08d79:E1Ny52j9d53p0fu8S6ubyFKdegkgV7ky:3_32_2_67108864',0,1659114772),(19,11,'cb0a10540cfd82d8b63b88dd7746af47f674533b4f98291c11860890bde67d60:y1d1dozjqpD3IvmwBcSy3TM3EcqLpJgO:3_32_2_67108864',0,1659115274),(20,12,'089ccd0f0e31ce32cdcffde309e6b1ec91e53b144852da7244436eb0563d61a5:10CZGbdXL9dGo5j4m10dYYIYJe8UFFVS:3_32_2_67108864',0,1659115393),(21,13,'0fb5c2571887d7b033c170c7ad55c504326d792228f87df65947dbe82de0f3c7:3VTPRphQiI55Ol1xsMxNZ4L6Gwz7w0gs:3_32_2_67108864',0,1659115517),(22,14,'5511e993d4ad76bb0d7d9dea68e182a74100e06002dbe432bc69d66d462437fa:usDAcmFEiFGnVfM691PadUmzecBFceYb:3_32_2_67108864',0,1659115662),(23,15,'8072ad973630ee8f094a4abd270a6bf30a6ae1031051f8fee76a087fecf63110:ZdOcqBWUlVF5YNfJi3jT827q1lqdg8l8:3_32_2_67108864',0,1659116048),(24,6,'00a1310fcdbc10e2440dbd3a4b01da5cb675f8ffc8355dc1af21fd7421c13a94:DkNhpW0HJnCITJoGU0dCKIrlae5K4xHY:3_32_2_67108864',0,1659588008),(25,16,'fe7ee97e584e5d21c6263d224560cc1f3ab48764d7da2a4df2f1d4ad3a52f73d:Vb780TNBL2iL0tHGt9JxDGgBV7RC0WtY:3_32_2_67108864',0,1659588097),(26,9,'202d8ecc1ff10da4010d2f15dd790ec9279238429c964cd765faf35891925ddc:4VbrPqMgbXNs6mmCL7Rl7oIoK7eMWhWl:3_32_2_67108864',0,1659952764),(27,15,'15f94b0ad6f98b761eef6435b405570ab5e2e4af64236f13ec65e8791538ed28:FeTREKHoSmapNwEWe1GQtAyw3lh6BzNe:3_32_2_67108864',0,1667949665),(28,13,'0e34c90a5ffd885b0e4041671595d8c7a11cb6d40a254a8cf9d71bcb71eb080f:MelNpKgK0bOOZ1fbcyFffyrktZlzoC1B:3_32_2_67108864',0,1668149012),(29,12,'f8eef7df1f83115dd213f4fcc6dc607b1d6f36e89420bc66bb0bf339bf4cac8e:01qTjdoTLRQ9IPWFCSR2p89KiHA3WboN:3_32_2_67108864',0,1668149441),(30,17,'6c9f608468c6e08981b5142ff0d718760f3ee64c7cbed16d10280bc3a00fb143:xaQquKShWPLR3R0EKa1H6V1EDLUp4M7X:3_32_2_67108864',0,1670843687),(31,17,'651e243607222189d407a910dd4b8ece41817a2efb977b7856a58d23d15b9fc6:ps6R8dTmBHuWxxp0GnylyYyMjfebhLKw:3_32_2_67108864',0,1670843839),(32,12,'fb0adba98f31472e258a2b597feb80c740a8796a54615b3f935593f9916c7b0e:HDiKOth3PPHdcoI1Cm7myowfuSIORLhB:3_32_2_67108864',0,1682570126),(33,18,'cda23560b0b632b91f9cba7a7446d52ed4bda93ddf6dcd511b0f4179a3762690:uoZ1QGVGhEWcTWe081crIm8uaqD1Jqzm:3_32_2_67108864',0,1683044722),(34,18,'500102097fa862485783aafddd11a8165fd689cd1530246905c788625b43285b:2tP4DncMr5L1CwXVK0GzXtvxuEQ3Cjia:3_32_2_67108864',0,1683045028),(35,8,'a714ea15aef730ee6ce523ca549b38ab5871ae1f05b052b142ad0cfcae63074c:HMKfDzez86vVkW2D4mzFFNCZ8AKUXTne:3_32_2_67108864',0,1683091561),(36,19,'1279b1414484c4397b3532d81008605e5150fa685ccc016894e383591ad8101f:0WlRi9MnaY8R3lZmF6qK7YA5tqFBQJqE:3_32_2_67108864',0,1684816260),(37,20,'d715fac1ae6660fe71b395c03c2b52cb21eb8a7f20b6f66852e31765d6815497:q7nlzdgNZwkxXJ4AN87Qzjq6E8GN2Cup:3_32_2_67108864',0,1703030788),(38,21,'60e35b8ec3c855c3d59dfefb97b96fbcdfd14851da2a919faae8b388073078f1:SJj0oo0J5Jm4sIr1lTyCGUcjrAg4cXBx:3_32_2_67108864',0,1709276326);

--
-- Table structure for table `admin_system_messages`
--

CREATE TABLE `admin_system_messages` (
  `identity` varchar(100) NOT NULL COMMENT 'Message ID',
  `severity` smallint(5) unsigned NOT NULL DEFAULT '0' COMMENT 'Problem type',
  `created_at` timestamp NOT NULL DEFAULT CURRENT_TIMESTAMP COMMENT 'Create date',
  PRIMARY KEY (`identity`)
) ENGINE=InnoDB DEFAULT CHARSET=utf8 COMMENT='Admin System Messages';

--
-- Dumping data for table `admin_system_messages`
--


--
-- Table structure for table `admin_user`
--

CREATE TABLE `admin_user` (
  `user_id` int(10) unsigned NOT NULL AUTO_INCREMENT COMMENT 'User ID',
  `firstname` varchar(32) DEFAULT NULL COMMENT 'User First Name',
  `lastname` varchar(32) DEFAULT NULL COMMENT 'User Last Name',
  `email` varchar(128) DEFAULT NULL COMMENT 'User Email',
  `username` varchar(40) DEFAULT NULL COMMENT 'User Login',
  `password` varchar(255) NOT NULL COMMENT 'User Password',
  `created` timestamp NOT NULL DEFAULT CURRENT_TIMESTAMP COMMENT 'User Created Time',
  `modified` timestamp NOT NULL DEFAULT CURRENT_TIMESTAMP ON UPDATE CURRENT_TIMESTAMP COMMENT 'User Modified Time',
  `logdate` timestamp NULL DEFAULT NULL COMMENT 'User Last Login Time',
  `lognum` smallint(5) unsigned NOT NULL DEFAULT '0' COMMENT 'User Login Number',
  `reload_acl_flag` smallint(6) NOT NULL DEFAULT '0' COMMENT 'Reload ACL',
  `is_active` smallint(6) NOT NULL DEFAULT '1' COMMENT 'User Is Active',
  `extra` text COMMENT 'User Extra Data',
  `rp_token` text COMMENT 'Reset Password Link Token',
  `rp_token_created_at` timestamp NULL DEFAULT NULL COMMENT 'Reset Password Link Token Creation Date',
  `interface_locale` varchar(16) NOT NULL DEFAULT 'en_US' COMMENT 'Backend interface locale',
  `failures_num` smallint(6) DEFAULT '0' COMMENT 'Failure Number',
  `first_failure` timestamp NULL DEFAULT NULL COMMENT 'First Failure',
  `lock_expires` timestamp NULL DEFAULT NULL COMMENT 'Expiration Lock Dates',
  `refresh_token` text COMMENT 'Email connector refresh token',
  PRIMARY KEY (`user_id`),
  UNIQUE KEY `ADMIN_USER_USERNAME` (`username`)
) ENGINE=InnoDB AUTO_INCREMENT=22 DEFAULT CHARSET=utf8 COMMENT='Admin User Table';

--
-- Dumping data for table `admin_user`
--

INSERT INTO `admin_user` VALUES (6,'Rahi','Admin','rahiadmin@rahisystems.com','admin','00a1310fcdbc10e2440dbd3a4b01da5cb675f8ffc8355dc1af21fd7421c13a94:DkNhpW0HJnCITJoGU0dCKIrlae5K4xHY:3_32_2_67108864','2022-04-27 07:22:09','2024-03-07 09:30:39','2024-03-07 09:30:39',178,0,1,'{\"configState\":{\"themecore_general\":\"1\",\"themecore_theme_layout\":\"1\",\"themecore_product_information\":\"1\",\"themecore_advanced\":\"1\",\"themecore_product_detail\":\"1\",\"themecore_product_listing\":\"1\",\"market_theme_layout\":\"0\",\"market_mobile_theme_layout\":\"0\",\"market_theme_install\":\"0\",\"market_product_information\":\"0\",\"punchout2go_punchout_system\":\"0\",\"categories_general\":\"1\",\"categories_source\":\"0\",\"punchout2go_punchout_defaults\":\"0\",\"punchout2go_punchout_security\":\"0\",\"punchout2go_punchout_site\":\"0\",\"punchout2go_punchout_session\":\"0\",\"punchout2go_punchout_customer\":\"0\",\"punchout2go_punchout_display\":\"0\",\"punchout2go_punchout_order\":\"1\",\"cpanelsection_layoutgroup\":\"1\",\"cpanelsection_headergroup\":\"1\",\"cpanelsection_footergroup\":\"1\",\"general_country\":\"0\",\"general_region\":\"0\",\"general_locale\":\"0\",\"general_store_information\":\"0\",\"cpanelsection_listpagegroup\":\"1\",\"cpanelsection_viewpagegroup\":\"1\",\"cpanelsection_contactpagegroup\":\"1\",\"web_default\":\"1\",\"web_url\":\"1\",\"web_seo\":\"0\",\"web_unsecure\":\"0\",\"web_secure\":\"0\",\"web_default_layouts\":\"0\",\"web_cookie\":\"0\",\"web_session\":\"0\",\"web_browser_capabilities\":\"0\",\"system_adobe_stock_integration\":\"1\",\"dev_front_end_development_workflow\":\"0\",\"dev_restrict\":\"0\",\"mfblog_general\":\"1\",\"mfblog_index_page\":\"0\",\"mfblog_post_view\":\"0\",\"mfblog_post_list\":\"0\",\"mfblog_sidebar\":\"0\",\"mfblog_product_page\":\"0\",\"mfblog_author\":\"0\",\"mfblog_tag\":\"0\",\"mfblog_search\":\"0\",\"mfblog_permalink\":\"0\",\"mfblog_seo\":\"0\",\"mfblog_social\":\"0\",\"mfblog_top_menu\":\"1\",\"catalog_frontend\":\"1\",\"currency_options\":\"1\",\"currency_fixerio\":\"0\",\"currency_currencyconverterapi\":\"1\",\"currency_import\":\"1\",\"punchout2go_punchout_current_version\":\"0\",\"cataloginventory_options\":\"1\",\"cataloginventory_item_options\":\"1\",\"catalog_search\":\"1\",\"catalog_fields_masks\":\"0\",\"catalog_review\":\"0\",\"catalog_productalert\":\"0\",\"catalog_productalert_cron\":\"0\",\"catalog_placeholder\":\"0\",\"catalog_recently_products\":\"0\",\"catalog_product_video\":\"0\",\"catalog_price\":\"1\",\"catalog_layered_navigation\":\"0\",\"catalog_seo\":\"0\",\"catalog_navigation\":\"0\",\"catalog_downloadable\":\"0\",\"catalog_custom_options\":\"0\",\"cataloginventory_bulk_operations\":\"0\",\"cataloginventory_indexer\":\"0\",\"cataloginventory_source_selection_distance_based\":\"0\",\"cataloginventory_source_selection_distance_based_google\":\"0\"}}',NULL,NULL,'en_US',0,NULL,NULL,NULL),(7,'PO2GO','Team','ie_team@punchout2go.com','ie_team@punchout2go.com','253a8937b48d3e39c0e0a635f0f7ed53d02f0b56efbe2a2d314d67287ea4fdb7:vXrGCXWU1EzXDhe3LiRkGLa1ev0fqzJz:3_32_2_67108864','2022-04-27 12:08:18','2023-06-30 16:45:57','2023-06-30 16:45:57',42,0,1,'{\"configState\":{\"punchout2go_punchout_system\":\"1\",\"punchout2go_punchout_defaults\":\"1\",\"punchout2go_punchout_security\":\"1\",\"punchout2go_punchout_site\":\"1\",\"punchout2go_punchout_display\":\"1\",\"punchout2go_punchout_order\":\"1\",\"punchout2go_punchout_session\":\"1\",\"punchout2go_punchout_customer\":\"1\",\"punchout2go_punchout_current_version\":\"1\",\"carriers_freeshipping\":\"1\",\"carriers_flatrate\":\"0\",\"carriers_tablerate\":\"0\",\"carriers_instore\":\"0\",\"carriers_ups\":\"0\",\"carriers_usps\":\"0\",\"carriers_fedex\":\"0\",\"carriers_dhl\":\"0\",\"general_country\":\"0\",\"general_locale\":\"1\",\"general_store_information\":\"1\",\"general_single_store_mode\":\"1\",\"trans_email_ident_general\":\"1\",\"trans_email_ident_sales\":\"1\",\"trans_email_ident_support\":\"1\",\"contact_contact\":\"1\",\"contact_email\":\"1\",\"cms_wysiwyg\":\"1\",\"cms_pagebuilder\":\"1\",\"cpanelsection_footergroup\":\"1\",\"cpanelsection_contactpagegroup\":\"1\",\"cpanelsection_layoutgroup\":\"0\",\"cpanelsection_headergroup\":\"0\",\"cpanelsection_listpagegroup\":\"0\",\"cpanelsection_viewpagegroup\":\"0\",\"smtp_module\":\"1\",\"smtp_general\":\"1\",\"smtp_configuration_option\":\"1\",\"smtp_developer\":\"0\",\"sales_email_general\":\"1\",\"sales_email_order\":\"1\",\"web_secure\":\"1\",\"web_url\":\"1\",\"web_unsecure\":\"1\"}}',NULL,NULL,'en_US',0,NULL,NULL,NULL),(8,'Mounika','Alla','mounika.a@rahisystems.com','MounikaA','a714ea15aef730ee6ce523ca549b38ab5871ae1f05b052b142ad0cfcae63074c:HMKfDzez86vVkW2D4mzFFNCZ8AKUXTne:3_32_2_67108864','2022-05-10 09:45:59','2023-05-03 05:26:01',NULL,0,1,0,'\"null\"',NULL,NULL,'en_US',0,NULL,NULL,NULL),(9,'Tejas','Ambole','tejas.ambole@rahisystems.com','TejasA','202d8ecc1ff10da4010d2f15dd790ec9279238429c964cd765faf35891925ddc:4VbrPqMgbXNs6mmCL7Rl7oIoK7eMWhWl:3_32_2_67108864','2022-05-10 09:48:08','2022-09-22 09:52:14','2022-09-22 09:52:14',15,0,0,'\"{\\\"configState\\\":{\\\"punchout2go_punchout_customer\\\":\\\"1\\\",\\\"punchout2go_punchout_order\\\":\\\"1\\\"}}\"','DS5MQJXzOPYuDJ8f4cutVZwn2WTUppzS','2022-08-08 10:06:29','en_US',0,NULL,NULL,NULL),(10,'Sumit','Nautiyal','sumit.nautiyal@rahisystems.com','nautiyal_sumit','d368e95ea29ecb0179bbbc663f70e7862c9f59794a3b9920fba466227b1f98fb:WUfIXbM1ZxO886ZTRWQUfzIj0uurPcwT:3_32_2_67108864','2022-07-14 06:06:04','2022-09-16 09:05:06','2022-09-16 09:05:06',22,0,1,'{\"configState\":{\"cataloginventory_item_options\":\"1\",\"cataloginventory_options\":\"0\",\"cataloginventory_bulk_operations\":\"0\",\"cataloginventory_indexer\":\"0\",\"cataloginventory_source_selection_distance_based\":\"0\",\"cataloginventory_source_selection_distance_based_google\":\"0\",\"system_full_page_cache\":\"0\",\"catalog_search\":\"1\",\"punchout2go_punchout_order\":\"1\",\"punchout2go_punchout_current_version\":\"1\",\"punchout2go_punchout_display\":\"1\",\"punchout2go_punchout_customer\":\"1\",\"punchout2go_punchout_session\":\"1\",\"punchout2go_punchout_site\":\"1\",\"punchout2go_punchout_security\":\"1\",\"punchout2go_punchout_defaults\":\"1\",\"punchout2go_punchout_system\":\"1\",\"smtp_configuration_option\":\"1\",\"smtp_module\":\"0\",\"smtp_general\":\"0\",\"smtp_developer\":\"0\",\"general_locale\":\"1\",\"general_store_information\":\"1\",\"general_single_store_mode\":\"1\",\"general_country\":\"0\",\"general_region\":\"0\"}}',NULL,NULL,'en_US',0,NULL,NULL,NULL),(11,'Bhavya ','Seth','bhavya.seth@rahisystems.com','bhavya_seth','cb0a10540cfd82d8b63b88dd7746af47f674533b4f98291c11860890bde67d60:y1d1dozjqpD3IvmwBcSy3TM3EcqLpJgO:3_32_2_67108864','2022-07-29 17:12:52','2022-08-04 16:13:51','2022-08-04 16:13:51',4,0,1,'null',NULL,NULL,'en_US',0,NULL,NULL,NULL),(12,'Fengran ','Huang','fengran.huang@rahisystems.com','fengran_huang','fb0adba98f31472e258a2b597feb80c740a8796a54615b3f935593f9916c7b0e:HDiKOth3PPHdcoI1Cm7myowfuSIORLhB:3_32_2_67108864','2022-07-29 17:23:13','2023-10-26 19:20:22','2023-01-19 11:13:12',17,0,1,'null',NULL,NULL,'en_US',1,'2023-10-26 19:20:22',NULL,NULL),(13,'Harsh','Shah','harsh.shah@rahisystems.com','harsh_shah','0e34c90a5ffd885b0e4041671595d8c7a11cb6d40a254a8cf9d71bcb71eb080f:MelNpKgK0bOOZ1fbcyFffyrktZlzoC1B:3_32_2_67108864','2022-07-29 17:25:17','2024-02-05 19:25:39','2024-02-05 19:25:39',75,0,1,'{\"configState\":{\"cataloginventory_options\":\"1\",\"cataloginventory_item_options\":\"0\",\"cataloginventory_bulk_operations\":\"0\",\"cataloginventory_indexer\":\"0\",\"cataloginventory_source_selection_distance_based\":\"0\",\"cataloginventory_source_selection_distance_based_google\":\"0\"}}',NULL,NULL,'en_US',0,NULL,NULL,NULL),(14,'Arturo','Reyes','arturo.reyes@rahisystems.com','arturo_reyes','5511e993d4ad76bb0d7d9dea68e182a74100e06002dbe432bc69d66d462437fa:usDAcmFEiFGnVfM691PadUmzecBFceYb:3_32_2_67108864','2022-07-29 17:27:42','2022-07-29 17:27:42',NULL,0,1,1,'null',NULL,NULL,'en_US',0,NULL,NULL,NULL),(15,'Kevin','Chemparathy','kevin.chemparathy@rahisystems.com','kevin_chemparathy','15f94b0ad6f98b761eef6435b405570ab5e2e4af64236f13ec65e8791538ed28:FeTREKHoSmapNwEWe1GQtAyw3lh6BzNe:3_32_2_67108864','2022-07-29 17:34:08','2023-01-12 00:20:58','2023-01-12 00:20:58',233,0,1,'null',NULL,NULL,'en_US',0,NULL,NULL,NULL),(16,'Akshay','S','akshay.satbhai@rahisystems.com','adminAkshay','fe7ee97e584e5d21c6263d224560cc1f3ab48764d7da2a4df2f1d4ad3a52f73d:Vb780TNBL2iL0tHGt9JxDGgBV7RC0WtY:3_32_2_67108864','2022-08-04 04:41:37','2023-08-04 07:13:30','2023-08-04 07:13:30',84,0,1,'{\"configState\":{\"catalog_frontend\":\"0\",\"catalog_productalert\":\"0\",\"catalog_price\":\"1\",\"catalog_downloadable\":\"1\",\"cataloginventory_item_options\":\"1\",\"catalog_search\":\"1\",\"catalog_fields_masks\":\"0\",\"catalog_review\":\"0\",\"catalog_productalert_cron\":\"0\",\"catalog_placeholder\":\"0\",\"catalog_recently_products\":\"0\",\"catalog_product_video\":\"0\",\"catalog_layered_navigation\":\"0\",\"catalog_seo\":\"0\",\"catalog_navigation\":\"0\",\"catalog_custom_options\":\"0\"}}',NULL,NULL,'en_US',0,NULL,NULL,NULL),(17,'paras','suryawanshi','paras.suryawanshi@rahisystems.com','paras.s','651e243607222189d407a910dd4b8ece41817a2efb977b7856a58d23d15b9fc6:ps6R8dTmBHuWxxp0GnylyYyMjfebhLKw:3_32_2_67108864','2022-12-12 11:14:47','2022-12-14 09:58:54','2022-12-14 09:58:54',2,0,1,'null',NULL,NULL,'en_US',0,NULL,NULL,NULL),(18,'Deepanshu','Gulati','deepanshu.gulati@rahisystems.com','deepanshu.gulati','500102097fa862485783aafddd11a8165fd689cd1530246905c788625b43285b:2tP4DncMr5L1CwXVK0GzXtvxuEQ3Cjia:3_32_2_67108864','2023-05-02 16:25:22','2024-03-08 20:58:36','2024-03-08 20:58:36',367,0,1,'null',NULL,NULL,'en_US',0,NULL,NULL,NULL),(19,'Jose','Fuetes','jose.fuentes@rahisystems.com','jose.fuentes','1279b1414484c4397b3532d81008605e5150fa685ccc016894e383591ad8101f:0WlRi9MnaY8R3lZmF6qK7YA5tqFBQJqE:3_32_2_67108864','2023-05-23 04:31:00','2023-09-01 17:09:02','2023-09-01 17:09:02',20,0,1,'{\"configState\":{\"system_cron\":\"1\",\"catalog_downloadable\":\"0\",\"connector_configuration_data_fields\":\"1\",\"connector_configuration_dynamic_content\":\"1\",\"connector_configuration_admin\":\"1\",\"connector_developer_settings_cron_schedules\":\"1\",\"punchout2go_punchout_order\":\"1\",\"punchout2go_punchout_display\":\"1\",\"punchout2go_punchout_customer\":\"1\",\"punchout2go_punchout_session\":\"1\",\"punchout2go_punchout_site\":\"1\",\"punchout2go_punchout_security\":\"1\",\"punchout2go_punchout_defaults\":\"1\",\"punchout2go_punchout_system\":\"1\",\"punchout2go_punchout_current_version\":\"1\",\"sales_general\":\"1\",\"sales_totals_sort\":\"1\",\"sales_instant_purchase\":\"1\",\"system_full_page_cache\":\"1\",\"admin_url\":\"1\",\"admin_startup\":\"1\",\"admin_emails\":\"1\",\"admin_captcha\":\"1\",\"reports_options\":\"1\",\"reports_dashboard\":\"1\"}}',NULL,NULL,'en_US',0,NULL,NULL,NULL),(20,'Kumar','Gaurav','kumar.gaurav@rahisystems.com','DevAdmin','d715fac1ae6660fe71b395c03c2b52cb21eb8a7f20b6f66852e31765d6815497:q7nlzdgNZwkxXJ4AN87Qzjq6E8GN2Cup:3_32_2_67108864','2023-12-20 00:06:28','2024-03-08 07:38:08','2024-03-08 07:38:08',7,0,1,'null',NULL,NULL,'en_US',0,NULL,NULL,NULL),(21,'Hemantha','Subbanna','hemantha.s@rahisystems.com','Hemantha.Subbanna','60e35b8ec3c855c3d59dfefb97b96fbcdfd14851da2a919faae8b388073078f1:SJj0oo0J5Jm4sIr1lTyCGUcjrAg4cXBx:3_32_2_67108864','2024-03-01 06:58:46','2024-03-01 08:35:46','2024-03-01 08:35:46',1,0,1,'null',NULL,NULL,'en_US',0,NULL,NULL,NULL);

--
-- Table structure for table `admin_user_expiration`
--

CREATE TABLE `admin_user_expiration` (
  `user_id` int(10) unsigned NOT NULL COMMENT 'User ID',
  `expires_at` timestamp NOT NULL DEFAULT '0000-00-00 00:00:00' COMMENT 'User Expiration Date',
  PRIMARY KEY (`user_id`),
  CONSTRAINT `ADMIN_USER_EXPIRATION_USER_ID_ADMIN_USER_USER_ID` FOREIGN KEY (`user_id`) REFERENCES `admin_user` (`user_id`) ON DELETE CASCADE
) ENGINE=InnoDB DEFAULT CHARSET=utf8 COMMENT='Admin User expiration dates table';

--
-- Dumping data for table `admin_user_expiration`
--

INSERT INTO `admin_user_expiration` VALUES (12,'2025-11-27 06:44:00'),(13,'2024-11-27 06:37:42'),(18,'2025-05-28 16:23:24');

--
-- Table structure for table `admin_user_session`
--

CREATE TABLE `admin_user_session` (
  `id` int(10) unsigned NOT NULL AUTO_INCREMENT COMMENT 'Entity ID',
  `session_id` varchar(128) NOT NULL COMMENT 'Session ID value',
  `user_id` int(10) unsigned DEFAULT NULL COMMENT 'Admin User ID',
  `status` smallint(5) unsigned NOT NULL DEFAULT '1' COMMENT 'Current Session status',
  `created_at` timestamp NOT NULL DEFAULT CURRENT_TIMESTAMP COMMENT 'Created Time',
  `updated_at` timestamp NOT NULL DEFAULT CURRENT_TIMESTAMP ON UPDATE CURRENT_TIMESTAMP COMMENT 'Update Time',
  `ip` varchar(15) NOT NULL COMMENT 'Remote user IP',
  PRIMARY KEY (`id`),
  KEY `ADMIN_USER_SESSION_SESSION_ID` (`session_id`),
  KEY `ADMIN_USER_SESSION_USER_ID` (`user_id`),
  CONSTRAINT `ADMIN_USER_SESSION_USER_ID_ADMIN_USER_USER_ID` FOREIGN KEY (`user_id`) REFERENCES `admin_user` (`user_id`) ON DELETE CASCADE
) ENGINE=InnoDB AUTO_INCREMENT=1466 DEFAULT CHARSET=utf8 COMMENT='Admin User sessions table';

--
-- Dumping data for table `admin_user_session`
--

INSERT INTO `admin_user_session` VALUES (382,'bvlopo6qti82icqnnv7gq9fogo',6,2,'2022-04-27 07:33:11','2022-04-27 09:00:26','172.70.178.18'),(383,'e5ur746qs5gk5ssjfvk1fuje9c',6,2,'2022-04-27 09:00:26','2022-04-27 11:21:42','172.70.178.90'),(384,'74tgrurl6qesgl40t69n7opjc3',6,0,'2022-04-27 11:21:42','2022-04-27 12:08:33','172.70.178.206'),(385,'ouggbkliusr40csrcqv4p24rrn',7,2,'2022-04-27 12:08:39','2022-04-27 12:43:09','172.68.133.84'),(386,'d9m26842j715ncgpkjd0hpcd6e',7,2,'2022-04-27 12:43:09','2022-04-27 12:48:01','162.158.191.214'),(387,'26jctn7uj4s82t9306pijseh2g',7,2,'2022-04-27 12:48:01','2022-04-27 15:25:22','172.70.178.50'),(388,'cmumukgorhdh385rm0g0tf90vd',7,2,'2022-04-27 15:25:22','2022-04-27 18:21:05','162.158.212.192'),(389,'dthlsq0pedcv62m0aqn51lcpdk',7,2,'2022-04-27 18:21:05','2022-04-28 00:04:14','172.70.178.178'),(390,'6dj42mvji5ev4fp0rffngrsnjb',7,0,'2022-04-28 00:04:14','2022-04-28 00:05:15','172.70.178.248'),(391,'vtqlfvhts5d1msk950m6iupk4d',6,2,'2022-04-28 04:39:16','2022-04-29 06:24:48','162.158.191.218'),(392,'uld7i1qmarg01jk0m3718npsr3',6,1,'2022-04-29 06:24:48','2022-04-29 06:43:29','172.70.178.56'),(393,'eandnd15g8cak6gpk9m3rs3e53',6,1,'2022-05-02 09:06:17','2022-05-02 11:09:10','172.70.178.194'),(394,'ahc0qlc33tkmodhqou6c8g4h7j',6,1,'2022-05-03 15:21:33','2022-05-03 15:21:33','172.70.131.147'),(395,'hckcoppm7ckpi31dj4qv7cguev',7,2,'2022-05-03 16:24:09','2022-05-04 13:20:11','172.70.178.156'),(396,'1q3opmrr14g4frehovimujsafj',7,1,'2022-05-04 13:20:11','2022-05-04 15:14:37','172.70.178.94'),(397,'dclv0uf9tumrg3c0phookt10dv',6,1,'2022-05-04 15:25:38','2022-05-04 15:25:38','172.69.42.118'),(398,'vjtjjoqmqekl6j0totjg2auesh',6,1,'2022-05-06 08:48:23','2022-05-06 08:49:12','172.70.178.134'),(399,'uc6rl9opodp24cg7j4ed9d5qlu',6,2,'2022-05-10 04:45:59','2022-05-10 09:44:21','172.68.34.144'),(400,'rieb5856ofaqak290ku8v6lemk',6,1,'2022-05-10 09:44:21','2022-05-10 09:48:07','172.68.35.17'),(401,'ajsesg8h8926009p2a447omug6',6,2,'2022-05-12 05:51:06','2022-05-12 08:20:45','172.68.35.19'),(402,'6t1o0gsjv1iercvm19be8884je',6,0,'2022-05-12 08:20:45','2022-05-12 09:04:21','172.68.34.250'),(403,'n2bvqdl6hag2unc6ng4dlqjovj',6,2,'2022-05-12 09:04:27','2022-05-12 11:30:03','172.68.35.13'),(404,'nmldm4ecq010sg0ha6qmuqc5r9',6,2,'2022-05-12 11:30:03','2022-05-13 05:25:52','172.68.133.236'),(405,'ijj5qifsha3alcg3fnb8jt82dk',8,1,'2022-05-12 17:56:41','2022-05-12 17:57:30','172.69.42.118'),(406,'u5s214vthpqtgu98cffqjo3tq0',6,2,'2022-05-13 05:25:52','2022-05-13 08:19:09','172.70.178.114'),(407,'gg3910not2i0pa9j6tii32dh9b',6,2,'2022-05-13 08:19:09','2022-05-14 09:54:41','172.70.178.80'),(408,'e4g0nh934sq82uakbasnpfeubf',9,2,'2022-05-13 09:57:44','2022-05-14 05:58:04','172.70.178.172'),(409,'i239a62nk6gbqv4rjqkmrmkdm6',9,1,'2022-05-14 05:58:04','2022-05-14 05:58:04','172.70.178.160'),(410,'n4184n6ijbdifeabcv7ghe3dvq',6,1,'2022-05-14 09:54:41','2022-05-14 10:03:18','172.70.131.213'),(411,'r8m6n5g5jv7eltc4chc4lc8h4q',6,2,'2022-05-24 02:54:50','2022-05-24 09:49:42','172.68.34.186'),(412,'m302n0b6dgmefcviicpgtska6e',6,2,'2022-05-24 09:49:42','2022-05-24 11:34:33','172.70.179.3'),(413,'d8kgrip91798rcqjt0qfb665lo',6,1,'2022-05-24 11:34:33','2022-05-24 11:55:18','172.70.179.19'),(414,'t9ul0iefklsuqrei9q3d6hj96s',6,2,'2022-06-01 04:14:06','2022-06-01 04:50:23','172.70.130.212'),(415,'d9l6ateg5f9b7eqhp91ckud8ns',6,2,'2022-06-01 04:50:23','2022-06-01 06:22:34','172.68.34.168'),(416,'fnlod3sl8u7mhqgslji36ilchq',6,2,'2022-06-01 06:22:34','2022-06-01 09:14:44','172.70.178.52'),(417,'23mbg1qakojq6etq8ncdp1clli',6,2,'2022-06-01 09:14:44','2022-06-01 12:16:12','172.70.130.88'),(418,'pugq8k3nv1kfa5i540lm7g1t57',6,1,'2022-06-01 12:16:12','2022-06-01 12:16:12','172.70.131.65'),(419,'tscv63uq03blp9jkaann05ltgl',9,1,'2022-06-01 12:34:08','2022-06-01 13:19:23','172.70.130.96'),(420,'tv85f39uu95nhk03htua095ge1',6,0,'2022-06-02 15:54:27','2022-06-02 16:58:46','172.70.130.84'),(421,'b357pqikh18pk4n8vpgqr528gd',7,1,'2022-06-02 16:58:55','2022-06-02 17:10:04','172.68.34.222'),(422,'a1ifai38n7puqb9ubldnkhhs4t',6,2,'2022-06-02 17:54:53','2022-06-03 05:16:33','172.68.133.236'),(423,'5dof0fjkk2mm34ci3tpjdk4rcb',6,1,'2022-06-03 05:16:33','2022-06-03 05:22:50','172.70.130.226'),(424,'bbn3btu8rf726smusodd6rgg74',6,2,'2022-06-08 17:20:13','2022-06-09 04:15:10','172.70.130.166'),(425,'udpqfv4butipc15jkt5vppf0on',6,1,'2022-06-09 04:15:10','2022-06-09 05:07:26','172.70.130.242'),(426,'b52jq7gc5lkvpm2c87236bg3sp',6,1,'2022-06-15 04:45:26','2022-06-15 04:57:53','172.70.131.13'),(427,'cfajjis6b2eiq801nkdlr0s6bj',9,2,'2022-06-15 05:26:12','2022-06-15 06:21:41','172.70.131.179'),(428,'ds9990e10fi33lvh2unh42onbq',9,1,'2022-06-15 06:21:41','2022-06-15 06:23:26','172.70.178.220'),(429,'2spiichm0dpsc1qbi27k420kv4',6,2,'2022-06-22 16:42:35','2022-06-22 16:50:06','172.70.130.178'),(430,'4olan7rfd1cqrg305l9vj9aoj0',6,2,'2022-06-22 16:50:06','2022-06-23 06:03:55','172.70.131.83'),(431,'n9h8hgq8dffiibi3oocmkoikb8',6,2,'2022-06-23 06:03:55','2022-06-23 12:13:19','172.70.178.116'),(432,'6b0br2ofi3me1j2jk02uqbsjft',6,2,'2022-06-23 12:13:19','2022-06-24 05:42:29','172.70.178.56'),(433,'o8ssev266qtvicssq277vcnmia',9,1,'2022-06-23 12:35:51','2022-06-23 12:36:37','172.70.178.152'),(434,'5j5ulv0pfvha3fr6gc2kugoorn',6,2,'2022-06-24 05:42:29','2022-06-24 09:08:49','172.70.178.12'),(435,'2grbvqje7lg4lkgmq8lvvpa2fc',6,2,'2022-06-24 09:08:49','2022-06-24 11:58:21','172.70.178.232'),(436,'jqakga7nua5272knb70vtc6k0v',6,1,'2022-06-24 11:58:21','2022-06-24 12:21:53','172.70.178.20'),(437,'so7qe6svaf92uth34oubblg9hl',6,2,'2022-06-28 11:20:53','2022-06-28 12:49:16','172.70.130.200'),(438,'fi08m6m54c49mdcc1qc9k25k42',9,1,'2022-06-28 12:45:29','2022-06-28 12:56:02','172.70.131.123'),(439,'7rrq7o6kd19cvdd1ou40f7m0kg',6,2,'2022-06-28 12:49:16','2022-06-29 08:46:45','172.70.130.60'),(440,'993kni7in0s85p0ipkae6kt6v4',6,2,'2022-06-29 08:46:45','2022-06-29 11:42:35','172.70.130.108'),(441,'v5cjqfv92h3cfab6qp0m2a402q',6,2,'2022-06-29 11:42:35','2022-06-30 03:46:47','172.70.130.138'),(442,'oive27377if6v5ncrnmm762dua',6,2,'2022-06-30 03:46:47','2022-06-30 05:18:24','172.70.131.11'),(443,'30rq2d9msvnq5ni7q1iv2obcvs',6,2,'2022-06-30 05:18:24','2022-06-30 09:00:02','172.70.130.138'),(444,'iul7qfacjce0719qrkaq3ms9ao',6,1,'2022-06-30 09:00:02','2022-06-30 10:31:44','172.70.131.75'),(445,'22ncd8l17407mnhh5722c95hqc',9,1,'2022-06-30 10:42:54','2022-06-30 10:42:54','172.70.179.19'),(446,'r6j6bo66il7skeqne8dnbjc277',6,1,'2022-07-07 07:09:46','2022-07-07 07:15:44','172.70.178.158'),(447,'ajqor2s98heshbef3s8ki6ffqq',9,1,'2022-07-07 07:44:58','2022-07-07 07:44:58','162.158.191.204'),(448,'e5ka9tuc02daq1hutpaip4qk1g',6,1,'2022-07-11 16:12:21','2022-07-11 16:27:57','172.70.178.62'),(449,'opbsiiiq1tlmqs6up3q6ofe6ao',6,2,'2022-07-13 10:23:35','2022-07-13 12:52:18','172.70.218.30'),(450,'27g89011okeq0srjg55issh596',6,1,'2022-07-13 12:52:18','2022-07-13 13:43:17','162.158.198.194'),(451,'mg3e0ec1fbi8fls92srvojmh94',10,2,'2022-07-14 08:20:37','2022-07-14 08:20:46','172.68.35.21'),(452,'31nd6j3hskkqjpt63nm66n05pl',10,2,'2022-07-14 08:20:46','2022-07-14 08:21:29','172.68.34.220'),(453,'ktjl82h36epfhebce92mri5il7',10,1,'2022-07-14 08:21:29','2022-07-14 08:22:18','172.68.35.21'),(454,'bi3knct5dd66qgd94kv43vtcci',6,2,'2022-07-20 05:16:31','2022-07-20 05:24:46','172.70.130.70'),(455,'3jgal00ig3fdq83s38hi06hbha',6,2,'2022-07-20 05:24:46','2022-07-20 06:30:47','172.70.131.155'),(456,'214ladr9ajpieai8afqkrs1c9p',6,2,'2022-07-20 06:30:47','2022-07-20 17:10:48','108.162.242.55'),(457,'6e3ehof3rpfs9llmkag0a8ih51',6,2,'2022-07-20 17:10:48','2022-07-21 08:50:31','108.162.241.120'),(458,'3459kr5auro4f5fqfldm9an39u',6,1,'2022-07-21 08:50:31','2022-07-21 09:08:25','108.162.241.216'),(459,'v17r7ce4lmba1bfr2gbpd6lftl',6,2,'2022-07-25 01:59:08','2022-07-25 04:32:26','108.162.241.222'),(460,'ch7f5vjk2ujtslqvag34urqvha',6,1,'2022-07-25 04:32:26','2022-07-25 04:34:11','108.162.241.168'),(461,'m3rurcfnflo6dsakhv19vij3n3',6,1,'2022-07-26 04:43:57','2022-07-26 04:46:57','172.70.130.124'),(462,'hcu6an64qnmrm82gl6hrl5616e',6,2,'2022-07-29 09:29:28','2022-07-29 13:08:34','172.70.178.64'),(463,'aria4vb5rcm1bcsjc6j3so62pv',6,2,'2022-07-29 13:08:34','2022-07-29 16:28:04','172.70.178.120'),(464,'vdhqverk1tso6nclt46n98dled',10,2,'2022-07-29 13:24:54','2022-07-29 15:27:29','172.68.34.144'),(465,'9vqsbntmtrbm6l3psg4fkpol82',10,2,'2022-07-29 15:27:29','2022-07-29 15:27:35','172.68.34.254'),(466,'hiep03cqdqel9uent4cvgdkj2i',10,1,'2022-07-29 15:27:35','2022-07-29 17:34:07','172.68.35.5'),(467,'o4upcn6qek700dphvpsrhjnf9f',6,2,'2022-07-29 16:28:04','2022-07-30 06:22:05','172.68.34.126'),(468,'vu4r73kv5jf0egfba478g5aira',11,0,'2022-07-29 17:28:18','2022-07-29 17:28:36','172.68.34.222'),(469,'bdu1spafo13vc8ji4erjpchckc',12,1,'2022-07-29 23:46:03','2022-07-29 23:46:03','172.68.34.150'),(470,'8s155nq00hhr333niik5eel6ti',6,2,'2022-07-30 06:22:05','2022-07-30 10:45:18','172.70.178.118'),(471,'llvp0g3cq2m7a10vf9om45dllt',6,1,'2022-07-30 10:45:18','2022-07-30 14:26:10','172.70.178.80'),(472,'kmgup7pfb2v9nfkm4ncq400uhd',10,2,'2022-08-01 05:32:49','2022-08-01 10:01:49','172.70.130.198'),(473,'9sdo3tb61g01i98qkufhvon8va',10,1,'2022-08-01 10:01:49','2022-08-01 11:08:25','172.70.131.149'),(474,'p38dhsr448n5eagd0mvd7op8l0',6,2,'2022-08-01 17:01:15','2022-08-02 07:01:44','172.70.178.66'),(475,'l7b6mht93uvt27130o8mjo6ojt',11,2,'2022-08-02 00:25:46','2022-08-02 18:45:18','172.68.34.254'),(476,'0v32ua5mmho453hof46gdi1ktg',6,1,'2022-08-02 07:01:44','2022-08-02 07:02:31','172.70.131.209'),(477,'easvv8ntpg2sba3h0i4l5uo4ek',15,2,'2022-08-02 18:41:17','2022-08-03 16:38:04','172.68.35.9'),(478,'k20be8bilck0h1uuv21obg2027',11,2,'2022-08-02 18:45:18','2022-08-03 17:16:03','172.68.35.5'),(479,'trqiv747uogrpgrf1egg4u8alj',10,2,'2022-08-03 08:03:45','2022-08-03 17:30:57','172.70.130.140'),(480,'ql52mp4ocieur2rr2br1qsh4ou',6,2,'2022-08-03 10:55:10','2022-08-03 17:02:56','172.70.130.74'),(481,'csvv5dksjqvhm52v7s98t30lca',15,2,'2022-08-03 16:38:03','2022-08-03 20:24:26','172.68.35.13'),(482,'vddun672mloufpmqsqptbpop6i',6,2,'2022-08-03 17:02:56','2022-08-04 03:25:48','172.68.34.186'),(483,'hfmgkv3lubo5pgs8tscj21iklv',11,2,'2022-08-03 17:16:03','2022-08-04 16:13:52','172.68.34.222'),(484,'lhtraqfbg7g5e46j7i62j2mc1j',12,2,'2022-08-03 17:16:21','2022-08-04 16:08:56','172.68.35.25'),(485,'tq58c8h7p21t2cu1ug4j5aunt4',10,2,'2022-08-03 17:30:57','2022-08-03 18:11:19','172.68.35.13'),(486,'t59djfft3nraqp20lt9d2lai61',10,2,'2022-08-03 18:11:19','2022-08-03 19:42:53','172.68.34.162'),(487,'q969eq7k9299gttra5he0vuqdi',10,2,'2022-08-03 19:42:53','2022-08-03 21:20:37','172.68.34.248'),(488,'4pu4pd3gcj504a8rsqek9qjte9',15,2,'2022-08-03 20:24:26','2022-08-04 16:13:32','162.158.166.92'),(489,'7n8khur8573p5o9vj5f3mr17dl',10,2,'2022-08-03 21:20:37','2022-08-04 05:13:48','172.69.134.20'),(490,'pofhdjpton4lf8jhfg4cl11vbh',6,2,'2022-08-04 03:25:48','2022-08-04 04:31:54','172.70.131.185'),(491,'ftb3j21qrt2v59ff8m0dmo317r',6,2,'2022-08-04 04:31:54','2022-08-04 06:06:24','162.158.191.130'),(492,'bbb68s0cs20pdruacirq44d8je',16,2,'2022-08-04 04:43:39','2022-08-04 06:58:22','172.70.130.110'),(493,'tccbbis29danstqlknef4b2pp4',10,2,'2022-08-04 05:13:48','2022-08-04 11:40:59','172.70.178.228'),(494,'a8f07ocvud9a44ja00lfthl44s',6,2,'2022-08-04 06:06:24','2022-08-04 07:12:46','172.70.179.3'),(495,'dvde1c6d9k70au97mpnq8ihp8r',7,2,'2022-08-04 06:32:54','2022-08-04 09:44:28','172.70.218.48'),(496,'h4b4ae2b3napgv9vtftd4rkabs',16,2,'2022-08-04 06:58:22','2022-08-04 09:27:16','172.70.178.52'),(497,'qa5ao8ht5p3vtfvs6n1d7u3n7d',6,2,'2022-08-04 07:12:46','2022-08-04 09:06:00','172.70.178.102'),(498,'a2d3c6mp3gfb6tcjllufhuancd',6,2,'2022-08-04 09:06:00','2022-08-04 11:45:51','172.70.178.16'),(499,'rvei1h3rg39olqkt60s5n7beaj',16,2,'2022-08-04 09:27:16','2022-08-04 11:12:26','172.70.178.36'),(500,'8pha038qklda5vqf74ae12flra',7,1,'2022-08-04 09:44:28','2022-08-04 09:45:17','172.70.178.226'),(501,'epffqu9jpiku3vrpq75lse3r8o',16,2,'2022-08-04 11:12:26','2022-08-05 05:11:15','172.70.130.158'),(502,'rcul5ive3a8b48i4kjch48imtp',10,2,'2022-08-04 11:40:59','2022-08-04 16:04:47','172.70.130.94'),(503,'8451gihtie9vk1kvidkrt0ga0f',6,2,'2022-08-04 11:45:51','2022-08-04 12:55:01','162.158.191.204'),(504,'psbii8b12lnovd7lun32bsg1kc',6,2,'2022-08-04 12:55:01','2022-08-05 03:52:30','172.70.178.98'),(505,'7ijp23fi7392lkhvm9ed4gh0dq',10,2,'2022-08-04 16:04:47','2022-08-04 18:24:49','162.158.48.100'),(506,'j7c95ml4on1p6kvtl0ma0v51bf',12,1,'2022-08-04 16:08:56','2022-08-04 16:14:23','172.68.34.254'),(507,'obilqok1cdak83a958v6ispd42',15,0,'2022-08-04 16:13:32','2022-08-04 17:44:36','172.69.22.84'),(508,'heonio97lkvr4gb1n1teegp4df',11,1,'2022-08-04 16:13:52','2022-08-04 16:27:13','172.68.34.126'),(509,'mqlas77o4ovj8p3jabes6b72vs',10,1,'2022-08-04 18:24:49','2022-08-04 19:19:52','172.68.34.218'),(510,'og3dkntbvvpp269upi25b370n1',15,2,'2022-08-04 19:36:47','2022-08-04 20:54:11','172.68.34.218'),(511,'ua23cbops6f1kciqcrgitgd1q4',15,2,'2022-08-04 20:54:11','2022-08-04 21:53:56','172.68.35.25'),(512,'loa3rgm3vtofdp3sv38bqu0ts2',15,0,'2022-08-04 21:53:56','2022-08-04 22:16:45','172.68.34.162'),(513,'1cfu72qlml0ljueeepfq8eeigo',15,0,'2022-08-04 22:16:47','2022-08-04 23:39:30','162.158.166.126'),(514,'d4qmd8oghoeqb1vqioq0ld0f4m',15,2,'2022-08-04 23:46:10','2022-08-05 06:07:18','172.68.34.150'),(515,'pn25ajesrqbq5spnbkqqusscl2',6,2,'2022-08-05 03:52:30','2022-08-05 05:17:35','172.70.130.170'),(516,'aghh5rgimupi11nb185ca6qs8v',16,2,'2022-08-05 05:11:15','2022-08-05 09:00:10','172.70.178.178'),(517,'i36mh4j3f9eivn4463pe5i53dm',6,2,'2022-08-05 05:17:35','2022-08-05 09:06:34','172.70.178.76'),(518,'6pmgufm0aa0p2qffok0hd6ep29',15,2,'2022-08-05 06:07:18','2022-08-05 08:37:47','172.68.34.222'),(519,'ltuoopbf9amb1fhojrcuiv7idl',15,0,'2022-08-05 08:37:47','2022-08-05 09:39:19','172.68.34.254'),(520,'p1p80rgmq3jkqhctpb3iv5d3qg',16,2,'2022-08-05 09:00:10','2022-08-05 12:39:30','172.70.179.23'),(521,'elj97lv9a5cbkcr8scjd12ps22',6,2,'2022-08-05 09:06:34','2022-08-05 13:02:01','172.70.178.56'),(522,'3djtc7ddv2mbju78aact2mb46a',15,2,'2022-08-05 09:50:34','2022-08-05 18:26:08','172.68.34.174'),(523,'l60ri4jm7nn2acgtv31ulatagk',7,1,'2022-08-05 11:20:05','2022-08-05 11:20:59','172.70.178.232'),(524,'f95te2bil18gp5h4dsn817kieo',16,1,'2022-08-05 12:39:30','2022-08-05 13:39:33','172.70.130.74'),(525,'ehdphbfcp2n2tros9vk091n5f7',6,1,'2022-08-05 13:02:01','2022-08-05 13:02:01','172.70.130.134'),(526,'o74m270g4l1vuqoa6cirj8m98p',15,1,'2022-08-05 18:26:08','2022-08-05 18:31:44','172.68.34.222'),(527,'34ubkvqdlpt6ptdt9745lvpchj',16,1,'2022-08-07 09:46:16','2022-08-07 09:48:05','172.68.34.250'),(528,'9dn0rcms76jmljgi46cnlqi6g3',16,2,'2022-08-08 09:54:48','2022-08-08 11:54:36','172.70.130.128'),(529,'njg5hn464ffpqd9fihdilsbb3f',6,2,'2022-08-08 09:58:06','2022-08-08 11:36:14','172.70.130.70'),(530,'qcru5m83e1gel665s9kc9hrica',10,2,'2022-08-08 10:35:08','2022-08-08 11:45:27','172.70.131.7'),(531,'ch7i78io9lpmsk04o87he5093a',6,1,'2022-08-08 11:36:14','2022-08-08 11:37:09','172.70.130.166'),(532,'psobgcv74sd8un4gqe263tvf40',10,1,'2022-08-08 11:45:27','2022-08-08 12:20:12','172.70.178.164'),(533,'2qtgglol948g08p0aamm7jt7ib',16,2,'2022-08-08 11:54:36','2022-08-08 12:24:29','172.70.131.99'),(534,'blgpj8uai9rmmnj7gq91jlfhm2',9,1,'2022-08-08 11:56:15','2022-08-08 11:59:00','172.70.178.88'),(535,'gbl7d6l06b60al4p30kldsjrda',16,2,'2022-08-08 12:24:29','2022-08-08 12:34:33','172.70.179.13'),(536,'vsefs7n531r94sse6cjvm0r3sk',7,1,'2022-08-08 12:26:32','2022-08-08 12:42:50','172.70.178.178'),(537,'6j8b3jj73sok7nvnphopl5em19',16,2,'2022-08-08 12:34:33','2022-08-08 12:36:50','172.70.130.130'),(538,'44fvg7rn76b73vu5755km4o5q5',16,2,'2022-08-08 12:36:50','2022-08-09 04:15:43','162.158.235.69'),(539,'1b81d5qg67msif86b10neoq3qb',16,2,'2022-08-09 04:15:43','2022-08-09 09:25:09','172.70.178.10'),(540,'sq94egj1qngguivm3v0qqvgrur',16,1,'2022-08-09 09:25:09','2022-08-09 09:25:09','172.70.178.204'),(541,'7gktegfhgpsptes64jj3a09tme',15,2,'2022-08-09 18:48:36','2022-08-09 20:29:13','172.68.34.192'),(542,'v8c481urh5fgvu79p5lmdim2eh',15,2,'2022-08-09 20:29:13','2022-08-10 16:06:38','172.68.35.5'),(543,'453du57fml5o9re0ei9oseebhq',7,2,'2022-08-10 03:28:15','2022-08-10 04:49:03','172.70.178.138'),(544,'ivtlnj9f5n9geog8r20ggn1uln',7,1,'2022-08-10 04:49:03','2022-08-10 04:51:07','172.70.179.11'),(545,'42iingoosphut319mc0alfm3mu',6,1,'2022-08-10 06:54:34','2022-08-10 06:54:34','172.70.178.96'),(546,'isp43i996k31i7r3m53ctear7v',15,2,'2022-08-10 16:06:38','2022-08-11 16:17:57','172.68.35.23'),(547,'aj8ienkmuj1co01s8hclvkqls8',16,2,'2022-08-11 06:30:40','2022-08-11 10:00:45','172.70.178.40'),(548,'rugru2vf7jiam592dsdv6j4fs8',10,1,'2022-08-11 07:45:06','2022-08-11 07:45:06','172.70.178.82'),(549,'n50k2skbe87ahlmk0lhpln204s',16,2,'2022-08-11 10:00:45','2022-08-11 11:13:57','172.70.130.220'),(550,'shlkqpt3qp7o425t3qusf9dhiu',16,1,'2022-08-11 11:13:57','2022-08-11 11:14:52','172.70.130.100'),(551,'3p6ut91tr4gru23i18o2ogio8s',15,2,'2022-08-11 16:17:57','2022-08-11 17:28:04','172.68.34.156'),(552,'dic3u6bk609nq617iug33m1u77',15,2,'2022-08-11 17:28:04','2022-08-11 20:08:49','162.158.166.20'),(553,'3bdme5p95e3ce5focnj6hem724',15,1,'2022-08-11 20:08:49','2022-08-11 20:12:56','172.69.22.24'),(554,'3d9cojj870ps6o4aq01lpfhc52',16,2,'2022-08-16 06:21:16','2022-08-16 08:14:48','172.70.130.206'),(555,'rcfrplf9o8luc616denetvkdnc',16,2,'2022-08-16 08:14:48','2022-08-17 04:27:09','172.70.131.161'),(556,'38vm9inhkus8qr1tgsgaacfosg',16,2,'2022-08-17 04:27:09','2022-08-17 06:14:02','172.70.131.155'),(557,'f3fmdeq2s8q6rv7131a2d2h898',16,2,'2022-08-17 06:14:02','2022-08-17 08:47:44','172.70.178.88'),(558,'02o221pgfk5et2q14l4ri1n2p3',16,1,'2022-08-17 08:47:44','2022-08-17 08:47:44','162.158.191.204'),(559,'f5ff8f0p3c23uaorsr1b66r61j',15,2,'2022-08-17 17:26:25','2022-08-18 16:57:22','172.68.35.25'),(560,'k6pt2s9e87v34gtkh6eq5fd7cd',15,2,'2022-08-18 16:57:22','2022-08-18 18:56:57','172.68.35.21'),(561,'nc3l6e3vee2tl6ung61nvigj2e',15,2,'2022-08-18 18:56:57','2022-08-19 04:59:05','172.69.22.122'),(562,'m3td98ve5a499jeph0ovl8bjah',15,2,'2022-08-19 04:59:05','2022-08-19 16:00:36','172.69.142.76'),(563,'0l2bqv0spmg7q9vgod3sl27uqa',16,1,'2022-08-19 05:31:07','2022-08-19 05:45:14','172.70.178.44'),(564,'o9t552367euni3m5gibua9qcrf',7,1,'2022-08-19 06:03:29','2022-08-19 06:14:36','172.70.178.130'),(565,'l7tr32hfah33tf11h49dj7o8ej',15,2,'2022-08-19 16:00:36','2022-08-19 21:30:13','172.69.22.44'),(566,'v66f6jvn3nutmoumc2uf2s4a5u',15,2,'2022-08-19 21:30:13','2022-08-19 22:18:53','172.68.35.13'),(567,'e80i5tdtrm46c6bmmg8c7v01uj',15,1,'2022-08-19 22:18:53','2022-08-19 22:40:14','172.68.34.168'),(568,'ounqqe0bm977vo6k81ielr9prg',7,1,'2022-08-22 05:51:04','2022-08-22 05:58:47','172.70.130.220'),(569,'cu26980qcrntmj2f6645nig63q',16,2,'2022-08-22 05:55:24','2022-08-23 04:15:20','172.70.131.145'),(570,'h5937s5lc1gmft98a9lp7oddo9',6,2,'2022-08-22 09:33:20','2022-08-22 11:39:53','172.70.130.146'),(571,'7e2ciedl6kr92mjbe3v8i4f992',6,2,'2022-08-22 11:39:53','2022-08-22 16:31:42','172.70.130.4'),(572,'qfmnqcgumrhh35314q3gvh7ecq',6,2,'2022-08-22 16:31:42','2022-08-23 03:43:33','172.70.130.242'),(573,'dt76mrjkg8vt7i241p5ht07t84',15,2,'2022-08-22 16:42:12','2022-08-22 17:27:37','172.68.34.254'),(574,'765p7d417p2a36mhlve7sf0gbs',15,2,'2022-08-22 17:27:37','2022-08-22 21:13:55','172.68.35.7'),(575,'vjv7bo1052n89j4c0n7vr82ebh',15,2,'2022-08-22 21:13:55','2022-08-23 05:00:56','172.68.35.21'),(576,'eugi91182m1hgbkmpoi5aiq8lt',6,2,'2022-08-23 03:43:33','2022-08-23 05:14:37','172.70.130.160'),(577,'9acfqddh3td3gqvi60ng7ag0il',16,2,'2022-08-23 04:15:20','2022-08-23 07:11:50','172.70.131.123'),(578,'jn7ia2qot8mormbr1d8hhhn0ur',15,2,'2022-08-23 05:00:56','2022-08-24 05:11:30','172.68.35.15'),(579,'bnb5pga9q40runsj3112fa2fht',6,2,'2022-08-23 05:14:37','2022-08-23 08:31:20','172.70.130.66'),(580,'46gq311sijvlnjacr18qcma0ka',7,1,'2022-08-23 06:04:53','2022-08-23 06:52:00','172.70.130.2'),(581,'blig4199kip30ls4p4gu88lbbc',16,2,'2022-08-23 07:11:50','2022-08-23 08:23:08','172.70.130.242'),(582,'cblpjb1704u5g4sojr3n2vstmf',16,2,'2022-08-23 08:23:08','2022-08-23 09:37:25','172.70.130.94'),(583,'ffuom74jtu6rmi7b79ola9egt4',6,2,'2022-08-23 08:31:20','2022-08-24 06:25:52','172.70.131.17'),(584,'03fk89u1d9juk1dmd7ce75m0e8',16,2,'2022-08-23 09:37:25','2022-08-23 11:46:47','172.70.130.222'),(585,'8p7calrk6gi0e06vdrfsuj15u9',16,2,'2022-08-23 11:46:47','2022-08-24 05:43:37','172.70.130.64'),(586,'k6te1u2ivs1rdgtoe914l12pjr',9,1,'2022-08-23 13:35:48','2022-08-23 13:38:29','172.70.131.69'),(587,'809085jdrvtoto203lf57s67ah',15,2,'2022-08-24 05:11:30','2022-08-24 16:10:29','172.68.34.174'),(588,'8595upvjd4i2sfd290mr1i4vkm',16,2,'2022-08-24 05:43:37','2022-08-24 08:33:13','172.70.130.204'),(589,'1ne2f6ssq7659rp4fm3l56bok2',6,1,'2022-08-24 06:25:52','2022-08-24 06:26:40','172.70.131.169'),(590,'9ugkic9d1mkvr92gf6csaljsbr',16,1,'2022-08-24 08:33:13','2022-08-24 08:46:27','172.70.130.66'),(591,'57ujit2oifivfo2ttmr77uqenv',15,2,'2022-08-24 16:10:29','2022-08-24 16:47:28','172.68.34.254'),(592,'ooakr4oknai82rk5k6c3r735br',15,2,'2022-08-24 16:47:28','2022-08-24 19:02:09','172.68.34.180'),(593,'dn6hi96q5llbkumu74t1fs0h6c',15,2,'2022-08-24 19:02:09','2022-08-24 21:23:31','172.68.34.162'),(594,'356mkhtaj6b6lo56dvo1pk0ktr',15,1,'2022-08-24 21:23:31','2022-08-24 21:23:31','172.68.34.150'),(595,'jdib5ut9vrg83clo2ac0qao8m2',7,1,'2022-08-25 06:09:37','2022-08-25 06:09:37','172.70.178.220'),(596,'6shhsvqmgvm7pup22oppffi5bg',6,2,'2022-08-25 08:55:47','2022-08-25 11:27:40','172.70.130.196'),(597,'81904pbqfofmplb1ao3epd78a7',9,1,'2022-08-25 09:53:40','2022-08-25 09:58:31','172.70.131.211'),(598,'gkt2mj0h9i0smbbopvh75sr2b5',6,2,'2022-08-25 11:27:40','2022-08-26 07:25:50','172.70.130.84'),(599,'tqdduhq81kkdrac70kl8pg4h31',15,2,'2022-08-25 21:31:03','2022-08-26 16:22:09','172.68.35.23'),(600,'6k31e5kiccd935uj36nmbbl83f',16,2,'2022-08-26 04:53:39','2022-08-26 06:53:33','172.70.131.185'),(601,'22b5u1vfjgnlsgahpfl5bkgflt',16,1,'2022-08-26 06:53:33','2022-08-26 06:55:11','172.70.178.236'),(602,'7cs97q3a27uagjqmjkrijnn4n2',6,1,'2022-08-26 07:25:50','2022-08-26 07:28:49','172.70.178.132'),(603,'89r18k5hejvujppco6avh1bmdg',15,1,'2022-08-26 16:22:09','2022-08-26 16:22:09','172.69.22.62'),(604,'svps2hf361c76132us41bapo8q',6,2,'2022-08-29 04:12:53','2022-08-29 05:39:26','172.70.178.228'),(605,'nsichrhk15obtgf1d7t6d6s1u3',6,2,'2022-08-29 05:39:26','2022-08-29 09:52:28','172.70.130.148'),(606,'pmvup9ek41kfbp7up652a2m6jp',16,2,'2022-08-29 06:08:12','2022-08-29 07:21:07','172.70.131.211'),(607,'ah2i512ad28klcmc3r9n89tk33',16,2,'2022-08-29 07:21:07','2022-08-29 08:42:41','172.70.131.117'),(608,'ibr4d17rr25n3lks3e6i5n7hc7',16,2,'2022-08-29 08:42:41','2022-08-29 09:26:50','172.70.131.53'),(609,'2rlgjl267aap91p1vf2va5r6g2',16,2,'2022-08-29 09:26:50','2022-08-29 11:26:20','172.70.178.88'),(610,'0gj2k78ch11fcd1qbp38llr3d2',6,2,'2022-08-29 09:52:28','2022-08-29 11:39:43','172.70.218.134'),(611,'1d1u4u4aofgvijguaku7pdfsel',16,2,'2022-08-29 11:26:20','2022-08-29 12:50:39','172.70.178.142'),(612,'lh19hcrn444e7n3qevts1fliqj',6,2,'2022-08-29 11:39:43','2022-08-30 06:52:12','172.70.131.69'),(613,'khqhhcpgf8m1p5t7n5rk1a3tuu',16,2,'2022-08-29 12:50:39','2022-08-30 04:15:37','172.70.131.133'),(614,'eitllvpd06bh6nqfmp28jnjn88',16,1,'2022-08-30 04:15:37','2022-08-30 04:15:37','172.68.34.168'),(615,'lld5gojafu2hua3veho82ivhp3',6,1,'2022-08-30 06:52:12','2022-08-30 06:52:12','172.70.130.102'),(616,'ckgrgjrd4tvi9eutg0rr69nrqu',15,2,'2022-08-31 17:09:35','2022-09-01 17:16:57','172.68.34.250'),(617,'jbdoo3tjd48e5ekodpr4q9j7ci',7,2,'2022-09-01 06:06:54','2022-09-01 13:54:53','172.70.130.100'),(618,'asuk37c5uau9it9s07ka5d3t95',6,2,'2022-09-01 09:08:57','2022-09-01 12:04:10','172.70.131.85'),(619,'jclmevdmr22rfh67o2sq0mjug2',16,2,'2022-09-01 11:51:43','2022-09-01 12:06:52','172.70.222.232'),(620,'ojqh7deej97k5vh2nv9akuufco',6,2,'2022-09-01 12:04:10','2022-09-02 06:20:35','172.68.34.220'),(621,'6968m1r6tac1c4d4bg4i2jvfa8',16,2,'2022-09-01 12:06:52','2022-09-02 10:09:42','172.68.34.220'),(622,'o2og0tpo5tpg2cvcrbqavr8eoi',7,1,'2022-09-01 13:54:53','2022-09-01 13:57:53','172.70.130.158'),(623,'ro77ggqssl5q94e5b5a4rcqg33',15,1,'2022-09-01 17:16:57','2022-09-01 18:15:06','172.68.35.27'),(624,'aji99dgvihfpt0jcmt1dtiab69',6,2,'2022-09-02 06:20:35','2022-09-02 12:25:11','172.70.131.69'),(625,'huku2uv40ccpujjb1avuhrcaen',16,2,'2022-09-02 10:09:42','2022-09-02 12:35:14','172.70.123.3'),(626,'pk8c6t1j2s2htatrb31en1pict',6,1,'2022-09-02 12:25:11','2022-09-02 12:55:35','172.70.178.204'),(627,'2s20ov9ncl69pthhbj5nng2u03',16,1,'2022-09-02 12:35:14','2022-09-02 13:15:17','172.69.42.124'),(628,'aein06u5g7mpmkkgpc1t1odgh0',10,1,'2022-09-05 04:23:08','2022-09-05 04:51:03','162.158.191.216'),(629,'8mhvd0haaop9uctji521h8lnod',15,2,'2022-09-06 16:52:08','2022-09-06 21:01:20','162.158.166.20'),(630,'ld9v0asd8uqjr7q43l420gjc9i',15,2,'2022-09-06 21:01:20','2022-09-06 22:20:48','172.68.34.220'),(631,'5iti36mimlgqj7k2jvjfe4qapa',15,2,'2022-09-06 22:20:48','2022-09-07 16:20:55','172.68.35.35'),(632,'latgmsu0f164bl3gnqsbioebgr',9,2,'2022-09-07 15:30:16','2022-09-08 06:22:48','162.158.227.192'),(633,'o29rl8941bgjimloh7oo1uvm9t',15,1,'2022-09-07 16:20:55','2022-09-07 17:02:35','172.69.22.182'),(634,'rk0q3i4ij3b20ef9mrmcrkm5gu',9,1,'2022-09-08 06:22:48','2022-09-08 06:22:48','162.158.191.204'),(635,'vr0p06jma31a79951a4faprie7',6,1,'2022-09-08 06:22:57','2022-09-08 06:24:21','172.68.34.218'),(636,'ab7jna2mefkdv6g7i7qpddm31l',15,1,'2022-09-08 17:43:48','2022-09-08 17:43:48','172.68.34.198'),(637,'lecgpu0nef7o0sfmao6r58hffg',15,1,'2022-09-10 04:05:55','2022-09-10 04:09:00','172.68.35.19'),(638,'0nt8op3384tpqo7pn15sg6g0dl',6,1,'2022-09-12 11:29:24','2022-09-12 12:17:22','172.68.34.238'),(639,'ogs158tp5j4nu57ahfsurr5kjf',9,1,'2022-09-12 11:48:17','2022-09-12 11:50:50','172.68.34.216'),(640,'si14m0k49jt5hnph18tfbdtljk',16,1,'2022-09-14 09:25:18','2022-09-14 09:29:30','172.70.178.92'),(641,'utuus2u2om4erpvc3ln1sl28f4',6,1,'2022-09-16 05:15:30','2022-09-16 05:21:18','172.70.178.142'),(642,'28h4ucqn7ie3eeqh0p290e03cm',10,1,'2022-09-16 09:05:06','2022-09-16 09:05:06','172.70.178.224'),(643,'kbhiqmmvsplj8cl1plgb5grepq',7,2,'2022-09-19 09:42:00','2022-09-20 03:06:35','172.70.131.3'),(644,'3ggp12ghenora7sqtnk45glmq3',15,2,'2022-09-19 17:43:33','2022-09-19 19:01:55','172.68.35.39'),(645,'b0bdf11tlp8gdorji9dbtuklb3',15,1,'2022-09-19 19:01:55','2022-09-19 19:34:43','162.158.166.20'),(646,'0khvel92cuoug0u42ar3rbhpmd',7,2,'2022-09-20 03:06:35','2022-09-20 15:27:24','172.70.130.62'),(647,'rback5g3e3r03drmrtuq0fkna0',6,1,'2022-09-20 09:12:10','2022-09-20 09:57:41','172.70.178.236'),(648,'446q7oee30a7ug1obpdf2oc7vi',7,1,'2022-09-20 15:27:24','2022-09-20 15:27:24','172.68.34.152'),(649,'ftbieffn88qdb0am77u64msjku',6,2,'2022-09-22 04:12:07','2022-09-22 05:52:42','172.70.178.214'),(650,'p9eepmni1328fgmtdsctvug22h',6,2,'2022-09-22 05:52:42','2022-09-22 08:26:52','172.70.178.228'),(651,'jbb6jlrb69u8bi4mvh34g0gugu',9,2,'2022-09-22 06:23:29','2022-09-22 09:52:14','172.70.178.214'),(652,'t92olvp1quhbqmrm6flvr9e8b0',6,2,'2022-09-22 08:26:52','2022-09-22 09:49:04','172.70.237.132'),(653,'5bqq65c2ae24eacamasprcov1c',6,1,'2022-09-22 09:49:04','2022-09-22 10:10:35','162.158.23.87'),(654,'proc0br1s136953oct8fbl97bu',9,1,'2022-09-22 09:52:14','2022-09-22 10:10:46','172.70.178.206'),(655,'tbplalg7jir8rucliclthsjrf0',7,1,'2022-09-23 21:34:37','2022-09-23 21:34:37','172.68.34.164'),(656,'6qa6cps16q3kg0neo2b1bnoo4h',15,2,'2022-09-29 17:37:34','2022-09-29 18:47:52','172.68.34.238'),(657,'t47j8ar798g951178piole96ng',15,2,'2022-09-29 18:47:52','2022-09-30 17:10:24','172.68.34.242'),(658,'a31rucgcuelahimhgpfkncj3lk',15,2,'2022-09-30 17:10:24','2022-09-30 18:41:39','172.68.35.29'),(659,'rgs1gi59jdtqmb9eb49ks5tvt9',15,1,'2022-09-30 18:41:39','2022-09-30 19:14:39','172.68.34.140'),(660,'peqopb6v8i8vf39akd70ojk2km',15,2,'2022-10-03 16:43:25','2022-10-03 19:36:37','172.68.34.218'),(661,'mcudmu7kgbu66pjau7hk9384n2',15,2,'2022-10-03 19:36:37','2022-10-03 21:01:11','172.68.34.250'),(662,'107c6s29p1648urf8iq6qu8ug1',15,2,'2022-10-03 21:01:11','2022-10-04 00:31:55','172.68.34.254'),(663,'3sjhv551fv1t8aq8g12jbla95t',15,2,'2022-10-04 00:31:55','2022-10-04 18:17:37','172.68.34.246'),(664,'btbskee1si2tok9mrrebhm0cuj',15,1,'2022-10-04 18:17:37','2022-10-04 18:17:37','172.68.34.128'),(665,'hque6jlmasbbmcr86l7eogs656',16,1,'2022-10-06 09:46:53','2022-10-06 09:58:51','172.70.131.15'),(666,'5i5pbt9q1ncdo1eepm1eg31u4o',15,1,'2022-10-10 17:28:34','2022-10-10 17:28:34','162.158.167.13'),(667,'dk5315120skikb4q8gk0s2r5ie',15,1,'2022-10-12 17:13:58','2022-10-12 17:13:58','172.68.35.29'),(668,'0km5688m1ea6vq8un6lhkqb8sv',15,1,'2022-10-13 22:37:41','2022-10-13 22:40:04','162.158.166.254'),(669,'rq7j8pa0f61t8pb62c4v16htd0',15,2,'2022-10-17 20:43:44','2022-10-18 18:55:51','162.158.166.156'),(670,'1ebik3jdmrv17indmg97cveshj',15,2,'2022-10-18 18:55:51','2022-10-18 22:46:59','172.68.34.226'),(671,'o5saqo6o4pe45f7m5qt2oute0c',15,2,'2022-10-18 22:46:59','2022-10-19 00:44:15','172.68.34.192'),(672,'f3r1ocop1pikq52lh4uu7mvtom',15,2,'2022-10-19 00:44:15','2022-10-19 15:26:42','172.68.34.156'),(673,'aikjkgu97kqlrmtr1psi0p9sqg',15,2,'2022-10-19 15:26:42','2022-10-19 17:08:21','172.68.35.19'),(674,'qhvos7ctvrl22n3lo99prpk51j',15,2,'2022-10-19 17:08:21','2022-10-19 19:01:31','172.68.34.214'),(675,'m717oanjlsp1atu20jnsg7hjq9',15,2,'2022-10-19 19:01:31','2022-10-19 21:27:46','172.68.34.138'),(676,'v4uqb428rq3vct57g87pgub20o',15,2,'2022-10-19 21:27:46','2022-10-20 16:49:03','172.68.34.226'),(677,'amqh4vka0tkv6ig0h406njuj9s',15,2,'2022-10-20 16:49:03','2022-10-20 18:29:32','172.68.35.39'),(678,'2obvms6ji1k8v47pamicc2u2nv',15,2,'2022-10-20 18:29:32','2022-10-20 19:58:45','172.68.34.156'),(679,'8ieelpe8imqholrrjok74o0c2e',15,2,'2022-10-20 19:58:45','2022-10-20 21:18:07','172.68.34.228'),(680,'teq94acvvalqea60koceh2dd8g',15,2,'2022-10-20 21:18:07','2022-10-21 00:39:04','172.68.35.29'),(681,'660jr11l0itmct4o3o3sc28r23',15,2,'2022-10-21 00:39:04','2022-10-21 16:09:25','172.68.34.156'),(682,'7hfhnmipraj8eu5hse0f7sq16a',15,2,'2022-10-21 16:09:25','2022-10-21 22:51:20','172.68.35.15'),(683,'3v0s8hmkjic49om213v17bji9e',15,2,'2022-10-21 22:51:20','2022-10-22 00:04:29','172.69.22.68'),(684,'lng8oo6l7o8gf59a6ubm6pi4cg',15,1,'2022-10-22 00:04:29','2022-10-22 00:33:21','172.68.35.27'),(685,'somi3kbf10romrglmnueqv131s',15,2,'2022-10-24 16:44:32','2022-10-24 19:40:50','172.68.34.156'),(686,'fo6ims7c8eoucom8qqmmgkvnva',15,2,'2022-10-24 19:40:50','2022-10-24 21:05:17','172.71.158.88'),(687,'e6aqobdt9nd7ks6iu6dso8eh9o',15,2,'2022-10-24 21:05:17','2022-10-25 17:57:19','172.68.35.23'),(688,'ll18ekrs4u58ri23mpad5mv04o',15,2,'2022-10-25 17:57:19','2022-10-25 19:10:18','172.68.34.210'),(689,'fis7rdr6jh93uvm9nrk2n5hjsl',15,2,'2022-10-25 19:10:18','2022-10-25 21:01:58','172.68.34.222'),(690,'a8a5qr1gifbfgdpenoms92ftr4',15,2,'2022-10-25 21:01:58','2022-10-25 23:41:54','172.68.35.41'),(691,'6go0tqlolrl7dbfm9u6ism93ao',15,2,'2022-10-25 23:41:54','2022-10-26 16:13:16','172.69.22.228'),(692,'2ivhesasdic2e36vt2g99s4jvq',15,2,'2022-10-26 16:13:16','2022-10-26 16:55:24','172.68.35.39'),(693,'q2ttjco1l9vqbn9k8etlfangm6',15,2,'2022-10-26 16:55:24','2022-10-26 21:05:57','172.68.34.238'),(694,'p0bg01s62ljqq9iteuuo4hr5cq',15,2,'2022-10-26 21:05:57','2022-10-27 00:07:40','172.71.158.200'),(695,'8000l90p9nk6htcdv3k5nt2b61',15,2,'2022-10-27 00:07:40','2022-10-27 16:41:15','172.68.34.226'),(696,'bgfqt7bcr26tr6n2nblg73skol',15,2,'2022-10-27 16:41:15','2022-10-27 21:11:36','172.68.34.244'),(697,'2pesgcmeovpcrud30426piboc2',15,2,'2022-10-27 21:11:36','2022-10-28 00:06:13','172.68.35.9'),(698,'74ogq2pe9u0vd9jf5f2852o7eo',15,2,'2022-10-28 00:06:13','2022-10-28 16:08:39','172.68.34.138'),(699,'3376a8e1062b9kfv2ck0rm2cf7',15,2,'2022-10-28 16:08:39','2022-10-28 17:45:33','172.71.154.112'),(700,'ac2nas2q968puipjpf7ufrqqi4',15,2,'2022-10-28 17:45:33','2022-10-28 20:35:19','172.68.35.21'),(701,'5k1jicb2akgho9bn26456ilnna',15,2,'2022-10-28 20:35:19','2022-10-28 21:48:32','172.71.154.36'),(702,'snts5dtg0tcrr8eoqqp860v4t2',15,1,'2022-10-28 21:48:32','2022-10-28 21:48:32','172.68.35.25'),(703,'q4lf0upu90tcgauhgbci7e73e9',15,2,'2022-10-31 16:18:43','2022-10-31 18:45:53','172.68.34.162'),(704,'ksdevd1apj48kmp5e0ehrjj0j4',15,2,'2022-10-31 18:45:53','2022-10-31 20:26:55','172.68.34.226'),(705,'qdkgtm8s3derklpf67mhttrhuq',15,2,'2022-10-31 20:26:55','2022-10-31 23:36:43','172.68.34.252'),(706,'43tirse0it77s1ed8htogqmrim',15,2,'2022-10-31 23:36:43','2022-11-01 16:33:16','172.68.34.212'),(707,'2bl5q7j7itosa0rapgphv7nl2c',15,2,'2022-11-01 16:33:16','2022-11-01 19:33:19','172.68.35.29'),(708,'1n170imsj6s7u77dse940kc8p9',15,2,'2022-11-01 19:33:19','2022-11-01 21:23:10','172.68.35.15'),(709,'emg2un959holjdvijt34ue0ahb',15,2,'2022-11-01 21:23:10','2022-11-01 22:18:52','172.68.35.25'),(710,'5efq51153b0h8ogh9vbqr11h6u',15,2,'2022-11-01 22:18:52','2022-11-02 04:56:04','172.68.35.7'),(711,'95br2l41rcaa2l9ja270f930si',15,2,'2022-11-02 04:56:04','2022-11-02 15:56:46','172.68.35.21'),(712,'anh15mj2let7365iaafkosmemm',15,2,'2022-11-02 15:56:46','2022-11-02 17:43:17','172.69.22.20'),(713,'kii54cqmsmbqp858qi3vrvne47',15,2,'2022-11-02 17:43:17','2022-11-02 21:34:42','172.68.34.214'),(714,'2qg376sih1kqheia392fthoru9',15,2,'2022-11-02 21:34:42','2022-11-02 22:50:43','172.68.35.29'),(715,'sqsd69n389g0m7vg8c0jgbi4ds',15,2,'2022-11-02 22:50:43','2022-11-03 16:07:34','172.68.34.219'),(716,'jb0cv47o845ug4qfla4rdm4p6e',15,2,'2022-11-03 16:07:34','2022-11-03 21:03:49','172.68.34.239'),(717,'ha0nfk75ioffaijkuv1cps15fs',15,2,'2022-11-03 21:03:49','2022-11-03 22:19:28','172.68.35.5'),(718,'o143b50gnc2o6b66dc9pb56ouc',15,2,'2022-11-03 22:19:28','2022-11-04 16:55:09','172.68.34.243'),(719,'litb52pvmel44k7ola7fqe86vo',6,2,'2022-11-04 09:37:17','2022-11-04 11:27:20','172.68.35.17'),(720,'fguumbpoi5vcpc4l1ajfor4rua',6,1,'2022-11-04 11:27:20','2022-11-04 12:56:47','172.70.131.50'),(721,'al9cpua8if9mme620qvtjjas2c',15,2,'2022-11-04 16:55:09','2022-11-04 20:42:42','172.68.35.33'),(722,'l50fpt2gmlqf08f1cilsbcrinl',15,1,'2022-11-04 20:42:42','2022-11-04 20:43:32','172.68.34.191'),(723,'i7k4p6l7povkbve9j4cb3sanda',15,2,'2022-11-07 17:04:19','2022-11-07 18:11:17','172.68.34.246'),(724,'sil4ep42uq9e6u8tdm5ous09fq',15,2,'2022-11-07 18:11:17','2022-11-07 23:05:24','172.68.35.29'),(725,'uj1m758r5lpb2uk6rh6gn6i563',15,2,'2022-11-07 23:05:24','2022-11-08 17:15:43','172.68.34.212'),(726,'tvth3g16pg3m0mmdb7aprur81f',15,2,'2022-11-08 17:15:43','2022-11-08 23:17:07','172.68.34.218'),(727,'5m5bdlii89g1jk9aslmft478o9',15,0,'2022-11-08 23:17:07','2022-11-08 23:21:16','172.68.35.23'),(728,'jll553hliv08aidshl225o0s25',15,2,'2022-11-09 00:05:23','2022-11-09 01:34:03','172.68.35.15'),(729,'61tmt4v5ch6jrkst4es4ghkfh6',15,2,'2022-11-09 01:34:03','2022-11-09 17:16:04','172.68.34.243'),(730,'a2usljm97sqff9m4kudbb81qo4',15,2,'2022-11-09 17:16:04','2022-11-09 23:07:41','172.68.34.242'),(731,'kt4j8ckiv5qpbl0ros9jfuqqm5',15,2,'2022-11-09 23:07:41','2022-11-09 23:48:05','172.68.35.23'),(732,'oji4bfqn81ts1lk074mk80s5b1',15,2,'2022-11-09 23:48:05','2022-11-10 01:02:30','172.68.35.23'),(733,'f4a0jncf4esfi48ruv4fgq615n',15,2,'2022-11-10 01:02:30','2022-11-10 17:29:08','172.68.35.5'),(734,'6tu8259umj1nq5p4l75fev35r6',6,2,'2022-11-10 11:23:06','2022-11-11 06:11:48','172.70.131.140'),(735,'vhh3u6u34th9h8s7snk0tbk84l',15,2,'2022-11-10 17:29:08','2022-11-10 18:34:34','172.68.35.22'),(736,'9nsupp6nnuhd1kjpiou1l44juq',15,2,'2022-11-10 18:34:34','2022-11-10 20:28:30','172.68.34.210'),(737,'cf3hhoc1lfrqapk49s3mqlfcsv',15,2,'2022-11-10 20:28:30','2022-11-10 22:29:13','172.68.34.184'),(738,'v6dgdiuu8sj58g8dd8td6g4sq5',15,2,'2022-11-10 22:29:13','2022-11-11 00:18:16','172.68.34.250'),(739,'audav6aqfihl89u5jknmvah8dh',15,2,'2022-11-11 00:18:16','2022-11-11 18:07:29','172.68.34.212'),(740,'f2agm201q71rav1gqncg07iu17',6,2,'2022-11-11 06:11:48','2022-11-11 09:00:29','172.70.130.233'),(741,'djehricfsnbslp7qa8q18ctjnq',6,1,'2022-11-11 09:00:29','2022-11-11 09:14:46','172.70.178.242'),(742,'rjetb9omkh01oqnek3tg96ll4b',13,0,'2022-11-11 18:01:49','2022-11-11 18:02:02','172.71.186.215'),(743,'n98612tno9tall45sfnliehv1e',12,1,'2022-11-11 18:04:46','2022-11-11 18:04:46','172.70.178.40'),(744,'trkm0ekgkk3s51i5t8mbroel9e',15,2,'2022-11-11 18:07:29','2022-11-11 22:26:26','172.68.34.234'),(745,'55t6pat71tgfj6jrcj500p1jno',13,2,'2022-11-11 18:13:04','2022-11-11 19:01:47','172.68.34.153'),(746,'0m7n96t6qbb22h5q9u6ihk13vf',13,2,'2022-11-11 19:01:47','2022-11-12 00:51:12','172.68.34.216'),(747,'ab5u54b0hnqin70431e3gsad69',15,2,'2022-11-11 22:26:26','2022-11-11 23:50:57','172.68.35.15'),(748,'rpc3tdkau3ltmpq7coar7ca8la',15,0,'2022-11-11 23:50:57','2022-11-12 01:17:25','172.71.154.49'),(749,'2rp2jo6cikhpstt1tln4ddnh3g',13,1,'2022-11-12 00:51:12','2022-11-12 00:51:12','172.68.35.35'),(750,'9idob40o7ccoooj8129m0iik5p',7,2,'2022-11-14 06:34:09','2022-11-14 18:03:13','172.70.178.28'),(751,'5iklh47d7m4cvqo710ur4kqcsi',7,1,'2022-11-14 18:03:13','2022-11-14 18:03:13','172.70.130.212'),(752,'4ruinf4u5n5lo6rl9vau4kj73l',12,2,'2022-11-14 22:40:34','2022-11-15 19:22:32','172.68.34.222'),(753,'8gdfjnv62pegvuolunc311t6kr',13,1,'2022-11-15 03:45:16','2022-11-15 03:46:49','172.70.130.205'),(754,'4lp6355l5nnbki3ru9mi6alqrh',6,1,'2022-11-15 04:47:08','2022-11-15 05:14:13','162.158.227.205'),(755,'r25lsrgh4p06t3dk0mhm2fdra5',16,1,'2022-11-15 05:25:54','2022-11-15 05:46:32','172.70.131.66'),(756,'lirjf9ij64ke46jsn4gpnmrdgf',12,2,'2022-11-15 19:22:32','2022-11-16 13:01:56','172.68.34.234'),(757,'2gmej7a5903d3m8bc9v57urgsn',12,1,'2022-11-16 13:01:56','2022-11-16 13:04:47','172.70.131.66'),(758,'s8855vjgltjb854gk69fr6emvj',7,1,'2022-11-17 11:43:32','2022-11-17 11:47:21','172.70.179.3'),(759,'81unofd6qimt5c7sgbc4eqqkrf',12,1,'2022-11-17 22:41:46','2022-11-17 22:46:03','172.68.35.36'),(760,'rl3r8rrkm3b8u3keqlhs9vgfr1',15,2,'2022-11-18 17:08:46','2022-11-18 19:41:17','172.68.34.226'),(761,'8r2hmpa26vbrl6pborbktdel0e',15,2,'2022-11-18 19:41:17','2022-11-18 20:31:03','172.68.35.38'),(762,'f3ev8sa8pte7mtng6ga5cov3jk',15,2,'2022-11-18 20:31:03','2022-11-18 22:12:48','172.68.35.37'),(763,'qh0hnht5k85frbb50s522aj80a',15,2,'2022-11-18 22:12:48','2022-11-18 23:56:28','172.68.34.217'),(764,'7a0183netm6vib1a15frhrr6ik',15,1,'2022-11-18 23:56:28','2022-11-18 23:58:21','172.68.34.235'),(765,'13pql7k9ihn1om5d8ttnp9e0iv',6,2,'2022-11-21 08:32:39','2022-11-21 09:00:38','172.70.178.31'),(766,'0gu4e2kkpii24qnkl82sh78cdu',16,2,'2022-11-21 08:41:31','2022-11-21 09:52:06','172.70.178.224'),(767,'9015pldpjc7blsdp27b7o6o2tt',6,2,'2022-11-21 09:00:38','2022-11-21 10:15:10','172.70.218.98'),(768,'g2c76h6s9ffe3t77cebdqj6l7a',16,2,'2022-11-21 09:52:06','2022-11-21 11:05:03','172.70.178.122'),(769,'k46hst4sqh6s8m048cj01h2g34',6,2,'2022-11-21 10:15:10','2022-11-21 12:11:47','172.70.178.206'),(770,'2an5u6912mvtdd803rqt37jp19',16,1,'2022-11-21 11:05:03','2022-11-21 12:18:25','172.70.178.67'),(771,'7s1ougs0ecfs78873fhf66q4ir',6,2,'2022-11-21 12:11:47','2022-11-22 01:13:03','172.70.179.6'),(772,'1gveanq1ikuhnb3el57ddkk7rc',15,2,'2022-11-21 17:47:11','2022-11-21 23:14:07','172.68.35.39'),(773,'gbqumnalrqgvs2jse4vd62vpse',15,2,'2022-11-21 23:14:07','2022-11-22 17:33:41','172.68.34.254'),(774,'p6fjst87tdd2rdr6kma1k9ju9o',6,2,'2022-11-22 01:13:03','2022-11-22 03:36:39','172.70.178.178'),(775,'jtlls3vkkgi73j1jmvb0jd035a',6,1,'2022-11-22 03:36:39','2022-11-22 03:46:07','172.70.130.75'),(776,'rct4qho5fpklqold7cra48ep1s',15,2,'2022-11-22 17:33:41','2022-11-23 17:32:57','172.68.35.35'),(777,'t7th59lfdde5plee2vqc7h26uu',6,2,'2022-11-23 06:33:20','2022-11-24 03:56:33','172.70.178.47'),(778,'k6qgub8dg8gc8restmhq3qkuk2',15,2,'2022-11-23 17:32:57','2022-11-23 18:16:21','172.68.34.173'),(779,'10sn1tphphr6jge1t56luf7qpa',15,2,'2022-11-23 18:16:21','2022-11-24 00:33:32','172.71.158.224'),(780,'iet2iglaladevmvk8hujo0s6hg',15,1,'2022-11-24 00:33:32','2022-11-24 00:33:32','172.71.154.37'),(781,'8s1nerpv2cuo3hfs9ns6d0epj5',6,1,'2022-11-24 03:56:33','2022-11-24 04:35:04','172.70.178.63'),(782,'iqi4fl3o8prnbn8b08hnce23rb',16,2,'2022-11-24 04:49:58','2022-11-24 09:06:03','172.70.178.145'),(783,'l24lpt97pgguq81hs5vda1jgsl',16,1,'2022-11-24 09:06:03','2022-11-24 10:32:02','172.70.130.174'),(784,'l76k58bboo37io6d0o07clubva',16,1,'2022-11-28 05:16:29','2022-11-28 05:19:11','172.70.178.219'),(785,'b67pn353auagdje9lapsn2cf7n',15,2,'2022-11-28 17:19:20','2022-11-28 21:37:33','172.71.154.99'),(786,'4r6uhq4fvtlr1tv2il2p9rlhqh',15,2,'2022-11-28 21:37:33','2022-11-28 22:16:27','162.158.166.119'),(787,'s854siumjlrui45mkfb4tthofj',15,2,'2022-11-28 22:16:27','2022-11-29 17:32:14','172.68.35.30'),(788,'ek1tl0qaerlnghobnu71bo4t1c',6,1,'2022-11-29 03:32:03','2022-11-29 03:34:05','172.70.178.109'),(789,'q9rqh1hbgqk4g50ftk6tjueqvc',15,2,'2022-11-29 17:32:14','2022-11-29 23:12:45','172.68.34.226'),(790,'6hr1r14h7ruh5c0eltpf3e6srb',15,2,'2022-11-29 23:12:45','2022-11-30 00:50:51','172.68.34.77'),(791,'74uokcfu7jdk9q5rup0th7spcv',15,2,'2022-11-30 00:50:51','2022-11-30 17:41:25','172.68.34.62'),(792,'3oo4f1mtmocioncsvc4rmsak3t',15,2,'2022-11-30 17:41:25','2022-11-30 23:43:40','172.68.34.75'),(793,'gtm1mf9idro4f9oatkt1a14ehk',15,2,'2022-11-30 23:43:40','2022-12-01 17:33:13','172.68.35.7'),(794,'j01le9fjqlk8ijtt3sjd6niq0v',6,2,'2022-12-01 06:07:04','2022-12-01 09:01:28','172.70.178.143'),(795,'hl1d283amm3si8j8rr46fcdm04',6,2,'2022-12-01 09:01:28','2022-12-02 07:31:38','172.70.178.154'),(796,'bk3s5u8csgbd3qpenm3v2utdnn',16,1,'2022-12-01 09:02:29','2022-12-01 09:02:29','162.158.191.205'),(797,'5tm6oq2rbva34p3io0pg0m7m50',15,2,'2022-12-01 17:33:13','2022-12-02 00:33:11','172.68.34.70'),(798,'714drs2et96do28rj8ne5rl6i7',15,2,'2022-12-02 00:33:11','2022-12-02 18:03:57','172.68.34.53'),(799,'n060f0a8e2ngtodqigvp6vblrk',6,2,'2022-12-02 07:31:38','2022-12-02 08:45:11','172.70.130.135'),(800,'pr3uu0kpsqa26sf3pmi2pjgi9f',6,2,'2022-12-02 08:45:11','2022-12-02 09:41:41','172.70.219.37'),(801,'gijdagrsek3tu19ddq48qdncsu',6,1,'2022-12-02 09:41:41','2022-12-02 09:53:31','172.70.179.24'),(802,'pmnsih5o9kkrt2ek9bka0hjnrg',16,1,'2022-12-02 09:55:42','2022-12-02 09:57:23','172.70.178.144'),(803,'c44is6ruk0saohm8mo3fh0fm22',15,2,'2022-12-02 18:03:57','2022-12-02 20:34:41','172.68.34.155'),(804,'hjka0qpq50mnv5rhae36v7ihtr',15,2,'2022-12-02 20:34:41','2022-12-02 22:02:38','172.68.34.165'),(805,'i8rm0sni0e8dbk59di0949616e',15,2,'2022-12-02 22:02:38','2022-12-02 23:45:50','172.68.34.81'),(806,'hepjh71pfg42jsc3dn40diru9b',15,1,'2022-12-02 23:45:50','2022-12-02 23:49:31','172.71.158.155'),(807,'4pm7rqvc70diplql3g3d4u4ga3',16,2,'2022-12-05 05:51:28','2022-12-05 09:18:43','172.70.178.32'),(808,'7ipsen5ogh42hjiamf9lmvl1uk',16,1,'2022-12-05 09:18:43','2022-12-05 09:26:16','172.70.179.22'),(809,'fbhtki2k77gsmtmai6v4lnmado',15,2,'2022-12-05 17:27:55','2022-12-05 19:13:09','172.71.158.154'),(810,'amg3vqtediugha21qa55iem8in',15,2,'2022-12-05 19:13:09','2022-12-05 21:42:07','172.68.34.215'),(811,'jl36osb2qig1fqrijr6hoa0nru',15,2,'2022-12-05 21:42:07','2022-12-05 23:15:07','172.68.34.52'),(812,'3vd0ur8b4hvsd8m3ijr5oj7ipc',15,2,'2022-12-05 23:15:07','2022-12-06 17:06:52','172.68.35.39'),(813,'u3kuud848qq5vfnocqu51cj14g',15,2,'2022-12-06 17:06:52','2022-12-06 21:18:05','162.158.166.31'),(814,'9i2ul56rh5nrok7pt0soc4lvnm',15,2,'2022-12-06 21:18:05','2022-12-07 18:39:13','172.68.34.7'),(815,'ps9h5gpunvavgf7j7vpo55q6a8',15,2,'2022-12-07 18:39:13','2022-12-07 19:47:11','172.68.35.30'),(816,'4v6l8ufj6rbpeaibh8q1mufodb',15,2,'2022-12-07 19:47:11','2022-12-07 22:17:12','172.68.34.65'),(817,'3119cqo80q2qre3r65p8i2hpu6',15,1,'2022-12-07 22:17:12','2022-12-07 22:17:12','172.68.34.20'),(818,'048mhutgvttiv5r97nkcvicb3t',16,2,'2022-12-08 06:23:54','2022-12-08 12:13:49','172.70.178.56'),(819,'vigid70i990v9pj8u4so18sajf',7,1,'2022-12-08 06:42:00','2022-12-08 06:55:56','172.70.178.136'),(820,'cfjkd8cth9kjsi97uaf7m0qlbd',12,2,'2022-12-08 09:09:16','2022-12-08 17:38:39','172.70.131.142'),(821,'mjm9kc6eq69t9ca57946ib1jic',16,1,'2022-12-08 12:13:49','2022-12-08 12:35:41','172.70.131.33'),(822,'jbs26s5gbhh7dif70ha36u138e',12,1,'2022-12-08 17:38:39','2022-12-08 17:48:09','172.68.34.27'),(823,'fq21g4cpt8glqmjvqftf6p526f',12,2,'2022-12-11 13:33:42','2022-12-12 13:19:48','172.70.130.81'),(824,'kd27cs42epaqc6vi3orglo05s6',16,2,'2022-12-12 05:14:14','2022-12-12 05:15:31','172.70.131.176'),(825,'ulr5nma7kgbfrtld1gk8kr5da2',16,2,'2022-12-12 05:15:31','2022-12-12 06:55:49','172.70.131.125'),(826,'4cm7u28go371degvr8qrmn41nu',16,2,'2022-12-12 06:55:49','2022-12-12 11:04:26','172.70.131.22'),(827,'3tjmae94boj9ihk03c057kbke5',16,1,'2022-12-12 11:04:26','2022-12-12 11:53:00','172.70.130.214'),(828,'rgt1ilrlgo8js1lsao6s14of0p',17,0,'2022-12-12 11:18:51','2022-12-12 12:38:48','172.70.178.225'),(829,'r401p5ubd9ac1so9m0rcq2js5e',12,2,'2022-12-12 13:19:48','2022-12-12 17:39:17','172.70.178.166'),(830,'7e3m4es9p5elp87qda1oitb9gj',15,2,'2022-12-12 17:00:53','2022-12-12 22:51:17','172.68.34.11'),(831,'3fnf4d733hrd4pkf05cknncp45',12,2,'2022-12-12 17:39:17','2022-12-13 03:51:03','172.71.202.141'),(832,'4dhj32oeubffu7uopv1crec43r',15,2,'2022-12-12 22:51:17','2022-12-13 01:29:27','172.68.34.105'),(833,'st89dsviulqa03flagq20elukl',15,2,'2022-12-13 01:29:27','2022-12-13 17:31:39','172.71.158.224'),(834,'6ni3sekfiei9kunmpdmt3dbfa1',12,1,'2022-12-13 03:51:03','2022-12-13 03:51:03','172.70.178.14'),(835,'qkknsm3vva4lpuj10loj9fi825',6,1,'2022-12-13 05:41:58','2022-12-13 05:43:14','172.70.178.125'),(836,'h1m4tcrvmm70o23mqhbb5f2jjp',15,2,'2022-12-13 17:31:39','2022-12-13 18:40:09','172.68.34.16'),(837,'16vqr9vs3fie0l3lqjf056m3cp',15,2,'2022-12-13 18:40:09','2022-12-13 22:51:50','172.68.35.44'),(838,'7633se35nr1lhcu49jon7e1g30',15,2,'2022-12-13 22:51:50','2022-12-14 17:43:26','172.68.34.13'),(839,'oq0pa3uitfj9rkdc6pfq806nod',17,0,'2022-12-14 08:54:16','2022-12-14 09:48:52','172.70.131.212'),(840,'5jdc0abiage8fbh0tng5ltsf76',16,2,'2022-12-14 08:58:24','2022-12-14 11:59:06','162.158.227.195'),(841,'r9qc57gpoh6ejanj6t75nsuag3',12,2,'2022-12-14 09:05:05','2022-12-14 20:00:38','172.70.179.25'),(842,'7710rd92938ckljsdneo96cs3c',17,1,'2022-12-14 09:58:54','2022-12-14 10:00:11','172.70.131.100'),(843,'sad1iluuvba8o1apdbmur7pqma',16,2,'2022-12-14 11:59:06','2022-12-15 05:22:25','172.70.178.17'),(844,'ubhseveqad5hdrnpgm7p8sa2hc',15,2,'2022-12-14 17:43:26','2022-12-14 18:31:59','172.68.34.141'),(845,'3flp6n0alfjjc8navdgb7bse10',15,2,'2022-12-14 18:31:59','2022-12-14 20:51:49','172.68.35.19'),(846,'m36dmkihade95guium2nmuolu0',12,2,'2022-12-14 20:00:38','2022-12-15 08:47:59','172.70.131.21'),(847,'e65ic5ao6vjophrf5i42vujfc2',15,2,'2022-12-14 20:51:49','2022-12-15 01:00:47','172.68.34.221'),(848,'b0v72p88qdejp8p0bg92g3hq52',15,2,'2022-12-15 01:00:47','2022-12-15 01:39:37','172.68.34.243'),(849,'l7b42ugk3547mb9htbhn6h7ea3',15,2,'2022-12-15 01:39:37','2022-12-15 17:40:02','172.68.34.68'),(850,'9cuar5kaash4hpu5cs83vnl06g',16,2,'2022-12-15 05:22:25','2022-12-15 06:31:21','162.158.191.204'),(851,'7j8udod52kjleecere29u027gj',16,2,'2022-12-15 06:31:21','2022-12-15 08:49:31','172.70.130.176'),(852,'k4hcaekei3dcnm1pcmbscdur82',12,1,'2022-12-15 08:47:59','2022-12-15 08:49:21','162.158.191.191'),(853,'1viq8v2a8eg7ctnqc3m60vvs8k',16,2,'2022-12-15 08:49:31','2022-12-15 12:26:16','172.70.130.224'),(854,'bl65r0nrv54te9ti5dinfue7ko',16,1,'2022-12-15 12:26:16','2022-12-15 12:27:03','172.70.131.97'),(855,'9s8381khngjbpj1fal0n2fbgh7',15,2,'2022-12-15 17:40:02','2022-12-15 20:34:23','172.68.34.210'),(856,'ibkd65m4o3kkeq658o9sleec41',15,2,'2022-12-15 20:34:23','2022-12-15 21:15:38','172.68.34.12'),(857,'imi0fui5nfjrnp4ocsnq61mt9q',15,2,'2022-12-15 21:15:38','2022-12-15 23:09:16','172.68.35.20'),(858,'dtl6c6ujh1418jo6n74iqf7khp',15,2,'2022-12-15 23:09:16','2022-12-16 00:02:44','172.68.35.45'),(859,'15911eqpksucru05t0tomia7bg',15,2,'2022-12-16 00:02:44','2022-12-16 17:09:02','172.71.154.36'),(860,'svgp9b02s21o7k5jo3jcr9p8tk',15,2,'2022-12-16 17:09:02','2022-12-16 17:46:34','172.68.34.110'),(861,'n66a37simmbt7eq8ug2hj5p2fn',15,2,'2022-12-16 17:46:34','2022-12-16 19:09:17','172.68.35.44'),(862,'80p8b3m0i6evi5rah0bpjfmgb9',15,2,'2022-12-16 19:09:17','2022-12-16 21:13:52','172.68.35.14'),(863,'bjqgbv2p2m9mhvff4tj79iqp93',15,2,'2022-12-16 21:13:52','2022-12-16 22:44:55','172.68.34.95'),(864,'2ljgos282pdnq8kqqs30rrf417',15,1,'2022-12-16 22:44:55','2022-12-16 22:44:55','172.68.34.6'),(865,'b2jt7cr2a0cdsr5pc7r32al7b7',15,2,'2022-12-19 17:02:36','2022-12-19 19:18:16','172.68.34.156'),(866,'n7kmchu9tqcj6aamak8jq4pdvg',15,2,'2022-12-19 19:18:16','2022-12-20 17:52:13','172.68.34.249'),(867,'de4e4ts8ipaf16bnh5r0ec1g5g',16,1,'2022-12-20 04:40:35','2022-12-20 04:40:35','172.70.130.113'),(868,'eggqqrn7f71ro1qahnnpq6khkq',7,1,'2022-12-20 04:55:12','2022-12-20 05:09:24','172.70.219.140'),(869,'klffjspvm0dtg1rqhhuifrb6au',15,2,'2022-12-20 17:52:13','2022-12-20 19:33:41','172.68.34.9'),(870,'locb61pts8alj5hssvjea6tavv',15,2,'2022-12-20 19:33:41','2022-12-20 20:14:35','172.68.34.36'),(871,'g26psd7e8v2ebn72omffn5cg8f',15,2,'2022-12-20 20:14:35','2022-12-20 21:41:49','172.68.35.5'),(872,'bc5ib90612nhouujuqpq0p4nck',15,2,'2022-12-20 21:41:49','2022-12-21 00:11:46','172.68.34.28'),(873,'tmdjg5re0pbh5qg3qo474gkgna',15,2,'2022-12-21 00:11:46','2022-12-21 17:18:16','172.69.134.139'),(874,'js5ur20p5cr6j4ghss56qesk8d',7,1,'2022-12-21 05:57:49','2022-12-21 05:58:42','172.71.202.140'),(875,'26v06oucpg5k2ms1ga82vrpdel',15,2,'2022-12-21 17:18:16','2022-12-21 19:10:14','172.68.34.252'),(876,'djsepd5e9e4igd78ntskql178i',15,2,'2022-12-21 19:10:14','2022-12-21 19:43:32','172.68.35.27'),(877,'m38qiid76pgetip855krs33ts8',15,2,'2022-12-21 19:43:32','2022-12-21 21:20:17','172.68.34.51'),(878,'4n49nj7poi2o5838fd79cm5ebr',15,2,'2022-12-21 21:20:17','2022-12-22 00:13:25','172.68.34.73'),(879,'940b5ulvqerna8np20qjan91mj',15,2,'2022-12-22 00:13:25','2022-12-22 01:54:12','172.68.34.203'),(880,'56b4jai87u0g2op9eu5i8pkmbe',15,2,'2022-12-22 01:54:12','2022-12-22 17:15:22','172.68.34.102'),(881,'5ja2tui6pfdde9tenkv2973e9e',15,2,'2022-12-22 17:15:22','2022-12-22 19:31:28','172.68.34.228'),(882,'edolaqe62rlmij3jn70pjrkfo9',15,2,'2022-12-22 19:31:28','2022-12-22 20:22:28','172.68.34.54'),(883,'4ovoh20e26n87vibkj1tfbvftj',15,1,'2022-12-22 20:22:28','2022-12-22 20:22:28','172.68.35.4'),(884,'q0pp4v9klhjpdllc9vpbtrttqg',15,2,'2022-12-27 17:17:54','2022-12-27 19:35:52','172.68.35.7'),(885,'rori46udouk57e1r01l3sekl4e',15,2,'2022-12-27 19:35:52','2022-12-27 22:02:13','172.68.35.13'),(886,'q1pa7m46olk8be6acnj2vecjmv',15,2,'2022-12-27 22:02:13','2022-12-28 17:05:03','172.68.35.14'),(887,'u38hl5ds5sk7emsocma2rd03vb',15,2,'2022-12-28 17:05:03','2022-12-28 18:31:53','172.68.34.225'),(888,'8ogakp65oj4qabb2o98d12k9ig',15,2,'2022-12-28 18:31:53','2022-12-28 22:49:45','172.68.34.80'),(889,'j0atdj7bi9l0k4olr1uetvq78t',15,2,'2022-12-28 22:49:45','2022-12-29 18:24:39','172.68.34.216'),(890,'p40qha64bvrtmgmsfiosobecmf',15,2,'2022-12-29 18:24:39','2022-12-29 22:49:29','172.68.34.139'),(891,'rmsduondv7mot364os1r3pkcsl',15,2,'2022-12-29 22:49:29','2022-12-30 01:03:01','172.71.154.113'),(892,'g585dna3urvbli0trtbvbjrief',15,1,'2022-12-30 01:03:01','2022-12-30 01:03:01','172.68.34.16'),(893,'h841ga7qvk6l7innb8kkev7gps',15,2,'2023-01-03 17:13:36','2023-01-03 21:53:11','172.68.34.40'),(894,'fmcjss5ulu4ev1nn5laedh4ost',15,2,'2023-01-03 21:53:11','2023-01-03 23:52:59','172.68.34.112'),(895,'ulbtpm4f5d990ijvehhcsr613u',15,2,'2023-01-03 23:52:59','2023-01-04 01:28:38','172.68.34.32'),(896,'9s1phj518lpk4ahvo9hc0o2air',15,2,'2023-01-04 01:28:38','2023-01-04 17:10:31','172.68.35.27'),(897,'p2jh0plblakaod4i1s5erkuhme',15,2,'2023-01-04 17:10:31','2023-01-04 19:13:10','172.68.34.58'),(898,'9ljrp29p6s5sulb06f82esvlgi',15,2,'2023-01-04 19:13:10','2023-01-04 21:47:09','172.68.34.108'),(899,'84fgigemultfo712rl7v4rl431',15,2,'2023-01-04 21:47:09','2023-01-04 22:52:07','172.68.34.107'),(900,'fg8lhnmo6n4kouihclaeejtuhh',15,2,'2023-01-04 22:52:07','2023-01-05 00:15:29','172.68.34.72'),(901,'tl3c8fhgq6036c0o20p8rbjpea',15,2,'2023-01-05 00:15:29','2023-01-05 17:23:50','172.71.154.113'),(902,'f7o70kr5drm618t5veohaas7cu',6,1,'2023-01-05 06:43:58','2023-01-05 06:51:11','172.70.130.93'),(903,'4cg9igduhskdgvhaiaiftec5kq',15,2,'2023-01-05 17:23:50','2023-01-05 22:32:57','172.68.34.61'),(904,'ma63g0si1ffo9l7i3kfqt1v15u',15,2,'2023-01-05 22:32:57','2023-01-06 17:37:22','172.68.34.32'),(905,'g74vf15fhi905hnbhve5c2q3bm',15,2,'2023-01-06 17:37:22','2023-01-06 19:45:18','172.68.34.36'),(906,'f75lpvacc3j5ts2ig3ai4g1h0c',15,2,'2023-01-06 19:45:18','2023-01-06 22:33:34','172.68.34.5'),(907,'idm8ga7bf5brpb1l85q881ru1k',15,2,'2023-01-06 22:33:34','2023-01-07 00:34:13','172.68.34.59'),(908,'bs9a8i5a5odoqf1nj65dh6m4cc',15,1,'2023-01-07 00:34:13','2023-01-07 00:34:13','172.68.35.23'),(909,'tqulkg7tqee0jr5lv7vrocqt06',15,2,'2023-01-10 17:13:55','2023-01-10 18:13:16','172.68.34.220'),(910,'0pkclinipr6eifudqqdnrriqll',15,2,'2023-01-10 18:13:16','2023-01-10 19:48:46','172.68.34.6'),(911,'mpnj7n6m1as670uhh00p1onr83',15,2,'2023-01-10 19:48:46','2023-01-10 23:35:11','172.71.154.48'),(912,'q2o3ptk04cpjqd75sc4qqrufja',15,2,'2023-01-10 23:35:11','2023-01-11 00:50:27','172.68.34.40'),(913,'6sr4qeqa1qjvsrplcnciqvvifc',15,2,'2023-01-11 00:50:27','2023-01-11 17:23:44','172.68.34.60'),(914,'9ufgt79g1vh3j5n2h9pfi8hsms',15,2,'2023-01-11 17:23:44','2023-01-11 19:51:24','172.68.34.205'),(915,'id48j9608kbcv122f81j90tjtu',15,2,'2023-01-11 19:51:24','2023-01-11 23:21:03','172.68.34.18'),(916,'it93mtd2v4cp97c7ejtonga4vt',15,2,'2023-01-11 23:21:03','2023-01-12 00:20:58','172.68.34.235'),(917,'kigc63uo39fasi76t5qu6unre4',15,1,'2023-01-12 00:20:58','2023-01-12 00:20:58','172.68.34.33'),(918,'5id5fo7ocf6hlbvdq0o14jqcd8',7,1,'2023-01-12 17:35:09','2023-01-12 17:36:26','172.70.178.41'),(919,'jrhqsn7jvrqu84u28cipinppd1',12,1,'2023-01-13 21:31:17','2023-01-13 21:35:48','172.68.34.210'),(920,'01klp5b6erenise93b9lomljug',13,2,'2023-01-13 21:33:50','2023-01-14 00:18:45','172.68.34.27'),(921,'agvp2kg772l02phnabp1b9h3p7',13,1,'2023-01-14 00:18:45','2023-01-14 00:19:45','172.68.34.91'),(922,'r3vd3fisbs79n547g61pfu3k9v',7,1,'2023-01-16 06:03:26','2023-01-16 06:17:16','172.70.131.61'),(923,'4p09etfqijis9sg4jtf2p0fe69',7,1,'2023-01-17 06:29:47','2023-01-17 06:29:47','172.70.130.132'),(924,'gr3ss1fcbffl9fjjcpovk49aei',13,2,'2023-01-18 01:23:13','2023-01-18 17:04:26','172.68.34.94'),(925,'08fnt8ga1916r4n815okag4erh',16,2,'2023-01-18 11:44:13','2023-01-19 08:54:24','172.70.130.227'),(926,'gkhhfc45s5bagccro391vb42i7',13,2,'2023-01-18 17:04:26','2023-01-18 20:39:24','172.68.35.36'),(927,'1rd6shvkkrmedpchjf5m7nlhod',13,2,'2023-01-18 20:39:24','2023-01-18 22:00:01','172.68.34.39'),(928,'vcfj3csvss10eiqj7rid8nlost',13,2,'2023-01-18 22:00:01','2023-01-19 17:16:42','172.68.35.10'),(929,'0t5e18s9hc8kmq9ad6mi7tct9e',16,2,'2023-01-19 08:54:24','2023-01-19 09:07:29','162.158.191.209'),(930,'u7d9316hviu9g96iel10v9djk9',16,2,'2023-01-19 09:07:29','2023-01-19 09:08:42','172.70.130.83'),(931,'ouhjg40u7dspt0q42edkmo9g8h',16,2,'2023-01-19 09:08:42','2023-01-19 09:09:18','172.70.130.155'),(932,'mfc6t3583ifk5gsgtsbemkvscn',16,2,'2023-01-19 09:09:18','2023-01-19 09:11:05','172.70.131.158'),(933,'9c5ln2ot16aajd5qe3jthvcatp',16,2,'2023-01-19 09:11:05','2023-01-19 09:11:53','172.70.131.41'),(934,'j0mqs5esdc6tlgvvcemdr409as',16,2,'2023-01-19 09:11:53','2023-01-19 09:12:38','172.70.131.101'),(935,'i8cb7v4o7ufeda8gfe4nkpg22c',16,0,'2023-01-19 09:12:38','2023-01-19 09:13:43','172.70.130.205'),(936,'0hfnkhl227u9s1ncferb523igq',16,1,'2023-01-19 09:13:52','2023-01-19 09:50:45','162.158.191.171'),(937,'lhv0g3j5jas6b69i27q2u9kjt8',7,1,'2023-01-19 09:21:16','2023-01-19 09:23:27','172.70.130.136'),(938,'pluofjq6ed7kco7173nmmrv4o0',12,1,'2023-01-19 11:13:12','2023-01-19 11:14:01','172.70.218.82'),(939,'pvhefctf2in07i2g97vlm2s651',13,1,'2023-01-19 17:16:42','2023-01-19 17:44:53','172.68.34.17'),(940,'116898674ur3v5u7fvi7l9uctc',13,1,'2023-01-20 21:35:49','2023-01-20 21:48:01','172.68.34.74'),(941,'1trtu0h6g6a1ad8bpjcm35jpt7',13,1,'2023-01-23 17:34:59','2023-01-23 20:17:37','172.68.34.26'),(942,'1s3d1huvodu1svb7snn97l94im',13,1,'2023-01-25 00:35:24','2023-01-25 01:04:55','172.68.34.113'),(943,'h42ss0crdnkgm43g7vgkuk9s54',13,1,'2023-01-27 22:20:49','2023-01-27 23:34:39','172.68.34.104'),(944,'7ckimmmld47r0u1aso6rqa9ufn',13,2,'2023-01-30 17:54:56','2023-01-30 18:45:56','172.68.34.192'),(945,'etkltqjh7894sph7picr0cm4l2',13,2,'2023-01-30 18:45:56','2023-01-30 19:46:48','172.68.34.251'),(946,'76qnershol37tqiub8qb1hi1au',13,2,'2023-01-30 19:46:48','2023-01-30 22:45:04','172.68.34.220'),(947,'mqbvq2i6c6594tk6o7qaa3l9fp',13,1,'2023-01-30 22:45:04','2023-01-30 22:56:18','172.68.35.22'),(948,'voov038patn575vnvkgc5n2agr',16,1,'2023-02-01 05:05:42','2023-02-01 05:06:49','172.70.130.210'),(949,'lc3fleh4jo8ntd09ecrbo2hsbp',6,1,'2023-02-01 05:17:11','2023-02-01 05:33:48','162.158.191.191'),(950,'muigflc5gjida59if2c9vh3beh',13,2,'2023-02-01 22:33:54','2023-02-02 22:54:36','172.68.34.89'),(951,'qm8ui86oiqd8bthqpssnn6gv95',13,1,'2023-02-02 22:54:36','2023-02-02 23:07:56','172.68.34.74'),(952,'pn72dltt79sn6pb2ao96es11kj',6,2,'2023-02-03 03:48:25','2023-02-03 05:24:17','172.70.178.88'),(953,'pu9s0tsvt3j6arv9q2kpl2lscd',16,1,'2023-02-03 04:03:34','2023-02-03 04:42:01','172.70.178.33'),(954,'8t40gkri36vavd58067v4r3kpm',6,1,'2023-02-03 05:24:17','2023-02-03 06:36:49','172.70.178.192'),(955,'aggvavt0j22j39rln138112r85',13,2,'2023-02-07 21:38:30','2023-02-08 23:17:48','172.68.34.35'),(956,'gbtmaehbkd8690s0lqiqnm6f98',13,1,'2023-02-08 23:17:48','2023-02-09 01:05:23','172.68.34.212'),(957,'uirnu6erpsml57kmoa7kbrscgd',16,1,'2023-02-13 08:38:24','2023-02-13 08:42:59','172.70.178.196'),(958,'fvvodd17nf2quvc614ud7dugm3',13,2,'2023-02-16 00:44:05','2023-02-16 01:51:11','172.71.158.225'),(959,'afh6co3ddn7lt39egve4o1plm8',13,2,'2023-02-16 01:51:11','2023-02-16 23:55:03','172.69.134.139'),(960,'ugdnj4rpnldl2thc2dh1cqmt6k',13,1,'2023-02-16 23:55:03','2023-02-17 00:17:39','172.68.34.151'),(961,'37rms7u92oqc5s2jqgqgca1mmg',13,2,'2023-02-23 00:29:35','2023-02-23 22:00:43','172.68.35.26'),(962,'hk0kbpsatcebas52h7f817f7fi',13,1,'2023-02-23 22:00:43','2023-02-23 23:59:48','172.68.34.39'),(963,'arjdpulfb3duuurmfdctsl1s6h',13,1,'2023-03-01 19:39:08','2023-03-01 19:45:01','172.68.34.26'),(964,'t5iiulppbpio3miok3jpchsqc6',13,2,'2023-03-03 18:17:18','2023-03-03 19:37:37','172.68.34.22'),(965,'uu59d6n2glsd5l4vbnkdu8fa11',13,1,'2023-03-03 19:37:37','2023-03-03 20:30:08','172.68.34.70'),(966,'a74jkgg00mpviqlbi75av7qe8u',13,1,'2023-03-05 19:04:49','2023-03-05 20:21:04','172.68.34.87'),(967,'8sf0m5ungnkg71ss081hkfiloj',13,2,'2023-03-06 23:16:09','2023-03-07 18:13:34','172.68.34.230'),(968,'g8cfpqc5qvhle1es7imhb5pj3f',13,2,'2023-03-07 18:13:34','2023-03-07 19:33:15','172.71.158.155'),(969,'qtdh0elg51a0ik22p5tgjaja5p',13,2,'2023-03-07 19:33:15','2023-03-07 21:07:16','172.68.34.100'),(970,'8pgur5lvsj0jf2kqki9hr3652u',13,2,'2023-03-07 21:07:16','2023-03-08 21:35:48','172.71.158.224'),(971,'a3s2s7jdttd0r1kv107tj3dhhk',13,2,'2023-03-08 21:35:48','2023-03-09 19:07:29','172.68.34.56'),(972,'5uspu7rhfmmj2ccjjgktkba12v',13,2,'2023-03-09 19:07:29','2023-03-09 21:30:31','172.68.35.19'),(973,'bdf4qb7f9kjha11efd18fdkoqh',13,1,'2023-03-09 21:30:31','2023-03-09 21:31:31','172.68.34.76'),(974,'8q0khgm5igqp538s1b7bjp5b9q',13,2,'2023-03-13 20:35:57','2023-03-13 22:58:19','172.68.34.42'),(975,'5gi3q18vv6vfiack6dhocl74l8',13,1,'2023-03-13 22:58:19','2023-03-13 23:02:01','162.158.166.253'),(976,'s088r7ptqch6fj3ittftu1dqt5',13,2,'2023-03-21 23:25:52','2023-03-22 01:01:17','172.68.34.11'),(977,'tdtd5nif2v8rc5lqleroudktdf',13,1,'2023-03-22 01:01:17','2023-03-22 01:01:17','172.71.154.223'),(978,'eeiu9089inh9uckft49ob0j613',7,1,'2023-03-22 03:26:24','2023-03-22 03:26:24','172.70.130.82'),(979,'jc29672r1lhodflebiets96md2',13,2,'2023-03-29 22:17:47','2023-03-29 23:09:20','172.68.34.50'),(980,'6a9th7u5ks10btrn9nh992arvd',13,1,'2023-03-29 23:09:20','2023-03-30 00:33:57','172.68.34.32'),(981,'5mfj432lkfck0o126adg8cikrq',13,1,'2023-04-17 21:01:53','2023-04-17 21:01:53','172.69.42.131'),(982,'3hdooholdi6c0fpgdk0lkl90b3',13,1,'2023-04-19 01:16:18','2023-04-19 02:30:10','172.68.34.13'),(983,'jlbr9dq7c0e04s2ul3eo9rr0ua',6,1,'2023-04-27 04:33:27','2023-04-27 04:35:25','172.70.178.107'),(984,'vot9i25lqq46nmqlfbomg25rcs',12,1,'2023-05-01 20:04:13','2023-05-01 20:28:55','172.68.34.33'),(985,'dqnckpnc55i1as0e898crr671t',6,2,'2023-05-02 16:22:47','2023-05-03 05:14:07','172.70.178.61'),(986,'un5st9rmfuvk158rcr96me8411',18,1,'2023-05-02 16:28:59','2023-05-02 16:41:31','172.68.34.153'),(987,'o2lqnv4paa9thdhk9i7bg7cc3k',6,1,'2023-05-03 05:14:07','2023-05-03 05:25:59','172.69.58.96'),(988,'eh6qoj2an1u5s83t24h6vc3a4j',13,1,'2023-05-04 00:43:21','2023-05-04 01:00:12','172.68.35.26'),(989,'0il3jq7v9f8olc02pm6deiukf9',13,1,'2023-05-08 20:54:37','2023-05-08 23:00:26','172.68.34.111'),(990,'9quoo1h2hgh5qlgjgdf1g048pb',7,1,'2023-05-09 04:41:56','2023-05-09 04:57:46','172.70.179.30'),(991,'kri42ceu1bq0o9ut7ckq3b9vue',13,1,'2023-05-11 17:17:47','2023-05-11 17:50:48','172.68.35.21'),(992,'d4cbf90jn51rarsqe9ibk7vhaj',18,2,'2023-05-11 18:44:54','2023-05-11 20:57:58','172.69.23.17'),(993,'jm3prue777j3vf2s85j26r0j9g',18,2,'2023-05-11 20:57:58','2023-05-11 22:59:17','172.68.34.202'),(994,'7ojr14d494cc4brknad7mslfmc',18,2,'2023-05-11 22:59:17','2023-05-12 16:28:45','172.71.158.204'),(995,'mm3vq1n2bu4kmts0qmcf4m6nam',7,1,'2023-05-12 05:02:26','2023-05-12 05:41:19','172.69.58.53'),(996,'emn1cbnrag8j7h713bvpvhuipe',18,2,'2023-05-12 16:28:45','2023-05-12 19:02:49','172.71.158.60'),(997,'m7ggk0uvh247mevi5640dfn3ap',18,2,'2023-05-12 19:02:49','2023-05-12 22:03:40','172.68.34.112'),(998,'i27up3e6vb0qk6101mccfo6cok',18,2,'2023-05-12 22:03:40','2023-05-12 22:54:59','172.68.34.225'),(999,'sech9qgb62uk128rno576enkvj',18,2,'2023-05-12 22:54:59','2023-05-13 00:52:57','172.68.34.157'),(1000,'539uli7ucgutn9ihfh7fnhe6d4',13,1,'2023-05-13 00:03:29','2023-05-13 01:03:14','172.68.34.64'),(1001,'2v0n09td5aj3lfpf1ap5vurn3e',18,1,'2023-05-13 00:52:57','2023-05-13 00:52:57','172.68.34.8'),(1002,'c9r6u0d8j1aphr7hojkh60bkvq',18,2,'2023-05-15 16:34:44','2023-05-15 21:33:03','172.68.34.21'),(1003,'ijscve88equstiakpo8dv1rl6h',13,2,'2023-05-15 17:30:22','2023-05-15 21:33:46','172.68.35.47'),(1004,'cdc6siqqt72c0cukfp7pub6vd1',18,2,'2023-05-15 21:33:03','2023-05-15 23:56:34','172.68.35.37'),(1005,'aosq1jbrhejdisg26d0bph8ijj',13,2,'2023-05-15 21:33:46','2023-05-16 00:39:45','172.68.34.90'),(1006,'gu6ah546ingm83kjtelq3ol32c',18,2,'2023-05-15 23:56:34','2023-05-16 16:17:56','172.68.35.19'),(1007,'7fu5egqdi6b76n6253c09af4dj',13,2,'2023-05-16 00:39:45','2023-05-16 22:03:30','172.68.34.205'),(1008,'7j94k2fub6bd6fd6c5ntk0mkmo',18,2,'2023-05-16 16:17:56','2023-05-16 18:10:16','172.68.35.21'),(1009,'eihpvsktofuncb3dh9k816j31d',18,2,'2023-05-16 18:10:16','2023-05-16 20:40:52','172.68.34.68'),(1010,'luid55ufdssl2e2tcqhr18dn9c',18,2,'2023-05-16 20:40:52','2023-05-17 18:05:55','172.68.34.206'),(1011,'a4n8p7jgnsh20cd2t9ccqgtpr1',13,2,'2023-05-16 22:03:30','2023-05-17 00:16:12','172.68.34.54'),(1012,'llf57t03g3spcq060mrk9a60k1',13,2,'2023-05-17 00:16:12','2023-05-17 21:19:16','172.71.154.196'),(1013,'9g65csb09kqs0rkuu73kcacn5o',18,2,'2023-05-17 18:05:55','2023-05-17 21:45:34','172.68.34.91'),(1014,'jfnc49or4d8jebejo9p0tjt1jg',13,2,'2023-05-17 21:19:16','2023-05-17 23:27:48','172.71.159.21'),(1015,'1ave3l0l5sdfb53vvbo65fk1si',18,2,'2023-05-17 21:45:34','2023-05-17 23:39:10','172.68.35.46'),(1016,'saoqeut3666o2b1g4vd53laq8p',13,2,'2023-05-17 23:27:48','2023-05-18 00:10:02','172.68.34.117'),(1017,'s60utg2q7ra1h6ta08kam5ai19',18,2,'2023-05-17 23:39:10','2023-05-18 00:11:43','172.68.34.89'),(1018,'ov0l8idi0mqmlfjraefgbha5vs',13,1,'2023-05-18 00:10:02','2023-05-18 00:11:25','172.68.35.26'),(1019,'conpgtgpl2hnvjitmammvm0v0v',18,2,'2023-05-18 00:11:43','2023-05-18 17:12:28','172.68.35.44'),(1020,'7tmakhk49ismva4j5j2hh7eelh',18,2,'2023-05-18 17:12:28','2023-05-18 22:38:24','172.68.35.42'),(1021,'2pn3qlrhs0fi32md49uatkts4r',18,2,'2023-05-18 22:38:24','2023-05-19 16:33:14','172.68.34.243'),(1022,'h2tl0nlp57ac4p6tgammr2vken',18,1,'2023-05-19 16:33:14','2023-05-19 16:34:24','172.68.35.52'),(1023,'pg98j6it67oo77gb3fmp7j87rb',18,2,'2023-05-22 18:35:00','2023-05-22 21:34:05','172.68.35.22'),(1024,'aaqvddfecebl49teb0mv2tp339',18,2,'2023-05-22 21:34:05','2023-05-23 16:46:18','172.68.34.64'),(1025,'u0dbtn96bs4m60jnkkd4rcr4lv',7,1,'2023-05-23 04:29:26','2023-05-23 04:33:03','172.69.58.243'),(1026,'b0c958abnedhdvf7fifbjgghk6',18,2,'2023-05-23 16:46:18','2023-05-23 17:54:17','172.71.154.231'),(1027,'7ee6ddd8mfjgt9v5angqp8rt20',18,2,'2023-05-23 17:54:17','2023-05-23 22:23:15','172.68.35.52'),(1028,'8uv8fkkjqfde8ovrnsvlhm9oc2',18,2,'2023-05-23 22:23:15','2023-05-24 00:09:07','172.68.34.230'),(1029,'l4rcanf6k0ud69e93llsl1u57c',18,2,'2023-05-24 00:09:07','2023-05-24 18:36:44','172.68.34.87'),(1030,'kjcs5325npeavc3ivg2o4f8ors',18,2,'2023-05-24 18:36:44','2023-05-24 20:45:43','172.68.34.253'),(1031,'uk706eq4nq8c84i3fab89ruusu',19,2,'2023-05-24 20:45:06','2023-05-25 01:57:23','172.68.35.37'),(1032,'peb9qeu72diamunud834bgkqhm',18,2,'2023-05-24 20:45:43','2023-05-25 16:31:19','172.68.34.16'),(1033,'ls7qql74hr9g48cgqv8589nod3',19,1,'2023-05-25 01:57:23','2023-05-25 01:57:23','172.68.35.4'),(1034,'lr55r4tr44c5v54lt0hlghdi5e',18,2,'2023-05-25 16:31:19','2023-05-25 17:27:53','172.68.34.43'),(1035,'buahpb8uujionec3dm8j4lcdet',18,2,'2023-05-25 17:27:53','2023-05-26 17:42:30','172.68.34.57'),(1036,'vlij4o1b192labr9vhqamcr5s9',18,2,'2023-05-26 17:42:30','2023-05-26 20:32:22','172.68.35.40'),(1037,'n0becgqri0d86takh0k4ga15os',18,1,'2023-05-26 20:32:22','2023-05-26 20:34:40','172.68.34.10'),(1038,'8dt0qqq87tald55j4kdamp7e49',13,1,'2023-05-26 23:36:57','2023-05-26 23:51:14','172.68.34.92'),(1039,'nu1r8v80s49f89u7fiisu8hd99',19,1,'2023-05-27 00:12:33','2023-05-27 01:43:37','172.69.33.107'),(1040,'5jp8cdeftq7i9k8c0790uqlflh',7,2,'2023-05-29 04:07:17','2023-05-29 06:35:21','172.69.58.87'),(1041,'mn0tc2c2mt85p2ldml50hmegi7',7,1,'2023-05-29 06:35:21','2023-05-29 06:35:21','162.158.191.204'),(1042,'joqei1ntoo6bk4i2i7m40h250e',18,2,'2023-05-30 16:24:59','2023-05-30 18:41:34','172.68.34.41'),(1043,'hqbuuf3lsnjf0r48asfo2d7hsm',18,2,'2023-05-30 18:41:34','2023-05-30 20:14:18','172.68.34.109'),(1044,'dikj43s1e09q2ii17j9ust21jt',18,2,'2023-05-30 20:14:18','2023-05-30 21:39:28','172.68.34.221'),(1045,'4qscrbjqp1m9ojr6c326e62faj',18,2,'2023-05-30 21:39:28','2023-05-30 22:12:27','172.68.34.85'),(1046,'9ervl03qebmc8agbmpkvu58u5i',18,2,'2023-05-30 22:12:27','2023-05-31 17:07:29','172.68.35.32'),(1047,'vsi7ulac7c2c9mgdej9bl0g5vu',19,2,'2023-05-31 16:26:06','2023-05-31 17:28:40','172.69.134.142'),(1048,'n8fnkf2qvad0e3nqats83hhkvl',18,2,'2023-05-31 17:07:29','2023-05-31 22:40:57','172.68.34.52'),(1049,'5ojaucvcoum5o44tj3nfp4kja8',19,2,'2023-05-31 17:28:40','2023-05-31 21:31:41','172.68.34.48'),(1050,'eb14kl8lt7le6b7pns222v85sn',19,2,'2023-05-31 21:31:41','2023-06-01 18:16:36','172.68.35.48'),(1051,'a022krehndkvsma88mchtp3blt',18,2,'2023-05-31 22:40:57','2023-06-01 18:05:58','172.68.34.37'),(1052,'327563nttkmc6ghbv028ens1dp',18,2,'2023-06-01 18:05:58','2023-06-01 19:36:50','172.68.34.91'),(1053,'nr6cntddklf6ocl57pgda8g6md',19,2,'2023-06-01 18:16:36','2023-06-01 21:13:39','172.68.34.68'),(1054,'f19kg642jpfk3ns601vhlqsqbn',18,2,'2023-06-01 19:36:50','2023-06-01 22:44:55','172.68.34.18'),(1055,'ju328gakqjqukubimknjqgrip2',19,1,'2023-06-01 21:13:39','2023-06-01 21:22:36','172.68.34.54'),(1056,'7f0h04qscsnjjsajjqaelnffme',18,2,'2023-06-01 22:44:55','2023-06-02 16:37:56','172.68.35.21'),(1057,'q6nguoalcjkcik156e9b7kpuhp',18,2,'2023-06-02 16:37:56','2023-06-03 00:13:17','172.68.34.86'),(1058,'6i066tru4ffml263fq61qs97kj',18,1,'2023-06-03 00:13:17','2023-06-03 00:13:17','172.68.34.94'),(1059,'61sonej85q4ghprd24od4sll9q',18,2,'2023-06-05 16:40:31','2023-06-05 19:09:52','172.68.34.63'),(1060,'hob5ku0ttunk5p4bddb63k5tcj',18,2,'2023-06-05 19:09:52','2023-06-06 16:27:13','162.158.166.57'),(1061,'1dd9mr36citiofufekonfqn2bc',13,2,'2023-06-05 20:52:51','2023-06-05 22:46:15','172.68.34.225'),(1062,'26oefeb5hviu0pldekbo5bfqg5',13,1,'2023-06-05 22:46:15','2023-06-05 22:47:36','172.68.34.71'),(1063,'q42g10g16f8qetj83c2ebqepv3',18,2,'2023-06-06 16:27:13','2023-06-06 17:34:10','172.68.34.253'),(1064,'22id5ej9usdj086iqhec7skcvl',18,2,'2023-06-06 17:34:10','2023-06-06 18:29:13','172.68.35.25'),(1065,'omkjs407341o4nlrbtj8h6oo64',18,2,'2023-06-06 18:29:13','2023-06-06 23:00:58','172.68.34.40'),(1066,'sa5ore67kpl83mivoebc7151k5',18,2,'2023-06-06 23:00:58','2023-06-07 16:59:49','172.68.34.8'),(1067,'k8knuts3eg7q4e79dp25mcpmjs',19,1,'2023-06-06 23:34:11','2023-06-06 23:34:11','172.68.34.23'),(1068,'drpg0bfsh9f3f5acfe4nmr5lso',18,2,'2023-06-07 16:59:49','2023-06-08 16:18:13','172.68.35.37'),(1069,'6soab3sg3mvursc2kj9r9fajfl',18,2,'2023-06-08 16:18:13','2023-06-09 16:17:08','172.68.34.128'),(1070,'73jnasgr5v965bsibi6uba9jq6',18,1,'2023-06-09 16:17:08','2023-06-09 16:17:08','172.68.34.95'),(1071,'e7lbnemp0ipg8p51qcben8i8a0',18,2,'2023-06-12 16:07:16','2023-06-12 17:50:33','172.68.34.217'),(1072,'5aiashrneltbd4uuvlen5pr2jd',18,1,'2023-06-12 17:50:33','2023-06-12 18:23:10','172.68.35.43'),(1073,'hpl7dne7s8fi0ncsp0eg2vnngv',18,2,'2023-06-13 22:18:55','2023-06-14 00:16:36','172.68.34.236'),(1074,'sh2ag0b299e6k9t4n8oisobilk',18,2,'2023-06-14 00:16:36','2023-06-14 17:35:55','172.68.34.43'),(1075,'tk1odqdf0f6afjh08r9ndqbq35',18,2,'2023-06-14 17:35:55','2023-06-15 17:36:33','172.68.34.69'),(1076,'4h2es2en46jmoeaflau2gumj1c',18,2,'2023-06-15 17:36:33','2023-06-15 21:10:32','172.68.34.54'),(1077,'lgiea7lm8l8tc7ap3tq9o0udv7',19,1,'2023-06-15 19:37:41','2023-06-15 19:39:25','172.68.34.225'),(1078,'qq05nkhgqjclola23pn81ndbgu',18,2,'2023-06-15 21:10:32','2023-06-16 16:22:49','172.68.35.27'),(1079,'n7e4ptbbvsci95o1gj9dke14v0',18,2,'2023-06-16 16:22:49','2023-06-16 17:11:15','172.68.34.239'),(1080,'fkvnfkphidfal1mue4puijemf1',18,2,'2023-06-16 17:11:15','2023-06-17 00:30:24','172.69.134.31'),(1081,'dchufvabb6pidktdipsp6a7cg7',18,1,'2023-06-17 00:30:24','2023-06-17 00:35:31','172.68.34.243'),(1082,'vjru8j5hepbdkh92hmll7n133l',18,2,'2023-06-20 16:11:53','2023-06-20 17:21:08','172.68.34.44'),(1083,'toji5v12ubnocrs781ed0vgcfa',18,2,'2023-06-20 17:21:08','2023-06-20 18:33:55','172.68.34.115'),(1084,'853bv15pn74ic7ikcnv1hugeh8',18,2,'2023-06-20 18:33:55','2023-06-20 20:49:45','172.68.34.84'),(1085,'3mocaavtp4v7luf4a4o6jgsama',18,2,'2023-06-20 20:49:45','2023-06-20 22:13:32','172.68.34.221'),(1086,'4m7c4dumlank79rq3suaajhcb9',18,2,'2023-06-20 22:13:32','2023-06-20 23:04:22','172.68.34.216'),(1087,'1g58n44i0cacjqcfngearo35j7',18,2,'2023-06-20 23:04:22','2023-06-21 00:15:18','172.68.34.49'),(1088,'hu6e5p1l6ebsr7hin6bap9go56',18,2,'2023-06-21 00:15:18','2023-06-21 18:12:35','172.68.34.202'),(1089,'dt6t5sr2e0sd5sp8fcdsjqc49e',18,2,'2023-06-21 18:12:35','2023-06-22 16:18:26','172.68.34.41'),(1090,'mb2pu7rq59hpc2gmk2u7fc6djj',7,1,'2023-06-22 04:10:42','2023-06-22 04:10:42','172.69.58.222'),(1091,'lufchovvqgeims3ut6uu3n01gs',18,2,'2023-06-22 16:18:26','2023-06-22 23:34:09','172.68.34.227'),(1092,'k3qimf26scn5q0q42vbtbkjcne',18,2,'2023-06-22 23:34:09','2023-06-23 19:08:19','172.71.158.47'),(1093,'34gsifio6ijljp109dl9e657h6',18,2,'2023-06-23 19:08:19','2023-06-23 20:56:23','172.68.34.107'),(1094,'f4tplo602lt8osmudcsvkh760s',18,1,'2023-06-23 20:56:23','2023-06-23 21:02:49','172.68.34.103'),(1095,'jn623na1jdvn2u9mbtrvkgoivf',13,1,'2023-06-23 22:36:15','2023-06-23 23:05:12','172.69.135.41'),(1096,'fpk6vmt3a6rdcqtqn0e75e6ft6',18,2,'2023-06-26 16:40:11','2023-06-26 19:05:46','172.71.154.61'),(1097,'ddj2cp8cmpir92rf7ii3b701nc',18,2,'2023-06-26 19:05:46','2023-06-26 20:21:11','172.68.34.68'),(1098,'aptrv9m48k18em5hnmh466it1c',18,2,'2023-06-26 20:21:11','2023-06-26 21:39:23','172.68.35.6'),(1099,'m76mhqsumlt3ort8375tapekn7',18,2,'2023-06-26 21:39:23','2023-06-27 00:43:34','172.68.34.78'),(1100,'r3mge5fu4tqp6njbn0misufcvn',18,2,'2023-06-27 00:43:34','2023-06-27 16:21:44','172.68.35.19'),(1101,'o1kov59u84gjhhluej8i2tr5sg',18,2,'2023-06-27 16:21:44','2023-06-27 18:09:45','172.68.34.204'),(1102,'dap5vd4eiqqk30mho4n70m4k79',18,2,'2023-06-27 18:09:45','2023-06-27 23:10:03','172.68.34.33'),(1103,'a7idsd25enk04a8chpd8qlmcc8',18,2,'2023-06-27 23:10:03','2023-06-28 00:52:40','172.68.34.34'),(1104,'jh5cqcrov8rvchstmmd3di4gdi',18,2,'2023-06-28 00:52:40','2023-06-28 16:37:45','172.68.34.79'),(1105,'eghg2vf653d9qg8f3js2ni6ek2',18,2,'2023-06-28 16:37:45','2023-06-28 18:21:09','172.68.34.108'),(1106,'ofbp7ut8884m4p0aamkdu2c15j',19,2,'2023-06-28 18:01:19','2023-06-28 19:13:57','172.68.34.108'),(1107,'hpghqogiut4uh7n6t7ptjjce4j',18,2,'2023-06-28 18:21:09','2023-06-28 19:50:27','172.68.34.70'),(1108,'26corrhlk5o7l0dsmorm5d77j4',19,2,'2023-06-28 19:13:57','2023-06-29 04:43:45','172.68.34.74'),(1109,'m2kf2q66tou7kjalbg7cpgijm8',18,2,'2023-06-28 19:50:27','2023-06-29 16:35:57','172.71.154.130'),(1110,'mv5h4dadsuq0mcsso4r16i2fui',19,1,'2023-06-29 04:43:45','2023-06-29 04:50:54','172.69.23.95'),(1111,'qi2csmefv060j6b2ts8ca8scok',18,2,'2023-06-29 16:35:57','2023-06-29 23:59:35','172.68.34.230'),(1112,'d0p96kgc1q7rrr5q5d60nsgblk',7,2,'2023-06-29 20:41:49','2023-06-30 16:45:57','172.68.88.183'),(1113,'djj1lbqsqtapg7k7g7qn5gpukl',18,2,'2023-06-29 23:59:35','2023-06-30 22:12:05','172.68.35.27'),(1114,'mqgn4mraqto59fa9io84c3g2hv',19,1,'2023-06-30 16:10:17','2023-06-30 17:11:38','172.68.35.35'),(1115,'7kpin8pal4u5lub0crmt5b18tq',7,1,'2023-06-30 16:45:57','2023-06-30 16:45:57','172.68.34.29'),(1116,'74s1k211dik6qmguiuat8araof',18,2,'2023-06-30 22:12:05','2023-06-30 23:13:43','172.68.34.72'),(1117,'hudsln72apbi5sb7bufvuk6ius',18,1,'2023-06-30 23:13:43','2023-06-30 23:25:59','172.68.34.92'),(1118,'2j4c08bjb6o49ms25j67k8og3q',18,2,'2023-07-03 17:02:42','2023-07-03 22:22:30','172.68.35.26'),(1119,'mamts70u8qhk176b1slei64u2i',19,1,'2023-07-03 20:40:14','2023-07-03 20:45:32','172.68.34.50'),(1120,'puodu87d7hu0jboi9a45i13pt9',18,1,'2023-07-03 22:22:30','2023-07-03 22:22:30','172.68.34.79'),(1121,'i0audt700njegt2dll1v6ldlef',18,2,'2023-07-05 17:06:28','2023-07-05 18:36:52','172.68.34.225'),(1122,'f5bd9dbcimr5ni59badmd0jq47',18,2,'2023-07-05 18:36:52','2023-07-05 21:19:35','172.68.34.27'),(1123,'6oo7kl1ro95fsbsf6kj1a72fni',19,1,'2023-07-05 18:53:49','2023-07-05 19:11:20','172.68.35.10'),(1124,'n1itdel6qfvto3154scv91rhqf',18,2,'2023-07-05 21:19:35','2023-07-05 23:15:45','172.68.34.20'),(1125,'bgun8grvr8rbffb9o015dttgfq',13,1,'2023-07-05 22:10:04','2023-07-05 22:10:04','172.68.34.105'),(1126,'tk96ssud2j4k3r9at0k7ppolji',18,2,'2023-07-05 23:15:45','2023-07-06 00:45:23','172.68.34.50'),(1127,'5ljska1mj8q27a8vue3pcsl3gq',18,2,'2023-07-06 00:45:23','2023-07-06 20:54:50','172.68.34.7'),(1128,'jkpviobifvamlnaf0agr2fsjdq',18,2,'2023-07-06 20:54:50','2023-07-07 00:29:40','172.68.34.87'),(1129,'si69l9vutij6t0roh0k8bvau4a',13,1,'2023-07-07 00:21:45','2023-07-07 00:32:15','172.68.34.63'),(1130,'fsun4f3v15uh61nv55jp4uq6u5',18,2,'2023-07-07 00:29:40','2023-07-07 18:56:23','172.68.34.235'),(1131,'kkcmhi2essnaep2ab4dffqcdmh',18,2,'2023-07-07 18:56:23','2023-07-07 23:34:59','172.68.34.243'),(1132,'5ef0nlhrblt3ev1lno8cmurkic',19,1,'2023-07-07 19:02:49','2023-07-07 19:08:58','172.68.34.53'),(1133,'0ojjmbule3mqbtel5bgt89fgc7',18,1,'2023-07-07 23:34:59','2023-07-07 23:36:14','172.68.34.100'),(1134,'i7f1mcril86tso65bo3ad1ahf1',18,2,'2023-07-10 16:29:23','2023-07-10 17:41:02','172.68.34.49'),(1135,'fuc3upf9bksfmlogktckujm7t8',18,2,'2023-07-10 17:41:02','2023-07-11 17:19:44','172.68.34.67'),(1136,'be7kkhhde2mdj6ppaadqrp76l2',13,2,'2023-07-10 23:03:36','2023-07-11 20:14:26','172.68.34.46'),(1137,'n5tj29g4mk0eg0vkadeveu8qh4',18,2,'2023-07-11 17:19:44','2023-07-11 19:18:11','172.68.34.78'),(1138,'iesnei7egc2b23elbd7ttvn44i',18,1,'2023-07-11 19:18:11','2023-07-11 19:51:28','172.68.34.97'),(1139,'4ip54rqrat0u9psqudd6goa552',13,2,'2023-07-11 20:14:26','2023-07-11 23:26:52','172.68.34.52'),(1140,'u843dv6hsed26v4ormkc893v36',13,1,'2023-07-11 23:26:52','2023-07-11 23:45:34','172.68.34.47'),(1141,'5ujhthra11gn926rfjfanbihj5',18,2,'2023-07-13 00:15:49','2023-07-13 16:39:41','172.68.34.6'),(1142,'4b5tgrf5nd2jnn97u6fp7e6efp',18,1,'2023-07-13 16:39:41','2023-07-13 18:10:35','172.68.35.48'),(1143,'cna330llsq03oomntob2974bs3',18,1,'2023-07-14 19:18:09','2023-07-14 19:21:25','172.71.154.170'),(1144,'9nld9d9ncjlbfsis1v50f3s68q',18,2,'2023-07-17 16:40:19','2023-07-17 23:24:47','172.68.34.203'),(1145,'0irlfvt84mflelfnn373ce1csg',18,2,'2023-07-17 23:24:47','2023-07-18 21:35:41','172.69.134.18'),(1146,'i00ahisita8sdui2ame6tn3oeh',18,2,'2023-07-18 21:35:41','2023-07-18 23:13:59','172.68.34.14'),(1147,'u6e637cd6olpj8eiql10hk17nq',18,2,'2023-07-18 23:13:59','2023-07-19 18:31:55','172.68.34.21'),(1148,'b8nu2kl8c3imusum7uulsrdh5a',18,2,'2023-07-19 18:31:55','2023-07-20 18:00:53','172.68.35.28'),(1149,'bql43l35dktcqn22a3iqugrr2i',13,1,'2023-07-19 19:48:17','2023-07-19 19:48:17','172.71.254.158'),(1150,'da07ju9c11jshb626k2g4j9njs',18,2,'2023-07-20 18:00:53','2023-07-21 16:39:44','172.68.34.222'),(1151,'ja6bptsr3ag9nt3ad795bqb5sn',18,2,'2023-07-21 16:39:44','2023-07-21 21:16:28','172.68.34.203'),(1152,'flpkem9o11fa412nr3l1blli9n',18,2,'2023-07-21 21:16:28','2023-07-21 22:09:15','172.68.34.4'),(1153,'d3agcnrcqg7kut4bems5rvsnl9',18,1,'2023-07-21 22:09:15','2023-07-21 22:09:15','172.68.35.28'),(1154,'c4kvhov45ii9hf99efvf7qj30v',18,2,'2023-07-24 17:37:19','2023-07-24 19:14:04','172.68.34.26'),(1155,'mlcqmb8e8mtk7h7kv0rt2d8up2',18,2,'2023-07-24 19:14:04','2023-07-25 17:22:48','172.68.34.243'),(1156,'m69gijn0ua43t788lnptleokod',18,2,'2023-07-25 17:22:48','2023-07-26 00:08:35','172.68.34.127'),(1157,'his608kiqk33c7qqatkc8a5it7',18,2,'2023-07-26 00:08:35','2023-07-26 17:16:25','172.68.34.51'),(1158,'1kul39vmlk6lmpnnlfqg5bgjro',18,2,'2023-07-26 17:16:25','2023-07-26 22:57:06','172.68.34.51'),(1159,'6j8dbimo4rnclra3mcl9tfs46e',18,2,'2023-07-26 22:57:06','2023-07-27 22:11:58','172.68.34.35'),(1160,'8asa7l825p49nfi91q4s370pib',13,1,'2023-07-27 00:02:32','2023-07-27 00:04:37','172.68.34.94'),(1161,'i0f2nkimqnh9482asrlnj9lmgu',18,2,'2023-07-27 22:11:58','2023-07-28 00:00:39','172.68.34.238'),(1162,'de9349mnp1o9k0v6g237j4i4gj',18,2,'2023-07-28 00:00:39','2023-07-28 17:28:13','172.68.35.7'),(1163,'1vbo16mjmiklkhaqtl5p04nph0',18,2,'2023-07-28 17:28:13','2023-07-28 18:36:05','172.68.35.26'),(1164,'38p3r4g37iqa9o8d835v771c6s',18,2,'2023-07-28 18:36:05','2023-07-28 19:16:16','172.68.35.8'),(1165,'m9c0l2qbpe3ch9butho7qlou47',18,1,'2023-07-28 19:16:16','2023-07-28 20:26:54','172.68.34.20'),(1166,'ojcgjqhr9qf0kb75n3q5mbd0qr',18,2,'2023-07-31 16:45:12','2023-07-31 21:45:22','172.68.34.254'),(1167,'r3jtvvf2mr60vua3ncp4kbokq2',18,2,'2023-07-31 21:45:22','2023-08-01 00:13:25','172.69.23.16'),(1168,'bdccjriluvnj3qjlr240nq3iut',18,2,'2023-08-01 00:13:25','2023-08-01 18:24:17','172.68.34.58'),(1169,'330l9ljjjvg1bje2g9j261kll9',18,2,'2023-08-01 18:24:17','2023-08-01 20:26:57','172.68.34.238'),(1170,'f51v4p0u7am1nst1fp8ejg7s8q',13,2,'2023-08-01 20:17:39','2023-08-01 23:59:26','172.68.34.100'),(1171,'angoi8dksjgdfqb9ipnqaikjn8',18,2,'2023-08-01 20:26:57','2023-08-01 23:32:40','172.68.34.46'),(1172,'jvppo9nnu2reavvo1iomuhjsre',18,2,'2023-08-01 23:32:40','2023-08-02 16:59:42','172.68.34.26'),(1173,'krkdd05atkcbecgekp6kafh35j',13,1,'2023-08-01 23:59:26','2023-08-01 23:59:26','172.68.34.202'),(1174,'ahmes2ltddki3av4d263l479gc',18,2,'2023-08-02 16:59:42','2023-08-02 19:24:26','172.68.34.242'),(1175,'k4jdc7igdb4f6vit8k7b0iv5aq',18,2,'2023-08-02 19:24:26','2023-08-02 23:10:00','172.68.35.17'),(1176,'unh3l02ptf9p7k8vtojsucjspd',18,2,'2023-08-02 23:10:00','2023-08-02 23:41:44','172.68.34.83'),(1177,'s3prkf0ss6d7ln5bfj47qbq5te',18,2,'2023-08-02 23:41:44','2023-08-03 16:35:42','172.68.34.5'),(1178,'8t5otmf77r23q9ntnearrba8af',18,2,'2023-08-03 16:35:42','2023-08-03 21:31:14','172.68.34.70'),(1179,'1o1vpgeccmi0mke97h2h1a8j5i',19,2,'2023-08-03 19:53:47','2023-08-04 18:32:07','172.68.34.52'),(1180,'28an9hkllrb8be9clcgsu07iqe',18,2,'2023-08-03 21:31:14','2023-08-03 23:21:04','172.68.34.101'),(1181,'huv4v9duhthc8o576pq4e64pq9',18,2,'2023-08-03 23:21:04','2023-08-04 00:44:09','172.68.35.28'),(1182,'ts6c69gttdla25nsrqlm2pe6hd',18,2,'2023-08-04 00:44:09','2023-08-04 16:50:25','172.68.34.82'),(1183,'p2lts40kn5qrbf3c1370r3kgdt',16,2,'2023-08-04 07:01:32','2023-08-04 07:13:30','172.70.237.167'),(1184,'53ao6m4ac8hsrcmksulrm545gl',16,1,'2023-08-04 07:13:30','2023-08-04 07:13:30','172.70.237.179'),(1185,'5lprfod4c1op0vpqff7obumse2',18,2,'2023-08-04 16:50:25','2023-08-04 19:41:20','172.68.34.33'),(1186,'irbde5sor9isqqvi41cgf9lpp1',19,2,'2023-08-04 18:32:07','2023-08-04 19:31:05','172.68.34.55'),(1187,'qbkratmuouj84qompqlj282flg',19,1,'2023-08-04 19:31:05','2023-08-04 20:34:23','172.68.35.48'),(1188,'vijreb3rgm5ars6ddbeb1ur38k',18,2,'2023-08-04 19:41:20','2023-08-05 00:24:36','172.68.35.26'),(1189,'6pnjnaeemhd46d75dh3bqjirgb',18,1,'2023-08-05 00:24:36','2023-08-05 00:27:02','172.71.155.41'),(1190,'0v11pj7dq1pm4om83cce6vqfud',18,2,'2023-08-07 17:22:08','2023-08-07 18:16:29','172.68.35.26'),(1191,'cj22pnpqdm7l39medg6h1e9u02',18,2,'2023-08-07 18:16:29','2023-08-07 22:51:20','172.68.34.245'),(1192,'jl0ur542cjrqnc1g6jmlm13u7k',18,2,'2023-08-07 22:51:20','2023-08-08 22:29:54','172.68.34.63'),(1193,'3mlolu0uha3s9jlake7bb82v6c',18,1,'2023-08-08 22:29:54','2023-08-08 22:36:15','172.68.34.54'),(1194,'s4dj0hts1v9rajvc30ipnkbq2k',18,2,'2023-08-10 21:59:43','2023-08-11 00:00:30','172.68.34.75'),(1195,'c4qvnqngqf1q47p9hv1mlcj06i',18,1,'2023-08-11 00:00:30','2023-08-11 00:05:13','172.68.34.89'),(1196,'4bgftuv4qn938ae1uckuhvs5ui',18,2,'2023-08-14 16:17:24','2023-08-14 19:00:00','172.68.34.107'),(1197,'pas09i7c3rl1ap97eo60i445tv',18,2,'2023-08-14 19:00:00','2023-08-15 17:02:04','172.68.34.235'),(1198,'ic14cq9je5eh7qkbfkshffjut7',18,2,'2023-08-15 17:02:04','2023-08-15 18:19:33','172.68.35.4'),(1199,'lef56st3fpse9phgh8mpigshp1',18,2,'2023-08-15 18:19:33','2023-08-15 22:57:06','172.68.34.87'),(1200,'mrdhchuova392g1js6b7rm3qlq',18,2,'2023-08-15 22:57:06','2023-08-16 19:03:29','172.69.134.37'),(1201,'671e1i2hjqraf3bok5dkaju4if',18,2,'2023-08-16 19:03:29','2023-08-16 23:28:01','172.68.34.22'),(1202,'5dqesedgih3e9g80lteajjbp0j',18,2,'2023-08-16 23:28:01','2023-08-17 17:55:31','172.68.34.69'),(1203,'qphn56rr6ihb5vn5sa600dniq9',18,2,'2023-08-17 17:55:31','2023-08-18 17:17:01','172.69.135.48'),(1204,'57ms1ilj1rf0jr0j2s2ai2bqtf',18,1,'2023-08-18 17:17:00','2023-08-18 17:19:01','172.68.34.30'),(1205,'a57u28knvf9dnknen25lopd0o8',18,2,'2023-08-22 16:40:37','2023-08-22 17:17:29','172.68.34.55'),(1206,'sesro71sl38pl9ss9j33i5n51a',18,2,'2023-08-22 17:17:29','2023-08-22 22:29:20','172.68.34.5'),(1207,'to86g4d1j7699kcilmvs56rjnu',18,2,'2023-08-22 22:29:20','2023-08-22 23:16:11','172.68.34.22'),(1208,'fdnd2tq0go9dg0ekceigufr04d',18,2,'2023-08-22 23:16:11','2023-08-23 22:42:31','172.68.34.21'),(1209,'3le463hct61h09b8gdnphob6hn',18,2,'2023-08-23 22:42:31','2023-08-23 23:50:18','172.68.1.192'),(1210,'8so1ehve0594uje1jipoo4apo7',18,1,'2023-08-23 23:50:18','2023-08-23 23:56:34','172.68.1.176'),(1211,'5v999me2kpmq672jgms664f8oa',18,2,'2023-08-25 00:08:11','2023-08-25 17:20:32','172.68.1.134'),(1212,'3adfufba4ukur09fjmmj7i3hoc',18,2,'2023-08-25 17:20:32','2023-08-25 22:46:15','172.68.35.73'),(1213,'55v2iag3ftb2tceafpk9t2ns7f',18,1,'2023-08-25 22:46:15','2023-08-25 22:46:15','172.68.35.61'),(1214,'262tqvnssus3ld830eia49crod',18,2,'2023-08-28 17:36:01','2023-08-28 19:37:10','172.68.35.58'),(1215,'gfe1dd2394cibvdvkkrpu7todu',18,2,'2023-08-28 19:37:10','2023-08-28 21:52:42','172.68.35.68'),(1216,'navdba1mngkai11ta28hg12pff',18,2,'2023-08-28 21:52:42','2023-08-29 18:33:53','172.68.1.152'),(1217,'md7dcbp3vglobhcrmok2923cam',18,1,'2023-08-29 18:33:53','2023-08-29 18:34:55','172.68.1.192'),(1218,'951i8upo6li5s6k69bkkjmpk0l',18,1,'2023-08-31 16:39:15','2023-08-31 16:49:26','172.68.1.163'),(1219,'38qs0e63m936gujum2q238apuk',6,2,'2023-09-01 05:29:56','2023-09-01 08:46:35','172.69.59.108'),(1220,'9anlcvq0d0bbmp373teu7hh9cg',6,1,'2023-09-01 08:46:35','2023-09-01 09:09:54','172.69.58.224'),(1221,'oih6evsemh56g6jg8ctgbstu3c',19,1,'2023-09-01 17:09:02','2023-09-01 17:36:44','172.68.1.194'),(1222,'p3qg3kev2c8ov0h2ra6lipslok',18,1,'2023-09-01 20:12:30','2023-09-01 20:19:17','172.68.1.143'),(1223,'m3qssu3gip7h9k5gj38j9k5vrv',18,2,'2023-09-05 17:31:40','2023-09-05 19:20:52','172.71.159.9'),(1224,'5e9efdgi1strsj62q4acftat2v',18,2,'2023-09-05 19:20:52','2023-09-05 21:50:33','172.71.158.34'),(1225,'q0aq1kkqpd72jgtfhnoep1ovth',18,2,'2023-09-05 21:50:33','2023-09-06 16:32:13','172.68.1.144'),(1226,'jp3inonsck27re8hvo6gphojlh',18,2,'2023-09-06 16:32:13','2023-09-06 17:22:08','172.68.1.131'),(1227,'au30qe8pfn35s2gkpvjmf0eh9k',18,2,'2023-09-06 17:22:08','2023-09-06 18:43:28','172.68.1.130'),(1228,'b8m1f79s01h11i880kcp5r2lu8',18,2,'2023-09-06 18:43:28','2023-09-06 19:25:27','172.68.1.149'),(1229,'ossie4mkb3prbedi3b2pmbha21',18,1,'2023-09-06 19:25:27','2023-09-06 19:28:25','172.71.158.217'),(1230,'ac5jr0kcb70ja9le9s3qr8trhs',18,2,'2023-09-11 17:54:49','2023-09-11 18:39:26','172.68.1.150'),(1231,'g2bj709f0hpstf44ttt2gnmehq',18,2,'2023-09-11 18:39:26','2023-09-12 16:36:39','172.68.1.140'),(1232,'0enu3705mqcuo3ghfpfa2u763d',18,2,'2023-09-12 16:36:39','2023-09-12 18:06:06','172.68.1.173'),(1233,'kh0tgbp6n0lpovc9vrek6osia7',18,2,'2023-09-12 18:06:06','2023-09-12 20:47:32','172.68.1.195'),(1234,'uuto7hjckocjtfk7s2trrk7icp',18,2,'2023-09-12 20:47:32','2023-09-12 22:18:04','172.68.1.141'),(1235,'qobuc409blmdfu62svacgogoce',18,2,'2023-09-12 22:18:04','2023-09-12 23:52:06','172.68.1.162'),(1236,'bq1sj64pmdl8ukijvcu6p08jjr',18,2,'2023-09-12 23:52:06','2023-09-13 18:36:53','172.68.1.152'),(1237,'44t2a60j4slcldbi0hqsq0p5nk',6,2,'2023-09-13 03:44:47','2023-09-13 09:42:13','172.69.58.159'),(1238,'4prpm9i1d7s5oerosommn9q41g',6,1,'2023-09-13 09:42:13','2023-09-13 10:21:57','162.158.191.200'),(1239,'bsr5rh3gml1smghl1l57plf5ga',18,2,'2023-09-13 18:36:53','2023-09-13 23:08:59','172.71.159.16'),(1240,'q6ekmcnnd60f82uaqtnj7et1hs',18,2,'2023-09-13 23:08:59','2023-09-13 23:48:48','172.68.1.183'),(1241,'monljp7ov9h2kani2aeetkjio8',18,2,'2023-09-13 23:48:48','2023-09-14 19:12:06','172.68.1.153'),(1242,'4njrvem36liv8q4p10hbq71mgg',18,1,'2023-09-14 19:12:06','2023-09-14 19:13:48','172.68.1.163'),(1243,'6huq9do3f2ntp6t68f3obb2c5l',6,1,'2023-09-15 09:40:09','2023-09-15 10:48:05','172.69.58.112'),(1244,'uun5m56fgcd0tnmmcq2fdkif6e',18,2,'2023-09-18 17:52:45','2023-09-18 22:58:23','172.68.1.162'),(1245,'cibvqsrbq7t90a5t4rnc9sassi',18,1,'2023-09-18 22:58:23','2023-09-18 23:02:58','172.68.1.159'),(1246,'htdef53gb7uagam70bj3al1p30',18,2,'2023-09-26 16:20:46','2023-09-26 17:32:16','172.68.1.144'),(1247,'2ejokf5j68uqcipb57vaqof1e3',18,2,'2023-09-26 17:32:16','2023-09-26 20:02:44','172.68.1.165'),(1248,'kma8qe1n7dt7t95sct631i7nfj',18,2,'2023-09-26 20:02:44','2023-09-26 23:09:09','172.68.1.188'),(1249,'huce1ei2hijohqe1f4u19o1far',18,2,'2023-09-26 23:09:09','2023-09-27 17:05:17','172.68.1.149'),(1250,'1353rqppdermo1mlm7sdkhsggl',18,2,'2023-09-27 17:05:17','2023-09-27 23:07:31','172.68.1.156'),(1251,'7ev06a8fmrl55pmpf1aisvjgba',18,2,'2023-09-27 23:07:31','2023-09-28 00:03:39','172.71.154.103'),(1252,'05vnclqgoou9seaavn6b3nhoc3',18,2,'2023-09-28 00:03:39','2023-09-28 16:50:37','172.68.1.191'),(1253,'bh2434nd3b14rsd1fjq8gnipco',18,2,'2023-09-28 16:50:37','2023-09-28 18:56:17','172.68.1.141'),(1254,'rrkpv8ujn6po7etunkp3tnsbgl',18,2,'2023-09-28 18:56:17','2023-09-28 21:42:08','172.68.1.192'),(1255,'ais78g737ab9v046mp2pvqed5b',18,1,'2023-09-28 21:42:08','2023-09-28 21:51:47','172.68.1.162'),(1256,'38bi20k84s5ru1kqlrtmvf48bh',18,2,'2023-10-02 17:37:16','2023-10-02 20:10:40','172.68.1.142'),(1257,'scsvhacaiogdo3langc0393eil',18,1,'2023-10-02 20:10:40','2023-10-02 20:12:31','172.68.1.157'),(1258,'ff0lgltkslb7h7jebvov106v3u',18,2,'2023-10-03 21:21:41','2023-10-04 16:58:16','172.68.1.133'),(1259,'665i64cucaia7tsa57msj5fte1',18,1,'2023-10-04 16:58:16','2023-10-04 17:30:21','172.68.1.140'),(1260,'gk0uqbuh2mudpbif2t4l5hfsi0',6,2,'2023-10-05 05:12:37','2023-10-05 12:22:14','162.158.191.219'),(1261,'o8f661f1de5h7jqbb1bqnrpuot',6,1,'2023-10-05 12:22:14','2023-10-05 12:24:17','172.69.58.82'),(1262,'ot4csr3msjei8avsdm8l03h3h4',18,2,'2023-10-05 18:44:45','2023-10-05 21:05:57','172.68.1.133'),(1263,'0p078te9pbescjlotloo66ksgo',18,2,'2023-10-05 21:05:57','2023-10-06 20:24:56','172.68.1.175'),(1264,'0mv68on0ekfsletqeugl3tp4et',18,1,'2023-10-06 20:24:56','2023-10-06 20:27:35','172.68.1.130'),(1265,'uku0kf669s7fa2o37isrbh4505',6,2,'2023-10-09 05:24:07','2023-10-09 07:20:48','172.69.59.15'),(1266,'0tp7lck0a3cl2mop2hr9cqducm',6,2,'2023-10-09 07:20:48','2023-10-09 10:25:03','172.69.58.98'),(1267,'jjana5ubkj8te4bhgvlc62p0k6',6,1,'2023-10-09 10:25:03','2023-10-09 10:50:32','162.158.191.165'),(1268,'7pogrblm3o47n9une2g8mlegrs',18,2,'2023-10-09 16:49:34','2023-10-09 17:48:20','172.68.1.136'),(1269,'2ggjjb2tl295ln17hvmla3f737',18,2,'2023-10-09 17:48:20','2023-10-09 18:43:59','172.68.1.162'),(1270,'r8fcf0o59vlhermo11ja96i4rf',18,2,'2023-10-09 18:43:59','2023-10-09 20:26:30','172.71.154.133'),(1271,'4g9j3d9mg209clqbfhhr1tv7cr',18,2,'2023-10-09 20:26:30','2023-10-10 19:54:48','172.68.1.190'),(1272,'0idjbaecrve67clem4heo9q70p',18,2,'2023-10-10 19:54:48','2023-10-10 23:39:02','172.68.1.157'),(1273,'b0jcoujhu0pg9khl91atd3qas1',18,2,'2023-10-10 23:39:02','2023-10-11 17:08:23','172.68.1.142'),(1274,'qrqohr5u8df76aik0at3pj71h1',18,2,'2023-10-11 17:08:23','2023-10-11 19:19:35','172.68.1.135'),(1275,'n66pta0cgrl8ek6s1ks4q7gblc',18,2,'2023-10-11 19:19:35','2023-10-11 22:18:01','172.68.1.140'),(1276,'22pv17pa3t67cucpi37qqkj90b',18,2,'2023-10-11 22:18:01','2023-10-12 18:27:04','172.68.1.182'),(1277,'39etr5ijo67s5rk1iblc9jrvb2',18,2,'2023-10-12 18:27:04','2023-10-12 22:09:35','172.68.1.188'),(1278,'o123a8n97i5unva3ch82u65gck',18,2,'2023-10-12 22:09:35','2023-10-12 23:46:26','172.68.1.177'),(1279,'ni6t554jno6mimv9gjlvv87bq6',18,1,'2023-10-12 23:46:26','2023-10-12 23:49:34','172.68.1.156'),(1280,'hkgv7lu1jkqspnoi4kggp1cupl',18,1,'2023-10-16 17:18:22','2023-10-16 17:30:53','172.68.1.191'),(1281,'i7f0juaq5ej6d7rd9n59hdao0n',6,1,'2023-10-17 05:55:27','2023-10-17 06:33:40','172.69.59.95'),(1282,'iutqhv4tr6os15p6dsomtt6rla',18,2,'2023-10-17 18:28:52','2023-10-18 17:20:23','172.68.1.130'),(1283,'p0830pmdgmmh5vgije3gg2k79f',18,2,'2023-10-18 17:20:23','2023-10-18 21:23:41','172.68.1.145'),(1284,'k4h1l12h368qbemodrqqt8foas',18,2,'2023-10-18 21:23:41','2023-10-18 22:31:37','172.68.1.156'),(1285,'p3bq4vstv3ufm2a1m14nuhg204',18,1,'2023-10-18 22:31:37','2023-10-18 22:37:20','172.68.1.144'),(1286,'o16035nd938tv5kqqres3b0ifb',18,1,'2023-10-24 18:54:01','2023-10-24 19:04:49','172.69.22.239'),(1287,'70ac7ns038ungvc2scl0ojb0t8',18,2,'2023-10-25 19:57:19','2023-10-25 20:43:24','172.68.1.205'),(1288,'iltad09opjm3bshopaqmn18m8s',18,2,'2023-10-25 20:43:24','2023-10-26 17:17:30','172.68.1.163'),(1289,'jt6ajmiihdi4lqcperqp4lh545',18,2,'2023-10-26 17:17:30','2023-10-26 19:23:41','172.69.135.22'),(1290,'uklttn0fa7rkte9osvj658vp2b',18,1,'2023-10-26 19:23:41','2023-10-26 19:23:41','172.68.1.157'),(1291,'0ofosalc8orqua2steel0p8bdm',18,1,'2023-10-27 19:27:40','2023-10-27 19:38:28','172.69.22.132'),(1292,'aekpvri2fiklos785htdqf9ss9',18,2,'2023-10-30 23:45:26','2023-10-31 16:38:33','172.69.134.2'),(1293,'vu52a6hgighep2hbbjahrkk8fl',18,2,'2023-10-31 16:38:33','2023-10-31 17:23:24','172.68.1.173'),(1294,'ovis9cer2e0mp3uflkkuhhq4q9',18,2,'2023-10-31 17:23:24','2023-10-31 18:17:12','172.68.1.159'),(1295,'qo9ahcovgfraif02cmib59or3p',18,2,'2023-10-31 18:17:12','2023-10-31 21:22:39','172.68.1.152'),(1296,'5f63ghnk4i1utq2dhce57vn572',18,2,'2023-10-31 21:22:39','2023-10-31 23:52:14','172.68.1.175'),(1297,'20vokm4orntuqjijkpln8vup4b',18,2,'2023-10-31 23:52:14','2023-11-01 18:02:18','172.68.1.165'),(1298,'imbb7pf9uokaju14j3a8a09an6',18,2,'2023-11-01 18:02:18','2023-11-01 21:33:20','172.68.1.162'),(1299,'9h6bb4oaoh57sqnvoeh6i5ubse',18,2,'2023-11-01 21:33:20','2023-11-02 19:10:35','172.68.1.159'),(1300,'lamm3n8070g17hd69k2bdhvm21',18,2,'2023-11-02 19:10:35','2023-11-02 21:42:09','172.68.1.164'),(1301,'9gjh8o6i1k9ku6kgo40343p6tg',18,2,'2023-11-02 21:42:09','2023-11-02 22:25:15','172.71.155.45'),(1302,'3sgkujk6k1m2pjjruc91jnhc2v',18,2,'2023-11-02 22:25:15','2023-11-03 18:30:50','172.68.1.159'),(1303,'4cd5nccjqvaagidans8so8vv2e',6,2,'2023-11-03 09:40:36','2023-11-03 12:39:51','172.69.58.68'),(1304,'g52lgsr7cf4jag4kqnil1idp5l',6,1,'2023-11-03 12:39:51','2023-11-03 12:45:55','172.69.59.138'),(1305,'un4vnvrqvr0u5fnnrq9eddcphf',18,2,'2023-11-03 18:30:50','2023-11-03 19:30:18','172.68.1.142'),(1306,'6jae0m4hudcbovlblpvobbtf8s',18,2,'2023-11-03 19:30:18','2023-11-03 21:11:32','172.68.1.133'),(1307,'u0ve9ot6vlv4nrnj147dkd71j3',18,1,'2023-11-03 21:11:32','2023-11-03 21:12:58','172.68.1.137'),(1308,'2opid4em75f2d0f1gej8h1eqnc',18,2,'2023-11-06 18:19:53','2023-11-06 19:42:46','172.68.1.161'),(1309,'jvcu5h6apq9ten9vgajs8castu',18,2,'2023-11-06 19:42:46','2023-11-06 23:57:33','172.68.1.152'),(1310,'v82fe40qagd3qdu159745disfk',18,2,'2023-11-06 23:57:33','2023-11-07 01:08:37','172.68.1.158'),(1311,'qg0hn2nkoeu5ugdjka5qjt66dn',18,2,'2023-11-07 01:08:37','2023-11-07 18:21:14','172.68.1.158'),(1312,'ou5na3sqkht508sjjei61makcr',6,1,'2023-11-07 18:11:06','2023-11-07 18:11:06','172.69.58.136'),(1313,'7fstqcj2ipmcpc6fquemsqn1fh',18,2,'2023-11-07 18:21:14','2023-11-07 19:42:41','172.68.1.183'),(1314,'pmu92g453f1nu686iji6kjd8ju',18,2,'2023-11-07 19:42:41','2023-11-07 21:56:31','172.68.1.161'),(1315,'2beful05s6334i50t0gsmg1lsi',18,2,'2023-11-07 21:56:31','2023-11-07 23:59:26','172.68.1.193'),(1316,'1scnu1p3vi9phlsm5ig6498vcm',18,2,'2023-11-07 23:59:26','2023-11-08 20:11:05','172.68.1.188'),(1317,'hgb2r30d3e7llqlskkvdiub7ob',18,2,'2023-11-08 20:11:05','2023-11-08 23:19:50','172.68.1.181'),(1318,'eqomu1n2bjbr6d0g74cu05t5rp',18,2,'2023-11-08 23:19:50','2023-11-09 17:45:24','172.69.134.131'),(1319,'le5uj6ef5p37dq5rt2s82fgfkt',18,2,'2023-11-09 17:45:24','2023-11-10 00:09:17','172.68.1.131'),(1320,'5rjesonbgopktsl1uoju87tpkt',18,1,'2023-11-10 00:09:17','2023-11-10 00:12:38','172.68.1.189'),(1321,'1sa5o7m7ithf7i2ljrbh6r7a6r',18,2,'2023-11-13 18:19:33','2023-11-14 17:26:27','172.68.1.175'),(1322,'77s2q3jfs746dahlpf1dmqe31v',18,2,'2023-11-14 17:26:27','2023-11-14 19:45:17','172.68.1.156'),(1323,'icathdm729hs8h41tism7vl0l3',18,2,'2023-11-14 19:45:17','2023-11-14 22:39:17','172.68.1.192'),(1324,'c997p6umd37930m56fshrqvpf7',18,2,'2023-11-14 22:39:17','2023-11-15 00:21:28','172.68.1.193'),(1325,'flefh93unkes8p543moog3utm5',18,2,'2023-11-15 00:21:28','2023-11-15 18:00:32','172.68.1.199'),(1326,'9geh2h9gg1uiqkluqdu26du9d2',18,2,'2023-11-15 18:00:32','2023-11-16 00:26:30','172.68.1.130'),(1327,'o2ijoc5s2d2pnco96btps91o38',18,2,'2023-11-16 00:26:30','2023-11-16 22:43:02','172.68.1.205'),(1328,'1if80bo85radc5m489v1rmusag',18,2,'2023-11-16 22:43:02','2023-11-17 19:12:32','172.68.1.205'),(1329,'ir179fdenrmbbadk9v3its15e0',18,1,'2023-11-17 19:12:32','2023-11-17 19:23:33','162.158.166.187'),(1330,'p1rhvvtda8ft9k5f95gmukhjgb',18,2,'2023-11-20 19:55:21','2023-11-20 23:42:08','172.68.1.161'),(1331,'us2qvgv57qvnep7h3t0c9d6djl',18,2,'2023-11-20 23:42:08','2023-11-21 18:25:38','172.68.1.145'),(1332,'0m7o908p8g4810cme345ef0d72',18,2,'2023-11-21 18:25:38','2023-11-21 21:01:05','172.68.1.163'),(1333,'bmndrgab23jk51i28i9dih0f2f',18,2,'2023-11-21 21:01:05','2023-11-22 18:50:28','172.68.1.180'),(1334,'s4veohrjevlu2k6lgr4rcrb1j4',18,1,'2023-11-22 18:50:28','2023-11-22 19:12:09','172.69.23.138'),(1335,'pd9h470b4dbb0coiss8g66gvqn',6,1,'2023-11-24 09:39:01','2023-11-24 09:56:07','172.69.59.22'),(1336,'5pgej2e409gqka3k25ou7977u5',18,1,'2023-11-27 17:30:54','2023-11-27 17:32:57','172.68.1.133'),(1337,'sk8kb39d7vjm4q0tlh3i95fh7v',6,1,'2023-11-28 11:00:43','2023-11-28 11:39:14','172.69.59.83'),(1338,'76kgjh5cmcboe42qpp1vb1mkvh',18,1,'2023-11-28 17:50:43','2023-11-28 17:51:49','172.68.1.137'),(1339,'2fu68fb0hhcmbq49a7kvu6iv7e',18,2,'2023-11-29 18:29:22','2023-11-29 23:36:20','172.68.1.161'),(1340,'8013go46loedmdh4fqupuutvsq',18,2,'2023-11-29 23:36:20','2023-11-30 19:14:51','172.68.1.203'),(1341,'c086opv3u5iiotcnvkbu6pjlh7',18,2,'2023-11-30 19:14:51','2023-11-30 22:24:18','172.68.1.197'),(1342,'2rkcunftcan87vq2iqljko7qh7',18,2,'2023-11-30 22:24:18','2023-11-30 23:56:19','172.68.1.201'),(1343,'p5gpuaulltqla6o3obhrku1g9m',18,2,'2023-11-30 23:56:19','2023-12-01 19:36:40','172.68.1.174'),(1344,'7499oeslmkfj6t7c09v4kg3itt',18,1,'2023-12-01 19:36:40','2023-12-01 19:40:28','172.68.1.193'),(1345,'jd9vi1b71v1fero4o9u9kbrvh7',18,2,'2023-12-04 18:34:42','2023-12-04 22:49:47','172.68.1.189'),(1346,'70mbs835kb5cd51m5ugp6fdhqf',18,2,'2023-12-04 22:49:47','2023-12-05 19:52:14','172.68.1.140'),(1347,'je0qk4ovrvspctuinl9otv93im',18,2,'2023-12-05 19:52:14','2023-12-06 00:28:32','172.68.1.159'),(1348,'ht7ug0l0i7nk8ilojrtblj83ti',18,2,'2023-12-06 00:28:32','2023-12-06 19:33:55','172.68.1.153'),(1349,'t1ui6osp162r06kmjrfp7bg0g4',18,2,'2023-12-06 19:33:55','2023-12-07 19:12:44','172.68.1.140'),(1350,'alnngitpj9p40vq0vduqghv2s3',6,1,'2023-12-07 03:02:44','2023-12-07 03:53:35','172.69.58.206'),(1351,'bo23katqlu6vhcd92kpm7tscro',18,2,'2023-12-07 19:12:44','2023-12-07 22:28:33','172.68.1.199'),(1352,'qipkmvrhlltt4d2i51l8acf4qo',18,2,'2023-12-07 22:28:33','2023-12-08 00:00:30','172.68.1.202'),(1353,'ifquea9b8lc00o0p010cl9vej2',18,2,'2023-12-08 00:00:30','2023-12-08 19:48:57','172.68.1.144'),(1354,'nokdoiirk4j32cr2mj5ulntb1n',18,2,'2023-12-08 19:48:57','2023-12-08 22:26:53','172.68.1.205'),(1355,'b8jsldlpugj2o3mu46aq499d86',18,1,'2023-12-08 22:26:53','2023-12-08 22:34:38','172.68.1.145'),(1356,'379t1sm1ogbtb6bfj93k9tm831',18,2,'2023-12-11 23:39:06','2023-12-12 00:30:06','172.68.1.140'),(1357,'svujvm8cd3lfhpg9d36nlh0ig7',18,2,'2023-12-12 00:30:06','2023-12-12 20:03:22','172.68.1.175'),(1358,'1n96g1aheb45fd0i7vmva89012',6,1,'2023-12-12 04:40:59','2023-12-12 04:40:59','172.69.59.203'),(1359,'nctj8i50jdtg3irgbbvid6ten5',18,2,'2023-12-12 20:03:22','2023-12-12 23:21:28','172.68.1.145'),(1360,'58rvuhabuumfg1fm3550oigsln',18,1,'2023-12-12 23:21:28','2023-12-13 00:21:37','172.69.22.62'),(1361,'6omt5ou27nbdhj92m2lqarnc53',6,1,'2023-12-13 05:47:48','2023-12-13 06:35:19','172.69.59.22'),(1362,'2pbtp1e8oir7llh3p10higkadl',6,2,'2023-12-14 17:26:06','2023-12-14 17:43:04','172.69.58.230'),(1363,'m1368nu682ns33fgdgp343fnv0',6,2,'2023-12-14 17:43:04','2023-12-14 20:35:13','172.69.58.82'),(1364,'vktsncufgcuub6vipu266pb9hv',6,2,'2023-12-14 20:35:13','2023-12-15 17:02:34','172.69.58.248'),(1365,'7hoibi86dvk77b9fmq6o5ic5o2',18,2,'2023-12-14 23:36:50','2023-12-15 20:59:15','172.68.1.192'),(1366,'duk3fqjjkcjc6tb1mmj1uqe290',6,2,'2023-12-15 17:02:34','2023-12-15 19:42:36','172.69.59.78'),(1367,'457optbjavtcrgs729taj07dla',6,2,'2023-12-15 19:42:36','2023-12-15 20:49:18','172.69.58.233'),(1368,'omn9qpuvv41fj020ku2e4lio15',6,2,'2023-12-15 20:49:18','2023-12-15 20:57:21','172.69.58.177'),(1369,'bq7lit1v67638809obbaul8fcr',6,2,'2023-12-15 20:57:21','2023-12-15 20:58:06','172.69.59.191'),(1370,'l8vhlcc5bb1coe5rr366l0k6au',6,1,'2023-12-15 20:58:06','2023-12-15 21:06:35','172.69.58.10'),(1371,'k49qt22vjim2s0jsl4s2pohjmi',18,1,'2023-12-15 20:59:15','2023-12-15 21:36:51','172.68.1.177'),(1372,'f8o43n42dd6kgadjcs3dko9i2c',6,2,'2023-12-18 17:21:57','2023-12-19 16:25:21','172.69.59.185'),(1373,'qrk3r340l8u5bi7q5suclqlkik',18,2,'2023-12-18 17:46:50','2023-12-18 18:46:57','172.71.158.186'),(1374,'qbnpomidaitojs7uqc7quaqdcs',18,2,'2023-12-18 18:46:57','2023-12-19 00:01:47','172.68.1.197'),(1375,'7m02inniq5bim1qsiep5p6r7fb',18,2,'2023-12-19 00:01:47','2023-12-19 20:58:47','172.68.1.143'),(1376,'u67d1uik665deaptn0es2l94v6',6,2,'2023-12-19 16:25:21','2023-12-19 23:59:23','162.158.191.201'),(1377,'t9klf11cak0q4lddi9s408elsu',18,2,'2023-12-19 20:58:47','2023-12-19 21:45:57','172.68.1.202'),(1378,'hd15n3ainbifcr7qsclmohl6i3',18,2,'2023-12-19 21:45:57','2023-12-20 00:09:58','172.68.1.158'),(1379,'aesp95sdf2vbeuufs253un15mq',6,2,'2023-12-19 23:59:23','2023-12-20 00:04:58','172.69.6.48'),(1380,'v8lci7q8q4ih4jlhd79u18uvnf',6,2,'2023-12-20 00:04:58','2023-12-20 00:05:23','172.69.7.42'),(1381,'okm1s68j9lldakss2blfd9ukuq',6,0,'2023-12-20 00:05:23','2023-12-20 00:06:36','172.69.7.21'),(1382,'tt5kokje99dqorm9qmtvldu4ub',20,0,'2023-12-20 00:06:39','2023-12-20 00:34:48','172.69.6.183'),(1383,'nnifh38d273p56j6n5g5uqt9nc',6,1,'2023-12-20 00:06:54','2023-12-20 00:29:28','172.69.6.47'),(1384,'ldb5s6asqlpi7jua00jtge94mo',18,2,'2023-12-20 00:09:58','2023-12-20 23:12:31','172.68.1.193'),(1385,'7v6l832ieqbqsf5jd3fspbn1s2',18,2,'2023-12-20 23:12:31','2023-12-21 17:45:25','172.68.1.182'),(1386,'0hfg4e5i1jaes5a4otfqq2p6h7',20,1,'2023-12-20 23:35:47','2023-12-20 23:46:43','172.69.58.254'),(1387,'30q314m3ml5phlmne6rlai0gpo',18,2,'2023-12-21 17:45:25','2023-12-21 20:32:39','172.68.1.152'),(1388,'pdmp2usgmhr50hlt97ku9irndd',18,1,'2023-12-21 20:32:39','2023-12-21 21:27:26','172.68.1.158'),(1389,'g3tuii2udmv8gm4rq6lan09nlr',6,1,'2023-12-21 20:40:41','2023-12-21 21:02:54','172.69.59.5'),(1390,'mctagi7jsfmk62fov0e0rnfoaj',18,2,'2023-12-26 20:48:21','2023-12-26 22:46:30','172.68.2.67'),(1391,'idrb13kdpaf35jbt9k1e2jkfo9',18,2,'2023-12-26 22:46:30','2023-12-27 18:28:32','172.68.3.32'),(1392,'3smbjb3723re724hqocgard0d1',18,2,'2023-12-27 18:28:32','2023-12-27 22:35:12','172.68.1.202'),(1393,'eneufcf2p7pssbquuqosllpj3j',18,1,'2023-12-27 22:35:12','2023-12-27 22:48:18','172.69.134.244'),(1394,'9adtmta6il4eckkfh21fohq97p',18,1,'2023-12-29 00:10:57','2023-12-29 00:12:03','172.68.1.180'),(1395,'eits4emi7dnr90t2c81g0adc5o',18,2,'2024-01-02 19:59:19','2024-01-02 23:10:30','172.68.35.72'),(1396,'vi6hjslokostmt3cgsdbm366a6',18,2,'2024-01-02 23:10:30','2024-01-03 17:41:07','172.68.35.70'),(1397,'kerfpinpoos9vvjeegelq5lue4',18,2,'2024-01-03 17:41:07','2024-01-03 18:13:26','172.68.1.198'),(1398,'ub5gguj25ofmep8ho6uk672ppc',18,1,'2024-01-03 18:13:26','2024-01-03 18:58:00','172.68.1.133'),(1399,'k1atc1uj9l0hun09adur3na1jp',6,1,'2024-01-04 09:08:28','2024-01-04 09:13:41','172.69.59.175'),(1400,'7abj3btndui599g7rq7hj46qs8',18,2,'2024-01-04 23:30:58','2024-01-05 19:50:19','172.68.1.182'),(1401,'ikuv6vkk3a1jmiif6m406ud6b8',6,1,'2024-01-05 10:55:44','2024-01-05 11:02:48','172.69.59.65'),(1402,'jat54fkvclqo281as3e2327l0r',18,2,'2024-01-05 19:50:19','2024-01-05 21:27:36','172.68.1.177'),(1403,'0eac4afk42tgl7o5anb7bkjrbc',18,1,'2024-01-05 21:27:36','2024-01-05 21:32:29','172.68.1.131'),(1404,'m075tb5q2mipi4dp0qvtb1nll8',18,2,'2024-01-08 23:36:51','2024-01-09 23:24:01','172.68.34.26'),(1405,'frgs4lr2d5b3qf1v5kl7o4qbmt',18,2,'2024-01-09 23:24:01','2024-01-10 20:06:11','172.69.134.224'),(1406,'2qamlabiido0ivoea9cjob7tiq',18,2,'2024-01-10 20:06:11','2024-01-10 21:12:46','172.68.1.144'),(1407,'8t170ntu3rhignk3dq1nbkhmp6',18,2,'2024-01-10 21:12:46','2024-01-10 23:14:48','172.68.1.192'),(1408,'53ikt7b0oejscalksudjk5grk1',18,2,'2024-01-10 23:14:48','2024-01-11 21:35:09','172.68.1.180'),(1409,'9v7vjf32f4l8jk8pr9q9aeg3h0',18,1,'2024-01-11 21:35:09','2024-01-11 21:44:27','172.68.1.165'),(1410,'3tso4u10dcmkrm5q0ok3lg2tv8',18,2,'2024-01-16 17:30:11','2024-01-16 19:55:30','172.68.1.196'),(1411,'ke3iqr0iqg9e2lgp3p0djbkisg',18,2,'2024-01-16 19:55:30','2024-01-16 23:19:34','172.68.34.51'),(1412,'5sf96gjpf658voq93t2p7halqu',6,2,'2024-01-16 22:56:09','2024-01-17 11:13:09','162.158.191.219'),(1413,'vqp7r399q6722lej26c4h9ksfs',18,2,'2024-01-16 23:19:34','2024-01-17 20:51:53','172.68.1.188'),(1414,'avtpjpgpbcc5al9ouc7bikcdvk',6,2,'2024-01-17 11:13:09','2024-01-17 15:48:01','172.70.131.44'),(1415,'o04h3rv7pkld1f76ls9rjmhr2q',6,2,'2024-01-17 15:48:01','2024-01-17 20:06:16','172.69.59.9'),(1416,'ur8ndtbgbh5rv118fjmknitf9u',6,2,'2024-01-17 20:06:16','2024-01-18 00:20:12','172.69.59.24'),(1417,'totsoud1tssrqem3pslkoilc23',18,2,'2024-01-17 20:51:53','2024-01-18 17:51:38','172.68.1.136'),(1418,'3jqd4qcltmh93ke91r0abjt3ro',6,1,'2024-01-18 00:20:12','2024-01-18 00:21:01','172.69.58.202'),(1419,'t997bbqhhqlpjdtpfsm2r0dogh',18,2,'2024-01-18 17:51:38','2024-01-18 23:49:20','172.68.34.54'),(1420,'qfe3gnuvaaosb8h7i874qjop5v',18,2,'2024-01-18 23:49:20','2024-01-19 20:30:59','172.68.35.75'),(1421,'st7dbersonsqlh62ptk409btqq',18,2,'2024-01-19 20:30:59','2024-01-19 22:26:29','172.68.1.176'),(1422,'aa2knr3c6bncqmi752e86h8fo5',18,1,'2024-01-19 22:26:29','2024-01-19 22:26:29','172.68.34.17'),(1423,'2uq371cec3kudoa7ob2h2lai8v',13,1,'2024-01-26 20:01:51','2024-01-26 20:03:32','172.69.22.220'),(1424,'3j8u7bj2ia34n7ietscii9mvbs',13,1,'2024-01-30 02:31:34','2024-01-30 02:33:47','172.71.159.54'),(1425,'46bbgv83g77d3t5n2pl8rtc0oc',13,1,'2024-02-05 19:25:39','2024-02-05 19:25:39','172.68.1.137'),(1426,'dfri44om7dqpf1hvrc4o1so04r',18,2,'2024-02-12 17:33:23','2024-02-12 19:36:06','172.68.1.181'),(1427,'9mr8q4md7nok0su5092hhg71de',18,2,'2024-02-12 19:36:06','2024-02-12 22:32:20','172.68.1.165'),(1428,'pkh5bhcfcacrtkjk874k5q02lq',18,2,'2024-02-12 22:32:20','2024-02-13 00:31:10','172.68.1.157'),(1429,'3cpnff31m88k16gam3jndbno0j',18,2,'2024-02-13 00:31:10','2024-02-13 17:51:34','172.68.1.172'),(1430,'tl4s6b210bpp0hl3h6ngtpj4s9',18,2,'2024-02-13 17:51:34','2024-02-13 19:13:46','172.68.1.181'),(1431,'bqh2a1b7at21mbvmkt8sgfd9kk',18,2,'2024-02-13 19:13:46','2024-02-13 22:31:11','172.68.1.174'),(1432,'nvg344f9vq4rorp31mkegbh4ca',18,2,'2024-02-13 22:31:11','2024-02-13 23:55:14','172.68.1.160'),(1433,'lau158okcjh65ffdlco8rg7pf1',18,2,'2024-02-13 23:55:14','2024-02-14 22:45:17','172.68.1.177'),(1434,'4mctbe47617dmmilkbmddr41l0',18,1,'2024-02-14 22:45:17','2024-02-14 23:16:36','172.68.1.196'),(1435,'s6l614a4drq4kd551nita3qidu',18,2,'2024-02-15 23:45:26','2024-02-16 18:58:31','172.68.1.157'),(1436,'birehpf54h9hj599cuol8dj6k3',18,1,'2024-02-16 18:58:31','2024-02-16 19:21:53','172.68.1.158'),(1437,'5kqdiojjcuv2pf6c6rhd8b20c2',18,2,'2024-02-20 18:21:30','2024-02-20 21:17:03','172.68.1.162'),(1438,'2ql7vsd95r5thnk9dhd867pmlg',18,1,'2024-02-20 21:17:03','2024-02-20 21:19:04','172.71.158.15'),(1439,'54vk65mmd6nlfeob6drq4valr1',18,2,'2024-02-21 22:44:13','2024-02-21 23:49:55','172.68.1.158'),(1440,'3sb8d7rc44o3vim0vqe6jhb9sm',18,2,'2024-02-21 23:49:55','2024-02-22 15:30:58','172.68.1.145'),(1441,'9ndjuv1qvfvlbosbdnqgthm9ul',18,2,'2024-02-22 15:30:58','2024-02-22 23:25:50','172.68.1.160'),(1442,'uk03bon0po9sdp8jhbbs84gr4o',18,2,'2024-02-22 23:25:50','2024-02-23 19:19:09','172.68.1.188'),(1443,'b6omta3n6d3n5b9f2fnodnvkla',18,1,'2024-02-23 19:19:09','2024-02-23 19:27:01','172.68.1.131'),(1444,'8rkg9tk7b7n8fq3ksd4ggi1vtq',18,2,'2024-02-26 19:05:24','2024-02-26 23:03:25','172.68.1.132'),(1445,'gjr6ifjei2ojop4llp3id90n9r',18,2,'2024-02-26 23:03:25','2024-02-27 00:01:42','172.68.1.130'),(1446,'ss33lhsm60gd2ihk7jri32ldq8',18,2,'2024-02-27 00:01:42','2024-02-27 17:55:20','172.68.1.161'),(1447,'m5juh7v9akll6e9udno58jmh7c',18,1,'2024-02-27 17:55:20','2024-02-27 17:56:20','172.68.1.176'),(1448,'olhnk42dhieo6v960kslrujq6t',18,2,'2024-02-28 18:59:14','2024-02-28 22:37:08','172.68.1.135'),(1449,'8lmklusje4cch21j82g9gjkjuq',20,2,'2024-02-28 19:23:43','2024-02-29 03:17:34','172.69.6.114'),(1450,'u16f9osard9fe6p061gnqu89p6',18,1,'2024-02-28 22:37:08','2024-02-28 22:51:33','172.68.1.142'),(1451,'e6v4rsai1lho37cre9q3hkpbup',20,2,'2024-02-29 03:17:34','2024-02-29 04:39:23','172.69.7.150'),(1452,'i3cn9m3boet4eiotncad8cu3an',20,2,'2024-02-29 04:39:23','2024-02-29 05:40:10','162.158.191.220'),(1453,'838cjp147c4gbl4vbkrj133sbu',20,0,'2024-02-29 05:40:10','2024-02-29 06:02:24','172.69.59.149'),(1454,'22ak4tihg9c8jo9p6dsovfuaum',20,0,'2024-03-01 06:54:33','2024-03-01 06:58:55','172.69.59.167'),(1455,'3ike2ifbr7bd0iem2hepcoi079',21,2,'2024-03-01 06:58:58','2024-03-01 08:35:46','172.69.59.188'),(1456,'4kgtn4alo83a4oltj0ql3h8cme',21,0,'2024-03-01 08:35:46','2024-03-01 08:35:58','172.69.7.38'),(1457,'6f988i4fogsonlhsdafkkirguc',18,2,'2024-03-04 17:49:47','2024-03-04 19:12:58','172.68.1.192'),(1458,'9ifkmmjme3u9sim5q849ot1ktu',18,2,'2024-03-04 19:12:58','2024-03-04 19:54:01','172.68.1.130'),(1459,'9g9b7rjmf5u6sd1gsg817eh2k9',18,1,'2024-03-04 19:54:01','2024-03-04 20:22:22','172.68.1.158'),(1460,'7gh9jsrkk5rn7cvu3nttce8e1r',18,1,'2024-03-05 22:20:42','2024-03-05 22:34:15','172.68.1.193'),(1461,'pocsg46c2kvjptd448132m2o2m',6,1,'2024-03-07 09:30:39','2024-03-07 09:30:39','172.69.6.202'),(1462,'snhc1nmbe28d8vtj6bdcuufgln',18,2,'2024-03-07 21:39:09','2024-03-08 19:44:47','172.68.1.156'),(1463,'q8utmlmh1hcp4e35nlp4hf08ii',20,1,'2024-03-08 07:38:08','2024-03-08 07:38:08','172.69.59.165'),(1464,'rh9ckcjduu6sl86vvlf8ltvbee',18,2,'2024-03-08 19:44:47','2024-03-08 20:58:37','172.69.23.80'),(1465,'qsm3m3auv67cf4e67icavsu68p',18,1,'2024-03-08 20:58:37','2024-03-08 21:04:37','172.68.1.183');

--
-- Table structure for table `adminnotification_inbox`
--

CREATE TABLE `adminnotification_inbox` (
  `notification_id` int(10) unsigned NOT NULL AUTO_INCREMENT COMMENT 'Notification ID',
  `severity` smallint(5) unsigned NOT NULL DEFAULT '0' COMMENT 'Problem type',
  `date_added` timestamp NOT NULL DEFAULT CURRENT_TIMESTAMP COMMENT 'Create date',
  `title` varchar(255) NOT NULL COMMENT 'Title',
  `description` text COMMENT 'Description',
  `url` varchar(255) DEFAULT NULL COMMENT 'Url',
  `is_read` smallint(5) unsigned NOT NULL DEFAULT '0' COMMENT 'Flag if notification read',
  `is_remove` smallint(5) unsigned NOT NULL DEFAULT '0' COMMENT 'Flag if notification might be removed',
  PRIMARY KEY (`notification_id`),
  KEY `ADMINNOTIFICATION_INBOX_SEVERITY` (`severity`),
  KEY `ADMINNOTIFICATION_INBOX_IS_READ` (`is_read`),
  KEY `ADMINNOTIFICATION_INBOX_IS_REMOVE` (`is_remove`)
) ENGINE=InnoDB AUTO_INCREMENT=100 DEFAULT CHARSET=utf8 COMMENT='Adminnotification Inbox';

--
-- Dumping data for table `adminnotification_inbox`
--

INSERT INTO `adminnotification_inbox` VALUES (1,4,'2020-12-16 03:07:55','Disable Notice','To improve performance, collecting statistics for the Magento Report module is disabled by default. \nYou can enable it in System Config.','',0,0),(2,3,'2020-12-16 03:49:11','New version 2.9.7 of Magefan Magento 2 Blog Extension is now available.',' You can download the new version from Magefan Store or update it via composer. Get us in touch if you need our help with an update or you have any questions.\n                                    https://magefan.com/magento2-blog-extension?version=2.9.7\n                                 ','https://magefan.com/magento2-blog-extension?version=2.9.7',0,0),(3,4,'2020-12-16 03:49:11','FAQ: How to configure &quot;read more&quot; in your Magento 2 blog post',' If you still don&#039;t know how to configure read more functionality in your magento 2 blog post, please read this article.\n                    Online documentation for Magento 2 blog extension is also available on our website. http://goo.gl/XOEdpy ','http://magefan.com/blog/add-read-more-tag-to-blog-post-content/?from=notification1',0,0),(4,4,'2021-01-08 21:35:55','Happy new year! Is Your Website Selling as Much as It Can? Watch our on-demand webinar and learn how to turn your website into a conversion machine.','Watch our on-demand webinar: Is Your Website Selling As Much As It Can? Digital Strategist Ereika Stimley and eCommerce Consultant Corey Gelato will walk you through a website self-assessment and live demo that will help you uncover opportunities to increase conversions and grow revenues. Watch now: https://bit.ly/2EAujMc','https://bit.ly/2EAujMc',0,0),(5,4,'2021-01-14 01:32:42','You&#039;re invited to our webinar: Is Magento Commerce or Open Source right for you? ','Magento Commerce and Magento Open Source may sound alike, but each offers sharply distinct benefits. To get the facts, sign up for our webinar Is Magento Commerce or Open Source right for you? at 10:00 AM PT on February 4th. Register now: http://bit.ly/3icfnTM','http://bit.ly/3icfnTM',0,0),(6,4,'2021-02-10 15:06:05','Magento Commerce 2.4.2 delivers important security updates and features to help secure and optimize your store','Magento Open Source 2.4.2, along with security-only patches 2.3.6-p1 and 2.4.1-p1, is now generally available. The latest release of Magento Open Source includes important security enhancements along with new functionality and platform quality improvements. With these important updates we strongly recommend that you upgrade to ensure your sites maintain the highest level of security. You can review the release notes for more information about all of the enhancements. Learn how this release can help you save time and maximize resources at Magento.com/blog. ','https://devdocs.magento.com/guides/v2.4/release-notes/bk-release-notes.html',0,0),(7,4,'2021-02-10 15:08:37','Register now for Summit 2021 and stay ahead of commerce trends ','Learn best practices from digital commerce experts during two days of live keynotes, sessions, and sneak peeks. Understand the latest digital commerce trends, discover industry best practices, and network with peers around the world. Register now!','https://summit.adobe.com/na/?utm_source=m1o&amp;utm_medium=rss&amp;utm_campaign=NA_210427_12576_RSS_EVTR_ACOM_FM_Summit_2021_M1_OS',0,0),(8,4,'2021-02-22 23:52:27','Quarterly Business Planning - reach out to us today to get your free site assessment.','Would you like a free site assessment? Our best-in-breed commerce solution gives your business unmatched agility and scalability. It&#039;s time to experience limitless eCommerce with no comprises. Learn more: https://bit.ly/3lcgILt','https://bit.ly/3lcgILt',0,0),(9,4,'2021-03-23 00:33:54','You&#039;re invited to our webinar this week: How digital commerce can scale B2B selling','Digital commerce is fast becoming the default way to buy—even for B2B customers. In just 8 weeks, Byrne Electrical, the leading manufacturer of power and data solutions for numerous industries, launched an eCommerce portal for more than 1,100 of their customers. To learn how they did it, join George Fabis, Director of IT for Byrne, and Slava Kravchuk, CEO &amp; Founder of Atwix, a Magento Commerce solutions partner, for a live discussion on Thursday, March 25. Register Now: https://bit.ly/3r1MCvG','https://bit.ly/3r1MCvG',0,0),(10,3,'2021-04-12 08:15:30','New version 2.9.8 of Magefan Magento 2 Blog Extension is now available.',' You can download the new version from Magefan Store or update it via composer. Get us in touch if you need our help with an update or you have any questions.\n                                    https://magefan.com/magento2-blog-extension?version=2.9.8\n                                 ','https://magefan.com/magento2-blog-extension?version=2.9.8',0,0),(11,4,'2021-05-11 20:44:41','Magento Open Source 2.4.2-p1 &amp; 2.3.7 deliver important security updates','The latest releases of Magento Open Source – 2.3.7 and 2.4.2-p1 – are now generally available. The latest release of Magento Open Source includes important security updates. With these important updates we strongly recommend that you upgrade to ensure your sites maintain the highest level of security. You can review the release notes for more information about all of the updates. Learn how this release can help you save time and maximize resources at Magento.com/blog.','https://devdocs.magento.com/guides/v2.3/release-notes/bk-release-notes.html ',0,0),(12,3,'2021-05-24 03:01:35','New version 2.10.1 of Magefan Magento 2 Blog Extension is now available.',' You can download the new version from Magefan Store or update it via composer. Get us in touch if you need our help with an update or you have any questions.\n                                    https://magefan.com/magento2-blog-extension?version=2.10.1\n                                 ','https://magefan.com/magento2-blog-extension?version=2.10.1',0,0),(13,3,'2021-07-22 02:54:57','New version 2.10.2 of Magefan Magento 2 Blog Extension is now available.',' You can download the new version from Magefan Store or update it via composer. Get us in touch if you need our help with an update or you have any questions.\n                                    https://magefan.com/magento2-blog-extension?version=2.10.2\n                                 ','https://magefan.com/magento2-blog-extension?version=2.10.2',0,0),(14,3,'2021-08-03 00:00:00','New FREE Magento 2 Facebook Pixel Extension','Integrate Facebook Pixel just in a few clicks with the new FREE Magento 2 Facebook Pixel Extension. Hurry up to try it out! https://magefan.com/magento-2-facebook-pixel-extension','https://magefan.com/magento-2-facebook-pixel-extension?utm_source=website&amp;utm_medium=admin_notification&amp;utm_campaign=new_extension_fb_pixel',0,0),(15,4,'2021-08-10 17:53:11','Magento Open Source 2.4.3 available today!','Magento Open Source 2.4.3, along with security-only patches 2.4.2-p1 and 2.3.7-p2, is now generally available. Magento Open Source 2.4.3 includes 33 security and 370+ quality improvements, along with performance and scale enhancements.  With these important updates, we strongly recommend that you upgrade to maintain the highest level of security for your sites. Learn how this release can help you save time and maximize resources in our release blog. ','http://magento.com/blog/magento-news/get-ready-your-peak-season-adobe-commerce-243',0,0),(16,3,'2021-09-16 07:10:33','New version 2.10.3 of Magefan Magento 2 Blog Extension is now available.',' You can download the new version from Magefan Store or update it via composer. Get us in touch if you need our help with an update or you have any questions.\n                                    https://magefan.com/magento2-blog-extension?version=2.10.3\n                                 ','https://magefan.com/magento2-blog-extension?version=2.10.3',0,0),(17,4,'2021-10-22 19:06:48','Magento Technology Stack Evaluation Survey','Please take a few minutes to fill out this survey https://forms.office.com/r/DLN8K3h2h0. We appreciate your effort to support the future of Adobe Commerce!','https://forms.office.com/r/DLN8K3h2h0',0,0),(18,3,'2021-11-17 07:05:17','New version 2.10.4 of Magefan Magento 2 Blog Extension is now available.',' You can download the new version from Magefan Store or update it via composer. Get us in touch if you need our help with an update or you have any questions.\n                                    https://magefan.com/magento2-blog-extension?version=2.10.4\n                                 ','https://magefan.com/magento2-blog-extension?version=2.10.4',0,0),(19,4,'2021-11-17 00:00:00','Guess whose birthday it is today? Magefan&#039;s!','Hurry up to get FREE Installation Service with any of Magento 2 extension purchased on November 2021! ','https://magefan.com/magento2-extensions?utm_source=website_admin&amp;utm_medium=a_notification&amp;utm_campaign=magefan6&amp;utm_id=magefan%27sbday',0,0),(20,4,'2021-11-22 00:00:00','This Deal’s Unreal! ','Save up to 50% OFF all Magento 2 extensions this Black Friday. Explore the best offers of the year now! https://bit.ly/3HLUQ4Y','https://magefan.com/magento2-extensions?utm_source=admn-ntf&amp;utm_medium=notice&amp;utm_campaign=black-friday-sale&amp;utm_id=bf-2021',0,0),(21,4,'2021-11-28 00:00:00','Missed Black Friday Deals? Cyber Monday is here.','Save up to 30% off all Magento 2 extensions - this week only. Buy more and pay less this last BIG sale of the year! Visit our website https://bit.ly/3p78GWZ','https://magefan.com/magento2-extensions?utm_source=admn-ntfct&amp;utm_medium=notice&amp;utm_campaign=cyber-monday-sale&amp;utm_id=cm-2021',0,0),(22,4,'2021-12-06 00:00:00','NEW Magento 2 AMP Blog Release! ','This extension integrates our Magento 2 Blog Extension with Magento 2 AMP extension by  Plumrocket, our trusted partner.  Improve your Blog on mobile devices for better user engagement!  https://bit.ly/3y2Yy5z','https://magefan.com/magento-2-amp-blog-extension?utm_source=admin&amp;utm_medium=notifications&amp;utm_id=new-release-ampblog',0,0),(23,4,'2021-12-15 00:00:00','Save up to 15% OFF select M2 extensions - Happy Holidays from the Magefan team!  ','Wishing you and your families peaceful and joyful holidays! Check out our Christmas Sale https://bit.ly/3s51aPw','https://magefan.com/magento2-extensions?utm_source=admin-notif&amp;utm_medium=ntf&amp;utm_campaign=christmas-sale&amp;utm_id=15off ',0,1),(24,3,'2022-02-26 03:22:02','New version 2.10.5 of Magefan Magento 2 Blog Extension is now available.',' You can download the new version from Magefan Store or update it via composer. Get us in touch if you need our help with an update or you have any questions.\n                                    https://magefan.com/magento2-blog-extension?version=2.10.5\n                                 ','https://magefan.com/magento2-blog-extension?version=2.10.5',0,0),(25,2,'2022-03-01 23:33:53','Magento Open Source 2.4.4 Coming April 12','To help ensure this release delivers the highest standards of security and quality, general availability of Magento Open Source is now planned for April 12. For more information, visit our DevBlog. ','https://community.magento.com/t5/Magento-DevBlog/Adobe-Commerce-2-4-4-Now-Coming-April-12/ba-p/492935',0,0),(26,3,'2022-03-14 03:48:01','New version 2.10.6 of Magefan Magento 2 Blog Extension is now available.',' You can download the new version from Magefan Store or update it via composer. Get us in touch if you need our help with an update or you have any questions.\n                                    https://magefan.com/magento2-blog-extension?version=2.10.6\n                                 ','https://magefan.com/magento2-blog-extension?version=2.10.6',0,0),(27,3,'2022-04-27 07:33:16','New version 2.10.7 of Magefan Magento 2 Blog Extension is now available.',' You can download the new version from Magefan Store or update it via composer. Get us in touch if you need our help with an update or you have any questions.\n                                    https://magefan.com/magento2-blog-extension?version=2.10.7\n                                 ','https://magefan.com/magento2-blog-extension?version=2.10.7',0,0),(28,1,'2022-04-27 11:31:39','Error during export process occurred','Error during export process occurred. Please check logs for detail','',0,0),(29,1,'2022-04-27 11:32:21','Error during export process occurred','Error during export process occurred. Please check logs for detail','',0,0),(30,2,'2022-04-27 11:39:34','Your export file is ready','You can pick up your file at export main page','',0,0),(31,3,'2022-05-12 05:51:09','New version 2.10.8 of Magefan Magento 2 Blog Extension is now available.',' You can download the new version from Magefan Store or update it via composer. Get us in touch if you need our help with an update or you have any questions.\n                                    https://magefan.com/magento2-blog-extension?version=2.10.8\n                                 ','https://magefan.com/magento2-blog-extension?version=2.10.8',0,0),(32,2,'2022-05-13 10:17:15','Your export file is ready','You can pick up your file at export main page','',0,0),(33,4,'2022-05-24 15:06:25','Prepared to upgrade to Magento Open Source 2.4.4?','With 2.3 end of support (EOS) in September and 2.4.0-2.4.3 EOS in November, it is critical to have an upgrade plan in place to make sure your site stays secure, performant and PCI-Compliant. Learn more about how Magento Open Source 2.4.4 will future-proof your business.','https://business.adobe.com/blog/perspectives/future-proof-your-business-with-adobe-commerce-2-4-4',0,0),(34,2,'2022-06-09 04:40:19','Your export file is ready','You can pick up your file at export main page','',0,0),(35,2,'2022-06-23 12:15:56','Your export file is ready','You can pick up your file at export main page','',0,0),(36,2,'2022-06-24 09:10:55','Your export file is ready','You can pick up your file at export main page','',0,0),(37,3,'2022-06-28 11:20:55','New version 2.10.9 of Magefan Magento 2 Blog Extension is now available.',' You can download the new version from Magefan Store or update it via composer. Get us in touch if you need our help with an update or you have any questions.\n                                    https://magefan.com/magento2-blog-extension?version=2.10.9\n                                 ','https://magefan.com/magento2-blog-extension?version=2.10.9',0,0),(38,4,'2022-06-23 00:00:00','New Magento 2 Edit Order Extension','Edit orders without cancel. Update payment, shipping, customer, and order items information within the order view page.','https://magefan.com/magento-2-edit-order-extension?utm_source=admin&amp;utm_medium=ntf&amp;utm_campaign=new-release&amp;utm_id=new-oe ',0,0),(39,2,'2022-06-28 11:46:25','Your export file is ready','You can pick up your file at export main page','',0,0),(40,2,'2022-07-11 16:13:28','Your export file is ready','You can pick up your file at export main page','',0,0),(41,2,'2022-07-20 05:29:13','Your export file is ready','You can pick up your file at export main page','',0,0),(42,2,'2022-07-20 06:39:18','Your export file is ready','You can pick up your file at export main page','',0,0),(43,4,'2022-07-26 16:18:18','Expanded video library on the Adobe Commerce Experience League','Check out our expanded video library on the Adobe Commerce Experience League that now has a set of 35 short demo videos of our core Adobe Commerce capabilities and support tools.','https://experienceleague.adobe.com/docs/commerce-learn/tutorials/overview.html?lang=en',0,0),(44,2,'2022-08-08 11:58:00','Your export file is ready','You can pick up your file at export main page','',0,0),(45,3,'2022-08-18 16:57:24','New version 2.10.10 of Magefan Magento 2 Blog Extension is now available.',' You can download the new version from Magefan Store or update it via composer. Get us in touch if you need our help with an update or you have any questions.\n                                    https://magefan.com/magento2-blog-extension?version=2.10.10\n                                 ','https://magefan.com/magento2-blog-extension?version=2.10.10',0,0),(46,2,'2022-08-23 06:11:42','Your export file is ready','You can pick up your file at export main page','',0,0),(47,2,'2022-08-23 09:42:13','Your export file is ready','You can pick up your file at export main page','',0,0),(48,2,'2022-08-29 09:35:02','Your export file is ready','You can pick up your file at export main page','',0,0),(49,4,'2022-09-08 00:00:00','New Magento 2 Google Shopping Feed Extension','Use Google Shopping Feed Extension to create feeds, track data in Google Analytics and Google Shopping Feed generation process.','https://magefan.com/magento-2-google-shopping-feed-extension?utm_source=admin-ntf&amp;utm_medium=gsfeed&amp;utm_campaign=google-shopping-feed',0,0),(50,4,'2022-09-13 00:00:00','NEW Magento 2 Product Tabs Extension!','Display videos, size charts, warranty info, related products, loyalty programs and other relevant information in product tabs to increase conversions. Visit magefan.com to learn more!','https://magefan.com/magento-2/extensions/product-tabs?utm_source=website&amp;utm_medium=admin-ntf&amp;utm_campaign=product-tabs ',0,0),(51,2,'2022-09-22 05:55:20','Your export file is ready','You can pick up your file at export main page','',0,0),(52,1,'2022-10-11 16:58:58','Magento Open Source Security Patches Now Available','Adobe is excited to announce that Magento Open Source security-only patches 2.4.5-p1 and 2.4.4-p2 are now available to our entire Commerce Community. In this release, you will find several security enhancements. Refer to the Readying your business for peak season shopping blog for more information and other exciting upgrades. ','https://business.adobe.com/blog/the-latest/readying-your-business-for-peak-season-shopping',0,0),(53,2,'2022-11-15 05:26:47','Your export file is ready','You can pick up your file at export main page','',0,0),(54,2,'2022-11-21 11:06:08','Your export file is ready','You can pick up your file at export main page','',0,0),(55,4,'2022-11-21 00:00:00','Get $50 OFF this Black Friday!','Get your $50 OFF every order over $149. The offer is valid on November 21-27, 2022','https://magefan.com/magento-2-extensions?utm_source=website&amp;utm_medium=admin-ntf&amp;utm_campaign=black-friday22',0,0),(56,3,'2022-11-28 05:16:31','New version 2.10.11 of Magefan Magento 2 Blog Extension is now available.',' You can download the new version from Magefan Store or update it via composer. Get us in touch if you need our help with an update or you have any questions.\n                                    https://magefan.com/magento2-blog-extension?version=2.10.11\n                                 ','https://magefan.com/magento2-blog-extension?version=2.10.11',0,0),(57,2,'2022-12-08 06:51:10','Your export file is ready','You can pick up your file at export main page','',0,0),(58,2,'2022-12-12 11:51:24','Your export file is ready','You can pick up your file at export main page','',0,0),(59,2,'2022-12-12 11:51:31','Your export file is ready','You can pick up your file at export main page','',0,0),(60,2,'2022-12-14 09:23:06','Your export file is ready','You can pick up your file at export main page','',0,0),(61,4,'2022-12-14 00:00:00','Christmas Sale - get $30 OFF! ','Have a wonderful Christmas Season! Grab your discount now: https://magefan.com/magento-2-extensions','https://magefan.com/magento-2-extensions?utm_source=website&amp;utm_medium=admin-ntf&amp;utm_campaign=christmas-22',0,0),(62,2,'2023-01-05 06:51:11','Your export file is ready','You can pick up your file at export main page','',0,0),(63,4,'2023-01-11 00:00:00','NEW Point of Sale (POS) System for Magento 2! ','See all product details of this superb tool to keep track of your online and offline stores data in one place https://magefan.com/magento-pos-system','https://magefan.com/magento-pos-system?utm_source=website&amp;utm_medium=admin-ntf&amp;utm_campaign=ancmnt-pos',0,0),(64,4,'2023-02-22 00:00:00','Speed up your Magento 2 website with WebP Images!','Learn how to optimize website performance with WebP Images extension easily  https://magefan.com/magento-2-webp-optimized-images','https://magefan.com/magento-2-webp-optimized-images?utm_source=website-admin-ntf&amp;utm_medium=module-of-month&amp;utm_campaign=webp',0,0),(65,3,'2023-03-07 23:32:53','New version 2.10.12 of Magefan Magento 2 Blog Extension is now available.',' You can download the new version from Magefan Store or update it via composer. Get us in touch if you need our help with an update or you have any questions.\n                                    https://magefan.com/magento2-blog-extension?version=2.10.12\n                                 ','https://magefan.com/magento2-blog-extension?version=2.10.12',0,0),(66,1,'2023-03-14 16:47:30','Welcome Magento Open Source 2.4.6, along with exciting product updates','We are excited to announce that our March release, including Magento Open Source 2.4.6, is now available to our entire Commerce Community. In this core release, you will find several enhancements to platform quality, security, performance, and scale. Also included in this release is the expansion of Payment Services to UK and France. Refer to the Adobe release blog. ','https://business.adobe.com/blog/the-latest/7-adobe-commerce-innovations-that-increase-sales-and-performance',0,0),(67,3,'2023-04-17 21:01:55','New version 2.10.13 of Magefan Magento 2 Blog Extension is now available.',' You can download the new version from Magefan Store or update it via composer. Get us in touch if you need our help with an update or you have any questions.\n                                    https://magefan.com/magento2-blog-extension?version=2.10.13\n                                 ','https://magefan.com/magento2-blog-extension?version=2.10.13',0,0),(68,4,'2023-04-11 00:00:00','NEW Google Analytics 4 Extension for your Magento 2!','Enable Google Analytics 4 tracking with no code editing on your Magento 2 store easily. Check it out! https://magefan.com/magento-2-google-tag-manager','https://magefan.com/magento-2-google-tag-manager?utm_source=website&amp;utm_medium=admin-ntf&amp;utm_campaign=google-tag-manager-042023',0,0),(69,4,'2023-04-19 00:00:00','NEW Magento 2 Optimized Theme','Announcing a NEW Magento 2 Optimized Theme! Improved speed, SEO and overall website performance.  Download for FREE https://magefan.com/optimized-magento-2-theme','https://magefan.com/optimized-magento-2-theme?utm_source=website&amp;utm_medium=admin-ntf&amp;utm_campaign=optiimized-theme-042023',0,0),(70,2,'2023-05-09 04:57:04','Your export file is ready','You can pick up your file at export main page','',0,0),(71,1,'2023-05-11 00:00:00','Google Universal Analytics is living the last days. Hurry up and switch to Google Analytics 4!','Easily enable Google Analytics 4 tracking on your Magento 2 to continue collecting data. Learn more https://magefan.com/magento-2-google-tag-manager','https://magefan.com/magento-2-google-tag-manager?utm_source=website&amp;utm_medium=admin-ntf&amp;utm_campaign=last-days-ga-universal',0,0),(72,2,'2023-05-29 04:12:52','Your export file is ready','You can pick up your file at export main page','',0,0),(73,2,'2023-05-29 04:12:54','Your export file is ready','You can pick up your file at export main page','',0,0),(74,2,'2023-05-29 04:13:28','Your export file is ready','You can pick up your file at export main page','',0,0),(75,1,'2023-05-29 04:13:28','Error during export process occurred','Error during export process occurred. Please check logs for detail','',0,0),(76,2,'2023-05-29 04:14:00','Your export file is ready','You can pick up your file at export main page','',0,0),(77,2,'2023-05-29 04:14:33','Your export file is ready','You can pick up your file at export main page','',0,0),(78,2,'2023-05-29 04:14:35','Your export file is ready','You can pick up your file at export main page','',0,0),(79,2,'2023-05-29 04:15:31','Your export file is ready','You can pick up your file at export main page','',0,0),(80,2,'2023-05-29 04:16:36','Your export file is ready','You can pick up your file at export main page','',0,0),(81,2,'2023-05-29 04:17:42','Your export file is ready','You can pick up your file at export main page','',0,0),(82,2,'2023-05-29 04:18:49','Your export file is ready','You can pick up your file at export main page','',0,0),(83,3,'2023-05-30 16:25:01','New version 2.10.14 of Magefan Magento 2 Blog Extension is now available.',' You can download the new version from Magefan Store or update it via composer. Get us in touch if you need our help with an update or you have any questions.\n                                    https://magefan.com/magento2-blog-extension?version=2.10.14\n                                 ','https://magefan.com/magento2-blog-extension?version=2.10.14',0,0),(84,1,'2023-06-13 14:28:45','Magento Open Source June release brings important accessibility and security updates','We are excited to announce great new accessibility updates in PWA Studio, along with multiple security updates in our June release. PWA Studio can now address the needs of people with all types, degrees, and combinations of disability. These guidelines make Web content more usable for individuals with changing abilities due to aging and often improve usability for users in general. We also have new security patches for all versions still under support or extended support. ','https://business.adobe.com/blog/the-latest/three-rules-of-b2b-commerce-using-adobe-commerce',0,0),(85,3,'2023-08-28 17:36:03','New version 2.11.0 of Magefan Magento 2 Blog Extension is now available.',' You can download the new version from Magefan Store or update it via composer. Get us in touch if you need our help with an update or you have any questions.\n                                    https://magefan.com/magento2-blog-extension?version=2.11.0\n                                 ','https://magefan.com/magento2-blog-extension?version=2.11.0',0,0),(86,2,'2023-09-01 07:04:58','Your export file is ready','You can pick up your file at export main page','',0,0),(87,2,'2023-10-09 05:58:04','Your export file is ready','You can pick up your file at export main page','',0,0),(88,2,'2023-10-09 07:44:12','Your export file is ready','You can pick up your file at export main page','',0,0),(89,2,'2023-10-17 06:30:49','Your export file is ready','You can pick up your file at export main page','',0,0),(90,2,'2023-11-03 09:47:15','Your export file is ready','You can pick up your file at export main page','',0,0),(91,2,'2023-11-28 11:38:21','Your export file is ready','You can pick up your file at export main page','',0,0),(92,2,'2024-01-05 11:02:16','Your export file is ready','You can pick up your file at export main page','',0,0),(93,2,'2024-01-05 11:02:26','Your export file is ready','You can pick up your file at export main page','',0,0),(94,2,'2024-01-05 11:02:36','Your export file is ready','You can pick up your file at export main page','',0,0),(95,2,'2024-01-05 11:02:40','Your export file is ready','You can pick up your file at export main page','',0,0),(96,4,'2024-01-16 00:00:00','NEW Magento 2 Cron Schedule Extension!','Easily monitor, schedule and execute Magento cron jobs directly in the admin panel. Download it now! ','https://magefan.com/magento-2-cron-schedule?utm_source=wb-admin-notice&amp;utm_medium=new-product&amp;utm_campaign=cron-job-jan24',0,0),(97,4,'2024-02-08 00:00:00','NEW Magento 2 Google Indexing API Extension','Google page indexing made easy! Check it out https://magefan.com/magento-2-google-indexing-api','https://magefan.com/magento-2-google-indexing-api?utm_source=website-admin-ntf&amp;utm_medium=new-product-feb24&amp;utm_campaign=google-indexing-api',0,0),(98,3,'2024-02-21 22:44:15','New version 2.11.1 of Magefan Magento 2 Blog Extension is now available.',' You can download the new version from Magefan Store or update it via composer. Get us in touch if you need our help with an update or you have any questions.\n                                    https://magefan.com/magento2-blog-extension?version=2.11.1\n                                 ','https://magefan.com/magento2-blog-extension?version=2.11.1',0,0),(99,3,'2024-02-26 19:05:26','New version 2.11.2 of Magefan Magento 2 Blog Extension is now available.',' You can download the new version from Magefan Store or update it via composer. Get us in touch if you need our help with an update or you have any questions.\n                                    https://magefan.com/magento2-blog-extension?version=2.11.2\n                                 ','https://magefan.com/magento2-blog-extension?version=2.11.2',0,0);

--
-- Table structure for table `adobe_stock_asset`
--

CREATE TABLE `adobe_stock_asset` (
  `id` int(10) unsigned NOT NULL AUTO_INCREMENT COMMENT 'Entity ID',
  `media_gallery_id` int(10) unsigned DEFAULT NULL COMMENT 'Media gallery ID',
  `category_id` int(10) unsigned DEFAULT NULL COMMENT 'Category ID',
  `creator_id` int(10) unsigned DEFAULT NULL COMMENT 'Creator ID',
  `is_licensed` int(10) unsigned NOT NULL DEFAULT '0' COMMENT 'Is Licensed',
  `creation_date` varchar(255) DEFAULT NULL COMMENT 'Creation Date',
  PRIMARY KEY (`id`),
  KEY `ADOBE_STOCK_ASSET_MEDIA_GALLERY_ID_MEDIA_GALLERY_ASSET_ID` (`media_gallery_id`),
  KEY `ADOBE_STOCK_ASSET_ID` (`id`),
  KEY `ADOBE_STOCK_ASSET_CATEGORY_ID` (`category_id`),
  KEY `ADOBE_STOCK_ASSET_CREATOR_ID` (`creator_id`),
  CONSTRAINT `ADOBE_STOCK_ASSET_CATEGORY_ID_ADOBE_STOCK_CATEGORY_ID` FOREIGN KEY (`category_id`) REFERENCES `adobe_stock_category` (`id`) ON DELETE SET NULL,
  CONSTRAINT `ADOBE_STOCK_ASSET_CREATOR_ID_ADOBE_STOCK_CREATOR_ID` FOREIGN KEY (`creator_id`) REFERENCES `adobe_stock_creator` (`id`) ON DELETE SET NULL,
  CONSTRAINT `ADOBE_STOCK_ASSET_MEDIA_GALLERY_ID_MEDIA_GALLERY_ASSET_ID` FOREIGN KEY (`media_gallery_id`) REFERENCES `media_gallery_asset` (`id`) ON DELETE CASCADE
) ENGINE=InnoDB DEFAULT CHARSET=utf8 COMMENT='Adobe Stock Asset';

--
-- Dumping data for table `adobe_stock_asset`
--


--
-- Table structure for table `adobe_stock_category`
--

CREATE TABLE `adobe_stock_category` (
  `id` int(10) unsigned NOT NULL AUTO_INCREMENT COMMENT 'Entity ID',
  `name` varchar(255) DEFAULT NULL COMMENT 'Name',
  PRIMARY KEY (`id`),
  KEY `ADOBE_STOCK_CATEGORY_ID` (`id`)
) ENGINE=InnoDB DEFAULT CHARSET=utf8 COMMENT='Adobe Stock Category';

--
-- Dumping data for table `adobe_stock_category`
--


--
-- Table structure for table `adobe_stock_creator`
--

CREATE TABLE `adobe_stock_creator` (
  `id` int(10) unsigned NOT NULL AUTO_INCREMENT COMMENT 'ID',
  `name` varchar(255) DEFAULT NULL COMMENT 'Asset creator''s name',
  PRIMARY KEY (`id`),
  KEY `ADOBE_STOCK_CREATOR_ID` (`id`)
) ENGINE=InnoDB DEFAULT CHARSET=utf8 COMMENT='Adobe Stock Creator';

--
-- Dumping data for table `adobe_stock_creator`
--


--
-- Table structure for table `adobe_user_profile`
--

CREATE TABLE `adobe_user_profile` (
  `id` int(10) unsigned NOT NULL AUTO_INCREMENT COMMENT 'Entity ID',
  `admin_user_id` int(10) unsigned NOT NULL DEFAULT '0' COMMENT 'Admin User Id',
  `name` varchar(255) NOT NULL COMMENT 'Display Name',
  `email` varchar(255) NOT NULL COMMENT 'user profile email',
  `image` varchar(255) NOT NULL COMMENT 'user profile avatar',
  `account_type` varchar(255) DEFAULT NULL COMMENT 'Account Type',
  `access_token` text COMMENT 'Access Token',
  `refresh_token` text COMMENT 'Refresh Token',
  `created_at` timestamp NOT NULL DEFAULT CURRENT_TIMESTAMP COMMENT 'Created At',
  `updated_at` timestamp NOT NULL DEFAULT CURRENT_TIMESTAMP ON UPDATE CURRENT_TIMESTAMP COMMENT 'Updated At',
  `access_token_expires_at` timestamp NOT NULL DEFAULT '0000-00-00 00:00:00' COMMENT 'Access Token Expires At',
  PRIMARY KEY (`id`),
  KEY `ADOBE_USER_PROFILE_ADMIN_USER_ID_ADMIN_USER_USER_ID` (`admin_user_id`),
  KEY `ADOBE_USER_PROFILE_ID` (`id`),
  CONSTRAINT `ADOBE_USER_PROFILE_ADMIN_USER_ID_ADMIN_USER_USER_ID` FOREIGN KEY (`admin_user_id`) REFERENCES `admin_user` (`user_id`) ON DELETE CASCADE
) ENGINE=InnoDB DEFAULT CHARSET=utf8 COMMENT='Adobe IMS User Profile';

--
-- Dumping data for table `adobe_user_profile`
--


--
-- Table structure for table `amazon_customer`
--

CREATE TABLE `amazon_customer` (
  `entity_id` int(10) unsigned NOT NULL AUTO_INCREMENT COMMENT 'Entity_id',
  `customer_id` int(10) unsigned NOT NULL COMMENT 'Customer_id',
  `amazon_id` varchar(255) NOT NULL COMMENT 'Amazon_id',
  PRIMARY KEY (`entity_id`),
  UNIQUE KEY `AMAZON_CUSTOMER_CUSTOMER_ID_AMAZON_ID` (`customer_id`,`amazon_id`),
  UNIQUE KEY `AMAZON_CUSTOMER_CUSTOMER_ID` (`customer_id`)
) ENGINE=InnoDB DEFAULT CHARSET=utf8 COMMENT='amazon_customer';

--
-- Dumping data for table `amazon_customer`
--


--
-- Table structure for table `amazon_pending_authorization`
--

CREATE TABLE `amazon_pending_authorization` (
  `entity_id` int(10) unsigned NOT NULL AUTO_INCREMENT COMMENT 'Entity_id',
  `order_id` int(10) unsigned NOT NULL COMMENT 'Order_id',
  `payment_id` int(10) unsigned NOT NULL COMMENT 'Payment_id',
  `authorization_id` varchar(255) DEFAULT NULL COMMENT 'Authorization_id',
  `created_at` datetime NOT NULL COMMENT 'Created_at',
  `updated_at` datetime DEFAULT NULL COMMENT 'Updated_at',
  `processed` smallint(5) unsigned DEFAULT '0' COMMENT 'Initial authorization processed',
  `capture` smallint(5) unsigned DEFAULT '0' COMMENT 'Initial authorization has capture',
  `capture_id` varchar(255) DEFAULT NULL COMMENT 'Initial authorization capture id',
  PRIMARY KEY (`entity_id`),
  UNIQUE KEY `UNQ_E6CCA08713FB32BB136A56837009C371` (`order_id`,`payment_id`,`authorization_id`)
) ENGINE=InnoDB DEFAULT CHARSET=utf8 COMMENT='amazon_pending_authorization';

--
-- Dumping data for table `amazon_pending_authorization`
--


--
-- Table structure for table `amazon_pending_capture`
--

CREATE TABLE `amazon_pending_capture` (
  `entity_id` int(10) unsigned NOT NULL AUTO_INCREMENT COMMENT 'Entity_id',
  `capture_id` varchar(255) NOT NULL COMMENT 'Capture_id',
  `created_at` datetime NOT NULL COMMENT 'Created_at',
  `order_id` int(10) unsigned NOT NULL COMMENT 'order id',
  `payment_id` int(10) unsigned NOT NULL COMMENT 'payment id',
  PRIMARY KEY (`entity_id`),
  UNIQUE KEY `AMAZON_PENDING_CAPTURE_ORDER_ID_PAYMENT_ID_CAPTURE_ID` (`order_id`,`payment_id`,`capture_id`)
) ENGINE=InnoDB DEFAULT CHARSET=utf8 COMMENT='amazon_pending_capture';

--
-- Dumping data for table `amazon_pending_capture`
--


--
-- Table structure for table `amazon_pending_refund`
--

CREATE TABLE `amazon_pending_refund` (
  `entity_id` int(10) unsigned NOT NULL AUTO_INCREMENT COMMENT 'Entity_id',
  `refund_id` varchar(255) NOT NULL COMMENT 'Refund_id',
  `created_at` datetime NOT NULL COMMENT 'Created_at',
  `order_id` int(10) unsigned NOT NULL COMMENT 'Order_id',
  `payment_id` int(10) unsigned NOT NULL COMMENT 'Payment_id',
  PRIMARY KEY (`entity_id`),
  UNIQUE KEY `AMAZON_PENDING_REFUND_ORDER_ID_PAYMENT_ID_REFUND_ID` (`order_id`,`payment_id`,`refund_id`)
) ENGINE=InnoDB DEFAULT CHARSET=utf8 COMMENT='amazon_pending_refund';

--
-- Dumping data for table `amazon_pending_refund`
--


--
-- Table structure for table `amazon_quote`
--

CREATE TABLE `amazon_quote` (
  `entity_id` int(10) unsigned NOT NULL AUTO_INCREMENT COMMENT 'Entity ID',
  `quote_id` int(10) unsigned NOT NULL COMMENT 'Quote ID',
  `amazon_order_reference_id` varchar(255) NOT NULL COMMENT 'Amazon Order Reference ID',
  `sandbox_simulation_reference` varchar(255) DEFAULT NULL COMMENT 'Sandbox simulation reference',
  `confirmed` smallint(5) unsigned NOT NULL DEFAULT '0' COMMENT 'Quote confirmed with Amazon',
  PRIMARY KEY (`entity_id`),
  UNIQUE KEY `AMAZON_QUOTE_QUOTE_ID` (`quote_id`),
  CONSTRAINT `AMAZON_QUOTE_QUOTE_ID_QUOTE_ENTITY_ID` FOREIGN KEY (`quote_id`) REFERENCES `quote` (`entity_id`) ON DELETE CASCADE
) ENGINE=InnoDB DEFAULT CHARSET=utf8 COMMENT='amazon_quote';

--
-- Dumping data for table `amazon_quote`
--


--
-- Table structure for table `amazon_sales_order`
--

CREATE TABLE `amazon_sales_order` (
  `entity_id` int(10) unsigned NOT NULL AUTO_INCREMENT COMMENT 'Entity ID',
  `order_id` int(10) unsigned NOT NULL COMMENT 'Order ID',
  `amazon_order_reference_id` varchar(255) NOT NULL COMMENT 'Amazon Order Reference ID',
  PRIMARY KEY (`entity_id`),
  UNIQUE KEY `AMAZON_SALES_ORDER_ORDER_ID` (`order_id`),
  CONSTRAINT `AMAZON_SALES_ORDER_ORDER_ID_SALES_ORDER_ENTITY_ID` FOREIGN KEY (`order_id`) REFERENCES `sales_order` (`entity_id`) ON DELETE CASCADE
) ENGINE=InnoDB DEFAULT CHARSET=utf8 COMMENT='amazon_sales_order';

--
-- Dumping data for table `amazon_sales_order`
--


--
-- Table structure for table `authorization_role`
--

CREATE TABLE `authorization_role` (
  `role_id` int(10) unsigned NOT NULL AUTO_INCREMENT COMMENT 'Role ID',
  `parent_id` int(10) unsigned NOT NULL DEFAULT '0' COMMENT 'Parent Role ID',
  `tree_level` smallint(5) unsigned NOT NULL DEFAULT '0' COMMENT 'Role Tree Level',
  `sort_order` smallint(5) unsigned NOT NULL DEFAULT '0' COMMENT 'Role Sort Order',
  `role_type` varchar(1) NOT NULL DEFAULT '0' COMMENT 'Role Type',
  `user_id` int(10) unsigned NOT NULL DEFAULT '0' COMMENT 'User ID',
  `user_type` varchar(16) DEFAULT NULL COMMENT 'User Type',
  `role_name` varchar(50) DEFAULT NULL COMMENT 'Role Name',
  PRIMARY KEY (`role_id`),
  KEY `AUTHORIZATION_ROLE_PARENT_ID_SORT_ORDER` (`parent_id`,`sort_order`),
  KEY `AUTHORIZATION_ROLE_TREE_LEVEL` (`tree_level`)
) ENGINE=InnoDB AUTO_INCREMENT=34 DEFAULT CHARSET=utf8 COMMENT='Admin Role Table';

--
-- Dumping data for table `authorization_role`
--

INSERT INTO `authorization_role` VALUES (1,0,1,1,'G',0,'2','Administrators'),(2,1,2,0,'U',1,'2','admin'),(3,1,2,0,'U',2,'2','admin'),(4,1,2,0,'U',3,'2','admin'),(5,1,2,0,'U',4,'2','admin'),(7,1,2,0,'U',6,'2','admin'),(14,1,2,0,'U',7,'2','PO2GO'),(15,1,2,0,'U',10,'2','nautiyal_sumit'),(17,1,2,0,'U',11,'2','Bhavya '),(20,1,2,0,'U',14,'2','Arturo'),(21,1,2,0,'U',15,'2','Kevin'),(22,1,2,0,'U',16,'2','Akshay'),(24,1,2,0,'U',9,'2','Tejas'),(25,1,2,0,'U',13,'2','Harsh'),(27,1,2,0,'U',17,'2','paras'),(28,1,2,0,'U',12,'2','Fengran '),(29,1,2,0,'U',18,'2','deepanshu'),(30,1,2,0,'U',8,'2','Mounika'),(31,1,2,0,'U',19,'2','Jose'),(32,1,2,0,'U',20,'2','Kumar'),(33,1,2,0,'U',21,'2','Hemantha');

--
-- Table structure for table `authorization_rule`
--

CREATE TABLE `authorization_rule` (
  `rule_id` int(10) unsigned NOT NULL AUTO_INCREMENT COMMENT 'Rule ID',
  `role_id` int(10) unsigned NOT NULL DEFAULT '0' COMMENT 'Role ID',
  `resource_id` varchar(255) DEFAULT NULL COMMENT 'Resource ID',
  `privileges` varchar(20) DEFAULT NULL COMMENT 'Privileges',
  `permission` varchar(10) DEFAULT NULL COMMENT 'Permission',
  PRIMARY KEY (`rule_id`),
  KEY `AUTHORIZATION_RULE_RESOURCE_ID_ROLE_ID` (`resource_id`,`role_id`),
  KEY `AUTHORIZATION_RULE_ROLE_ID_RESOURCE_ID` (`role_id`,`resource_id`),
  CONSTRAINT `AUTHORIZATION_RULE_ROLE_ID_AUTHORIZATION_ROLE_ROLE_ID` FOREIGN KEY (`role_id`) REFERENCES `authorization_role` (`role_id`) ON DELETE CASCADE
) ENGINE=InnoDB AUTO_INCREMENT=2 DEFAULT CHARSET=utf8 COMMENT='Admin Rule Table';

--
-- Dumping data for table `authorization_rule`
--

INSERT INTO `authorization_rule` VALUES (1,1,'Magento_Backend::all',NULL,'allow');

--
-- Table structure for table `braintree_credit_prices`
--

CREATE TABLE `braintree_credit_prices` (
  `id` int(10) unsigned NOT NULL AUTO_INCREMENT COMMENT 'Row ID',
  `product_id` int(10) unsigned NOT NULL COMMENT 'Product Id',
  `term` int(11) NOT NULL COMMENT 'Credit Term',
  `monthly_payment` decimal(12,2) NOT NULL COMMENT 'Monthly Payment',
  `instalment_rate` decimal(12,2) NOT NULL COMMENT 'Instalment Rate',
  `cost_of_purchase` decimal(12,2) NOT NULL COMMENT 'Cost of purchase',
  `total_inc_interest` decimal(12,2) NOT NULL COMMENT 'Total Inc Interest',
  PRIMARY KEY (`id`),
  UNIQUE KEY `BRAINTREE_CREDIT_PRICES_PRODUCT_ID_TERM` (`product_id`,`term`),
  KEY `BRAINTREE_CREDIT_PRICES_PRODUCT_ID` (`product_id`)
) ENGINE=InnoDB DEFAULT CHARSET=utf8 COMMENT='Braintree credit rates';

--
-- Dumping data for table `braintree_credit_prices`
--


--
-- Table structure for table `braintree_transaction_details`
--

CREATE TABLE `braintree_transaction_details` (
  `entity_id` int(10) unsigned NOT NULL AUTO_INCREMENT COMMENT 'Entity ID',
  `order_id` int(10) unsigned NOT NULL COMMENT 'Order Id',
  `transaction_source` varchar(12) DEFAULT NULL COMMENT 'Transaction Source',
  PRIMARY KEY (`entity_id`),
  KEY `BRAINTREE_TRANSACTION_DETAILS_ORDER_ID` (`order_id`)
) ENGINE=InnoDB DEFAULT CHARSET=utf8 COMMENT='Braintree transaction details table';

--
-- Dumping data for table `braintree_transaction_details`
--


--
-- Table structure for table `cache`
--

CREATE TABLE `cache` (
  `id` varchar(200) NOT NULL COMMENT 'Cache Id',
  `data` mediumblob COMMENT 'Cache Data',
  `create_time` int(11) DEFAULT NULL COMMENT 'Cache Creation Time',
  `update_time` int(11) DEFAULT NULL COMMENT 'Time of Cache Updating',
  `expire_time` int(11) DEFAULT NULL COMMENT 'Cache Expiration Time',
  PRIMARY KEY (`id`),
  KEY `CACHE_EXPIRE_TIME` (`expire_time`)
) ENGINE=InnoDB DEFAULT CHARSET=utf8 COMMENT='Caches';

--
-- Dumping data for table `cache`
--


--
-- Table structure for table `cache_tag`
--

CREATE TABLE `cache_tag` (
  `tag` varchar(100) NOT NULL COMMENT 'Tag',
  `cache_id` varchar(200) NOT NULL COMMENT 'Cache Id',
  PRIMARY KEY (`tag`,`cache_id`),
  KEY `CACHE_TAG_CACHE_ID` (`cache_id`)
) ENGINE=InnoDB DEFAULT CHARSET=utf8 COMMENT='Tag Caches';

--
-- Dumping data for table `cache_tag`
--


--
-- Table structure for table `captcha_log`
--

CREATE TABLE `captcha_log` (
  `type` varchar(32) NOT NULL COMMENT 'Type',
  `value` varchar(255) NOT NULL COMMENT 'Value',
  `count` int(10) unsigned NOT NULL DEFAULT '0' COMMENT 'Count',
  `updated_at` timestamp NULL DEFAULT NULL COMMENT 'Update Time',
  PRIMARY KEY (`type`,`value`)
) ENGINE=InnoDB DEFAULT CHARSET=utf8 COMMENT='Count Login Attempts';

--
-- Dumping data for table `captcha_log`
--

INSERT INTO `captcha_log` VALUES ('1','162.158.166.152',1,'2022-08-03 17:15:42'),('1','162.158.191.130',1,'2022-08-04 09:43:32'),('1','162.158.191.190',1,'2023-02-01 05:16:02'),('1','162.158.55.17',1,'2022-04-28 07:11:47'),('1','162.158.55.43',3,'2022-04-28 07:14:07'),('1','172.68.1.190',1,'2023-10-26 19:20:22'),('1','172.68.34.237',2,'2022-11-08 23:22:03'),('1','172.69.58.125',1,'2023-12-15 19:42:27'),('1','172.70.130.122',1,'2022-08-08 09:55:49'),('1','172.70.130.140',1,'2022-09-01 06:06:50'),('1','172.70.130.142',1,'2022-08-08 10:04:40'),('1','172.70.130.164',1,'2022-08-04 04:43:17'),('1','172.70.130.168',2,'2022-08-03 17:11:05'),('1','172.70.130.190',1,'2022-08-05 13:01:54'),('1','172.70.130.198',1,'2022-08-08 10:00:30'),('1','172.70.130.207',1,'2022-11-16 13:00:53'),('1','172.70.130.226',1,'2022-11-16 13:01:01'),('1','172.70.130.254',1,'2022-11-16 12:59:20'),('1','172.70.130.54',1,'2022-08-08 09:59:47'),('1','172.70.130.80',1,'2022-11-16 13:00:30'),('1','172.70.130.81',1,'2023-02-01 05:16:29'),('1','172.70.130.95',1,'2023-02-01 05:16:44'),('1','172.70.131.115',1,'2022-08-08 10:03:12'),('1','172.70.131.133',1,'2022-09-19 09:41:55'),('1','172.70.131.141',1,'2022-08-04 06:32:34'),('1','172.70.131.142',1,'2022-12-14 09:58:40'),('1','172.70.131.149',1,'2022-08-08 10:00:09'),('1','172.70.131.169',1,'2023-01-19 08:54:05'),('1','172.70.131.173',2,'2022-08-08 09:59:52'),('1','172.70.131.189',1,'2022-08-08 11:31:56'),('1','172.70.131.199',2,'2022-08-08 09:58:04'),('1','172.70.131.28',1,'2023-02-01 05:16:50'),('1','172.70.131.37',1,'2022-08-04 04:42:49'),('1','172.70.131.43',1,'2022-08-08 10:00:15'),('1','172.70.131.7',1,'2022-08-08 11:31:47'),('1','172.70.131.71',1,'2022-08-05 12:39:19'),('1','172.70.131.79',1,'2022-08-08 09:55:29'),('1','172.70.131.81',2,'2022-08-03 10:55:00'),('1','172.70.131.91',2,'2023-01-19 08:53:58'),('1','172.70.131.93',2,'2022-08-05 13:01:49'),('1','172.70.178.212',1,'2022-12-14 08:58:43'),('1','172.70.178.217',1,'2023-03-09 20:36:37'),('1','172.70.178.219',1,'2022-12-14 08:58:31'),('1','172.70.178.227',1,'2022-12-12 11:15:23'),('1','172.70.178.238',1,'2022-12-12 11:16:28'),('1','172.70.178.240',1,'2022-12-14 08:58:56'),('1','172.70.178.43',1,'2022-12-12 11:16:48'),('1','172.70.178.54',1,'2022-08-04 05:43:26'),('1','172.70.178.6',1,'2022-12-12 11:15:19'),('1','172.70.178.67',1,'2023-02-01 10:31:45'),('1','172.70.178.68',2,'2022-12-12 11:18:04'),('1','172.70.178.75',1,'2023-02-01 11:13:57'),('1','172.70.178.8',1,'2022-08-08 11:55:51'),('1','172.70.178.85',1,'2022-12-12 11:18:29'),('1','172.70.218.52',1,'2022-08-08 11:55:57'),('1','172.70.38.50',2,'2022-04-27 12:35:48'),('1','172.71.158.200',1,'2022-11-08 23:51:49'),('1','172.71.202.144',1,'2022-12-12 11:15:42'),('2',' tucker.gregg',2,'2022-04-28 07:13:32'),('2','admin123',1,'2021-01-27 10:24:30'),('2','admin_rahi',1,'2022-08-04 06:32:47'),('2','akshay.satbhai@rahisystems.com',1,'2022-08-05 12:39:19'),('2','ashish.bubne@rahisystems.com',3,'2022-08-04 09:43:32'),('2','bhavya.seth',1,'2022-08-04 16:13:43'),('2','bhavya.seth@rahisystems.com',1,'2022-08-19 17:03:45'),('2','fengran_huang',1,'2023-10-26 19:20:22'),('2','gaurav',1,'2023-12-15 19:42:26'),('2','gregg.tucker',3,'2022-04-27 12:40:09'),('2','kaustubh.borate@rahisystems.com',2,'2022-08-05 13:01:54'),('2','kaustubh_borate',1,'2022-07-29 16:27:54'),('2','kevin.chemparathy@rahisystems.com',1,'2022-08-10 16:06:34'),('2','kevin_chemparathy@rahisystems.com',1,'2022-08-02 18:48:39'),('2','lina.fang@rahisystems.com',1,'2023-03-23 21:26:27'),('2','magentouser',2,'2023-02-01 05:16:02'),('2','mensahpoku@google.com',1,'2023-03-09 20:36:37'),('2','mounika.a@rahisystems.com',1,'2022-05-12 18:21:52'),('2','mounika.alla@rahisystems.com',1,'2022-08-04 21:05:50'),('2','pavan',2,'2023-02-01 11:13:57'),('2','tejas.ambole@rahisystems.com',4,'2022-07-29 14:38:53'),('2','TejasA',9,'2023-02-01 05:16:50'),('2','tejasambole@rahisystems.com',1,'2022-07-29 14:38:01'),('2','tucker.gregg',4,'2022-04-28 07:14:16');

--
-- Table structure for table `catalog_category_entity`
--

CREATE TABLE `catalog_category_entity` (
  `entity_id` int(10) unsigned NOT NULL AUTO_INCREMENT COMMENT 'Entity ID',
  `attribute_set_id` smallint(5) unsigned NOT NULL DEFAULT '0' COMMENT 'Attribute Set ID',
  `parent_id` int(10) unsigned NOT NULL DEFAULT '0' COMMENT 'Parent Category ID',
  `created_at` timestamp NOT NULL DEFAULT CURRENT_TIMESTAMP COMMENT 'Creation Time',
  `updated_at` timestamp NOT NULL DEFAULT CURRENT_TIMESTAMP ON UPDATE CURRENT_TIMESTAMP COMMENT 'Update Time',
  `path` varchar(255) NOT NULL COMMENT 'Tree Path',
  `position` int(11) NOT NULL COMMENT 'Position',
  `level` int(11) NOT NULL DEFAULT '0' COMMENT 'Tree Level',
  `children_count` int(11) NOT NULL COMMENT 'Child Count',
  PRIMARY KEY (`entity_id`),
  KEY `CATALOG_CATEGORY_ENTITY_LEVEL` (`level`),
  KEY `CATALOG_CATEGORY_ENTITY_PATH` (`path`)
) ENGINE=InnoDB AUTO_INCREMENT=11 DEFAULT CHARSET=utf8 COMMENT='Catalog Category Table';

--
-- Dumping data for table `catalog_category_entity`
--

INSERT INTO `catalog_category_entity` VALUES (1,3,0,'2020-12-16 03:06:55','2022-04-28 05:08:22','1',0,0,2),(2,3,1,'2020-12-16 03:06:57','2022-08-22 10:21:08','1/2',1,1,1),(10,3,2,'2020-12-16 07:19:41','2022-08-25 11:47:40','1/2/10',8,2,0);

--
-- Table structure for table `catalog_category_entity_datetime`
--

CREATE TABLE `catalog_category_entity_datetime` (
  `value_id` int(11) NOT NULL AUTO_INCREMENT COMMENT 'Value ID',
  `attribute_id` smallint(5) unsigned NOT NULL DEFAULT '0' COMMENT 'Attribute ID',
  `store_id` smallint(5) unsigned NOT NULL DEFAULT '0' COMMENT 'Store ID',
  `entity_id` int(10) unsigned NOT NULL DEFAULT '0' COMMENT 'Entity ID',
  `value` datetime DEFAULT NULL COMMENT 'Value',
  PRIMARY KEY (`value_id`),
  UNIQUE KEY `CATALOG_CATEGORY_ENTITY_DATETIME_ENTITY_ID_ATTRIBUTE_ID_STORE_ID` (`entity_id`,`attribute_id`,`store_id`),
  KEY `CATALOG_CATEGORY_ENTITY_DATETIME_ENTITY_ID` (`entity_id`),
  KEY `CATALOG_CATEGORY_ENTITY_DATETIME_ATTRIBUTE_ID` (`attribute_id`),
  KEY `CATALOG_CATEGORY_ENTITY_DATETIME_STORE_ID` (`store_id`),
  CONSTRAINT `CATALOG_CATEGORY_ENTITY_DATETIME_STORE_ID_STORE_STORE_ID` FOREIGN KEY (`store_id`) REFERENCES `store` (`store_id`) ON DELETE CASCADE,
  CONSTRAINT `CAT_CTGR_ENTT_DTIME_ATTR_ID_EAV_ATTR_ATTR_ID` FOREIGN KEY (`attribute_id`) REFERENCES `eav_attribute` (`attribute_id`) ON DELETE CASCADE,
  CONSTRAINT `CAT_CTGR_ENTT_DTIME_ENTT_ID_CAT_CTGR_ENTT_ENTT_ID` FOREIGN KEY (`entity_id`) REFERENCES `catalog_category_entity` (`entity_id`) ON DELETE CASCADE
) ENGINE=InnoDB AUTO_INCREMENT=191 DEFAULT CHARSET=utf8 COMMENT='Catalog Category Datetime Attribute Backend Table';

--
-- Dumping data for table `catalog_category_entity_datetime`
--

INSERT INTO `catalog_category_entity_datetime` VALUES (187,61,0,10,NULL),(188,62,0,10,NULL),(189,61,0,2,NULL),(190,62,0,2,NULL);

--
-- Table structure for table `catalog_category_entity_decimal`
--

CREATE TABLE `catalog_category_entity_decimal` (
  `value_id` int(11) NOT NULL AUTO_INCREMENT COMMENT 'Value ID',
  `attribute_id` smallint(5) unsigned NOT NULL DEFAULT '0' COMMENT 'Attribute ID',
  `store_id` smallint(5) unsigned NOT NULL DEFAULT '0' COMMENT 'Store ID',
  `entity_id` int(10) unsigned NOT NULL DEFAULT '0' COMMENT 'Entity ID',
  `value` decimal(20,6) DEFAULT NULL COMMENT 'Value',
  PRIMARY KEY (`value_id`),
  UNIQUE KEY `CATALOG_CATEGORY_ENTITY_DECIMAL_ENTITY_ID_ATTRIBUTE_ID_STORE_ID` (`entity_id`,`attribute_id`,`store_id`),
  KEY `CATALOG_CATEGORY_ENTITY_DECIMAL_ENTITY_ID` (`entity_id`),
  KEY `CATALOG_CATEGORY_ENTITY_DECIMAL_ATTRIBUTE_ID` (`attribute_id`),
  KEY `CATALOG_CATEGORY_ENTITY_DECIMAL_STORE_ID` (`store_id`),
  CONSTRAINT `CATALOG_CATEGORY_ENTITY_DECIMAL_STORE_ID_STORE_STORE_ID` FOREIGN KEY (`store_id`) REFERENCES `store` (`store_id`) ON DELETE CASCADE,
  CONSTRAINT `CAT_CTGR_ENTT_DEC_ATTR_ID_EAV_ATTR_ATTR_ID` FOREIGN KEY (`attribute_id`) REFERENCES `eav_attribute` (`attribute_id`) ON DELETE CASCADE,
  CONSTRAINT `CAT_CTGR_ENTT_DEC_ENTT_ID_CAT_CTGR_ENTT_ENTT_ID` FOREIGN KEY (`entity_id`) REFERENCES `catalog_category_entity` (`entity_id`) ON DELETE CASCADE
) ENGINE=InnoDB DEFAULT CHARSET=utf8 COMMENT='Catalog Category Decimal Attribute Backend Table';

--
-- Dumping data for table `catalog_category_entity_decimal`
--


--
-- Table structure for table `catalog_category_entity_int`
--

CREATE TABLE `catalog_category_entity_int` (
  `value_id` int(11) NOT NULL AUTO_INCREMENT COMMENT 'Value ID',
  `attribute_id` smallint(5) unsigned NOT NULL DEFAULT '0' COMMENT 'Attribute ID',
  `store_id` smallint(5) unsigned NOT NULL DEFAULT '0' COMMENT 'Store ID',
  `entity_id` int(10) unsigned NOT NULL DEFAULT '0' COMMENT 'Entity ID',
  `value` int(11) DEFAULT NULL COMMENT 'Value',
  PRIMARY KEY (`value_id`),
  UNIQUE KEY `CATALOG_CATEGORY_ENTITY_INT_ENTITY_ID_ATTRIBUTE_ID_STORE_ID` (`entity_id`,`attribute_id`,`store_id`),
  KEY `CATALOG_CATEGORY_ENTITY_INT_ENTITY_ID` (`entity_id`),
  KEY `CATALOG_CATEGORY_ENTITY_INT_ATTRIBUTE_ID` (`attribute_id`),
  KEY `CATALOG_CATEGORY_ENTITY_INT_STORE_ID` (`store_id`),
  CONSTRAINT `CATALOG_CATEGORY_ENTITY_INT_STORE_ID_STORE_STORE_ID` FOREIGN KEY (`store_id`) REFERENCES `store` (`store_id`) ON DELETE CASCADE,
  CONSTRAINT `CAT_CTGR_ENTT_INT_ATTR_ID_EAV_ATTR_ATTR_ID` FOREIGN KEY (`attribute_id`) REFERENCES `eav_attribute` (`attribute_id`) ON DELETE CASCADE,
  CONSTRAINT `CAT_CTGR_ENTT_INT_ENTT_ID_CAT_CTGR_ENTT_ENTT_ID` FOREIGN KEY (`entity_id`) REFERENCES `catalog_category_entity` (`entity_id`) ON DELETE CASCADE
) ENGINE=InnoDB AUTO_INCREMENT=1799 DEFAULT CHARSET=utf8 COMMENT='Catalog Category Integer Attribute Backend Table';

--
-- Dumping data for table `catalog_category_entity_int`
--

INSERT INTO `catalog_category_entity_int` VALUES (1,69,0,1,1),(2,69,0,2,1),(3,46,0,2,1),(39,46,0,10,1),(40,54,0,10,1),(41,69,0,10,1),(42,70,0,10,0),(43,71,0,10,0),(1786,53,0,10,NULL),(1787,53,0,2,NULL),(1788,54,0,2,1),(1789,70,0,2,0),(1790,71,0,2,0),(1791,46,5,2,1),(1792,69,5,2,1),(1793,70,5,2,0),(1794,71,5,2,0),(1795,46,5,10,1),(1796,69,5,10,1),(1797,70,5,10,0),(1798,71,5,10,0);

--
-- Table structure for table `catalog_category_entity_text`
--

CREATE TABLE `catalog_category_entity_text` (
  `value_id` int(11) NOT NULL AUTO_INCREMENT COMMENT 'Value ID',
  `attribute_id` smallint(5) unsigned NOT NULL DEFAULT '0' COMMENT 'Attribute ID',
  `store_id` smallint(5) unsigned NOT NULL DEFAULT '0' COMMENT 'Store ID',
  `entity_id` int(10) unsigned NOT NULL DEFAULT '0' COMMENT 'Entity ID',
  `value` mediumtext COMMENT 'Value',
  PRIMARY KEY (`value_id`),
  UNIQUE KEY `CATALOG_CATEGORY_ENTITY_TEXT_ENTITY_ID_ATTRIBUTE_ID_STORE_ID` (`entity_id`,`attribute_id`,`store_id`),
  KEY `CATALOG_CATEGORY_ENTITY_TEXT_ENTITY_ID` (`entity_id`),
  KEY `CATALOG_CATEGORY_ENTITY_TEXT_ATTRIBUTE_ID` (`attribute_id`),
  KEY `CATALOG_CATEGORY_ENTITY_TEXT_STORE_ID` (`store_id`),
  CONSTRAINT `CATALOG_CATEGORY_ENTITY_TEXT_STORE_ID_STORE_STORE_ID` FOREIGN KEY (`store_id`) REFERENCES `store` (`store_id`) ON DELETE CASCADE,
  CONSTRAINT `CAT_CTGR_ENTT_TEXT_ATTR_ID_EAV_ATTR_ATTR_ID` FOREIGN KEY (`attribute_id`) REFERENCES `eav_attribute` (`attribute_id`) ON DELETE CASCADE,
  CONSTRAINT `CAT_CTGR_ENTT_TEXT_ENTT_ID_CAT_CTGR_ENTT_ENTT_ID` FOREIGN KEY (`entity_id`) REFERENCES `catalog_category_entity` (`entity_id`) ON DELETE CASCADE
) ENGINE=InnoDB AUTO_INCREMENT=286 DEFAULT CHARSET=utf8 COMMENT='Catalog Category Text Attribute Backend Table';

--
-- Dumping data for table `catalog_category_entity_text`
--

INSERT INTO `catalog_category_entity_text` VALUES (280,47,0,10,NULL),(281,50,0,10,NULL),(282,51,0,10,NULL),(283,47,0,2,NULL),(284,50,0,2,NULL),(285,51,0,2,NULL);

--
-- Table structure for table `catalog_category_entity_varchar`
--

CREATE TABLE `catalog_category_entity_varchar` (
  `value_id` int(11) NOT NULL AUTO_INCREMENT COMMENT 'Value ID',
  `attribute_id` smallint(5) unsigned NOT NULL DEFAULT '0' COMMENT 'Attribute ID',
  `store_id` smallint(5) unsigned NOT NULL DEFAULT '0' COMMENT 'Store ID',
  `entity_id` int(10) unsigned NOT NULL DEFAULT '0' COMMENT 'Entity ID',
  `value` varchar(255) DEFAULT NULL COMMENT 'Value',
  PRIMARY KEY (`value_id`),
  UNIQUE KEY `CATALOG_CATEGORY_ENTITY_VARCHAR_ENTITY_ID_ATTRIBUTE_ID_STORE_ID` (`entity_id`,`attribute_id`,`store_id`),
  KEY `CATALOG_CATEGORY_ENTITY_VARCHAR_ENTITY_ID` (`entity_id`),
  KEY `CATALOG_CATEGORY_ENTITY_VARCHAR_ATTRIBUTE_ID` (`attribute_id`),
  KEY `CATALOG_CATEGORY_ENTITY_VARCHAR_STORE_ID` (`store_id`),
  CONSTRAINT `CATALOG_CATEGORY_ENTITY_VARCHAR_STORE_ID_STORE_STORE_ID` FOREIGN KEY (`store_id`) REFERENCES `store` (`store_id`) ON DELETE CASCADE,
  CONSTRAINT `CAT_CTGR_ENTT_VCHR_ATTR_ID_EAV_ATTR_ATTR_ID` FOREIGN KEY (`attribute_id`) REFERENCES `eav_attribute` (`attribute_id`) ON DELETE CASCADE,
  CONSTRAINT `CAT_CTGR_ENTT_VCHR_ENTT_ID_CAT_CTGR_ENTT_ENTT_ID` FOREIGN KEY (`entity_id`) REFERENCES `catalog_category_entity` (`entity_id`) ON DELETE CASCADE
) ENGINE=InnoDB AUTO_INCREMENT=2335 DEFAULT CHARSET=utf8 COMMENT='Catalog Category Varchar Attribute Backend Table';

--
-- Dumping data for table `catalog_category_entity_varchar`
--

INSERT INTO `catalog_category_entity_varchar` VALUES (1,45,0,1,'Root Catalog'),(2,52,0,2,'PRODUCTS'),(3,45,0,2,'Default Category'),(32,45,0,10,'All Products'),(33,52,0,10,'PRODUCTS'),(34,119,0,10,'laptops-accessories'),(35,120,0,10,'laptops-accessories'),(2113,48,0,10,NULL),(2114,49,0,10,NULL),(2115,60,0,10,NULL),(2116,63,0,10,NULL),(2117,48,0,2,NULL),(2118,49,0,2,NULL),(2119,60,0,2,NULL),(2120,63,0,2,NULL),(2121,119,0,2,'default-category'),(2122,120,0,2,NULL),(2130,68,0,10,'name'),(2131,45,5,2,'Default Category'),(2132,52,5,2,'PRODUCTS'),(2133,119,5,2,'default-category'),(2134,120,5,2,NULL),(2136,45,5,10,'All Products'),(2137,52,5,10,'PRODUCTS'),(2138,68,5,10,'name'),(2139,119,5,10,'laptops-accessories'),(2332,60,5,10,NULL),(2333,63,5,10,NULL),(2334,120,5,10,'laptops-accessories');

--
-- Table structure for table `catalog_category_product`
--

CREATE TABLE `catalog_category_product` (
  `entity_id` int(11) NOT NULL AUTO_INCREMENT COMMENT 'Entity ID',
  `category_id` int(10) unsigned NOT NULL DEFAULT '0' COMMENT 'Category ID',
  `product_id` int(10) unsigned NOT NULL DEFAULT '0' COMMENT 'Product ID',
  `position` int(11) NOT NULL DEFAULT '0' COMMENT 'Position',
  PRIMARY KEY (`entity_id`,`category_id`,`product_id`),
  UNIQUE KEY `CATALOG_CATEGORY_PRODUCT_CATEGORY_ID_PRODUCT_ID` (`category_id`,`product_id`),
  KEY `CATALOG_CATEGORY_PRODUCT_PRODUCT_ID` (`product_id`),
  CONSTRAINT `CAT_CTGR_PRD_CTGR_ID_CAT_CTGR_ENTT_ENTT_ID` FOREIGN KEY (`category_id`) REFERENCES `catalog_category_entity` (`entity_id`) ON DELETE CASCADE,
  CONSTRAINT `CAT_CTGR_PRD_PRD_ID_CAT_PRD_ENTT_ENTT_ID` FOREIGN KEY (`product_id`) REFERENCES `catalog_product_entity` (`entity_id`) ON DELETE CASCADE
) ENGINE=InnoDB AUTO_INCREMENT=73980 DEFAULT CHARSET=utf8 COMMENT='Catalog Product To Category Linkage Table';

--
-- Dumping data for table `catalog_category_product`
--

INSERT INTO `catalog_category_product` VALUES (1385,2,18715,0),(1517,2,18847,0),(1574,2,18904,0),(1576,2,18906,0),(1754,2,19084,0),(1755,2,19085,0),(1873,2,19203,0),(1874,2,19204,0),(1928,2,19258,0),(1929,2,19259,0),(2065,2,19395,0),(2067,2,19397,0),(2157,2,19487,0),(2158,2,19488,0),(2585,10,18715,0),(2717,10,18847,0),(2774,10,18904,0),(2776,10,18906,0),(2954,10,19084,0),(2955,10,19085,0),(3073,10,19203,0),(3074,10,19204,0),(3128,10,19258,0),(3129,10,19259,0),(3265,10,19395,0),(3267,10,19397,0),(3357,10,19487,0),(3358,10,19488,0),(3470,10,18160,0),(3956,2,477,0),(3957,10,477,0),(3958,2,478,0),(3959,10,478,0),(3960,2,479,0),(3961,10,479,0),(4722,2,860,0),(4723,10,860,0),(4860,2,929,0),(4861,10,929,0),(4934,2,966,0),(4935,10,966,0),(4936,2,967,0),(4937,10,967,0),(4944,2,971,0),(4945,10,971,0),(4992,2,995,0),(4993,10,995,0),(4994,2,996,0),(4995,10,996,0),(4998,2,998,0),(4999,10,998,0),(5000,2,999,0),(5001,10,999,0),(5002,2,1000,0),(5003,10,1000,0),(5004,2,1001,0),(5005,10,1001,0),(5006,2,1002,0),(5007,10,1002,0),(5008,2,1003,0),(5009,10,1003,0),(5012,2,1005,0),(5013,10,1005,0),(5014,2,1006,0),(5015,10,1006,0),(5016,2,1007,0),(5017,10,1007,0),(5018,2,1008,0),(5019,10,1008,0),(5022,2,1010,0),(5023,10,1010,0),(5024,2,1011,0),(5025,10,1011,0),(5026,2,1012,0),(5027,10,1012,0),(5028,2,1013,0),(5029,10,1013,0),(5030,2,1014,0),(5031,10,1014,0),(5042,2,1020,0),(5043,10,1020,0),(5046,2,1022,0),(5047,10,1022,0),(5050,2,1024,0),(5051,10,1024,0),(5060,2,1029,0),(5061,10,1029,0),(5062,2,1030,0),(5063,10,1030,0),(5256,2,1127,0),(5257,10,1127,0),(5270,2,1134,0),(5271,10,1134,0),(5272,2,1135,0),(5273,10,1135,0),(5274,2,1136,0),(5275,10,1136,0),(5746,2,1372,0),(5747,10,1372,0),(5844,2,1421,0),(5845,10,1421,0),(5860,2,1429,0),(5861,10,1429,0),(5862,2,1430,0),(5863,10,1430,0),(5864,2,1431,0),(5865,10,1431,0),(5866,2,1432,0),(5867,10,1432,0),(5868,2,1433,0),(5869,10,1433,0),(5876,2,1437,0),(5877,10,1437,0),(5898,2,1448,0),(5899,10,1448,0),(5942,2,1470,0),(5943,10,1470,0),(5944,2,1471,0),(5945,10,1471,0),(5946,2,1472,0),(5947,10,1472,0),(5948,2,1473,0),(5949,10,1473,0),(6234,2,1616,0),(6235,10,1616,0),(6236,2,1617,0),(6237,10,1617,0),(6246,2,1622,0),(6247,10,1622,0),(6248,2,1623,0),(6249,10,1623,0),(6254,2,1626,0),(6255,10,1626,0),(6304,2,1651,0),(6305,10,1651,0),(6336,2,1667,0),(6337,10,1667,0),(6338,2,1668,0),(6339,10,1668,0),(6340,2,1669,0),(6341,10,1669,0),(6342,2,1670,0),(6343,10,1670,0),(6344,2,1671,0),(6345,10,1671,0),(6346,2,1672,0),(6347,10,1672,0),(6352,2,1675,0),(6353,10,1675,0),(6358,2,1678,0),(6359,10,1678,0),(6360,2,1679,0),(6361,10,1679,0),(6362,2,1680,0),(6363,10,1680,0),(6364,2,1681,0),(6365,10,1681,0),(6366,2,1682,0),(6367,10,1682,0),(6368,2,1683,0),(6369,10,1683,0),(6370,2,1684,0),(6371,10,1684,0),(6372,2,1685,0),(6373,10,1685,0),(6374,2,1686,0),(6375,10,1686,0),(6376,2,1687,0),(6377,10,1687,0),(6378,2,1688,0),(6379,10,1688,0),(6380,2,1689,0),(6381,10,1689,0),(6382,2,1690,0),(6383,10,1690,0),(6384,2,1691,0),(6385,10,1691,0),(6386,2,1692,0),(6387,10,1692,0),(6388,2,1693,0),(6389,10,1693,0),(6390,2,1694,0),(6391,10,1694,0),(6392,2,1695,0),(6393,10,1695,0),(6394,2,1696,0),(6395,10,1696,0),(6396,2,1697,0),(6397,10,1697,0),(6400,2,1699,0),(6401,10,1699,0),(6402,2,1700,0),(6403,10,1700,0),(6406,2,1702,0),(6407,10,1702,0),(6408,2,1703,0),(6409,10,1703,0),(6418,2,1708,0),(6419,10,1708,0),(6420,2,1709,0),(6421,10,1709,0),(6422,2,1710,0),(6423,10,1710,0),(6424,2,1711,0),(6425,10,1711,0),(6426,2,1712,0),(6427,10,1712,0),(6430,2,1714,0),(6431,10,1714,0),(6432,2,1715,0),(6433,10,1715,0),(6434,2,1716,0),(6435,10,1716,0),(6436,2,1717,0),(6437,10,1717,0),(6438,2,1718,0),(6439,10,1718,0),(6440,2,1719,0),(6441,10,1719,0),(6442,2,1720,0),(6443,10,1720,0),(6444,2,1721,0),(6445,10,1721,0),(6470,2,1734,0),(6471,10,1734,0),(6472,2,1735,0),(6473,10,1735,0),(6698,2,1848,0),(6699,10,1848,0),(6700,2,1849,0),(6701,10,1849,0),(6704,2,1851,0),(6705,10,1851,0),(6706,2,1852,0),(6707,10,1852,0),(6708,2,1853,0),(6709,10,1853,0),(6728,2,1863,0),(6729,10,1863,0),(6730,2,1864,0),(6731,10,1864,0),(6744,2,1871,0),(6745,10,1871,0),(6746,2,1872,0),(6747,10,1872,0),(6788,2,1893,0),(6789,10,1893,0),(6840,2,1919,0),(6841,10,1919,0),(6842,2,1920,0),(6843,10,1920,0),(6876,2,1937,0),(6877,10,1937,0),(6878,2,1938,0),(6879,10,1938,0),(6882,2,1940,0),(6883,10,1940,0),(6886,2,1942,0),(6887,10,1942,0),(6888,2,1943,0),(6889,10,1943,0),(6890,2,1944,0),(6891,10,1944,0),(6892,2,1945,0),(6893,10,1945,0),(6894,2,1946,0),(6895,10,1946,0),(7002,2,2000,0),(7003,10,2000,0),(7004,2,2001,0),(7005,10,2001,0),(7006,2,2002,0),(7007,10,2002,0),(7008,2,2003,0),(7009,10,2003,0),(7010,2,2004,0),(7011,10,2004,0),(7012,2,2005,0),(7013,10,2005,0),(7014,2,2006,0),(7015,10,2006,0),(7016,2,2007,0),(7017,10,2007,0),(7018,2,2008,0),(7019,10,2008,0),(7032,2,2015,0),(7033,10,2015,0),(7034,2,2016,0),(7035,10,2016,0),(7036,2,2017,0),(7037,10,2017,0),(7040,2,2019,0),(7041,10,2019,0),(7042,2,2020,0),(7043,10,2020,0),(7044,2,2021,0),(7045,10,2021,0),(7046,2,2022,0),(7047,10,2022,0),(7048,2,2023,0),(7049,10,2023,0),(7050,2,2024,0),(7051,10,2024,0),(7052,2,2025,0),(7053,10,2025,0),(7054,2,2026,0),(7055,10,2026,0),(7056,2,2027,0),(7057,10,2027,0),(7060,2,2029,0),(7061,10,2029,0),(7064,2,2031,0),(7065,10,2031,0),(7066,2,2032,0),(7067,10,2032,0),(7068,2,2033,0),(7069,10,2033,0),(7070,2,2034,0),(7071,10,2034,0),(7072,2,2035,0),(7073,10,2035,0),(7074,2,2036,0),(7075,10,2036,0),(7076,2,2037,0),(7077,10,2037,0),(7080,2,2039,0),(7081,10,2039,0),(7082,2,2040,0),(7083,10,2040,0),(7084,2,2041,0),(7085,10,2041,0),(7086,2,2042,0),(7087,10,2042,0),(7088,2,2043,0),(7089,10,2043,0),(7090,2,2044,0),(7091,10,2044,0),(7092,2,2045,0),(7093,10,2045,0),(7094,2,2046,0),(7095,10,2046,0),(7096,2,2047,0),(7097,10,2047,0),(7098,2,2048,0),(7099,10,2048,0),(7100,2,2049,0),(7101,10,2049,0),(7104,2,2051,0),(7105,10,2051,0),(7106,2,2052,0),(7107,10,2052,0),(7108,2,2053,0),(7109,10,2053,0),(7110,2,2054,0),(7111,10,2054,0),(7112,2,2055,0),(7113,10,2055,0),(7116,2,2057,0),(7117,10,2057,0),(7118,2,2058,0),(7119,10,2058,0),(7120,2,2059,0),(7121,10,2059,0),(7122,2,2060,0),(7123,10,2060,0),(7140,2,2069,0),(7141,10,2069,0),(7148,2,2073,0),(7149,10,2073,0),(7150,2,2074,0),(7151,10,2074,0),(7152,2,2075,0),(7153,10,2075,0),(7154,2,2076,0),(7155,10,2076,0),(7156,2,2077,0),(7157,10,2077,0),(7158,2,2078,0),(7159,10,2078,0),(7160,2,2079,0),(7161,10,2079,0),(7162,2,2080,0),(7163,10,2080,0),(7170,2,2084,0),(7171,10,2084,0),(7172,2,2085,0),(7173,10,2085,0),(7178,2,2088,0),(7179,10,2088,0),(7180,2,2089,0),(7181,10,2089,0),(7182,2,2090,0),(7183,10,2090,0),(7186,2,2092,0),(7187,10,2092,0),(7196,2,2097,0),(7197,10,2097,0),(7198,2,2098,0),(7199,10,2098,0),(7204,2,2101,0),(7205,10,2101,0),(7206,2,2102,0),(7207,10,2102,0),(7208,2,2103,0),(7209,10,2103,0),(7210,2,2104,0),(7211,10,2104,0),(7212,2,2105,0),(7213,10,2105,0),(7214,2,2106,0),(7215,10,2106,0),(7216,2,2107,0),(7217,10,2107,0),(7406,2,2202,0),(7407,10,2202,0),(7468,2,2233,0),(7469,10,2233,0),(7470,2,2234,0),(7471,10,2234,0),(8060,2,2529,0),(8061,10,2529,0),(8062,2,2530,0),(8063,10,2530,0),(8064,2,2531,0),(8065,10,2531,0),(8066,2,2532,0),(8067,10,2532,0),(8068,2,2533,0),(8069,10,2533,0),(8072,2,2535,0),(8073,10,2535,0),(8074,2,2536,0),(8075,10,2536,0),(8076,2,2537,0),(8077,10,2537,0),(8078,2,2538,0),(8079,10,2538,0),(8080,2,2539,0),(8081,10,2539,0),(8082,2,2540,0),(8083,10,2540,0),(8204,2,2601,0),(8205,10,2601,0),(8206,2,2602,0),(8207,10,2602,0),(8208,2,2603,0),(8209,10,2603,0),(8210,2,2604,0),(8211,10,2604,0),(8212,2,2605,0),(8213,10,2605,0),(8224,2,2611,0),(8225,10,2611,0),(8226,2,2612,0),(8227,10,2612,0),(8244,2,2621,0),(8245,10,2621,0),(8246,2,2622,0),(8247,10,2622,0),(8248,2,2623,0),(8249,10,2623,0),(8250,2,2624,0),(8251,10,2624,0),(8252,2,2625,0),(8253,10,2625,0),(8254,2,2626,0),(8255,10,2626,0),(8256,2,2627,0),(8257,10,2627,0),(8264,2,2631,0),(8265,10,2631,0),(8266,2,2632,0),(8267,10,2632,0),(8268,2,2633,0),(8269,10,2633,0),(8278,2,2638,0),(8279,10,2638,0),(8282,2,2640,0),(8283,10,2640,0),(8286,2,2642,0),(8287,10,2642,0),(8288,2,2643,0),(8289,10,2643,0),(8290,2,2644,0),(8291,10,2644,0),(8294,2,2646,0),(8295,10,2646,0),(8296,2,2647,0),(8297,10,2647,0),(8298,2,2648,0),(8299,10,2648,0),(8300,2,2649,0),(8301,10,2649,0),(8302,2,2650,0),(8303,10,2650,0),(8332,2,2665,0),(8333,10,2665,0),(8334,2,2666,0),(8335,10,2666,0),(8336,2,2667,0),(8337,10,2667,0),(8338,2,2668,0),(8339,10,2668,0),(8340,2,2669,0),(8341,10,2669,0),(8344,2,2671,0),(8345,10,2671,0),(8350,2,2674,0),(8351,10,2674,0),(8530,2,2764,0),(8531,10,2764,0),(8848,2,2923,0),(8849,10,2923,0),(8868,2,2933,0),(8869,10,2933,0),(8872,2,2935,0),(8873,10,2935,0),(8874,2,2936,0),(8875,10,2936,0),(8876,2,2937,0),(8877,10,2937,0),(8938,2,2968,0),(8939,10,2968,0),(9028,2,3013,0),(9029,10,3013,0),(9072,2,3035,0),(9073,10,3035,0),(9308,2,3153,0),(9309,10,3153,0),(9310,2,3154,0),(9311,10,3154,0),(9954,2,3476,0),(9955,10,3476,0),(10380,2,3689,0),(10381,10,3689,0),(10658,2,3828,0),(10659,10,3828,0),(10660,2,3829,0),(10661,10,3829,0),(10674,2,3836,0),(10675,10,3836,0),(10676,2,3837,0),(10677,10,3837,0),(10678,2,3838,0),(10679,10,3838,0),(10680,2,3839,0),(10681,10,3839,0),(10682,2,3840,0),(10683,10,3840,0),(10684,2,3841,0),(10685,10,3841,0),(10686,2,3842,0),(10687,10,3842,0),(10688,2,3843,0),(10689,10,3843,0),(10690,2,3844,0),(10691,10,3844,0),(10694,2,3846,0),(10695,10,3846,0),(10696,2,3847,0),(10697,10,3847,0),(10698,2,3848,0),(10699,10,3848,0),(10700,2,3849,0),(10701,10,3849,0),(10702,2,3850,0),(10703,10,3850,0),(10704,2,3851,0),(10705,10,3851,0),(10706,2,3852,0),(10707,10,3852,0),(10708,2,3853,0),(10709,10,3853,0),(10710,2,3854,0),(10711,10,3854,0),(10712,2,3855,0),(10713,10,3855,0),(10714,2,3856,0),(10715,10,3856,0),(10716,2,3857,0),(10717,10,3857,0),(10718,2,3858,0),(10719,10,3858,0),(10720,2,3859,0),(10721,10,3859,0),(10724,2,3861,0),(10725,10,3861,0),(10728,2,3863,0),(10729,10,3863,0),(10732,2,3865,0),(10733,10,3865,0),(10760,2,3879,0),(10761,10,3879,0),(10762,2,3880,0),(10763,10,3880,0),(10764,2,3881,0),(10765,10,3881,0),(10774,2,3886,0),(10775,10,3886,0),(10778,2,3888,0),(10779,10,3888,0),(10780,2,3889,0),(10781,10,3889,0),(10782,2,3890,0),(10783,10,3890,0),(10784,2,3891,0),(10785,10,3891,0),(11114,2,4056,0),(11115,10,4056,0),(11118,2,4058,0),(11119,10,4058,0),(11120,2,4059,0),(11121,10,4059,0),(11532,2,4265,0),(11533,10,4265,0),(11632,2,4315,0),(11633,10,4315,0),(11634,2,4316,0),(11635,10,4316,0),(11636,2,4317,0),(11637,10,4317,0),(11638,2,4318,0),(11639,10,4318,0),(11640,2,4319,0),(11641,10,4319,0),(11644,2,4321,0),(11645,10,4321,0),(11646,2,4322,0),(11647,10,4322,0),(11648,2,4323,0),(11649,10,4323,0),(11650,2,4324,0),(11651,10,4324,0),(11768,2,4383,0),(11769,10,4383,0),(12094,2,4546,0),(12095,10,4546,0),(12258,2,4628,0),(12259,10,4628,0),(12288,2,4643,0),(12289,10,4643,0),(12292,2,4645,0),(12293,10,4645,0),(12304,2,4651,0),(12305,10,4651,0),(12436,2,4717,0),(12437,10,4717,0),(12500,2,4749,0),(12501,10,4749,0),(12502,2,4750,0),(12503,10,4750,0),(12504,2,4751,0),(12505,10,4751,0),(12506,2,4752,0),(12507,10,4752,0),(12526,2,4762,0),(12527,10,4762,0),(12528,2,4763,0),(12529,10,4763,0),(18482,2,7740,0),(18483,10,7740,0),(18484,2,7741,0),(18485,10,7741,0),(18486,2,7742,0),(18487,10,7742,0),(18488,2,7743,0),(18489,10,7743,0),(18490,2,7744,0),(18491,10,7744,0),(18492,2,7745,0),(18493,10,7745,0),(18494,2,7746,0),(18495,10,7746,0),(18496,2,7747,0),(18497,10,7747,0),(18498,2,7748,0),(18499,10,7748,0),(18500,2,7749,0),(18501,10,7749,0),(18502,2,7750,0),(18503,10,7750,0),(18544,2,7771,0),(18545,10,7771,0),(18694,2,7846,0),(18695,10,7846,0),(22420,2,9709,0),(22421,10,9709,0),(22428,2,9713,0),(22429,10,9713,0),(22448,2,9723,0),(22449,10,9723,0),(22472,2,9735,0),(22473,10,9735,0),(22474,2,9736,0),(22475,10,9736,0),(22476,2,9737,0),(22477,10,9737,0),(22480,2,9739,0),(22481,10,9739,0),(22484,2,9741,0),(22485,10,9741,0),(22488,2,9743,0),(22489,10,9743,0),(22492,2,9745,0),(22493,10,9745,0),(22496,2,9747,0),(22497,10,9747,0),(22528,2,9763,0),(22529,10,9763,0),(22670,2,9834,0),(22671,10,9834,0),(22796,2,9897,0),(22797,10,9897,0),(22842,2,9920,0),(22843,10,9920,0),(22846,2,9922,0),(22847,10,9922,0),(22848,2,9923,0),(22849,10,9923,0),(22860,2,9929,0),(22861,10,9929,0),(22884,2,9941,0),(22885,10,9941,0),(23002,2,10000,0),(23003,10,10000,0),(23004,2,10001,0),(23005,10,10001,0),(23006,2,10002,0),(23007,10,10002,0),(23010,2,10004,0),(23011,10,10004,0),(23012,2,10005,0),(23013,10,10005,0),(23014,2,10006,0),(23015,10,10006,0),(23016,2,10007,0),(23017,10,10007,0),(23018,2,10008,0),(23019,10,10008,0),(23022,2,10010,0),(23023,10,10010,0),(23028,2,10013,0),(23029,10,10013,0),(23030,2,10014,0),(23031,10,10014,0),(23032,2,10015,0),(23033,10,10015,0),(23034,2,10016,0),(23035,10,10016,0),(23038,2,10018,0),(23039,10,10018,0),(23040,2,10019,0),(23041,10,10019,0),(23042,2,10020,0),(23043,10,10020,0),(23044,2,10021,0),(23045,10,10021,0),(23046,2,10022,0),(23047,10,10022,0),(23048,2,10023,0),(23049,10,10023,0),(23050,2,10024,0),(23051,10,10024,0),(23060,2,10029,0),(23061,10,10029,0),(23062,2,10030,0),(23063,10,10030,0),(23064,2,10031,0),(23065,10,10031,0),(23072,2,10035,0),(23073,10,10035,0),(23074,2,10036,0),(23075,10,10036,0),(23076,2,10037,0),(23077,10,10037,0),(23078,2,10038,0),(23079,10,10038,0),(23080,2,10039,0),(23081,10,10039,0),(23082,2,10040,0),(23083,10,10040,0),(23088,2,10043,0),(23089,10,10043,0),(23090,2,10044,0),(23091,10,10044,0),(23096,2,10047,0),(23097,10,10047,0),(23138,2,10068,0),(23139,10,10068,0),(23314,2,10156,0),(23315,10,10156,0),(23316,2,10157,0),(23317,10,10157,0),(23476,2,10237,0),(23477,10,10237,0),(23870,2,10434,0),(23871,10,10434,0),(23872,2,10435,0),(23873,10,10435,0),(23874,2,10436,0),(23875,10,10436,0),(23880,2,10439,0),(23881,10,10439,0),(24174,2,10586,0),(24175,10,10586,0),(24176,2,10587,0),(24177,10,10587,0),(24360,2,10679,0),(24361,10,10679,0),(24364,2,10681,0),(24365,10,10681,0),(24368,2,10683,0),(24369,10,10683,0),(24672,2,10835,0),(24673,10,10835,0),(24704,2,10851,0),(24705,10,10851,0),(24770,2,10884,0),(24771,10,10884,0),(24784,2,10891,0),(24785,10,10891,0),(25116,2,11057,0),(25117,10,11057,0),(25154,2,11076,0),(25155,10,11076,0),(25312,2,11155,0),(25313,10,11155,0),(25468,2,11233,0),(25469,10,11233,0),(25542,2,11270,0),(25543,10,11270,0),(25748,2,11373,0),(25749,10,11373,0),(25816,2,11407,0),(25817,10,11407,0),(26018,2,11508,0),(26019,10,11508,0),(26020,2,11509,0),(26021,10,11509,0),(26024,2,11511,0),(26025,10,11511,0),(26042,2,11520,0),(26043,10,11520,0),(26144,2,11571,0),(26145,10,11571,0),(26252,2,11625,0),(26253,10,11625,0),(26256,2,11627,0),(26257,10,11627,0),(26258,2,11628,0),(26259,10,11628,0),(26260,2,11629,0),(26261,10,11629,0),(26262,2,11630,0),(26263,10,11630,0),(26266,2,11632,0),(26267,10,11632,0),(26268,2,11633,0),(26269,10,11633,0),(26274,2,11636,0),(26275,10,11636,0),(26278,2,11638,0),(26279,10,11638,0),(26280,2,11639,0),(26281,10,11639,0),(26282,2,11640,0),(26283,10,11640,0),(26284,2,11641,0),(26285,10,11641,0),(26288,2,11643,0),(26289,10,11643,0),(26290,2,11644,0),(26291,10,11644,0),(26292,2,11645,0),(26293,10,11645,0),(26296,2,11647,0),(26297,10,11647,0),(26298,2,11648,0),(26299,10,11648,0),(26300,2,11649,0),(26301,10,11649,0),(26304,2,11651,0),(26305,10,11651,0),(26306,2,11652,0),(26307,10,11652,0),(26308,2,11653,0),(26309,10,11653,0),(26312,2,11655,0),(26313,10,11655,0),(26374,2,11686,0),(26375,10,11686,0),(26504,2,11751,0),(26505,10,11751,0),(26508,2,11753,0),(26509,10,11753,0),(27456,2,12227,0),(27457,10,12227,0),(27482,2,12240,0),(27483,10,12240,0),(27484,2,12241,0),(27485,10,12241,0),(27488,2,12243,0),(27489,10,12243,0),(27492,2,12245,0),(27493,10,12245,0),(27494,2,12246,0),(27495,10,12246,0),(27500,2,12249,0),(27501,10,12249,0),(27502,2,12250,0),(27503,10,12250,0),(27506,2,12252,0),(27507,10,12252,0),(27510,2,12254,0),(27511,10,12254,0),(27556,2,12277,0),(27557,10,12277,0),(27560,2,12279,0),(27561,10,12279,0),(27762,2,12380,0),(27763,10,12380,0),(27830,2,12414,0),(27831,10,12414,0),(27848,2,12423,0),(27849,10,12423,0),(28008,2,12503,0),(28009,10,12503,0),(28072,2,12535,0),(28073,10,12535,0),(28228,2,12613,0),(28229,10,12613,0),(28236,2,12617,0),(28237,10,12617,0),(28238,2,12618,0),(28239,10,12618,0),(28240,2,12619,0),(28241,10,12619,0),(28254,2,12626,0),(28255,10,12626,0),(28256,2,12627,0),(28257,10,12627,0),(28288,2,12643,0),(28289,10,12643,0),(28290,2,12644,0),(28291,10,12644,0),(28316,2,12657,0),(28317,10,12657,0),(28318,2,12658,0),(28319,10,12658,0),(28320,2,12659,0),(28321,10,12659,0),(28322,2,12660,0),(28323,10,12660,0),(28324,2,12661,0),(28325,10,12661,0),(28326,2,12662,0),(28327,10,12662,0),(28328,2,12663,0),(28329,10,12663,0),(28330,2,12664,0),(28331,10,12664,0),(28408,2,12703,0),(28409,10,12703,0),(28536,2,12767,0),(28537,10,12767,0),(28676,2,12837,0),(28677,10,12837,0),(28766,2,12882,0),(28767,10,12882,0),(28768,2,12883,0),(28769,10,12883,0),(28770,2,12884,0),(28771,10,12884,0),(28932,2,12965,0),(28933,10,12965,0),(28934,2,12966,0),(28935,10,12966,0),(28938,2,12968,0),(28939,10,12968,0),(28954,2,12976,0),(28955,10,12976,0),(28982,2,12990,0),(28983,10,12990,0),(29530,2,13264,0),(29531,10,13264,0),(29550,2,13274,0),(29551,10,13274,0),(29622,2,13310,0),(29623,10,13310,0),(29698,2,13348,0),(29699,10,13348,0),(29744,2,13371,0),(29745,10,13371,0),(30336,2,13667,0),(30337,10,13667,0),(30338,2,13668,0),(30339,10,13668,0),(30342,2,13670,0),(30343,10,13670,0),(30648,2,13823,0),(30649,10,13823,0),(30650,2,13824,0),(30651,10,13824,0),(30656,2,13827,0),(30657,10,13827,0),(30688,2,13843,0),(30689,10,13843,0),(30756,2,13877,0),(30757,10,13877,0),(30768,2,13883,0),(30769,10,13883,0),(30770,2,13884,0),(30771,10,13884,0),(30772,2,13885,0),(30773,10,13885,0),(30776,2,13887,0),(30777,10,13887,0),(30780,2,13889,0),(30781,10,13889,0),(30792,2,13895,0),(30793,10,13895,0),(30794,2,13896,0),(30795,10,13896,0),(30850,2,13924,0),(30851,10,13924,0),(31162,2,14080,0),(31163,10,14080,0),(31164,2,14081,0),(31165,10,14081,0),(31186,2,14092,0),(31187,10,14092,0),(31742,2,14370,0),(31743,10,14370,0),(31832,2,14415,0),(31833,10,14415,0),(31944,2,14471,0),(31945,10,14471,0),(31948,2,14473,0),(31949,10,14473,0),(31950,2,14474,0),(31951,10,14474,0),(31952,2,14475,0),(31953,10,14475,0),(31954,2,14476,0),(31955,10,14476,0),(32004,2,14501,0),(32005,10,14501,0),(32030,2,14514,0),(32031,10,14514,0),(32062,2,14530,0),(32063,10,14530,0),(32076,2,14537,0),(32077,10,14537,0),(32078,2,14538,0),(32079,10,14538,0),(32350,2,14674,0),(32351,10,14674,0),(32446,2,14722,0),(32447,10,14722,0),(32454,2,14726,0),(32455,10,14726,0),(32456,2,14727,0),(32457,10,14727,0),(32458,2,14728,0),(32459,10,14728,0),(32462,2,14730,0),(32463,10,14730,0),(32464,2,14731,0),(32465,10,14731,0),(32466,2,14732,0),(32467,10,14732,0),(32734,2,14866,0),(32735,10,14866,0),(32736,2,14867,0),(32737,10,14867,0),(32870,2,14934,0),(32871,10,14934,0),(32912,2,14955,0),(32913,10,14955,0),(33088,2,15043,0),(33089,10,15043,0),(33128,2,15063,0),(33129,10,15063,0),(33166,2,15082,0),(33167,10,15082,0),(33268,2,15133,0),(33269,10,15133,0),(33458,2,15228,0),(33459,10,15228,0),(33474,2,15236,0),(33475,10,15236,0),(33476,2,15237,0),(33477,10,15237,0),(33478,2,15238,0),(33479,10,15238,0),(33480,2,15239,0),(33481,10,15239,0),(33482,2,15240,0),(33483,10,15240,0),(33484,2,15241,0),(33485,10,15241,0),(33622,2,15310,0),(33623,10,15310,0),(33690,2,15344,0),(33691,10,15344,0),(33712,2,15355,0),(33713,10,15355,0),(33726,2,15362,0),(33727,10,15362,0),(33728,2,15363,0),(33729,10,15363,0),(33734,2,15366,0),(33735,10,15366,0),(33738,2,15368,0),(33739,10,15368,0),(33766,2,15382,0),(33767,10,15382,0),(34000,2,15499,0),(34001,10,15499,0),(34090,2,15544,0),(34091,10,15544,0),(34142,2,15570,0),(34143,10,15570,0),(34144,2,15571,0),(34145,10,15571,0),(34192,2,15595,0),(34193,10,15595,0),(34194,2,15596,0),(34195,10,15596,0),(34196,2,15597,0),(34197,10,15597,0),(34198,2,15598,0),(34199,10,15598,0),(34340,2,15669,0),(34341,10,15669,0),(34342,2,15670,0),(34343,10,15670,0),(34344,2,15671,0),(34345,10,15671,0),(34346,2,15672,0),(34347,10,15672,0),(34368,2,15683,0),(34369,10,15683,0),(34370,2,15684,0),(34371,10,15684,0),(34372,2,15685,0),(34373,10,15685,0),(34494,2,15746,0),(34495,10,15746,0),(34496,2,15747,0),(34497,10,15747,0),(34574,2,15786,0),(34575,10,15786,0),(34576,2,15787,0),(34577,10,15787,0),(34678,2,15838,0),(34679,10,15838,0),(34680,2,15839,0),(34681,10,15839,0),(34682,2,15840,0),(34683,10,15840,0),(34684,2,15841,0),(34685,10,15841,0),(34686,2,15842,0),(34687,10,15842,0),(34688,2,15843,0),(34689,10,15843,0),(34690,2,15844,0),(34691,10,15844,0),(34754,2,15876,0),(34755,10,15876,0),(34760,2,15879,0),(34761,10,15879,0),(34762,2,15880,0),(34763,10,15880,0),(34764,2,15881,0),(34765,10,15881,0),(34772,2,15885,0),(34773,10,15885,0),(34774,2,15886,0),(34775,10,15886,0),(34808,2,15903,0),(34809,10,15903,0),(34812,2,15905,0),(34813,10,15905,0),(34858,2,15928,0),(34859,10,15928,0),(34860,2,15929,0),(34861,10,15929,0),(34862,2,15930,0),(34863,10,15930,0),(34864,2,15931,0),(34865,10,15931,0),(34912,2,15955,0),(34913,10,15955,0),(34914,2,15956,0),(34915,10,15956,0),(34916,2,15957,0),(34917,10,15957,0),(34918,2,15958,0),(34919,10,15958,0),(34920,2,15959,0),(34921,10,15959,0),(34922,2,15960,0),(34923,10,15960,0),(34924,2,15961,0),(34925,10,15961,0),(34934,2,15966,0),(34935,10,15966,0),(34936,2,15967,0),(34937,10,15967,0),(34938,2,15968,0),(34939,10,15968,0),(34940,2,15969,0),(34941,10,15969,0),(34944,2,15971,0),(34945,10,15971,0),(34958,2,15978,0),(34959,10,15978,0),(34960,2,15979,0),(34961,10,15979,0),(34962,2,15980,0),(34963,10,15980,0),(34992,2,15995,0),(34993,10,15995,0),(35022,2,16010,0),(35023,10,16010,0),(35394,2,16196,0),(35395,10,16196,0),(35512,2,16255,0),(35513,10,16255,0),(35514,2,16256,0),(35515,10,16256,0),(35516,2,16257,0),(35517,10,16257,0),(35542,2,16270,0),(35543,10,16270,0),(35606,2,16302,0),(35607,10,16302,0),(35608,2,16303,0),(35609,10,16303,0),(35618,2,16308,0),(35619,10,16308,0),(35632,2,16315,0),(35633,10,16315,0),(35678,2,16338,0),(35679,10,16338,0),(35714,2,16356,0),(35715,10,16356,0),(35716,2,16357,0),(35717,10,16357,0),(35718,2,16358,0),(35719,10,16358,0),(35906,2,16452,0),(35907,10,16452,0),(35918,2,16458,0),(35919,10,16458,0),(35972,2,16485,0),(35973,10,16485,0),(36560,2,16779,0),(36561,10,16779,0),(36562,2,16780,0),(36563,10,16780,0),(36566,2,16782,0),(36567,10,16782,0),(37084,2,17041,0),(37085,10,17041,0),(37088,2,17043,0),(37089,10,17043,0),(37090,2,17044,0),(37091,10,17044,0),(37460,2,17229,0),(37461,10,17229,0),(37462,2,17230,0),(37463,10,17230,0),(37578,2,17288,0),(37579,10,17288,0),(37812,2,17405,0),(37813,10,17405,0),(37814,2,17406,0),(37815,10,17406,0),(37816,2,17407,0),(37817,10,17407,0),(37818,2,17408,0),(37819,10,17408,0),(37820,2,17409,0),(37821,10,17409,0),(37822,2,17410,0),(37823,10,17410,0),(37824,2,17411,0),(37825,10,17411,0),(37826,2,17412,0),(37827,10,17412,0),(37828,2,17413,0),(37829,10,17413,0),(37830,2,17414,0),(37831,10,17414,0),(37832,2,17415,0),(37833,10,17415,0),(37836,2,17417,0),(37837,10,17417,0),(37838,2,17418,0),(37839,10,17418,0),(37840,2,17419,0),(37841,10,17419,0),(37842,2,17420,0),(37843,10,17420,0),(37844,2,17421,0),(37845,10,17421,0),(37846,2,17422,0),(37847,10,17422,0),(37848,2,17423,0),(37849,10,17423,0),(37850,2,17424,0),(37851,10,17424,0),(37852,2,17425,0),(37853,10,17425,0),(37854,2,17426,0),(37855,10,17426,0),(37856,2,17427,0),(37857,10,17427,0),(37858,2,17428,0),(37859,10,17428,0),(37860,2,17429,0),(37861,10,17429,0),(37862,2,17430,0),(37863,10,17430,0),(37864,2,17431,0),(37865,10,17431,0),(37866,2,17432,0),(37867,10,17432,0),(37868,2,17433,0),(37869,10,17433,0),(37870,2,17434,0),(37871,10,17434,0),(37872,2,17435,0),(37873,10,17435,0),(37874,2,17436,0),(37875,10,17436,0),(38274,2,17636,0),(38275,10,17636,0),(38318,2,17658,0),(38319,10,17658,0),(38320,2,17659,0),(38321,10,17659,0),(38322,2,17660,0),(38323,10,17660,0),(38324,2,17661,0),(38325,10,17661,0),(38326,2,17662,0),(38327,10,17662,0),(38328,2,17663,0),(38329,10,17663,0),(38348,2,17673,0),(38349,10,17673,0),(38466,2,17732,0),(38467,10,17732,0),(38468,2,17733,0),(38469,10,17733,0),(38572,2,17785,0),(38573,10,17785,0),(39261,2,18160,0),(45214,10,19518,0),(45215,10,19519,0),(45216,10,19520,0),(45217,10,19521,0),(45218,10,19522,0),(45219,10,19523,0),(45221,10,19525,0),(45222,10,19526,0),(45224,10,19528,0),(45225,10,19529,0),(45226,10,19530,0),(45227,10,19531,0),(45228,10,19532,0),(45229,10,19533,0),(45230,10,19534,0),(45231,10,19535,0),(45232,10,19536,0),(45234,2,19517,0),(45235,2,19518,0),(45236,2,19519,0),(45237,2,19520,0),(45238,2,19521,0),(45239,2,19522,0),(45240,2,19523,0),(45242,2,19525,0),(45243,2,19526,0),(45245,2,19528,0),(45246,2,19529,0),(45247,2,19530,0),(45248,2,19532,0),(45249,2,19533,0),(45250,2,19534,0),(45251,2,19535,0),(45252,2,19536,0),(45254,2,19510,0),(45255,2,19511,0),(45256,2,19512,0),(45259,2,19515,0),(45260,2,19516,0),(45261,10,19510,0),(45262,10,19511,0),(45263,10,19512,0),(45266,10,19515,0),(45267,10,19516,0),(45268,10,19517,0),(63865,2,19712,0),(63866,10,19712,0),(63867,2,19713,0),(63868,10,19713,0),(63869,2,19714,0),(63870,10,19714,0),(63871,2,19715,0),(63872,10,19715,0),(63873,2,19716,0),(63874,10,19716,0),(63875,2,19717,0),(63876,10,19717,0),(63877,2,19718,0),(63878,10,19718,0),(63879,2,19719,0),(63880,10,19719,0),(63881,2,19720,0),(63882,10,19720,0),(63883,2,19721,0),(63884,10,19721,0),(63885,2,19722,0),(63886,10,19722,0),(63887,2,19723,0),(63888,10,19723,0),(63891,2,19725,0),(63892,10,19725,0),(63897,2,19728,0),(63898,10,19728,0),(63903,2,19731,0),(63904,10,19731,0),(65322,2,19733,0),(65323,10,19733,0),(65324,2,19734,0),(65325,10,19734,0),(66759,2,19745,0),(66760,10,19745,0),(66761,2,19746,0),(66762,10,19746,0),(66765,2,19748,0),(66766,10,19748,0),(66767,2,19749,0),(66768,10,19749,0),(66769,2,19750,0),(66770,10,19750,0),(68178,2,19754,0),(68179,10,19754,0),(68182,2,19756,0),(68183,10,19756,0),(68184,2,19757,0),(68185,10,19757,0),(68186,2,19758,0),(68187,10,19758,0),(68188,2,19759,0),(68189,10,19759,0),(68190,2,19760,0),(68191,10,19760,0),(68192,2,19761,0),(68193,10,19761,0),(68194,2,19762,0),(68195,10,19762,0),(68196,2,19763,0),(68197,10,19763,0),(68198,2,19764,0),(68199,10,19764,0),(68200,2,19765,0),(68201,10,19765,0),(68202,2,19766,0),(68203,10,19766,0),(68204,2,19767,0),(68205,10,19767,0),(68206,2,19768,0),(68207,10,19768,0),(68208,2,19769,0),(68209,10,19769,0),(68210,2,19770,0),(68211,10,19770,0),(68212,2,19771,0),(68213,10,19771,0),(68214,2,19772,0),(68215,10,19772,0),(68222,2,19776,0),(68223,10,19776,0),(68228,2,19779,0),(68229,10,19779,0),(68230,2,19780,0),(68231,10,19780,0),(68232,2,19781,0),(68233,10,19781,0),(68234,2,19782,0),(68235,10,19782,0),(68236,2,19783,0),(68237,10,19783,0),(68238,2,19784,0),(68239,10,19784,0),(68240,2,19785,0),(68241,10,19785,0),(68242,2,19786,0),(68243,10,19786,0),(68244,2,19787,0),(68245,10,19787,0),(68246,2,19788,0),(68247,10,19788,0),(68248,2,19789,0),(68249,10,19789,0),(68250,2,19790,0),(68251,10,19790,0),(68252,2,19791,0),(68253,10,19791,0),(68254,2,19792,0),(68255,10,19792,0),(68256,2,19793,0),(68257,10,19793,0),(68258,2,19794,0),(68259,10,19794,0),(68260,2,19795,0),(68261,10,19795,0),(68264,2,19797,0),(68265,10,19797,0),(68266,2,19798,0),(68267,10,19798,0),(68268,2,19799,0),(68269,10,19799,0),(68272,2,19801,0),(68273,10,19801,0),(68274,2,19802,0),(68275,10,19802,0),(68276,2,19803,0),(68277,10,19803,0),(68280,2,19805,0),(68281,10,19805,0),(68282,2,19806,0),(68283,10,19806,0),(68284,2,19807,0),(68285,10,19807,0),(68286,2,19808,0),(68287,10,19808,0),(68288,2,19809,0),(68289,10,19809,0),(68290,2,19810,0),(68291,10,19810,0),(68292,2,19811,0),(68293,10,19811,0),(68294,2,19812,0),(68295,10,19812,0),(68296,2,19813,0),(68297,10,19813,0),(68298,2,19814,0),(68299,10,19814,0),(68300,2,19815,0),(68301,10,19815,0),(68302,2,19816,0),(68303,10,19816,0),(68304,2,19817,0),(68305,10,19817,0),(68306,2,19818,0),(68307,10,19818,0),(68308,2,19819,0),(68309,10,19819,0),(68310,2,19820,0),(68311,10,19820,0),(68312,2,19821,0),(68313,10,19821,0),(68314,2,19822,0),(68315,10,19822,0),(68316,2,19823,0),(68317,10,19823,0),(68318,2,19824,0),(68319,10,19824,0),(68320,2,19825,0),(68321,10,19825,0),(68322,2,19826,0),(68323,10,19826,0),(68324,2,19827,0),(68325,10,19827,0),(68326,2,19828,0),(68327,10,19828,0),(68328,2,19829,0),(68329,10,19829,0),(68330,2,19830,0),(68331,10,19830,0),(68332,2,19831,0),(68333,10,19831,0),(68334,2,19832,0),(68335,10,19832,0),(68336,2,19833,0),(68337,10,19833,0),(68338,2,19834,0),(68339,10,19834,0),(68342,2,19836,0),(68343,10,19836,0),(68344,2,19837,0),(68345,10,19837,0),(68346,2,19838,0),(68347,10,19838,0),(68348,2,19839,0),(68349,10,19839,0),(68350,2,19840,0),(68351,10,19840,0),(68352,2,19841,0),(68353,10,19841,0),(68354,2,19842,0),(68355,10,19842,0),(68356,2,19843,0),(68357,10,19843,0),(68358,2,19844,0),(68359,10,19844,0),(68360,2,19845,0),(68361,10,19845,0),(68362,2,19846,0),(68363,10,19846,0),(68364,2,19847,0),(68365,10,19847,0),(68366,2,19848,0),(68367,10,19848,0),(68368,2,19849,0),(68369,10,19849,0),(68370,2,19850,0),(68371,10,19850,0),(68372,2,19851,0),(68373,10,19851,0),(68374,2,19852,0),(68375,10,19852,0),(68376,2,19853,0),(68377,10,19853,0),(68378,2,19854,0),(68379,10,19854,0),(68380,2,19855,0),(68381,10,19855,0),(68382,2,19856,0),(68383,10,19856,0),(68384,2,19857,0),(68385,10,19857,0),(68386,2,19858,0),(68387,10,19858,0),(68388,2,19859,0),(68389,10,19859,0),(68390,2,19860,0),(68391,10,19860,0),(68392,2,19861,0),(68393,10,19861,0),(68394,2,19862,0),(68395,10,19862,0),(68396,2,19863,0),(68397,10,19863,0),(68398,2,19864,0),(68399,10,19864,0),(68400,2,19865,0),(68401,10,19865,0),(68402,2,19866,0),(68403,10,19866,0),(68404,2,19867,0),(68405,10,19867,0),(68406,2,19868,0),(68407,10,19868,0),(68408,2,19869,0),(68409,10,19869,0),(68410,2,19870,0),(68411,10,19870,0),(68412,2,19871,0),(68413,10,19871,0),(68414,2,19872,0),(68415,10,19872,0),(68416,2,19873,0),(68417,10,19873,0),(68418,2,19874,0),(68419,10,19874,0),(68420,2,19875,0),(68421,10,19875,0),(68422,2,19876,0),(68423,10,19876,0),(68424,2,19877,0),(68425,10,19877,0),(68426,2,19878,0),(68427,10,19878,0),(68428,2,19879,0),(68429,10,19879,0),(68430,2,19880,0),(68431,10,19880,0),(68432,2,19881,0),(68433,10,19881,0),(68434,2,19882,0),(68435,10,19882,0),(68436,2,19883,0),(68437,10,19883,0),(68438,2,19884,0),(68439,10,19884,0),(68440,2,19885,0),(68441,10,19885,0),(68442,2,19886,0),(68443,10,19886,0),(68444,2,19887,0),(68445,10,19887,0),(68446,2,19888,0),(68447,10,19888,0),(68448,2,19889,0),(68449,10,19889,0),(68450,2,19890,0),(68451,10,19890,0),(68452,2,19891,0),(68453,10,19891,0),(68454,2,19892,0),(68455,10,19892,0),(68456,2,19893,0),(68457,10,19893,0),(68458,2,19894,0),(68459,10,19894,0),(68460,2,19895,0),(68461,10,19895,0),(68462,2,19896,0),(68463,10,19896,0),(68464,2,19897,0),(68465,10,19897,0),(68466,2,19898,0),(68467,10,19898,0),(68468,2,19899,0),(68469,10,19899,0),(68470,2,19900,0),(68471,10,19900,0),(68472,2,19901,0),(68473,10,19901,0),(68474,2,19902,0),(68475,10,19902,0),(68476,2,19903,0),(68477,10,19903,0),(68478,2,19904,0),(68479,10,19904,0),(68480,2,19905,0),(68481,10,19905,0),(68482,2,19906,0),(68483,10,19906,0),(68484,2,19907,0),(68485,10,19907,0),(68486,2,19908,0),(68487,10,19908,0),(68488,2,19909,0),(68489,10,19909,0),(68490,2,19910,0),(68491,10,19910,0),(68492,2,19911,0),(68493,10,19911,0),(68494,2,19912,0),(68495,10,19912,0),(68496,2,19913,0),(68497,10,19913,0),(68498,2,19914,0),(68499,10,19914,0),(68500,2,19915,0),(68501,10,19915,0),(68502,2,19916,0),(68503,10,19916,0),(68504,2,19917,0),(68505,10,19917,0),(68506,2,19918,0),(68507,10,19918,0),(68508,2,19919,0),(68509,10,19919,0),(68510,2,19920,0),(68511,10,19920,0),(68512,2,19921,0),(68513,10,19921,0),(68514,2,19922,0),(68515,10,19922,0),(68516,2,19923,0),(68517,10,19923,0),(68518,2,19924,0),(68519,10,19924,0),(68520,2,19925,0),(68521,10,19925,0),(68522,2,19926,0),(68523,10,19926,0),(68524,2,19927,0),(68525,10,19927,0),(68526,2,19928,0),(68527,10,19928,0),(68528,2,19929,0),(68529,10,19929,0),(68530,2,19930,0),(68531,10,19930,0),(68532,2,19931,0),(68533,10,19931,0),(68534,2,19932,0),(68535,10,19932,0),(68536,2,19933,0),(68537,10,19933,0),(68538,2,19934,0),(68539,10,19934,0),(68540,2,19935,0),(68541,10,19935,0),(68542,2,19936,0),(68543,10,19936,0),(68544,2,19937,0),(68545,10,19937,0),(68546,2,19938,0),(68547,10,19938,0),(68548,2,19939,0),(68549,10,19939,0),(68550,2,19940,0),(68551,10,19940,0),(68554,2,19941,0),(68555,10,19941,0),(68556,2,19942,0),(68557,10,19942,0),(68558,2,19943,0),(68559,10,19943,0),(68560,2,19944,0),(68561,10,19944,0),(68562,2,19945,0),(68563,10,19945,0),(68564,2,19946,0),(68565,10,19946,0),(68566,2,19947,0),(68567,10,19947,0),(68568,2,19948,0),(68569,10,19948,0),(68570,2,19949,0),(68571,10,19949,0),(68572,2,19950,0),(68573,10,19950,0),(68574,2,19951,0),(68575,10,19951,0),(68576,2,19952,0),(68577,10,19952,0),(68578,2,19953,0),(68579,10,19953,0),(68580,2,19954,0),(68581,10,19954,0),(68582,2,19955,0),(68583,10,19955,0),(68584,2,19956,0),(68585,10,19956,0),(68586,2,19957,0),(68587,10,19957,0),(68588,2,19958,0),(68589,10,19958,0),(68590,2,19959,0),(68591,10,19959,0),(68592,2,19960,0),(68593,10,19960,0),(68594,2,19961,0),(68595,10,19961,0),(68596,2,19962,0),(68597,10,19962,0),(68598,2,19963,0),(68599,10,19963,0),(68600,2,19964,0),(68601,10,19964,0),(68602,2,19965,0),(68603,10,19965,0),(68604,2,19966,0),(68605,10,19966,0),(68606,2,19967,0),(68607,10,19967,0),(68608,2,19968,0),(68609,10,19968,0),(68610,2,19969,0),(68611,10,19969,0),(68612,2,19970,0),(68613,10,19970,0),(68614,2,19971,0),(68615,10,19971,0),(68616,2,19972,0),(68617,10,19972,0),(68618,2,19973,0),(68619,10,19973,0),(68620,2,19974,0),(68621,10,19974,0),(68622,2,19975,0),(68623,10,19975,0),(68624,2,19976,0),(68625,10,19976,0),(68626,2,19977,0),(68627,10,19977,0),(68628,2,19978,0),(68629,10,19978,0),(68630,2,19979,0),(68631,10,19979,0),(68632,2,19980,0),(68633,10,19980,0),(68634,2,19981,0),(68635,10,19981,0),(68636,2,19982,0),(68637,10,19982,0),(68638,2,19983,0),(68639,10,19983,0),(68640,2,19984,0),(68641,10,19984,0),(68642,2,19985,0),(68643,10,19985,0),(68644,2,19986,0),(68645,10,19986,0),(68646,2,19987,0),(68647,10,19987,0),(68648,2,19988,0),(68649,10,19988,0),(68650,2,19989,0),(68651,10,19989,0),(68652,2,19990,0),(68653,10,19990,0),(68654,2,19991,0),(68655,10,19991,0),(68656,2,19992,0),(68657,10,19992,0),(68658,2,19993,0),(68659,10,19993,0),(68660,2,19994,0),(68661,10,19994,0),(68662,2,19995,0),(68663,10,19995,0),(68664,2,19996,0),(68665,10,19996,0),(68666,2,19997,0),(68667,10,19997,0),(68668,2,19998,0),(68669,10,19998,0),(68670,2,19999,0),(68671,10,19999,0),(68672,2,20000,0),(68673,10,20000,0),(68674,2,20001,0),(68675,10,20001,0),(68676,2,20002,0),(68677,10,20002,0),(68678,2,20003,0),(68679,10,20003,0),(68680,2,20004,0),(68681,10,20004,0),(68682,2,20005,0),(68683,10,20005,0),(68684,2,20006,0),(68685,10,20006,0),(68686,2,20007,0),(68687,10,20007,0),(68688,2,20008,0),(68689,10,20008,0),(68690,2,20009,0),(68691,10,20009,0),(68692,2,20010,0),(68693,10,20010,0),(68694,2,20011,0),(68695,10,20011,0),(68696,2,20012,0),(68697,10,20012,0),(68698,2,20013,0),(68699,10,20013,0),(68700,2,20014,0),(68701,10,20014,0),(68702,2,20015,0),(68703,10,20015,0),(68704,2,20016,0),(68705,10,20016,0),(68706,2,20017,0),(68707,10,20017,0),(68708,2,20018,0),(68709,10,20018,0),(68710,2,20019,0),(68711,10,20019,0),(68712,2,20020,0),(68713,10,20020,0),(68714,2,20021,0),(68715,10,20021,0),(68716,2,20022,0),(68717,10,20022,0),(68718,2,20023,0),(68719,10,20023,0),(68720,2,20024,0),(68721,10,20024,0),(68722,2,20025,0),(68723,10,20025,0),(68724,2,20026,0),(68725,10,20026,0),(68726,2,20027,0),(68727,10,20027,0),(68728,2,20028,0),(68729,10,20028,0),(68730,2,20029,0),(68731,10,20029,0),(68732,2,20030,0),(68733,10,20030,0),(68734,2,20031,0),(68735,10,20031,0),(68736,2,20032,0),(68737,10,20032,0),(68738,2,20033,0),(68739,10,20033,0),(68740,2,20034,0),(68741,10,20034,0),(68742,2,20035,0),(68743,10,20035,0),(68744,2,20036,0),(68745,10,20036,0),(68754,2,20037,0),(68755,10,20037,0),(68756,2,20038,0),(68757,10,20038,0),(68758,2,20039,0),(68759,10,20039,0),(68760,2,20040,0),(68761,10,20040,0),(68762,2,20041,0),(68763,10,20041,0),(68764,2,20042,0),(68765,10,20042,0),(68766,2,20043,0),(68767,10,20043,0),(68768,2,20044,0),(68769,10,20044,0),(68770,2,20045,0),(68771,10,20045,0),(68772,2,20046,0),(68773,10,20046,0),(68774,2,20047,0),(68775,10,20047,0),(68776,2,20048,0),(68777,10,20048,0),(68778,2,20049,0),(68779,10,20049,0),(68780,2,20050,0),(68781,10,20050,0),(68782,2,20051,0),(68783,10,20051,0),(68784,2,20052,0),(68785,10,20052,0),(68786,2,20053,0),(68787,10,20053,0),(68788,2,20054,0),(68789,10,20054,0),(68790,2,20055,0),(68791,10,20055,0),(68792,2,20056,0),(68793,10,20056,0),(68794,2,20057,0),(68795,10,20057,0),(68796,2,20058,0),(68797,10,20058,0),(68798,2,20059,0),(68799,10,20059,0),(68800,2,20060,0),(68801,10,20060,0),(68802,2,20061,0),(68803,10,20061,0),(68804,2,20062,0),(68805,10,20062,0),(68806,2,20063,0),(68807,10,20063,0),(68808,2,20064,0),(68809,10,20064,0),(68810,2,20065,0),(68811,10,20065,0),(68812,2,20066,0),(68813,10,20066,0),(68814,2,20067,0),(68815,10,20067,0),(68816,2,20068,0),(68817,10,20068,0),(68818,2,20069,0),(68819,10,20069,0),(68820,2,20070,0),(68821,10,20070,0),(68822,2,20071,0),(68823,10,20071,0),(68824,2,20072,0),(68825,10,20072,0),(68826,2,20073,0),(68827,10,20073,0),(68828,2,20074,0),(68829,10,20074,0),(68830,2,20075,0),(68831,10,20075,0),(68832,2,20076,0),(68833,10,20076,0),(68834,2,20077,0),(68835,10,20077,0),(68836,2,20078,0),(68837,10,20078,0),(68838,2,20079,0),(68839,10,20079,0),(68840,2,20080,0),(68841,10,20080,0),(68842,2,20081,0),(68843,10,20081,0),(68844,2,20082,0),(68845,10,20082,0),(68846,2,20083,0),(68847,10,20083,0),(68848,2,20084,0),(68849,10,20084,0),(68850,2,20085,0),(68851,10,20085,0),(68852,2,20086,0),(68853,10,20086,0),(68854,2,20087,0),(68855,10,20087,0),(68856,2,20088,0),(68857,10,20088,0),(68858,2,20089,0),(68859,10,20089,0),(68860,2,20090,0),(68861,10,20090,0),(68862,2,20091,0),(68863,10,20091,0),(68864,2,20092,0),(68865,10,20092,0),(68866,2,20093,0),(68867,10,20093,0),(68868,2,20094,0),(68869,10,20094,0),(68870,2,20095,0),(68871,10,20095,0),(68872,2,20096,0),(68873,10,20096,0),(68874,2,20097,0),(68875,10,20097,0),(68876,2,20098,0),(68877,10,20098,0),(68878,2,20099,0),(68879,10,20099,0),(68880,2,20100,0),(68881,10,20100,0),(68882,2,20101,0),(68883,10,20101,0),(68884,2,20102,0),(68885,10,20102,0),(68886,2,20103,0),(68887,10,20103,0),(68888,2,20104,0),(68889,10,20104,0),(68890,2,20105,0),(68891,10,20105,0),(68892,2,20106,0),(68893,10,20106,0),(68894,2,20107,0),(68895,10,20107,0),(68896,2,20108,0),(68897,10,20108,0),(68898,2,20109,0),(68899,10,20109,0),(68900,2,20110,0),(68901,10,20110,0),(68902,2,20111,0),(68903,10,20111,0),(68904,2,20112,0),(68905,10,20112,0),(68906,2,20113,0),(68907,10,20113,0),(68908,2,20114,0),(68909,10,20114,0),(68910,2,20115,0),(68911,10,20115,0),(68912,2,20116,0),(68913,10,20116,0),(68914,2,20117,0),(68915,10,20117,0),(68916,2,20118,0),(68917,10,20118,0),(68918,2,20119,0),(68919,10,20119,0),(68920,2,20120,0),(68921,10,20120,0),(68922,2,20121,0),(68923,10,20121,0),(68924,2,20122,0),(68925,10,20122,0),(68926,2,20123,0),(68927,10,20123,0),(68928,2,20124,0),(68929,10,20124,0),(68930,2,20125,0),(68931,10,20125,0),(68932,2,20126,0),(68933,10,20126,0),(68934,2,20127,0),(68935,10,20127,0),(68936,2,20128,0),(68937,10,20128,0),(68954,2,20129,0),(68955,10,20129,0),(68956,2,20130,0),(68957,10,20130,0),(68958,2,20131,0),(68959,10,20131,0),(68960,2,20132,0),(68961,10,20132,0),(68962,2,20133,0),(68963,10,20133,0),(68964,2,20134,0),(68965,10,20134,0),(68966,2,20135,0),(68967,10,20135,0),(68968,2,20136,0),(68969,10,20136,0),(68970,2,20137,0),(68971,10,20137,0),(68972,2,20138,0),(68973,10,20138,0),(68974,2,20139,0),(68975,10,20139,0),(68976,2,20140,0),(68977,10,20140,0),(68978,2,20141,0),(68979,10,20141,0),(68980,2,20142,0),(68981,10,20142,0),(68982,2,20143,0),(68983,10,20143,0),(68984,2,20144,0),(68985,10,20144,0),(68986,2,20145,0),(68987,10,20145,0),(68988,2,20146,0),(68989,10,20146,0),(68990,2,20147,0),(68991,10,20147,0),(68992,2,20148,0),(68993,10,20148,0),(68994,2,20149,0),(68995,10,20149,0),(68996,2,20150,0),(68997,10,20150,0),(68998,2,20151,0),(68999,10,20151,0),(69000,2,20152,0),(69001,10,20152,0),(69002,2,20153,0),(69003,10,20153,0),(69004,2,20154,0),(69005,10,20154,0),(69006,2,20155,0),(69007,10,20155,0),(69008,2,20156,0),(69009,10,20156,0),(69010,2,20157,0),(69011,10,20157,0),(69012,2,20158,0),(69013,10,20158,0),(69014,2,20159,0),(69015,10,20159,0),(69016,2,20160,0),(69017,10,20160,0),(69018,2,20161,0),(69019,10,20161,0),(69020,2,20162,0),(69021,10,20162,0),(69022,2,20163,0),(69023,10,20163,0),(69024,2,20164,0),(69025,10,20164,0),(69026,2,20165,0),(69027,10,20165,0),(69028,2,20166,0),(69029,10,20166,0),(69030,2,20167,0),(69031,10,20167,0),(69032,2,20168,0),(69033,10,20168,0),(69034,2,20169,0),(69035,10,20169,0),(69036,2,20170,0),(69037,10,20170,0),(69038,2,20171,0),(69039,10,20171,0),(69040,2,20172,0),(69041,10,20172,0),(69042,2,20173,0),(69043,10,20173,0),(69044,2,20174,0),(69045,10,20174,0),(69046,2,20175,0),(69047,10,20175,0),(69048,2,20176,0),(69049,10,20176,0),(69050,2,20177,0),(69051,10,20177,0),(69052,2,20178,0),(69053,10,20178,0),(69054,2,20179,0),(69055,10,20179,0),(69056,2,20180,0),(69057,10,20180,0),(69058,2,20181,0),(69059,10,20181,0),(69060,2,20182,0),(69061,10,20182,0),(69062,2,20183,0),(69063,10,20183,0),(69064,2,20184,0),(69065,10,20184,0),(69066,2,20185,0),(69067,10,20185,0),(69068,2,20186,0),(69069,10,20186,0),(69070,2,20187,0),(69071,10,20187,0),(69072,2,20188,0),(69073,10,20188,0),(69074,2,20189,0),(69075,10,20189,0),(69076,2,20190,0),(69077,10,20190,0),(69078,2,20191,0),(69079,10,20191,0),(69080,2,20192,0),(69081,10,20192,0),(69082,2,20193,0),(69083,10,20193,0),(69084,2,20194,0),(69085,10,20194,0),(69086,2,20195,0),(69087,10,20195,0),(69088,2,20196,0),(69089,10,20196,0),(69090,2,20197,0),(69091,10,20197,0),(69092,2,20198,0),(69093,10,20198,0),(69094,2,20199,0),(69095,10,20199,0),(69096,2,20200,0),(69097,10,20200,0),(69098,2,20201,0),(69099,10,20201,0),(69100,2,20202,0),(69101,10,20202,0),(69102,2,20203,0),(69103,10,20203,0),(69104,2,20204,0),(69105,10,20204,0),(69106,2,20205,0),(69107,10,20205,0),(69108,2,20206,0),(69109,10,20206,0),(69110,2,20207,0),(69111,10,20207,0),(69112,2,20208,0),(69113,10,20208,0),(69114,2,20209,0),(69115,10,20209,0),(69116,2,20210,0),(69117,10,20210,0),(69118,2,20211,0),(69119,10,20211,0),(69120,2,20212,0),(69121,10,20212,0),(69122,2,20213,0),(69123,10,20213,0),(69124,2,20214,0),(69125,10,20214,0),(69126,2,20215,0),(69127,10,20215,0),(69154,2,20216,0),(69155,10,20216,0),(69156,2,20217,0),(69157,10,20217,0),(69158,2,20218,0),(69159,10,20218,0),(69160,2,20219,0),(69161,10,20219,0),(69162,2,20220,0),(69163,10,20220,0),(69164,2,20221,0),(69165,10,20221,0),(69166,2,20222,0),(69167,10,20222,0),(69168,2,20223,0),(69169,10,20223,0),(69170,2,20224,0),(69171,10,20224,0),(69172,2,20225,0),(69173,10,20225,0),(69174,2,20226,0),(69175,10,20226,0),(69176,2,20227,0),(69177,10,20227,0),(69178,2,20228,0),(69179,10,20228,0),(69180,2,20229,0),(69181,10,20229,0),(69182,2,20230,0),(69183,10,20230,0),(69184,2,20231,0),(69185,10,20231,0),(69186,2,20232,0),(69187,10,20232,0),(69188,2,20233,0),(69189,10,20233,0),(69190,2,20234,0),(69191,10,20234,0),(69192,2,20235,0),(69193,10,20235,0),(69194,2,20236,0),(69195,10,20236,0),(69196,2,20237,0),(69197,10,20237,0),(69198,2,20238,0),(69199,10,20238,0),(69200,2,20239,0),(69201,10,20239,0),(69202,2,20240,0),(69203,10,20240,0),(69204,2,20241,0),(69205,10,20241,0),(69206,2,20242,0),(69207,10,20242,0),(69208,2,20243,0),(69209,10,20243,0),(69210,2,20244,0),(69211,10,20244,0),(69212,2,20245,0),(69213,10,20245,0),(69214,2,20246,0),(69215,10,20246,0),(69216,2,20247,0),(69217,10,20247,0),(69218,2,20248,0),(69219,10,20248,0),(69220,2,20249,0),(69221,10,20249,0),(69222,2,20250,0),(69223,10,20250,0),(69224,2,20251,0),(69225,10,20251,0),(69226,2,20252,0),(69227,10,20252,0),(69228,2,20253,0),(69229,10,20253,0),(69230,2,20254,0),(69231,10,20254,0),(69232,2,20255,0),(69233,10,20255,0),(69234,2,20256,0),(69235,10,20256,0),(69236,2,20257,0),(69237,10,20257,0),(69238,2,20258,0),(69239,10,20258,0),(69240,2,20259,0),(69241,10,20259,0),(69242,2,20260,0),(69243,10,20260,0),(69244,2,20261,0),(69245,10,20261,0),(69246,2,20262,0),(69247,10,20262,0),(69248,2,20263,0),(69249,10,20263,0),(69250,2,20264,0),(69251,10,20264,0),(69252,2,20265,0),(69253,10,20265,0),(69254,2,20266,0),(69255,10,20266,0),(69256,2,20267,0),(69257,10,20267,0),(69258,2,20268,0),(69259,10,20268,0),(69260,2,20269,0),(69261,10,20269,0),(69262,2,20270,0),(69263,10,20270,0),(69264,2,20271,0),(69265,10,20271,0),(69266,2,20272,0),(69267,10,20272,0),(69268,2,20273,0),(69269,10,20273,0),(69270,2,20274,0),(69271,10,20274,0),(69272,2,20275,0),(69273,10,20275,0),(69274,2,20276,0),(69275,10,20276,0),(69276,2,20277,0),(69277,10,20277,0),(69278,2,20278,0),(69279,10,20278,0),(69280,2,20279,0),(69281,10,20279,0),(69282,2,20280,0),(69283,10,20280,0),(69284,2,20281,0),(69285,10,20281,0),(69286,2,20282,0),(69287,10,20282,0),(69288,2,20283,0),(69289,10,20283,0),(69290,2,20284,0),(69291,10,20284,0),(69292,2,20285,0),(69293,10,20285,0),(69294,2,20286,0),(69295,10,20286,0),(69296,2,20287,0),(69297,10,20287,0),(69298,2,20288,0),(69299,10,20288,0),(69300,2,20289,0),(69301,10,20289,0),(69302,2,20290,0),(69303,10,20290,0),(69304,2,20291,0),(69305,10,20291,0),(69306,2,20292,0),(69307,10,20292,0),(69308,2,20293,0),(69309,10,20293,0),(69310,2,20294,0),(69311,10,20294,0),(69312,2,20295,0),(69313,10,20295,0),(69314,2,20296,0),(69315,10,20296,0),(69316,2,20297,0),(69317,10,20297,0),(69318,2,20298,0),(69319,10,20298,0),(69320,2,20299,0),(69321,10,20299,0),(69322,2,20300,0),(69323,10,20300,0),(69324,2,20301,0),(69325,10,20301,0),(69326,2,20302,0),(69327,10,20302,0),(69328,2,20303,0),(69329,10,20303,0),(69330,2,20304,0),(69331,10,20304,0),(69332,2,20305,0),(69333,10,20305,0),(69334,2,20306,0),(69335,10,20306,0),(69336,2,20307,0),(69337,10,20307,0),(69354,2,20308,0),(69355,10,20308,0),(69356,2,20309,0),(69357,10,20309,0),(69358,2,20310,0),(69359,10,20310,0),(69360,2,20311,0),(69361,10,20311,0),(69362,2,20312,0),(69363,10,20312,0),(69364,2,20313,0),(69365,10,20313,0),(69366,2,20314,0),(69367,10,20314,0),(69368,2,20315,0),(69369,10,20315,0),(69370,2,20316,0),(69371,10,20316,0),(69372,2,20317,0),(69373,10,20317,0),(69374,2,20318,0),(69375,10,20318,0),(69376,2,20319,0),(69377,10,20319,0),(69378,2,20320,0),(69379,10,20320,0),(69380,2,20321,0),(69381,10,20321,0),(69382,2,20322,0),(69383,10,20322,0),(69384,2,20323,0),(69385,10,20323,0),(69386,2,20324,0),(69387,10,20324,0),(69388,2,20325,0),(69389,10,20325,0),(69390,2,20326,0),(69391,10,20326,0),(69392,2,20327,0),(69393,10,20327,0),(69394,2,20328,0),(69395,10,20328,0),(69396,2,20329,0),(69397,10,20329,0),(69398,2,20330,0),(69399,10,20330,0),(69400,2,20331,0),(69401,10,20331,0),(69402,2,20332,0),(69403,10,20332,0),(69404,2,20333,0),(69405,10,20333,0),(69406,2,20334,0),(69407,10,20334,0),(69408,2,20335,0),(69409,10,20335,0),(69410,2,20336,0),(69411,10,20336,0),(69412,2,20337,0),(69413,10,20337,0),(69414,2,20338,0),(69415,10,20338,0),(69416,2,20339,0),(69417,10,20339,0),(69418,2,20340,0),(69419,10,20340,0),(69420,2,20341,0),(69421,10,20341,0),(69422,2,20342,0),(69423,10,20342,0),(69424,2,20343,0),(69425,10,20343,0),(69426,2,20344,0),(69427,10,20344,0),(69428,2,20345,0),(69429,10,20345,0),(69430,2,20346,0),(69431,10,20346,0),(69432,2,20347,0),(69433,10,20347,0),(69434,2,20348,0),(69435,10,20348,0),(69436,2,20349,0),(69437,10,20349,0),(69438,2,20350,0),(69439,10,20350,0),(69440,2,20351,0),(69441,10,20351,0),(69442,2,20352,0),(69443,10,20352,0),(69444,2,20353,0),(69445,10,20353,0),(69446,2,20354,0),(69447,10,20354,0),(69448,2,20355,0),(69449,10,20355,0),(69450,2,20356,0),(69451,10,20356,0),(69452,2,20357,0),(69453,10,20357,0),(69454,2,20358,0),(69455,10,20358,0),(69456,2,20359,0),(69457,10,20359,0),(69458,2,20360,0),(69459,10,20360,0),(69460,2,20361,0),(69461,10,20361,0),(69462,2,20362,0),(69463,10,20362,0),(69464,2,20363,0),(69465,10,20363,0),(69466,2,20364,0),(69467,10,20364,0),(69468,2,20365,0),(69469,10,20365,0),(69470,2,20366,0),(69471,10,20366,0),(69472,2,20367,0),(69473,10,20367,0),(69474,2,20368,0),(69475,10,20368,0),(69476,2,20369,0),(69477,10,20369,0),(69478,2,20370,0),(69479,10,20370,0),(69480,2,20371,0),(69481,10,20371,0),(69482,2,20372,0),(69483,10,20372,0),(69484,2,20373,0),(69485,10,20373,0),(69486,2,20374,0),(69487,10,20374,0),(69488,2,20375,0),(69489,10,20375,0),(69490,2,20376,0),(69491,10,20376,0),(69492,2,20377,0),(69493,10,20377,0),(69494,2,20378,0),(69495,10,20378,0),(69496,2,20379,0),(69497,10,20379,0),(69498,2,20380,0),(69499,10,20380,0),(69500,2,20381,0),(69501,10,20381,0),(69502,2,20382,0),(69503,10,20382,0),(69504,2,20383,0),(69505,10,20383,0),(69506,2,20384,0),(69507,10,20384,0),(69508,2,20385,0),(69509,10,20385,0),(69510,2,20386,0),(69511,10,20386,0),(69512,2,20387,0),(69513,10,20387,0),(69514,2,20388,0),(69515,10,20388,0),(69516,2,20389,0),(69517,10,20389,0),(69518,2,20390,0),(69519,10,20390,0),(69520,2,20391,0),(69521,10,20391,0),(69522,2,20392,0),(69523,10,20392,0),(69524,2,20393,0),(69525,10,20393,0),(69526,2,20394,0),(69527,10,20394,0),(69528,2,20395,0),(69529,10,20395,0),(69530,2,20396,0),(69531,10,20396,0),(69532,2,20397,0),(69533,10,20397,0),(69534,2,20398,0),(69535,10,20398,0),(69536,2,20399,0),(69537,10,20399,0),(69538,2,20400,0),(69539,10,20400,0),(69540,2,20401,0),(69541,10,20401,0),(69542,2,20402,0),(69543,10,20402,0),(69554,2,20403,0),(69555,10,20403,0),(69556,2,20404,0),(69557,10,20404,0),(69558,2,20405,0),(69559,10,20405,0),(69560,2,20406,0),(69561,10,20406,0),(69562,2,20407,0),(69563,10,20407,0),(69564,2,20408,0),(69565,10,20408,0),(69566,2,20409,0),(69567,10,20409,0),(69568,2,20410,0),(69569,10,20410,0),(69570,2,20411,0),(69571,10,20411,0),(69572,2,20412,0),(69573,10,20412,0),(69574,2,20413,0),(69575,10,20413,0),(69576,2,20414,0),(69577,10,20414,0),(69578,2,20415,0),(69579,10,20415,0),(69580,2,20416,0),(69581,10,20416,0),(69582,2,20417,0),(69583,10,20417,0),(69584,2,20418,0),(69585,10,20418,0),(69586,2,20419,0),(69587,10,20419,0),(69588,2,20420,0),(69589,10,20420,0),(69590,2,20421,0),(69591,10,20421,0),(69592,2,20422,0),(69593,10,20422,0),(69594,2,20423,0),(69595,10,20423,0),(69596,2,20424,0),(69597,10,20424,0),(69598,2,20425,0),(69599,10,20425,0),(69600,2,20426,0),(69601,10,20426,0),(69602,2,20427,0),(69603,10,20427,0),(69604,2,20428,0),(69605,10,20428,0),(69606,2,20429,0),(69607,10,20429,0),(69608,2,20430,0),(69609,10,20430,0),(69610,2,20431,0),(69611,10,20431,0),(69612,2,20432,0),(69613,10,20432,0),(69614,2,20433,0),(69615,10,20433,0),(69616,2,20434,0),(69617,10,20434,0),(69618,2,20435,0),(69619,10,20435,0),(69620,2,20436,0),(69621,10,20436,0),(69622,2,20437,0),(69623,10,20437,0),(69624,2,20438,0),(69625,10,20438,0),(69626,2,20439,0),(69627,10,20439,0),(69628,2,20440,0),(69629,10,20440,0),(69630,2,20441,0),(69631,10,20441,0),(69632,2,20442,0),(69633,10,20442,0),(69634,2,20443,0),(69635,10,20443,0),(69636,2,20444,0),(69637,10,20444,0),(69638,2,20445,0),(69639,10,20445,0),(69640,2,20446,0),(69641,10,20446,0),(69642,2,20447,0),(69643,10,20447,0),(69644,2,20448,0),(69645,10,20448,0),(69646,2,20449,0),(69647,10,20449,0),(69648,2,20450,0),(69649,10,20450,0),(69650,2,20451,0),(69651,10,20451,0),(69652,2,20452,0),(69653,10,20452,0),(69654,2,20453,0),(69655,10,20453,0),(69656,2,20454,0),(69657,10,20454,0),(69658,2,20455,0),(69659,10,20455,0),(69660,2,20456,0),(69661,10,20456,0),(69662,2,20457,0),(69663,10,20457,0),(69664,2,20458,0),(69665,10,20458,0),(69666,2,20459,0),(69667,10,20459,0),(69668,2,20460,0),(69669,10,20460,0),(69670,2,20461,0),(69671,10,20461,0),(69672,2,20462,0),(69673,10,20462,0),(69674,2,20463,0),(69675,10,20463,0),(69676,2,20464,0),(69677,10,20464,0),(69678,2,20465,0),(69679,10,20465,0),(69680,2,20466,0),(69681,10,20466,0),(69682,2,20467,0),(69683,10,20467,0),(69684,2,20468,0),(69685,10,20468,0),(69686,2,20469,0),(69687,10,20469,0),(69688,2,20470,0),(69689,10,20470,0),(69690,2,20471,0),(69691,10,20471,0),(69692,2,20472,0),(69693,10,20472,0),(69694,2,20473,0),(69695,10,20473,0),(69696,2,20474,0),(69697,10,20474,0),(69698,2,20475,0),(69699,10,20475,0),(69700,2,20476,0),(69701,10,20476,0),(69702,2,20477,0),(69703,10,20477,0),(69704,2,20478,0),(69705,10,20478,0),(69706,2,20479,0),(69707,10,20479,0),(69708,2,20480,0),(69709,10,20480,0),(69710,2,20481,0),(69711,10,20481,0),(69712,2,20482,0),(69713,10,20482,0),(69714,2,20483,0),(69715,10,20483,0),(69716,2,20484,0),(69717,10,20484,0),(69718,2,20485,0),(69719,10,20485,0),(69720,2,20486,0),(69721,10,20486,0),(69722,2,20487,0),(69723,10,20487,0),(69724,2,20488,0),(69725,10,20488,0),(69726,2,20489,0),(69727,10,20489,0),(69728,2,20490,0),(69729,10,20490,0),(69730,2,20491,0),(69731,10,20491,0),(69732,2,20492,0),(69733,10,20492,0),(69734,2,20493,0),(69735,10,20493,0),(69736,2,20494,0),(69737,10,20494,0),(69738,2,20495,0),(69739,10,20495,0),(69754,2,20496,0),(69755,10,20496,0),(69756,2,20497,0),(69757,10,20497,0),(69758,2,20498,0),(69759,10,20498,0),(69760,2,20499,0),(69761,10,20499,0),(69762,2,20500,0),(69763,10,20500,0),(69764,2,20501,0),(69765,10,20501,0),(69766,2,20502,0),(69767,10,20502,0),(69768,2,20503,0),(69769,10,20503,0),(69770,2,20504,0),(69771,10,20504,0),(69772,2,20505,0),(69773,10,20505,0),(69774,2,20506,0),(69775,10,20506,0),(69776,2,20507,0),(69777,10,20507,0),(69778,2,20508,0),(69779,10,20508,0),(69780,2,20509,0),(69781,10,20509,0),(69782,2,20510,0),(69783,10,20510,0),(69784,2,20511,0),(69785,10,20511,0),(69786,2,20512,0),(69787,10,20512,0),(69788,2,20513,0),(69789,10,20513,0),(69790,2,20514,0),(69791,10,20514,0),(69792,2,20515,0),(69793,10,20515,0),(69794,2,20516,0),(69795,10,20516,0),(69796,2,20517,0),(69797,10,20517,0),(69798,2,20518,0),(69799,10,20518,0),(69800,2,20519,0),(69801,10,20519,0),(69802,2,20520,0),(69803,10,20520,0),(69804,2,20521,0),(69805,10,20521,0),(69806,2,20522,0),(69807,10,20522,0),(69808,2,20523,0),(69809,10,20523,0),(69810,2,20524,0),(69811,10,20524,0),(69812,2,20525,0),(69813,10,20525,0),(69814,2,20526,0),(69815,10,20526,0),(69816,2,20527,0),(69817,10,20527,0),(69818,2,20528,0),(69819,10,20528,0),(69820,2,20529,0),(69821,10,20529,0),(69822,2,20530,0),(69823,10,20530,0),(69824,2,20531,0),(69825,10,20531,0),(69826,2,20532,0),(69827,10,20532,0),(69828,2,20533,0),(69829,10,20533,0),(69830,2,20534,0),(69831,10,20534,0),(69832,2,20535,0),(69833,10,20535,0),(69834,2,20536,0),(69835,10,20536,0),(69836,2,20537,0),(69837,10,20537,0),(69838,2,20538,0),(69839,10,20538,0),(69840,2,20539,0),(69841,10,20539,0),(69842,2,20540,0),(69843,10,20540,0),(69844,2,20541,0),(69845,10,20541,0),(69846,2,20542,0),(69847,10,20542,0),(69848,2,20543,0),(69849,10,20543,0),(69850,2,20544,0),(69851,10,20544,0),(69852,2,20545,0),(69853,10,20545,0),(69854,2,20546,0),(69855,10,20546,0),(69856,2,20547,0),(69857,10,20547,0),(69858,2,20548,0),(69859,10,20548,0),(69860,2,20549,0),(69861,10,20549,0),(69862,2,20550,0),(69863,10,20550,0),(69864,2,20551,0),(69865,10,20551,0),(69866,2,20552,0),(69867,10,20552,0),(69868,2,20553,0),(69869,10,20553,0),(69870,2,20554,0),(69871,10,20554,0),(69872,2,20555,0),(69873,10,20555,0),(69874,2,20556,0),(69875,10,20556,0),(69876,2,20557,0),(69877,10,20557,0),(69878,2,20558,0),(69879,10,20558,0),(69880,2,20559,0),(69881,10,20559,0),(69882,2,20560,0),(69883,10,20560,0),(69884,2,20561,0),(69885,10,20561,0),(69886,2,20562,0),(69887,10,20562,0),(69888,2,20563,0),(69889,10,20563,0),(69890,2,20564,0),(69891,10,20564,0),(69892,2,20565,0),(69893,10,20565,0),(69894,2,20566,0),(69895,10,20566,0),(69896,2,20567,0),(69897,10,20567,0),(69898,2,20568,0),(69899,10,20568,0),(69900,2,20569,0),(69901,10,20569,0),(69902,2,20570,0),(69903,10,20570,0),(69904,2,20571,0),(69905,10,20571,0),(69906,2,20572,0),(69907,10,20572,0),(69908,2,20573,0),(69909,10,20573,0),(69910,2,20574,0),(69911,10,20574,0),(69912,2,20575,0),(69913,10,20575,0),(69914,2,20576,0),(69915,10,20576,0),(69916,2,20577,0),(69917,10,20577,0),(69918,2,20578,0),(69919,10,20578,0),(69954,2,20579,0),(69955,10,20579,0),(69956,2,20580,0),(69957,10,20580,0),(69958,2,20581,0),(69959,10,20581,0),(69960,2,20582,0),(69961,10,20582,0),(69962,2,20583,0),(69963,10,20583,0),(69964,2,20584,0),(69965,10,20584,0),(69966,2,20585,0),(69967,10,20585,0),(69968,2,20586,0),(69969,10,20586,0),(69970,2,20587,0),(69971,10,20587,0),(69972,2,20588,0),(69973,10,20588,0),(69974,2,20589,0),(69975,10,20589,0),(69976,2,20590,0),(69977,10,20590,0),(69978,2,20591,0),(69979,10,20591,0),(69980,2,20592,0),(69981,10,20592,0),(69982,2,20593,0),(69983,10,20593,0),(69984,2,20594,0),(69985,10,20594,0),(69986,2,20595,0),(69987,10,20595,0),(69988,2,20596,0),(69989,10,20596,0),(69990,2,20597,0),(69991,10,20597,0),(69992,2,20598,0),(69993,10,20598,0),(69994,2,20599,0),(69995,10,20599,0),(69996,2,20600,0),(69997,10,20600,0),(69998,2,20601,0),(69999,10,20601,0),(70000,2,20602,0),(70001,10,20602,0),(70002,2,20603,0),(70003,10,20603,0),(70004,2,20604,0),(70005,10,20604,0),(70006,2,20605,0),(70007,10,20605,0),(70008,2,20606,0),(70009,10,20606,0),(70010,2,20607,0),(70011,10,20607,0),(70012,2,20608,0),(70013,10,20608,0),(70014,2,20609,0),(70015,10,20609,0),(70016,2,20610,0),(70017,10,20610,0),(70018,2,20611,0),(70019,10,20611,0),(70020,2,20612,0),(70021,10,20612,0),(70022,2,20613,0),(70023,10,20613,0),(70024,2,20614,0),(70025,10,20614,0),(70026,2,20615,0),(70027,10,20615,0),(70028,2,20616,0),(70029,10,20616,0),(70030,2,20617,0),(70031,10,20617,0),(70032,2,20618,0),(70033,10,20618,0),(70034,2,20619,0),(70035,10,20619,0),(70036,2,20620,0),(70037,10,20620,0),(70038,2,20621,0),(70039,10,20621,0),(70040,2,20622,0),(70041,10,20622,0),(70042,2,20623,0),(70043,10,20623,0),(70044,2,20624,0),(70045,10,20624,0),(70046,2,20625,0),(70047,10,20625,0),(70048,2,20626,0),(70049,10,20626,0),(70050,2,20627,0),(70051,10,20627,0),(70052,2,20628,0),(70053,10,20628,0),(70054,2,20629,0),(70055,10,20629,0),(70056,2,20630,0),(70057,10,20630,0),(70058,2,20631,0),(70059,10,20631,0),(70060,2,20632,0),(70061,10,20632,0),(70062,2,20633,0),(70063,10,20633,0),(70064,2,20634,0),(70065,10,20634,0),(70066,2,20635,0),(70067,10,20635,0),(70068,2,20636,0),(70069,10,20636,0),(70070,2,20637,0),(70071,10,20637,0),(70072,2,20638,0),(70073,10,20638,0),(70074,2,20639,0),(70075,10,20639,0),(70076,2,20640,0),(70077,10,20640,0),(70078,2,20641,0),(70079,10,20641,0),(70080,2,20642,0),(70081,10,20642,0),(70082,2,20643,0),(70083,10,20643,0),(70084,2,20644,0),(70085,10,20644,0),(70086,2,20645,0),(70087,10,20645,0),(70088,2,20646,0),(70089,10,20646,0),(70090,2,20647,0),(70091,10,20647,0),(70092,2,20648,0),(70093,10,20648,0),(70094,2,20649,0),(70095,10,20649,0),(70096,2,20650,0),(70097,10,20650,0),(70098,2,20651,0),(70099,10,20651,0),(70100,2,20652,0),(70101,10,20652,0),(70102,2,20653,0),(70103,10,20653,0),(70104,2,20654,0),(70105,10,20654,0),(70106,2,20655,0),(70107,10,20655,0),(70108,2,20656,0),(70109,10,20656,0),(70110,2,20657,0),(70111,10,20657,0),(70112,2,20658,0),(70113,10,20658,0),(70114,2,20659,0),(70115,10,20659,0),(70116,2,20660,0),(70117,10,20660,0),(70118,2,20661,0),(70119,10,20661,0),(70120,2,20662,0),(70121,10,20662,0),(70122,2,20663,0),(70123,10,20663,0),(70124,2,20664,0),(70125,10,20664,0),(70154,2,20665,0),(70155,10,20665,0),(70156,2,20666,0),(70157,10,20666,0),(70158,2,20667,0),(70159,10,20667,0),(70160,2,20668,0),(70161,10,20668,0),(70162,2,20669,0),(70163,10,20669,0),(70164,2,20670,0),(70165,10,20670,0),(70166,2,20671,0),(70167,10,20671,0),(70168,2,20672,0),(70169,10,20672,0),(70170,2,20673,0),(70171,10,20673,0),(70172,2,20674,0),(70173,10,20674,0),(70174,2,20675,0),(70175,10,20675,0),(70176,2,20676,0),(70177,10,20676,0),(70178,2,20677,0),(70179,10,20677,0),(70180,2,20678,0),(70181,10,20678,0),(70182,2,20679,0),(70183,10,20679,0),(70184,2,20680,0),(70185,10,20680,0),(70186,2,20681,0),(70187,10,20681,0),(70188,2,20682,0),(70189,10,20682,0),(70190,2,20683,0),(70191,10,20683,0),(70192,2,20684,0),(70193,10,20684,0),(70194,2,20685,0),(70195,10,20685,0),(70196,2,20686,0),(70197,10,20686,0),(70198,2,20687,0),(70199,10,20687,0),(70200,2,20688,0),(70201,10,20688,0),(70202,2,20689,0),(70203,10,20689,0),(70204,2,20690,0),(70205,10,20690,0),(70206,2,20691,0),(70207,10,20691,0),(70208,2,20692,0),(70209,10,20692,0),(70210,2,20693,0),(70211,10,20693,0),(70212,2,20694,0),(70213,10,20694,0),(70214,2,20695,0),(70215,10,20695,0),(70216,2,20696,0),(70217,10,20696,0),(70218,2,20697,0),(70219,10,20697,0),(70220,2,20698,0),(70221,10,20698,0),(70222,2,20699,0),(70223,10,20699,0),(70224,2,20700,0),(70225,10,20700,0),(70226,2,20701,0),(70227,10,20701,0),(70228,2,20702,0),(70229,10,20702,0),(70230,2,20703,0),(70231,10,20703,0),(70232,2,20704,0),(70233,10,20704,0),(70234,2,20705,0),(70235,10,20705,0),(70236,2,20706,0),(70237,10,20706,0),(70238,2,20707,0),(70239,10,20707,0),(70240,2,20708,0),(70241,10,20708,0),(70242,2,20709,0),(70243,10,20709,0),(70244,2,20710,0),(70245,10,20710,0),(70246,2,20711,0),(70247,10,20711,0),(70248,2,20712,0),(70249,10,20712,0),(70250,2,20713,0),(70251,10,20713,0),(70252,2,20714,0),(70253,10,20714,0),(70254,2,20715,0),(70255,10,20715,0),(70256,2,20716,0),(70257,10,20716,0),(70258,2,20717,0),(70259,10,20717,0),(70260,2,20718,0),(70261,10,20718,0),(70262,2,20719,0),(70263,10,20719,0),(70264,2,20720,0),(70265,10,20720,0),(70266,2,20721,0),(70267,10,20721,0),(70268,2,20722,0),(70269,10,20722,0),(70270,2,20723,0),(70271,10,20723,0),(70272,2,20724,0),(70273,10,20724,0),(70274,2,20725,0),(70275,10,20725,0),(70276,2,20726,0),(70277,10,20726,0),(70278,2,20727,0),(70279,10,20727,0),(70280,2,20728,0),(70281,10,20728,0),(70282,2,20729,0),(70283,10,20729,0),(70284,2,20730,0),(70285,10,20730,0),(70286,2,20731,0),(70287,10,20731,0),(70288,2,20732,0),(70289,10,20732,0),(70290,2,20733,0),(70291,10,20733,0),(70292,2,20734,0),(70293,10,20734,0),(70294,2,20735,0),(70295,10,20735,0),(70296,2,20736,0),(70297,10,20736,0),(70298,2,20737,0),(70299,10,20737,0),(70300,2,20738,0),(70301,10,20738,0),(70302,2,20739,0),(70303,10,20739,0),(70304,2,20740,0),(70305,10,20740,0),(70306,2,20741,0),(70307,10,20741,0),(70308,2,20742,0),(70309,10,20742,0),(70310,2,20743,0),(70311,10,20743,0),(70354,2,20744,0),(70355,10,20744,0),(70356,2,20745,0),(70357,10,20745,0),(70358,2,20746,0),(70359,10,20746,0),(70360,2,20747,0),(70361,10,20747,0),(70362,2,20748,0),(70363,10,20748,0),(70364,2,20749,0),(70365,10,20749,0),(70366,2,20750,0),(70367,10,20750,0),(70368,2,20751,0),(70369,10,20751,0),(70370,2,20752,0),(70371,10,20752,0),(70372,2,20753,0),(70373,10,20753,0),(70374,2,20754,0),(70375,10,20754,0),(70376,2,20755,0),(70377,10,20755,0),(70378,2,20756,0),(70379,10,20756,0),(70380,2,20757,0),(70381,10,20757,0),(70382,2,20758,0),(70383,10,20758,0),(70384,2,20759,0),(70385,10,20759,0),(70386,2,20760,0),(70387,10,20760,0),(70388,2,20761,0),(70389,10,20761,0),(70390,2,20762,0),(70391,10,20762,0),(70392,2,20763,0),(70393,10,20763,0),(70394,2,20764,0),(70395,10,20764,0),(70396,2,20765,0),(70397,10,20765,0),(70398,2,20766,0),(70399,10,20766,0),(70400,2,20767,0),(70401,10,20767,0),(70402,2,20768,0),(70403,10,20768,0),(70404,2,20769,0),(70405,10,20769,0),(70406,2,20770,0),(70407,10,20770,0),(70408,2,20771,0),(70409,10,20771,0),(70410,2,20772,0),(70411,10,20772,0),(70412,2,20773,0),(70413,10,20773,0),(70414,2,20774,0),(70415,10,20774,0),(70416,2,20775,0),(70417,10,20775,0),(70418,2,20776,0),(70419,10,20776,0),(70420,2,20777,0),(70421,10,20777,0),(70422,2,20778,0),(70423,10,20778,0),(70424,2,20779,0),(70425,10,20779,0),(70426,2,20780,0),(70427,10,20780,0),(70428,2,20781,0),(70429,10,20781,0),(70430,2,20782,0),(70431,10,20782,0),(70432,2,20783,0),(70433,10,20783,0),(70434,2,20784,0),(70435,10,20784,0),(70436,2,20785,0),(70437,10,20785,0),(70438,2,20786,0),(70439,10,20786,0),(70440,2,20787,0),(70441,10,20787,0),(70442,2,20788,0),(70443,10,20788,0),(70444,2,20789,0),(70445,10,20789,0),(70446,2,20790,0),(70447,10,20790,0),(70448,2,20791,0),(70449,10,20791,0),(70450,2,20792,0),(70451,10,20792,0),(70452,2,20793,0),(70453,10,20793,0),(70454,2,20794,0),(70455,10,20794,0),(70456,2,20795,0),(70457,10,20795,0),(70458,2,20796,0),(70459,10,20796,0),(70460,2,20797,0),(70461,10,20797,0),(70462,2,20798,0),(70463,10,20798,0),(70464,2,20799,0),(70465,10,20799,0),(70466,2,20800,0),(70467,10,20800,0),(70468,2,20801,0),(70469,10,20801,0),(70470,2,20802,0),(70471,10,20802,0),(70472,2,20803,0),(70473,10,20803,0),(70474,2,20804,0),(70475,10,20804,0),(70476,2,20805,0),(70477,10,20805,0),(70478,2,20806,0),(70479,10,20806,0),(70480,2,20807,0),(70481,10,20807,0),(70482,2,20808,0),(70483,10,20808,0),(70484,2,20809,0),(70485,10,20809,0),(70486,2,20810,0),(70487,10,20810,0),(70488,2,20811,0),(70489,10,20811,0),(70490,2,20812,0),(70491,10,20812,0),(70492,2,20813,0),(70493,10,20813,0),(70494,2,20814,0),(70495,10,20814,0),(70496,2,20815,0),(70497,10,20815,0),(70498,2,20816,0),(70499,10,20816,0),(70500,2,20817,0),(70501,10,20817,0),(70502,2,20818,0),(70503,10,20818,0),(70504,2,20819,0),(70505,10,20819,0),(70506,2,20820,0),(70507,10,20820,0),(70508,2,20821,0),(70509,10,20821,0),(70510,2,20822,0),(70511,10,20822,0),(70554,2,20823,0),(70555,10,20823,0),(70556,2,20824,0),(70557,10,20824,0),(70558,2,20825,0),(70559,10,20825,0),(70560,2,20826,0),(70561,10,20826,0),(70562,2,20827,0),(70563,10,20827,0),(70564,2,20828,0),(70565,10,20828,0),(70566,2,20829,0),(70567,10,20829,0),(70568,2,20830,0),(70569,10,20830,0),(70570,2,20831,0),(70571,10,20831,0),(70572,2,20832,0),(70573,10,20832,0),(70574,2,20833,0),(70575,10,20833,0),(70576,2,20834,0),(70577,10,20834,0),(70578,2,20835,0),(70579,10,20835,0),(70580,2,20836,0),(70581,10,20836,0),(70582,2,20837,0),(70583,10,20837,0),(70584,2,20838,0),(70585,10,20838,0),(70586,2,20839,0),(70587,10,20839,0),(70588,2,20840,0),(70589,10,20840,0),(70590,2,20841,0),(70591,10,20841,0),(70592,2,20842,0),(70593,10,20842,0),(70594,2,20843,0),(70595,10,20843,0),(70596,2,20844,0),(70597,10,20844,0),(70598,2,20845,0),(70599,10,20845,0),(70600,2,20846,0),(70601,10,20846,0),(70602,2,20847,0),(70603,10,20847,0),(70604,2,20848,0),(70605,10,20848,0),(70606,2,20849,0),(70607,10,20849,0),(70608,2,20850,0),(70609,10,20850,0),(70610,2,20851,0),(70611,10,20851,0),(70612,2,20852,0),(70613,10,20852,0),(70614,2,20853,0),(70615,10,20853,0),(70616,2,20854,0),(70617,10,20854,0),(70618,2,20855,0),(70619,10,20855,0),(70620,2,20856,0),(70621,10,20856,0),(70622,2,20857,0),(70623,10,20857,0),(70624,2,20858,0),(70625,10,20858,0),(70626,2,20859,0),(70627,10,20859,0),(70628,2,20860,0),(70629,10,20860,0),(70630,2,20861,0),(70631,10,20861,0),(70632,2,20862,0),(70633,10,20862,0),(70634,2,20863,0),(70635,10,20863,0),(70636,2,20864,0),(70637,10,20864,0),(70638,2,20865,0),(70639,10,20865,0),(70640,2,20866,0),(70641,10,20866,0),(70642,2,20867,0),(70643,10,20867,0),(70644,2,20868,0),(70645,10,20868,0),(70646,2,20869,0),(70647,10,20869,0),(70648,2,20870,0),(70649,10,20870,0),(70650,2,20871,0),(70651,10,20871,0),(70652,2,20872,0),(70653,10,20872,0),(70654,2,20873,0),(70655,10,20873,0),(70656,2,20874,0),(70657,10,20874,0),(70658,2,20875,0),(70659,10,20875,0),(70660,2,20876,0),(70661,10,20876,0),(70662,2,20877,0),(70663,10,20877,0),(70664,2,20878,0),(70665,10,20878,0),(70666,2,20879,0),(70667,10,20879,0),(70668,2,20880,0),(70669,10,20880,0),(70670,2,20881,0),(70671,10,20881,0),(70672,2,20882,0),(70673,10,20882,0),(70674,2,20883,0),(70675,10,20883,0),(70676,2,20884,0),(70677,10,20884,0),(70678,2,20885,0),(70679,10,20885,0),(70680,2,20886,0),(70681,10,20886,0),(70682,2,20887,0),(70683,10,20887,0),(70684,2,20888,0),(70685,10,20888,0),(70686,2,20889,0),(70687,10,20889,0),(70688,2,20890,0),(70689,10,20890,0),(70690,2,20891,0),(70691,10,20891,0),(70692,2,20892,0),(70693,10,20892,0),(70694,2,20893,0),(70695,10,20893,0),(70696,2,20894,0),(70697,10,20894,0),(70698,2,20895,0),(70699,10,20895,0),(70700,2,20896,0),(70701,10,20896,0),(70702,2,20897,0),(70703,10,20897,0),(70704,2,20898,0),(70705,10,20898,0),(70706,2,20899,0),(70707,10,20899,0),(70708,2,20900,0),(70709,10,20900,0),(70710,2,20901,0),(70711,10,20901,0),(70712,2,20902,0),(70713,10,20902,0),(70714,2,20903,0),(70715,10,20903,0),(70716,2,20904,0),(70717,10,20904,0),(70754,2,20905,0),(70755,10,20905,0),(70756,2,20906,0),(70757,10,20906,0),(70758,2,20907,0),(70759,10,20907,0),(70760,2,20908,0),(70761,10,20908,0),(70762,2,20909,0),(70763,10,20909,0),(70764,2,20910,0),(70765,10,20910,0),(70766,2,20911,0),(70767,10,20911,0),(70768,2,20912,0),(70769,10,20912,0),(70770,2,20913,0),(70771,10,20913,0),(70772,2,20914,0),(70773,10,20914,0),(70774,2,20915,0),(70775,10,20915,0),(70776,2,20916,0),(70777,10,20916,0),(70778,2,20917,0),(70779,10,20917,0),(70780,2,20918,0),(70781,10,20918,0),(70782,2,20919,0),(70783,10,20919,0),(70784,2,20920,0),(70785,10,20920,0),(70786,2,20921,0),(70787,10,20921,0),(70788,2,20922,0),(70789,10,20922,0),(70790,2,20923,0),(70791,10,20923,0),(70792,2,20924,0),(70793,10,20924,0),(70794,2,20925,0),(70795,10,20925,0),(70796,2,20926,0),(70797,10,20926,0),(70798,2,20927,0),(70799,10,20927,0),(70800,2,20928,0),(70801,10,20928,0),(70802,2,20929,0),(70803,10,20929,0),(70804,2,20930,0),(70805,10,20930,0),(70806,2,20931,0),(70807,10,20931,0),(70808,2,20932,0),(70809,10,20932,0),(70810,2,20933,0),(70811,10,20933,0),(70812,2,20934,0),(70813,10,20934,0),(70814,2,20935,0),(70815,10,20935,0),(70816,2,20936,0),(70817,10,20936,0),(70818,2,20937,0),(70819,10,20937,0),(70820,2,20938,0),(70821,10,20938,0),(70822,2,20939,0),(70823,10,20939,0),(70824,2,20940,0),(70825,10,20940,0),(70826,2,20941,0),(70827,10,20941,0),(70828,2,20942,0),(70829,10,20942,0),(70830,2,20943,0),(70831,10,20943,0),(70832,2,20944,0),(70833,10,20944,0),(70834,2,20945,0),(70835,10,20945,0),(70836,2,20946,0),(70837,10,20946,0),(70838,2,20947,0),(70839,10,20947,0),(70840,2,20948,0),(70841,10,20948,0),(70842,2,20949,0),(70843,10,20949,0),(70844,2,20950,0),(70845,10,20950,0),(70846,2,20951,0),(70847,10,20951,0),(70848,2,20952,0),(70849,10,20952,0),(70850,2,20953,0),(70851,10,20953,0),(70852,2,20954,0),(70853,10,20954,0),(70854,2,20955,0),(70855,10,20955,0),(70856,2,20956,0),(70857,10,20956,0),(70858,2,20957,0),(70859,10,20957,0),(70860,2,20958,0),(70861,10,20958,0),(70862,2,20959,0),(70863,10,20959,0),(70864,2,20960,0),(70865,10,20960,0),(70866,2,20961,0),(70867,10,20961,0),(70868,2,20962,0),(70869,10,20962,0),(70870,2,20963,0),(70871,10,20963,0),(70872,2,20964,0),(70873,10,20964,0),(70874,2,20965,0),(70875,10,20965,0),(70876,2,20966,0),(70877,10,20966,0),(70878,2,20967,0),(70879,10,20967,0),(70880,2,20968,0),(70881,10,20968,0),(70882,2,20969,0),(70883,10,20969,0),(70884,2,20970,0),(70885,10,20970,0),(70886,2,20971,0),(70887,10,20971,0),(70888,2,20972,0),(70889,10,20972,0),(70890,2,20973,0),(70891,10,20973,0),(70892,2,20974,0),(70893,10,20974,0),(70894,2,20975,0),(70895,10,20975,0),(70896,2,20976,0),(70897,10,20976,0),(70898,2,20977,0),(70899,10,20977,0),(70900,2,20978,0),(70901,10,20978,0),(70902,2,20979,0),(70903,10,20979,0),(70904,2,20980,0),(70905,10,20980,0),(70906,2,20981,0),(70907,10,20981,0),(70908,2,20982,0),(70909,10,20982,0),(70910,2,20983,0),(70911,10,20983,0),(70912,2,20984,0),(70913,10,20984,0),(70914,2,20985,0),(70915,10,20985,0),(70916,2,20986,0),(70917,10,20986,0),(70918,2,20987,0),(70919,10,20987,0),(70920,2,20988,0),(70921,10,20988,0),(70922,2,20989,0),(70923,10,20989,0),(70924,2,20990,0),(70925,10,20990,0),(70926,2,20991,0),(70927,10,20991,0),(70928,2,20992,0),(70929,10,20992,0),(70930,2,20993,0),(70931,10,20993,0),(70932,2,20994,0),(70933,10,20994,0),(70954,2,20995,0),(70955,10,20995,0),(70956,2,20996,0),(70957,10,20996,0),(70958,2,20997,0),(70959,10,20997,0),(70960,2,20998,0),(70961,10,20998,0),(70962,2,20999,0),(70963,10,20999,0),(70964,2,21000,0),(70965,10,21000,0),(70966,2,21001,0),(70967,10,21001,0),(70968,2,21002,0),(70969,10,21002,0),(70970,2,21003,0),(70971,10,21003,0),(70972,2,21004,0),(70973,10,21004,0),(70974,2,21005,0),(70975,10,21005,0),(70976,2,21006,0),(70977,10,21006,0),(70978,2,21007,0),(70979,10,21007,0),(70980,2,21008,0),(70981,10,21008,0),(70982,2,21009,0),(70983,10,21009,0),(70984,2,21010,0),(70985,10,21010,0),(70986,2,21011,0),(70987,10,21011,0),(70988,2,21012,0),(70989,10,21012,0),(70990,2,21013,0),(70991,10,21013,0),(70992,2,21014,0),(70993,10,21014,0),(70994,2,21015,0),(70995,10,21015,0),(70996,2,21016,0),(70997,10,21016,0),(70998,2,21017,0),(70999,10,21017,0),(71000,2,21018,0),(71001,10,21018,0),(71002,2,21019,0),(71003,10,21019,0),(71004,2,21020,0),(71005,10,21020,0),(71006,2,21021,0),(71007,10,21021,0),(71008,2,21022,0),(71009,10,21022,0),(71010,2,21023,0),(71011,10,21023,0),(71012,2,21024,0),(71013,10,21024,0),(71014,2,21025,0),(71015,10,21025,0),(71016,2,21026,0),(71017,10,21026,0),(71018,2,21027,0),(71019,10,21027,0),(71020,2,21028,0),(71021,10,21028,0),(71022,2,21029,0),(71023,10,21029,0),(71024,2,21030,0),(71025,10,21030,0),(71026,2,21031,0),(71027,10,21031,0),(71028,2,21032,0),(71029,10,21032,0),(71030,2,21033,0),(71031,10,21033,0),(71032,2,21034,0),(71033,10,21034,0),(71034,2,21035,0),(71035,10,21035,0),(71036,2,21036,0),(71037,10,21036,0),(71038,2,21037,0),(71039,10,21037,0),(71040,2,21038,0),(71041,10,21038,0),(71042,2,21039,0),(71043,10,21039,0),(71044,2,21040,0),(71045,10,21040,0),(71046,2,21041,0),(71047,10,21041,0),(71048,2,21042,0),(71049,10,21042,0),(71050,2,21043,0),(71051,10,21043,0),(71052,2,21044,0),(71053,10,21044,0),(71054,2,21045,0),(71055,10,21045,0),(71056,2,21046,0),(71057,10,21046,0),(71058,2,21047,0),(71059,10,21047,0),(71060,2,21048,0),(71061,10,21048,0),(71062,2,21049,0),(71063,10,21049,0),(71064,2,21050,0),(71065,10,21050,0),(71066,2,21051,0),(71067,10,21051,0),(71068,2,21052,0),(71069,10,21052,0),(71070,2,21053,0),(71071,10,21053,0),(71072,2,21054,0),(71073,10,21054,0),(71074,2,21055,0),(71075,10,21055,0),(71076,2,21056,0),(71077,10,21056,0),(71078,2,21057,0),(71079,10,21057,0),(71080,2,21058,0),(71081,10,21058,0),(71082,2,21059,0),(71083,10,21059,0),(71084,2,21060,0),(71085,10,21060,0),(71086,2,21061,0),(71087,10,21061,0),(71088,2,21062,0),(71089,10,21062,0),(71090,2,21063,0),(71091,10,21063,0),(71092,2,21064,0),(71093,10,21064,0),(71094,2,21065,0),(71095,10,21065,0),(71096,2,21066,0),(71097,10,21066,0),(71098,2,21067,0),(71099,10,21067,0),(71100,2,21068,0),(71101,10,21068,0),(71102,2,21069,0),(71103,10,21069,0),(71104,2,21070,0),(71105,10,21070,0),(71106,2,21071,0),(71107,10,21071,0),(71108,2,21072,0),(71109,10,21072,0),(71110,2,21073,0),(71111,10,21073,0),(71112,2,21074,0),(71113,10,21074,0),(71114,2,21075,0),(71115,10,21075,0),(71116,2,21076,0),(71117,10,21076,0),(71118,2,21077,0),(71119,10,21077,0),(71120,2,21078,0),(71121,10,21078,0),(71122,2,21079,0),(71123,10,21079,0),(71124,2,21080,0),(71125,10,21080,0),(71126,2,21081,0),(71127,10,21081,0),(71154,2,21082,0),(71155,10,21082,0),(71156,2,21083,0),(71157,10,21083,0),(71158,2,21084,0),(71159,10,21084,0),(71160,2,21085,0),(71161,10,21085,0),(71162,2,21086,0),(71163,10,21086,0),(71164,2,21087,0),(71165,10,21087,0),(71166,2,21088,0),(71167,10,21088,0),(71168,2,21089,0),(71169,10,21089,0),(71170,2,21090,0),(71171,10,21090,0),(71172,2,21091,0),(71173,10,21091,0),(71174,2,21092,0),(71175,10,21092,0),(71176,2,21093,0),(71177,10,21093,0),(71178,2,21094,0),(71179,10,21094,0),(71180,2,21095,0),(71181,10,21095,0),(71182,2,21096,0),(71183,10,21096,0),(71184,2,21097,0),(71185,10,21097,0),(71186,2,21098,0),(71187,10,21098,0),(71188,2,21099,0),(71189,10,21099,0),(71190,2,21100,0),(71191,10,21100,0),(71192,2,21101,0),(71193,10,21101,0),(71194,2,21102,0),(71195,10,21102,0),(71196,2,21103,0),(71197,10,21103,0),(71198,2,21104,0),(71199,10,21104,0),(71200,2,21105,0),(71201,10,21105,0),(71202,2,21106,0),(71203,10,21106,0),(71204,2,21107,0),(71205,10,21107,0),(71206,2,21108,0),(71207,10,21108,0),(71208,2,21109,0),(71209,10,21109,0),(71210,2,21110,0),(71211,10,21110,0),(71212,2,21111,0),(71213,10,21111,0),(71214,2,21112,0),(71215,10,21112,0),(71216,2,21113,0),(71217,10,21113,0),(71218,2,21114,0),(71219,10,21114,0),(71220,2,21115,0),(71221,10,21115,0),(71222,2,21116,0),(71223,10,21116,0),(71224,2,21117,0),(71225,10,21117,0),(71226,2,21118,0),(71227,10,21118,0),(71228,2,21119,0),(71229,10,21119,0),(71230,2,21120,0),(71231,10,21120,0),(71232,2,21121,0),(71233,10,21121,0),(71234,2,21122,0),(71235,10,21122,0),(71236,2,21123,0),(71237,10,21123,0),(71238,2,21124,0),(71239,10,21124,0),(71240,2,21125,0),(71241,10,21125,0),(71242,2,21126,0),(71243,10,21126,0),(71244,2,21127,0),(71245,10,21127,0),(71246,2,21128,0),(71247,10,21128,0),(71248,2,21129,0),(71249,10,21129,0),(71250,2,21130,0),(71251,10,21130,0),(71252,2,21131,0),(71253,10,21131,0),(71254,2,21132,0),(71255,10,21132,0),(71256,2,21133,0),(71257,10,21133,0),(71258,2,21134,0),(71259,10,21134,0),(71260,2,21135,0),(71261,10,21135,0),(71262,2,21136,0),(71263,10,21136,0),(71264,2,21137,0),(71265,10,21137,0),(71266,2,21138,0),(71267,10,21138,0),(71268,2,21139,0),(71269,10,21139,0),(71270,2,21140,0),(71271,10,21140,0),(71272,2,21141,0),(71273,10,21141,0),(71274,2,21142,0),(71275,10,21142,0),(71276,2,21143,0),(71277,10,21143,0),(71278,2,21144,0),(71279,10,21144,0),(71280,2,21145,0),(71281,10,21145,0),(71282,2,21146,0),(71283,10,21146,0),(71284,2,21147,0),(71285,10,21147,0),(71286,2,21148,0),(71287,10,21148,0),(71288,2,21149,0),(71289,10,21149,0),(71290,2,21150,0),(71291,10,21150,0),(71292,2,21151,0),(71293,10,21151,0),(71294,2,21152,0),(71295,10,21152,0),(71296,2,21153,0),(71297,10,21153,0),(71298,2,21154,0),(71299,10,21154,0),(71300,2,21155,0),(71301,10,21155,0),(71302,2,21156,0),(71303,10,21156,0),(71304,2,21157,0),(71305,10,21157,0),(71306,2,21158,0),(71307,10,21158,0),(71308,2,21159,0),(71309,10,21159,0),(71310,2,21160,0),(71311,10,21160,0),(71354,2,21161,0),(71355,10,21161,0),(71356,2,21162,0),(71357,10,21162,0),(71358,2,21163,0),(71359,10,21163,0),(71360,2,21164,0),(71361,10,21164,0),(71362,2,21165,0),(71363,10,21165,0),(71364,2,21166,0),(71365,10,21166,0),(71366,2,21167,0),(71367,10,21167,0),(71368,2,21168,0),(71369,10,21168,0),(71370,2,21169,0),(71371,10,21169,0),(71372,2,21170,0),(71373,10,21170,0),(71374,2,21171,0),(71375,10,21171,0),(71376,2,21172,0),(71377,10,21172,0),(71378,2,21173,0),(71379,10,21173,0),(71380,2,21174,0),(71381,10,21174,0),(71382,2,21175,0),(71383,10,21175,0),(71384,2,21176,0),(71385,10,21176,0),(71386,2,21177,0),(71387,10,21177,0),(71388,2,21178,0),(71389,10,21178,0),(71390,2,21179,0),(71391,10,21179,0),(71392,2,21180,0),(71393,10,21180,0),(71394,2,21181,0),(71395,10,21181,0),(71396,2,21182,0),(71397,10,21182,0),(71398,2,21183,0),(71399,10,21183,0),(71400,2,21184,0),(71401,10,21184,0),(71402,2,21185,0),(71403,10,21185,0),(71404,2,21186,0),(71405,10,21186,0),(71406,2,21187,0),(71407,10,21187,0),(71408,2,21188,0),(71409,10,21188,0),(71410,2,21189,0),(71411,10,21189,0),(71412,2,21190,0),(71413,10,21190,0),(71414,2,21191,0),(71415,10,21191,0),(71416,2,21192,0),(71417,10,21192,0),(71418,2,21193,0),(71419,10,21193,0),(71420,2,21194,0),(71421,10,21194,0),(71422,2,21195,0),(71423,10,21195,0),(71424,2,21196,0),(71425,10,21196,0),(71426,2,21197,0),(71427,10,21197,0),(71428,2,21198,0),(71429,10,21198,0),(71430,2,21199,0),(71431,10,21199,0),(71432,2,21200,0),(71433,10,21200,0),(71434,2,21201,0),(71435,10,21201,0),(71436,2,21202,0),(71437,10,21202,0),(71438,2,21203,0),(71439,10,21203,0),(71440,2,21204,0),(71441,10,21204,0),(71442,2,21205,0),(71443,10,21205,0),(71444,2,21206,0),(71445,10,21206,0),(71446,2,21207,0),(71447,10,21207,0),(71448,2,21208,0),(71449,10,21208,0),(71450,2,21209,0),(71451,10,21209,0),(71452,2,21210,0),(71453,10,21210,0),(71454,2,21211,0),(71455,10,21211,0),(71456,2,21212,0),(71457,10,21212,0),(71458,2,21213,0),(71459,10,21213,0),(71460,2,21214,0),(71461,10,21214,0),(71462,2,21215,0),(71463,10,21215,0),(71464,2,21216,0),(71465,10,21216,0),(71466,2,21217,0),(71467,10,21217,0),(71468,2,21218,0),(71469,10,21218,0),(71470,2,21219,0),(71471,10,21219,0),(71472,2,21220,0),(71473,10,21220,0),(71474,2,21221,0),(71475,10,21221,0),(71476,2,21222,0),(71477,10,21222,0),(71478,2,21223,0),(71479,10,21223,0),(71480,2,21224,0),(71481,10,21224,0),(71482,2,21225,0),(71483,10,21225,0),(71484,2,21226,0),(71485,10,21226,0),(71486,2,21227,0),(71487,10,21227,0),(71488,2,21228,0),(71489,10,21228,0),(71490,2,21229,0),(71491,10,21229,0),(71492,2,21230,0),(71493,10,21230,0),(71494,2,21231,0),(71495,10,21231,0),(71496,2,21232,0),(71497,10,21232,0),(71498,2,21233,0),(71499,10,21233,0),(71500,2,21234,0),(71501,10,21234,0),(71502,2,21235,0),(71503,10,21235,0),(71504,2,21236,0),(71505,10,21236,0),(71506,2,21237,0),(71507,10,21237,0),(71508,2,21238,0),(71509,10,21238,0),(71510,2,21239,0),(71511,10,21239,0),(71512,2,21240,0),(71513,10,21240,0),(71514,2,21241,0),(71515,10,21241,0),(71516,2,21242,0),(71517,10,21242,0),(71518,2,21243,0),(71519,10,21243,0),(71520,2,21244,0),(71521,10,21244,0),(71522,2,21245,0),(71523,10,21245,0),(71524,2,21246,0),(71525,10,21246,0),(71526,2,21247,0),(71527,10,21247,0),(71528,2,21248,0),(71529,10,21248,0),(71530,2,21249,0),(71531,10,21249,0),(71532,2,21250,0),(71533,10,21250,0),(71534,2,21251,0),(71535,10,21251,0),(71536,2,21252,0),(71537,10,21252,0),(71538,2,21253,0),(71539,10,21253,0),(71540,2,21254,0),(71541,10,21254,0),(71554,2,21255,0),(71555,10,21255,0),(71556,2,21256,0),(71557,10,21256,0),(71558,2,21257,0),(71559,10,21257,0),(71560,2,21258,0),(71561,10,21258,0),(71562,2,21259,0),(71563,10,21259,0),(71564,2,21260,0),(71565,10,21260,0),(71566,2,21261,0),(71567,10,21261,0),(71568,2,21262,0),(71569,10,21262,0),(71570,2,21263,0),(71571,10,21263,0),(71572,2,21264,0),(71573,10,21264,0),(71574,2,21265,0),(71575,10,21265,0),(71576,2,21266,0),(71577,10,21266,0),(71578,2,21267,0),(71579,10,21267,0),(71580,2,21268,0),(71581,10,21268,0),(71582,2,21269,0),(71583,10,21269,0),(71584,2,21270,0),(71585,10,21270,0),(71586,2,21271,0),(71587,10,21271,0),(71588,2,21272,0),(71589,10,21272,0),(71590,2,21273,0),(71591,10,21273,0),(71592,2,21274,0),(71593,10,21274,0),(71594,2,21275,0),(71595,10,21275,0),(71596,2,21276,0),(71597,10,21276,0),(71598,2,21277,0),(71599,10,21277,0),(71600,2,21278,0),(71601,10,21278,0),(71602,2,21279,0),(71603,10,21279,0),(71604,2,21280,0),(71605,10,21280,0),(71606,2,21281,0),(71607,10,21281,0),(71608,2,21282,0),(71609,10,21282,0),(71610,2,21283,0),(71611,10,21283,0),(71612,2,21284,0),(71613,10,21284,0),(71614,2,21285,0),(71615,10,21285,0),(71616,2,21286,0),(71617,10,21286,0),(71618,2,21287,0),(71619,10,21287,0),(71620,2,21288,0),(71621,10,21288,0),(71622,2,21289,0),(71623,10,21289,0),(71624,2,21290,0),(71625,10,21290,0),(71626,2,21291,0),(71627,10,21291,0),(71628,2,21292,0),(71629,10,21292,0),(71630,2,21293,0),(71631,10,21293,0),(71632,2,21294,0),(71633,10,21294,0),(71634,2,21295,0),(71635,10,21295,0),(71636,2,21296,0),(71637,10,21296,0),(71638,2,21297,0),(71639,10,21297,0),(71640,2,21298,0),(71641,10,21298,0),(71642,2,21299,0),(71643,10,21299,0),(71644,2,21300,0),(71645,10,21300,0),(71646,2,21301,0),(71647,10,21301,0),(71648,2,21302,0),(71649,10,21302,0),(71650,2,21303,0),(71651,10,21303,0),(71652,2,21304,0),(71653,10,21304,0),(71654,2,21305,0),(71655,10,21305,0),(71656,2,21306,0),(71657,10,21306,0),(71658,2,21307,0),(71659,10,21307,0),(71660,2,21308,0),(71661,10,21308,0),(71662,2,21309,0),(71663,10,21309,0),(71664,2,21310,0),(71665,10,21310,0),(71666,2,21311,0),(71667,10,21311,0),(71668,2,21312,0),(71669,10,21312,0),(71670,2,21313,0),(71671,10,21313,0),(71672,2,21314,0),(71673,10,21314,0),(71674,2,21315,0),(71675,10,21315,0),(71676,2,21316,0),(71677,10,21316,0),(71678,2,21317,0),(71679,10,21317,0),(71680,2,21318,0),(71681,10,21318,0),(71682,2,21319,0),(71683,10,21319,0),(71684,2,21320,0),(71685,10,21320,0),(71686,2,21321,0),(71687,10,21321,0),(71688,2,21322,0),(71689,10,21322,0),(71690,2,21323,0),(71691,10,21323,0),(71692,2,21324,0),(71693,10,21324,0),(71694,2,21325,0),(71695,10,21325,0),(71696,2,21326,0),(71697,10,21326,0),(71698,2,21327,0),(71699,10,21327,0),(71700,2,21328,0),(71701,10,21328,0),(71702,2,21329,0),(71703,10,21329,0),(71704,2,21330,0),(71705,10,21330,0),(71706,2,21331,0),(71707,10,21331,0),(71708,2,21332,0),(71709,10,21332,0),(71710,2,21333,0),(71711,10,21333,0),(71712,2,21334,0),(71713,10,21334,0),(71714,2,21335,0),(71715,10,21335,0),(71716,2,21336,0),(71717,10,21336,0),(71718,2,21337,0),(71719,10,21337,0),(71720,2,21338,0),(71721,10,21338,0),(71722,2,21339,0),(71723,10,21339,0),(71724,2,21340,0),(71725,10,21340,0),(71726,2,21341,0),(71727,10,21341,0),(71728,2,21342,0),(71729,10,21342,0),(71730,2,21343,0),(71731,10,21343,0),(71732,2,21344,0),(71733,10,21344,0),(71734,2,21345,0),(71735,10,21345,0),(71736,2,21346,0),(71737,10,21346,0),(71738,2,21347,0),(71739,10,21347,0),(71740,2,21348,0),(71741,10,21348,0),(71754,2,21349,0),(71755,10,21349,0),(71756,2,21350,0),(71757,10,21350,0),(71758,2,21351,0),(71759,10,21351,0),(71760,2,21352,0),(71761,10,21352,0),(71762,2,21353,0),(71763,10,21353,0),(71764,2,21354,0),(71765,10,21354,0),(71766,2,21355,0),(71767,10,21355,0),(71768,2,21356,0),(71769,10,21356,0),(71770,2,21357,0),(71771,10,21357,0),(71772,2,21358,0),(71773,10,21358,0),(71774,2,21359,0),(71775,10,21359,0),(71776,2,21360,0),(71777,10,21360,0),(71778,2,21361,0),(71779,10,21361,0),(71780,2,21362,0),(71781,10,21362,0),(71782,2,21363,0),(71783,10,21363,0),(71784,2,21364,0),(71785,10,21364,0),(71786,2,21365,0),(71787,10,21365,0),(71788,2,21366,0),(71789,10,21366,0),(71790,2,21367,0),(71791,10,21367,0),(71792,2,21368,0),(71793,10,21368,0),(71794,2,21369,0),(71795,10,21369,0),(71796,2,21370,0),(71797,10,21370,0),(71798,2,21371,0),(71799,10,21371,0),(71800,2,21372,0),(71801,10,21372,0),(71802,2,21373,0),(71803,10,21373,0),(71804,2,21374,0),(71805,10,21374,0),(71806,2,21375,0),(71807,10,21375,0),(71808,2,21376,0),(71809,10,21376,0),(71810,2,21377,0),(71811,10,21377,0),(71812,2,21378,0),(71813,10,21378,0),(71814,2,21379,0),(71815,10,21379,0),(71816,2,21380,0),(71817,10,21380,0),(71818,2,21381,0),(71819,10,21381,0),(71820,2,21382,0),(71821,10,21382,0),(71822,2,21383,0),(71823,10,21383,0),(71824,2,21384,0),(71825,10,21384,0),(71826,2,21385,0),(71827,10,21385,0),(71828,2,21386,0),(71829,10,21386,0),(71830,2,21387,0),(71831,10,21387,0),(71832,2,21388,0),(71833,10,21388,0),(71834,2,21389,0),(71835,10,21389,0),(71836,2,21390,0),(71837,10,21390,0),(71838,2,21391,0),(71839,10,21391,0),(71840,2,21392,0),(71841,10,21392,0),(71842,2,21393,0),(71843,10,21393,0),(71844,2,21394,0),(71845,10,21394,0),(71846,2,21395,0),(71847,10,21395,0),(71848,2,21396,0),(71849,10,21396,0),(71850,2,21397,0),(71851,10,21397,0),(71852,2,21398,0),(71853,10,21398,0),(71854,2,21399,0),(71855,10,21399,0),(71856,2,21400,0),(71857,10,21400,0),(71858,2,21401,0),(71859,10,21401,0),(71860,2,21402,0),(71861,10,21402,0),(71862,2,21403,0),(71863,10,21403,0),(71864,2,21404,0),(71865,10,21404,0),(71866,2,21405,0),(71867,10,21405,0),(71868,2,21406,0),(71869,10,21406,0),(71870,2,21407,0),(71871,10,21407,0),(71872,2,21408,0),(71873,10,21408,0),(71874,2,21409,0),(71875,10,21409,0),(71876,2,21410,0),(71877,10,21410,0),(71878,2,21411,0),(71879,10,21411,0),(71880,2,21412,0),(71881,10,21412,0),(71882,2,21413,0),(71883,10,21413,0),(71884,2,21414,0),(71885,10,21414,0),(71886,2,21415,0),(71887,10,21415,0),(71888,2,21416,0),(71889,10,21416,0),(71890,2,21417,0),(71891,10,21417,0),(71892,2,21418,0),(71893,10,21418,0),(71894,2,21419,0),(71895,10,21419,0),(71896,2,21420,0),(71897,10,21420,0),(71898,2,21421,0),(71899,10,21421,0),(71900,2,21422,0),(71901,10,21422,0),(71902,2,21423,0),(71903,10,21423,0),(71904,2,21424,0),(71905,10,21424,0),(71906,2,21425,0),(71907,10,21425,0),(71908,2,21426,0),(71909,10,21426,0),(71910,2,21427,0),(71911,10,21427,0),(71912,2,21428,0),(71913,10,21428,0),(71914,2,21429,0),(71915,10,21429,0),(71916,2,21430,0),(71917,10,21430,0),(71918,2,21431,0),(71919,10,21431,0),(71920,2,21432,0),(71921,10,21432,0),(71922,2,21433,0),(71923,10,21433,0),(71924,2,21434,0),(71925,10,21434,0),(71926,2,21435,0),(71927,10,21435,0),(71928,2,21436,0),(71929,10,21436,0),(71930,2,21437,0),(71931,10,21437,0),(71932,2,21438,0),(71933,10,21438,0),(71934,2,21439,0),(71935,10,21439,0),(71936,2,21440,0),(71937,10,21440,0),(71938,2,21441,0),(71939,10,21441,0),(71940,2,21442,0),(71941,10,21442,0),(71942,2,21443,0),(71943,10,21443,0),(71944,2,21444,0),(71945,10,21444,0),(71954,2,21445,0),(71955,10,21445,0),(71956,2,21446,0),(71957,10,21446,0),(71958,2,21447,0),(71959,10,21447,0),(71960,2,21448,0),(71961,10,21448,0),(71962,2,21449,0),(71963,10,21449,0),(71964,2,21450,0),(71965,10,21450,0),(71966,2,21451,0),(71967,10,21451,0),(71968,2,21452,0),(71969,10,21452,0),(71970,2,21453,0),(71971,10,21453,0),(71972,2,21454,0),(71973,10,21454,0),(71974,2,21455,0),(71975,10,21455,0),(71976,2,21456,0),(71977,10,21456,0),(71978,2,21457,0),(71979,10,21457,0),(71980,2,21458,0),(71981,10,21458,0),(71982,2,21459,0),(71983,10,21459,0),(71984,2,21460,0),(71985,10,21460,0),(71986,2,21461,0),(71987,10,21461,0),(71988,2,21462,0),(71989,10,21462,0),(71990,2,21463,0),(71991,10,21463,0),(71992,2,21464,0),(71993,10,21464,0),(71994,2,21465,0),(71995,10,21465,0),(71996,2,21466,0),(71997,10,21466,0),(71998,2,21467,0),(71999,10,21467,0),(72000,2,21468,0),(72001,10,21468,0),(72002,2,21469,0),(72003,10,21469,0),(72004,2,21470,0),(72005,10,21470,0),(72006,2,21471,0),(72007,10,21471,0),(72008,2,21472,0),(72009,10,21472,0),(72010,2,21473,0),(72011,10,21473,0),(72012,2,21474,0),(72013,10,21474,0),(72014,2,21475,0),(72015,10,21475,0),(72016,2,21476,0),(72017,10,21476,0),(72018,2,21477,0),(72019,10,21477,0),(72020,2,21478,0),(72021,10,21478,0),(72022,2,21479,0),(72023,10,21479,0),(72024,2,21480,0),(72025,10,21480,0),(72026,2,21481,0),(72027,10,21481,0),(72028,2,21482,0),(72029,10,21482,0),(72030,2,21483,0),(72031,10,21483,0),(72032,2,21484,0),(72033,10,21484,0),(72034,2,21485,0),(72035,10,21485,0),(72036,2,21486,0),(72037,10,21486,0),(72038,2,21487,0),(72039,10,21487,0),(72040,2,21488,0),(72041,10,21488,0),(72042,2,21489,0),(72043,10,21489,0),(72044,2,21490,0),(72045,10,21490,0),(72046,2,21491,0),(72047,10,21491,0),(72048,2,21492,0),(72049,10,21492,0),(72050,2,21493,0),(72051,10,21493,0),(72052,2,21494,0),(72053,10,21494,0),(72054,2,21495,0),(72055,10,21495,0),(72056,2,21496,0),(72057,10,21496,0),(72058,2,21497,0),(72059,10,21497,0),(72060,2,21498,0),(72061,10,21498,0),(72062,2,21499,0),(72063,10,21499,0),(72064,2,21500,0),(72065,10,21500,0),(72066,2,21501,0),(72067,10,21501,0),(72068,2,21502,0),(72069,10,21502,0),(72070,2,21503,0),(72071,10,21503,0),(72072,2,21504,0),(72073,10,21504,0),(72074,2,21505,0),(72075,10,21505,0),(72076,2,21506,0),(72077,10,21506,0),(72078,2,21507,0),(72079,10,21507,0),(72080,2,21508,0),(72081,10,21508,0),(72082,2,21509,0),(72083,10,21509,0),(72084,2,21510,0),(72085,10,21510,0),(72086,2,21511,0),(72087,10,21511,0),(72088,2,21512,0),(72089,10,21512,0),(72090,2,21513,0),(72091,10,21513,0),(72092,2,21514,0),(72093,10,21514,0),(72094,2,21515,0),(72095,10,21515,0),(72096,2,21516,0),(72097,10,21516,0),(72098,2,21517,0),(72099,10,21517,0),(72100,2,21518,0),(72101,10,21518,0),(72102,2,21519,0),(72103,10,21519,0),(72104,2,21520,0),(72105,10,21520,0),(72106,2,21521,0),(72107,10,21521,0),(72108,2,21522,0),(72109,10,21522,0),(72110,2,21523,0),(72111,10,21523,0),(72112,2,21524,0),(72113,10,21524,0),(72114,2,21525,0),(72115,10,21525,0),(72116,2,21526,0),(72117,10,21526,0),(72118,2,21527,0),(72119,10,21527,0),(72120,2,21528,0),(72121,10,21528,0),(72122,2,21529,0),(72123,10,21529,0),(72124,2,21530,0),(72125,10,21530,0),(72126,2,21531,0),(72127,10,21531,0),(72128,2,21532,0),(72129,10,21532,0),(72130,2,21533,0),(72131,10,21533,0),(72132,2,21534,0),(72133,10,21534,0),(72134,2,21535,0),(72135,10,21535,0),(72136,2,21536,0),(72137,10,21536,0),(72138,2,21537,0),(72139,10,21537,0),(72140,2,21538,0),(72141,10,21538,0),(72142,2,21539,0),(72143,10,21539,0),(72144,2,21540,0),(72145,10,21540,0),(72146,2,21541,0),(72147,10,21541,0),(72148,2,21542,0),(72149,10,21542,0),(72150,2,21543,0),(72151,10,21543,0),(72154,2,21544,0),(72155,10,21544,0),(72156,2,21545,0),(72157,10,21545,0),(72158,2,21546,0),(72159,10,21546,0),(72160,2,21547,0),(72161,10,21547,0),(72162,2,21548,0),(72163,10,21548,0),(72164,2,21549,0),(72165,10,21549,0),(72166,2,21550,0),(72167,10,21550,0),(72168,2,21551,0),(72169,10,21551,0),(72170,2,21552,0),(72171,10,21552,0),(72172,2,21553,0),(72173,10,21553,0),(72174,2,21554,0),(72175,10,21554,0),(72176,2,21555,0),(72177,10,21555,0),(72178,2,21556,0),(72179,10,21556,0),(72180,2,21557,0),(72181,10,21557,0),(72182,2,21558,0),(72183,10,21558,0),(72184,2,21559,0),(72185,10,21559,0),(72186,2,21560,0),(72187,10,21560,0),(72188,2,21561,0),(72189,10,21561,0),(72190,2,21562,0),(72191,10,21562,0),(72192,2,21563,0),(72193,10,21563,0),(72194,2,21564,0),(72195,10,21564,0),(72196,2,21565,0),(72197,10,21565,0),(72198,2,21566,0),(72199,10,21566,0),(72200,2,21567,0),(72201,10,21567,0),(72202,2,21568,0),(72203,10,21568,0),(72204,2,21569,0),(72205,10,21569,0),(72206,2,21570,0),(72207,10,21570,0),(72208,2,21571,0),(72209,10,21571,0),(72210,2,21572,0),(72211,10,21572,0),(72212,2,21573,0),(72213,10,21573,0),(72214,2,21574,0),(72215,10,21574,0),(72216,2,21575,0),(72217,10,21575,0),(72218,2,21576,0),(72219,10,21576,0),(72220,2,21577,0),(72221,10,21577,0),(72222,2,21578,0),(72223,10,21578,0),(72224,2,21579,0),(72225,10,21579,0),(72226,2,21580,0),(72227,10,21580,0),(72228,2,21581,0),(72229,10,21581,0),(72230,2,21582,0),(72231,10,21582,0),(72232,2,21583,0),(72233,10,21583,0),(72234,2,21584,0),(72235,10,21584,0),(72236,2,21585,0),(72237,10,21585,0),(72238,2,21586,0),(72239,10,21586,0),(72240,2,21587,0),(72241,10,21587,0),(72242,2,21588,0),(72243,10,21588,0),(72244,2,21589,0),(72245,10,21589,0),(72246,2,21590,0),(72247,10,21590,0),(72248,2,21591,0),(72249,10,21591,0),(72250,2,21592,0),(72251,10,21592,0),(72252,2,21593,0),(72253,10,21593,0),(72254,2,21594,0),(72255,10,21594,0),(72256,2,21595,0),(72257,10,21595,0),(72258,2,21596,0),(72259,10,21596,0),(72260,2,21597,0),(72261,10,21597,0),(72262,2,21598,0),(72263,10,21598,0),(72264,2,21599,0),(72265,10,21599,0),(72266,2,21600,0),(72267,10,21600,0),(72268,2,21601,0),(72269,10,21601,0),(72270,2,21602,0),(72271,10,21602,0),(72272,2,21603,0),(72273,10,21603,0),(72274,2,21604,0),(72275,10,21604,0),(72276,2,21605,0),(72277,10,21605,0),(72278,2,21606,0),(72279,10,21606,0),(72280,2,21607,0),(72281,10,21607,0),(72282,2,21608,0),(72283,10,21608,0),(72284,2,21609,0),(72285,10,21609,0),(72286,2,21610,0),(72287,10,21610,0),(72288,2,21611,0),(72289,10,21611,0),(72290,2,21612,0),(72291,10,21612,0),(72292,2,21613,0),(72293,10,21613,0),(72294,2,21614,0),(72295,10,21614,0),(72296,2,21615,0),(72297,10,21615,0),(72298,2,21616,0),(72299,10,21616,0),(72300,2,21617,0),(72301,10,21617,0),(72302,2,21618,0),(72303,10,21618,0),(72304,2,21619,0),(72305,10,21619,0),(72306,2,21620,0),(72307,10,21620,0),(72308,2,21621,0),(72309,10,21621,0),(72310,2,21622,0),(72311,10,21622,0),(72312,2,21623,0),(72313,10,21623,0),(72314,2,21624,0),(72315,10,21624,0),(72316,2,21625,0),(72317,10,21625,0),(72318,2,21626,0),(72319,10,21626,0),(72320,2,21627,0),(72321,10,21627,0),(72322,2,21628,0),(72323,10,21628,0),(72324,2,21629,0),(72325,10,21629,0),(72326,2,21630,0),(72327,10,21630,0),(72328,2,21631,0),(72329,10,21631,0),(72330,2,21632,0),(72331,10,21632,0),(72332,2,21633,0),(72333,10,21633,0),(72334,2,21634,0),(72335,10,21634,0),(72354,2,21635,0),(72355,10,21635,0),(72356,2,21636,0),(72357,10,21636,0),(72358,2,21637,0),(72359,10,21637,0),(72360,2,21638,0),(72361,10,21638,0),(72362,2,21639,0),(72363,10,21639,0),(72364,2,21640,0),(72365,10,21640,0),(72366,2,21641,0),(72367,10,21641,0),(72368,2,21642,0),(72369,10,21642,0),(72370,2,21643,0),(72371,10,21643,0),(72372,2,21644,0),(72373,10,21644,0),(72374,2,21645,0),(72375,10,21645,0),(72376,2,21646,0),(72377,10,21646,0),(72378,2,21647,0),(72379,10,21647,0),(72380,2,21648,0),(72381,10,21648,0),(72382,2,21649,0),(72383,10,21649,0),(72384,2,21650,0),(72385,10,21650,0),(72386,2,21651,0),(72387,10,21651,0),(72388,2,21652,0),(72389,10,21652,0),(72390,2,21653,0),(72391,10,21653,0),(72392,2,21654,0),(72393,10,21654,0),(72394,2,21655,0),(72395,10,21655,0),(72396,2,21656,0),(72397,10,21656,0),(72398,2,21657,0),(72399,10,21657,0),(72400,2,21658,0),(72401,10,21658,0),(72402,2,21659,0),(72403,10,21659,0),(72404,2,21660,0),(72405,10,21660,0),(72406,2,21661,0),(72407,10,21661,0),(72408,2,21662,0),(72409,10,21662,0),(72410,2,21663,0),(72411,10,21663,0),(72412,2,21664,0),(72413,10,21664,0),(72414,2,21665,0),(72415,10,21665,0),(72416,2,21666,0),(72417,10,21666,0),(72418,2,21667,0),(72419,10,21667,0),(72420,2,21668,0),(72421,10,21668,0),(72422,2,21669,0),(72423,10,21669,0),(72424,2,21670,0),(72425,10,21670,0),(72426,2,21671,0),(72427,10,21671,0),(72428,2,21672,0),(72429,10,21672,0),(72430,2,21673,0),(72431,10,21673,0),(72432,2,21674,0),(72433,10,21674,0),(72434,2,21675,0),(72435,10,21675,0),(72436,2,21676,0),(72437,10,21676,0),(72438,2,21677,0),(72439,10,21677,0),(72440,2,21678,0),(72441,10,21678,0),(72442,2,21679,0),(72443,10,21679,0),(72444,2,21680,0),(72445,10,21680,0),(72446,2,21681,0),(72447,10,21681,0),(72448,2,21682,0),(72449,10,21682,0),(72450,2,21683,0),(72451,10,21683,0),(72452,2,21684,0),(72453,10,21684,0),(72454,2,21685,0),(72455,10,21685,0),(72456,2,21686,0),(72457,10,21686,0),(72458,2,21687,0),(72459,10,21687,0),(72460,2,21688,0),(72461,10,21688,0),(72462,2,21689,0),(72463,10,21689,0),(72464,2,21690,0),(72465,10,21690,0),(72466,2,21691,0),(72467,10,21691,0),(72468,2,21692,0),(72469,10,21692,0),(72470,2,21693,0),(72471,10,21693,0),(72472,2,21694,0),(72473,10,21694,0),(72474,2,21695,0),(72475,10,21695,0),(72476,2,21696,0),(72477,10,21696,0),(72478,2,21697,0),(72479,10,21697,0),(72480,2,21698,0),(72481,10,21698,0),(72482,2,21699,0),(72483,10,21699,0),(72484,2,21700,0),(72485,10,21700,0),(72486,2,21701,0),(72487,10,21701,0),(72488,2,21702,0),(72489,10,21702,0),(72490,2,21703,0),(72491,10,21703,0),(72492,2,21704,0),(72493,10,21704,0),(72494,2,21705,0),(72495,10,21705,0),(72496,2,21706,0),(72497,10,21706,0),(72498,2,21707,0),(72499,10,21707,0),(72500,2,21708,0),(72501,10,21708,0),(72502,2,21709,0),(72503,10,21709,0),(72504,2,21710,0),(72505,10,21710,0),(72506,2,21711,0),(72507,10,21711,0),(72508,2,21712,0),(72509,10,21712,0),(72510,2,21713,0),(72511,10,21713,0),(72512,2,21714,0),(72513,10,21714,0),(72514,2,21715,0),(72515,10,21715,0),(72516,2,21716,0),(72517,10,21716,0),(72518,2,21717,0),(72519,10,21717,0),(72520,2,21718,0),(72521,10,21718,0),(72522,2,21719,0),(72523,10,21719,0),(72524,2,21720,0),(72525,10,21720,0),(72526,2,21721,0),(72527,10,21721,0),(72528,2,21722,0),(72529,10,21722,0),(72530,2,21723,0),(72531,10,21723,0),(72532,2,21724,0),(72533,10,21724,0),(72534,2,21725,0),(72535,10,21725,0),(72536,2,21726,0),(72537,10,21726,0),(72538,2,21727,0),(72539,10,21727,0),(72540,2,21728,0),(72541,10,21728,0),(72542,2,21729,0),(72543,10,21729,0),(72544,2,21730,0),(72545,10,21730,0),(72554,2,21731,0),(72555,10,21731,0),(72556,2,21732,0),(72557,10,21732,0),(72558,2,21733,0),(72559,10,21733,0),(72560,2,21734,0),(72561,10,21734,0),(72562,2,21735,0),(72563,10,21735,0),(72564,2,21736,0),(72565,10,21736,0),(72566,2,21737,0),(72567,10,21737,0),(72568,2,21738,0),(72569,10,21738,0),(72570,2,21739,0),(72571,10,21739,0),(72572,2,21740,0),(72573,10,21740,0),(72574,2,21741,0),(72575,10,21741,0),(72576,2,21742,0),(72577,10,21742,0),(72578,2,21743,0),(72579,10,21743,0),(72580,2,21744,0),(72581,10,21744,0),(72582,2,21745,0),(72583,10,21745,0),(72584,2,21746,0),(72585,10,21746,0),(72586,2,21747,0),(72587,10,21747,0),(72588,2,21748,0),(72589,10,21748,0),(72590,2,21749,0),(72591,10,21749,0),(72592,2,21750,0),(72593,10,21750,0),(72594,2,21751,0),(72595,10,21751,0),(72596,2,21752,0),(72597,10,21752,0),(72598,2,21753,0),(72599,10,21753,0),(72600,2,21754,0),(72601,10,21754,0),(72602,2,21755,0),(72603,10,21755,0),(72604,2,21756,0),(72605,10,21756,0),(72606,2,21757,0),(72607,10,21757,0),(72608,2,21758,0),(72609,10,21758,0),(72610,2,21759,0),(72611,10,21759,0),(72612,2,21760,0),(72613,10,21760,0),(72614,2,21761,0),(72615,10,21761,0),(72616,2,21762,0),(72617,10,21762,0),(72618,2,21763,0),(72619,10,21763,0),(72620,2,21764,0),(72621,10,21764,0),(72622,2,21765,0),(72623,10,21765,0),(72624,2,21766,0),(72625,10,21766,0),(72626,2,21767,0),(72627,10,21767,0),(72628,2,21768,0),(72629,10,21768,0),(72630,2,21769,0),(72631,10,21769,0),(72632,2,21770,0),(72633,10,21770,0),(72634,2,21771,0),(72635,10,21771,0),(72636,2,21772,0),(72637,10,21772,0),(72638,2,21773,0),(72639,10,21773,0),(72640,2,21774,0),(72641,10,21774,0),(72642,2,21775,0),(72643,10,21775,0),(72644,2,21776,0),(72645,10,21776,0),(72646,2,21777,0),(72647,10,21777,0),(72648,2,21778,0),(72649,10,21778,0),(72650,2,21779,0),(72651,10,21779,0),(72652,2,21780,0),(72653,10,21780,0),(72654,2,21781,0),(72655,10,21781,0),(72656,2,21782,0),(72657,10,21782,0),(72658,2,21783,0),(72659,10,21783,0),(72660,2,21784,0),(72661,10,21784,0),(72662,2,21785,0),(72663,10,21785,0),(72664,2,21786,0),(72665,10,21786,0),(72666,2,21787,0),(72667,10,21787,0),(72668,2,21788,0),(72669,10,21788,0),(72670,2,21789,0),(72671,10,21789,0),(72672,2,21790,0),(72673,10,21790,0),(72674,2,21791,0),(72675,10,21791,0),(72676,2,21792,0),(72677,10,21792,0),(72678,2,21793,0),(72679,10,21793,0),(72680,2,21794,0),(72681,10,21794,0),(72682,2,21795,0),(72683,10,21795,0),(72684,2,21796,0),(72685,10,21796,0),(72686,2,21797,0),(72687,10,21797,0),(72688,2,21798,0),(72689,10,21798,0),(72690,2,21799,0),(72691,10,21799,0),(72692,2,21800,0),(72693,10,21800,0),(72694,2,21801,0),(72695,10,21801,0),(72696,2,21802,0),(72697,10,21802,0),(72698,2,21803,0),(72699,10,21803,0),(72700,2,21804,0),(72701,10,21804,0),(72702,2,21805,0),(72703,10,21805,0),(72704,2,21806,0),(72705,10,21806,0),(72706,2,21807,0),(72707,10,21807,0),(72708,2,21808,0),(72709,10,21808,0),(72710,2,21809,0),(72711,10,21809,0),(72712,2,21810,0),(72713,10,21810,0),(72714,2,21811,0),(72715,10,21811,0),(72716,2,21812,0),(72717,10,21812,0),(72718,2,21813,0),(72719,10,21813,0),(72720,2,21814,0),(72721,10,21814,0),(72722,2,21815,0),(72723,10,21815,0),(72724,2,21816,0),(72725,10,21816,0),(72726,2,21817,0),(72727,10,21817,0),(72728,2,21818,0),(72729,10,21818,0),(72730,2,21819,0),(72731,10,21819,0),(72732,2,21820,0),(72733,10,21820,0),(72734,2,21821,0),(72735,10,21821,0),(72736,2,21822,0),(72737,10,21822,0),(72738,2,21823,0),(72739,10,21823,0),(72740,2,21824,0),(72741,10,21824,0),(72742,2,21825,0),(72743,10,21825,0),(72744,2,21826,0),(72745,10,21826,0),(72754,2,21827,0),(72755,10,21827,0),(72756,2,21828,0),(72757,10,21828,0),(72758,2,21829,0),(72759,10,21829,0),(72760,2,21830,0),(72761,10,21830,0),(72762,2,21831,0),(72763,10,21831,0),(72764,2,21832,0),(72765,10,21832,0),(72766,2,21833,0),(72767,10,21833,0),(72768,2,21834,0),(72769,10,21834,0),(72770,2,21835,0),(72771,10,21835,0),(72772,2,21836,0),(72773,10,21836,0),(72774,2,21837,0),(72775,10,21837,0),(72776,2,21838,0),(72777,10,21838,0),(72778,2,21839,0),(72779,10,21839,0),(72780,2,21840,0),(72781,10,21840,0),(72782,2,21841,0),(72783,10,21841,0),(72784,2,21842,0),(72785,10,21842,0),(72786,2,21843,0),(72787,10,21843,0),(72788,2,21844,0),(72789,10,21844,0),(72790,2,21845,0),(72791,10,21845,0),(72792,2,21846,0),(72793,10,21846,0),(72794,2,21847,0),(72795,10,21847,0),(72796,2,21848,0),(72797,10,21848,0),(72798,2,21849,0),(72799,10,21849,0),(72800,2,21850,0),(72801,10,21850,0),(72802,2,21851,0),(72803,10,21851,0),(72804,2,21852,0),(72805,10,21852,0),(72806,2,21853,0),(72807,10,21853,0),(72808,2,21854,0),(72809,10,21854,0),(72810,2,21855,0),(72811,10,21855,0),(72812,2,21856,0),(72813,10,21856,0),(72814,2,21857,0),(72815,10,21857,0),(72816,2,21858,0),(72817,10,21858,0),(72818,2,21859,0),(72819,10,21859,0),(72820,2,21860,0),(72821,10,21860,0),(72822,2,21861,0),(72823,10,21861,0),(72824,2,21862,0),(72825,10,21862,0),(72826,2,21863,0),(72827,10,21863,0),(72828,2,21864,0),(72829,10,21864,0),(72830,2,21865,0),(72831,10,21865,0),(72832,2,21866,0),(72833,10,21866,0),(72834,2,21867,0),(72835,10,21867,0),(72836,2,21868,0),(72837,10,21868,0),(72838,2,21869,0),(72839,10,21869,0),(72840,2,21870,0),(72841,10,21870,0),(72842,2,21871,0),(72843,10,21871,0),(72844,2,21872,0),(72845,10,21872,0),(72846,2,21873,0),(72847,10,21873,0),(72848,2,21874,0),(72849,10,21874,0),(72850,2,21875,0),(72851,10,21875,0),(72852,2,21876,0),(72853,10,21876,0),(72854,2,21877,0),(72855,10,21877,0),(72856,2,21878,0),(72857,10,21878,0),(72858,2,21879,0),(72859,10,21879,0),(72860,2,21880,0),(72861,10,21880,0),(72862,2,21881,0),(72863,10,21881,0),(72864,2,21882,0),(72865,10,21882,0),(72866,2,21883,0),(72867,10,21883,0),(72868,2,21884,0),(72869,10,21884,0),(72870,2,21885,0),(72871,10,21885,0),(72872,2,21886,0),(72873,10,21886,0),(72874,2,21887,0),(72875,10,21887,0),(72876,2,21888,0),(72877,10,21888,0),(72878,2,21889,0),(72879,10,21889,0),(72880,2,21890,0),(72881,10,21890,0),(72882,2,21891,0),(72883,10,21891,0),(72884,2,21892,0),(72885,10,21892,0),(72886,2,21893,0),(72887,10,21893,0),(72888,2,21894,0),(72889,10,21894,0),(72890,2,21895,0),(72891,10,21895,0),(72892,2,21896,0),(72893,10,21896,0),(72894,2,21897,0),(72895,10,21897,0),(72896,2,21898,0),(72897,10,21898,0),(72898,2,21899,0),(72899,10,21899,0),(72900,2,21900,0),(72901,10,21900,0),(72902,2,21901,0),(72903,10,21901,0),(72904,2,21902,0),(72905,10,21902,0),(72906,2,21903,0),(72907,10,21903,0),(72908,2,21904,0),(72909,10,21904,0),(72910,2,21905,0),(72911,10,21905,0),(72912,2,21906,0),(72913,10,21906,0),(72914,2,21907,0),(72915,10,21907,0),(72916,2,21908,0),(72917,10,21908,0),(72918,2,21909,0),(72919,10,21909,0),(72954,2,21910,0),(72955,10,21910,0),(72956,2,21911,0),(72957,10,21911,0),(72958,2,21912,0),(72959,10,21912,0),(72960,2,21913,0),(72961,10,21913,0),(72962,2,21914,0),(72963,10,21914,0),(72964,2,21915,0),(72965,10,21915,0),(72966,2,21916,0),(72967,10,21916,0),(72968,2,21917,0),(72969,10,21917,0),(72970,2,21918,0),(72971,10,21918,0),(72972,2,21919,0),(72973,10,21919,0),(72974,2,21920,0),(72975,10,21920,0),(72976,2,21921,0),(72977,10,21921,0),(72978,2,21922,0),(72979,10,21922,0),(72980,2,21923,0),(72981,10,21923,0),(72982,2,21924,0),(72983,10,21924,0),(72984,2,21925,0),(72985,10,21925,0),(72986,2,21926,0),(72987,10,21926,0),(72988,2,21927,0),(72989,10,21927,0),(72990,2,21928,0),(72991,10,21928,0),(72992,2,21929,0),(72993,10,21929,0),(72994,2,21930,0),(72995,10,21930,0),(72996,2,21931,0),(72997,10,21931,0),(72998,2,21932,0),(72999,10,21932,0),(73000,2,21933,0),(73001,10,21933,0),(73002,2,21934,0),(73003,10,21934,0),(73004,2,21935,0),(73005,10,21935,0),(73006,2,21936,0),(73007,10,21936,0),(73008,2,21937,0),(73009,10,21937,0),(73010,2,21938,0),(73011,10,21938,0),(73012,2,21939,0),(73013,10,21939,0),(73014,2,21940,0),(73015,10,21940,0),(73016,2,21941,0),(73017,10,21941,0),(73018,2,21942,0),(73019,10,21942,0),(73020,2,21943,0),(73021,10,21943,0),(73022,2,21944,0),(73023,10,21944,0),(73024,2,21945,0),(73025,10,21945,0),(73026,2,21946,0),(73027,10,21946,0),(73028,2,21947,0),(73029,10,21947,0),(73030,2,21948,0),(73031,10,21948,0),(73032,2,21949,0),(73033,10,21949,0),(73034,2,21950,0),(73035,10,21950,0),(73036,2,21951,0),(73037,10,21951,0),(73038,2,21952,0),(73039,10,21952,0),(73040,2,21953,0),(73041,10,21953,0),(73042,2,21954,0),(73043,10,21954,0),(73044,2,21955,0),(73045,10,21955,0),(73046,2,21956,0),(73047,10,21956,0),(73048,2,21957,0),(73049,10,21957,0),(73050,2,21958,0),(73051,10,21958,0),(73052,2,21959,0),(73053,10,21959,0),(73054,2,21960,0),(73055,10,21960,0),(73056,2,21961,0),(73057,10,21961,0),(73058,2,21962,0),(73059,10,21962,0),(73060,2,21963,0),(73061,10,21963,0),(73062,2,21964,0),(73063,10,21964,0),(73064,2,21965,0),(73065,10,21965,0),(73066,2,21966,0),(73067,10,21966,0),(73068,2,21967,0),(73069,10,21967,0),(73070,2,21968,0),(73071,10,21968,0),(73072,2,21969,0),(73073,10,21969,0),(73074,2,21970,0),(73075,10,21970,0),(73076,2,21971,0),(73077,10,21971,0),(73078,2,21972,0),(73079,10,21972,0),(73080,2,21973,0),(73081,10,21973,0),(73082,2,21974,0),(73083,10,21974,0),(73084,2,21975,0),(73085,10,21975,0),(73086,2,21976,0),(73087,10,21976,0),(73088,2,21977,0),(73089,10,21977,0),(73090,2,21978,0),(73091,10,21978,0),(73092,2,21979,0),(73093,10,21979,0),(73094,2,21980,0),(73095,10,21980,0),(73096,2,21981,0),(73097,10,21981,0),(73098,2,21982,0),(73099,10,21982,0),(73100,2,21983,0),(73101,10,21983,0),(73102,2,21984,0),(73103,10,21984,0),(73104,2,21985,0),(73105,10,21985,0),(73106,2,21986,0),(73107,10,21986,0),(73108,2,21987,0),(73109,10,21987,0),(73110,2,21988,0),(73111,10,21988,0),(73112,2,21989,0),(73113,10,21989,0),(73114,2,21990,0),(73115,10,21990,0),(73116,2,21991,0),(73117,10,21991,0),(73118,2,21992,0),(73119,10,21992,0),(73120,2,21993,0),(73121,10,21993,0),(73122,2,21994,0),(73123,10,21994,0),(73124,2,21995,0),(73125,10,21995,0),(73126,2,21996,0),(73127,10,21996,0),(73128,2,21997,0),(73129,10,21997,0),(73130,2,21998,0),(73131,10,21998,0),(73132,2,21999,0),(73133,10,21999,0),(73134,2,22000,0),(73135,10,22000,0),(73154,2,22001,0),(73155,10,22001,0),(73156,2,22002,0),(73157,10,22002,0),(73158,2,22003,0),(73159,10,22003,0),(73160,2,22004,0),(73161,10,22004,0),(73162,2,22005,0),(73163,10,22005,0),(73164,2,22006,0),(73165,10,22006,0),(73166,2,22007,0),(73167,10,22007,0),(73168,2,22008,0),(73169,10,22008,0),(73170,2,22009,0),(73171,10,22009,0),(73172,2,22010,0),(73173,10,22010,0),(73174,2,22011,0),(73175,10,22011,0),(73176,2,22012,0),(73177,10,22012,0),(73178,2,22013,0),(73179,10,22013,0),(73180,2,22014,0),(73181,10,22014,0),(73182,2,22015,0),(73183,10,22015,0),(73184,2,22016,0),(73185,10,22016,0),(73186,2,22017,0),(73187,10,22017,0),(73188,2,22018,0),(73189,10,22018,0),(73190,2,22019,0),(73191,10,22019,0),(73192,2,22020,0),(73193,10,22020,0),(73194,2,22021,0),(73195,10,22021,0),(73196,2,22022,0),(73197,10,22022,0),(73198,2,22023,0),(73199,10,22023,0),(73200,2,22024,0),(73201,10,22024,0),(73202,2,22025,0),(73203,10,22025,0),(73204,2,22026,0),(73205,10,22026,0),(73206,2,22027,0),(73207,10,22027,0),(73208,2,22028,0),(73209,10,22028,0),(73210,2,22029,0),(73211,10,22029,0),(73212,2,22030,0),(73213,10,22030,0),(73214,2,22031,0),(73215,10,22031,0),(73216,2,22032,0),(73217,10,22032,0),(73218,2,22033,0),(73219,10,22033,0),(73220,2,22034,0),(73221,10,22034,0),(73222,2,22035,0),(73223,10,22035,0),(73224,2,22036,0),(73225,10,22036,0),(73226,2,22037,0),(73227,10,22037,0),(73228,2,22038,0),(73229,10,22038,0),(73230,2,22039,0),(73231,10,22039,0),(73232,2,22040,0),(73233,10,22040,0),(73234,2,22041,0),(73235,10,22041,0),(73236,2,22042,0),(73237,10,22042,0),(73238,2,22043,0),(73239,10,22043,0),(73240,2,22044,0),(73241,10,22044,0),(73242,2,22045,0),(73243,10,22045,0),(73244,2,22046,0),(73245,10,22046,0),(73246,2,22047,0),(73247,10,22047,0),(73248,2,22048,0),(73249,10,22048,0),(73250,2,22049,0),(73251,10,22049,0),(73252,2,22050,0),(73253,10,22050,0),(73254,2,22051,0),(73255,10,22051,0),(73256,2,22052,0),(73257,10,22052,0),(73258,2,22053,0),(73259,10,22053,0),(73260,2,22054,0),(73261,10,22054,0),(73262,2,22055,0),(73263,10,22055,0),(73264,2,22056,0),(73265,10,22056,0),(73266,2,22057,0),(73267,10,22057,0),(73268,2,22058,0),(73269,10,22058,0),(73270,2,22059,0),(73271,10,22059,0),(73272,2,22060,0),(73273,10,22060,0),(73274,2,22061,0),(73275,10,22061,0),(73276,2,22062,0),(73277,10,22062,0),(73278,2,22063,0),(73279,10,22063,0),(73280,2,22064,0),(73281,10,22064,0),(73282,2,22065,0),(73283,10,22065,0),(73284,2,22066,0),(73285,10,22066,0),(73286,2,22067,0),(73287,10,22067,0),(73288,2,22068,0),(73289,10,22068,0),(73290,2,22069,0),(73291,10,22069,0),(73292,2,22070,0),(73293,10,22070,0),(73294,2,22071,0),(73295,10,22071,0),(73296,2,22072,0),(73297,10,22072,0),(73298,2,22073,0),(73299,10,22073,0),(73300,2,22074,0),(73301,10,22074,0),(73302,2,22075,0),(73303,10,22075,0),(73304,2,22076,0),(73305,10,22076,0),(73306,2,22077,0),(73307,10,22077,0),(73308,2,22078,0),(73309,10,22078,0),(73310,2,22079,0),(73311,10,22079,0),(73312,2,22080,0),(73313,10,22080,0),(73314,2,22081,0),(73315,10,22081,0),(73316,2,22082,0),(73317,10,22082,0),(73318,2,22083,0),(73319,10,22083,0),(73320,2,22084,0),(73321,10,22084,0),(73322,2,22085,0),(73323,10,22085,0),(73324,2,22086,0),(73325,10,22086,0),(73326,2,22087,0),(73327,10,22087,0),(73328,2,22088,0),(73329,10,22088,0),(73330,2,22089,0),(73331,10,22089,0),(73332,2,22090,0),(73333,10,22090,0),(73334,2,22091,0),(73335,10,22091,0),(73336,2,22092,0),(73337,10,22092,0),(73338,2,22093,0),(73339,10,22093,0),(73340,2,22094,0),(73341,10,22094,0),(73354,2,22095,0),(73355,10,22095,0),(73356,2,22096,0),(73357,10,22096,0),(73358,2,22097,0),(73359,10,22097,0),(73360,2,22098,0),(73361,10,22098,0),(73362,2,22099,0),(73363,10,22099,0),(73364,2,22100,0),(73365,10,22100,0),(73366,2,22101,0),(73367,10,22101,0),(73368,2,22102,0),(73369,10,22102,0),(73370,2,22103,0),(73371,10,22103,0),(73372,2,22104,0),(73373,10,22104,0),(73374,2,22105,0),(73375,10,22105,0),(73376,2,22106,0),(73377,10,22106,0),(73378,2,22107,0),(73379,10,22107,0),(73380,2,22108,0),(73381,10,22108,0),(73382,2,22109,0),(73383,10,22109,0),(73384,2,22110,0),(73385,10,22110,0),(73386,2,22111,0),(73387,10,22111,0),(73388,2,22112,0),(73389,10,22112,0),(73390,2,22113,0),(73391,10,22113,0),(73392,2,22114,0),(73393,10,22114,0),(73394,2,22115,0),(73395,10,22115,0),(73396,2,22116,0),(73397,10,22116,0),(73398,2,22117,0),(73399,10,22117,0),(73400,2,22118,0),(73401,10,22118,0),(73402,2,22119,0),(73403,10,22119,0),(73404,2,22120,0),(73405,10,22120,0),(73406,2,22121,0),(73407,10,22121,0),(73408,2,22122,0),(73409,10,22122,0),(73410,2,22123,0),(73411,10,22123,0),(73412,2,22124,0),(73413,10,22124,0),(73414,2,22125,0),(73415,10,22125,0),(73416,2,22126,0),(73417,10,22126,0),(73418,2,22127,0),(73419,10,22127,0),(73420,2,22128,0),(73421,10,22128,0),(73422,2,22129,0),(73423,10,22129,0),(73424,2,22130,0),(73425,10,22130,0),(73426,2,22131,0),(73427,10,22131,0),(73428,2,22132,0),(73429,10,22132,0),(73430,2,22133,0),(73431,10,22133,0),(73432,2,22134,0),(73433,10,22134,0),(73434,2,22135,0),(73435,10,22135,0),(73436,2,22136,0),(73437,10,22136,0),(73438,2,22137,0),(73439,10,22137,0),(73440,2,22138,0),(73441,10,22138,0),(73442,2,22139,0),(73443,10,22139,0),(73444,2,22140,0),(73445,10,22140,0),(73446,2,22141,0),(73447,10,22141,0),(73448,2,22142,0),(73449,10,22142,0),(73450,2,22143,0),(73451,10,22143,0),(73452,2,22144,0),(73453,10,22144,0),(73454,2,22145,0),(73455,10,22145,0),(73456,2,22146,0),(73457,10,22146,0),(73458,2,22147,0),(73459,10,22147,0),(73460,2,22148,0),(73461,10,22148,0),(73462,2,22149,0),(73463,10,22149,0),(73464,2,22150,0),(73465,10,22150,0),(73466,2,22151,0),(73467,10,22151,0),(73468,2,22152,0),(73469,10,22152,0),(73470,2,22153,0),(73471,10,22153,0),(73472,2,22154,0),(73473,10,22154,0),(73474,2,22155,0),(73475,10,22155,0),(73476,2,22156,0),(73477,10,22156,0),(73478,2,22157,0),(73479,10,22157,0),(73480,2,22158,0),(73481,10,22158,0),(73482,2,22159,0),(73483,10,22159,0),(73484,2,22160,0),(73485,10,22160,0),(73486,2,22161,0),(73487,10,22161,0),(73488,2,22162,0),(73489,10,22162,0),(73490,2,22163,0),(73491,10,22163,0),(73492,2,22164,0),(73493,10,22164,0),(73494,2,22165,0),(73495,10,22165,0),(73496,2,22166,0),(73497,10,22166,0),(73498,2,22167,0),(73499,10,22167,0),(73500,2,22168,0),(73501,10,22168,0),(73502,2,22169,0),(73503,10,22169,0),(73504,2,22170,0),(73505,10,22170,0),(73506,2,22171,0),(73507,10,22171,0),(73508,2,22172,0),(73509,10,22172,0),(73510,2,22173,0),(73511,10,22173,0),(73512,2,22174,0),(73513,10,22174,0),(73514,2,22175,0),(73515,10,22175,0),(73516,2,22176,0),(73517,10,22176,0),(73518,2,22177,0),(73519,10,22177,0),(73520,2,22178,0),(73521,10,22178,0),(73522,2,22179,0),(73523,10,22179,0),(73524,2,22180,0),(73525,10,22180,0),(73526,2,22181,0),(73527,10,22181,0),(73528,2,22182,0),(73529,10,22182,0),(73530,2,22183,0),(73531,10,22183,0),(73534,2,22185,0),(73535,10,22185,0),(73536,2,22186,0),(73537,10,22186,0),(73540,2,22188,0),(73541,10,22188,0),(73544,2,22190,0),(73545,10,22190,0),(73546,2,22191,0),(73547,10,22191,0),(73548,2,22192,0),(73549,10,22192,0),(73550,2,22193,0),(73551,10,22193,0),(73552,2,22194,0),(73553,10,22194,0),(73554,2,22195,0),(73555,10,22195,0),(73556,2,22196,0),(73557,10,22196,0),(73558,2,22197,0),(73559,10,22197,0),(73562,2,22199,0),(73563,10,22199,0),(73564,2,22200,0),(73565,10,22200,0),(73566,2,22201,0),(73567,10,22201,0),(73568,2,22202,0),(73569,10,22202,0),(73570,2,22203,0),(73571,10,22203,0),(73572,2,22204,0),(73573,10,22204,0),(73574,2,22205,0),(73575,10,22205,0),(73576,2,22206,0),(73577,10,22206,0),(73578,2,22207,0),(73579,10,22207,0),(73580,2,22208,0),(73581,10,22208,0),(73582,2,22209,0),(73583,10,22209,0),(73584,2,22210,0),(73585,10,22210,0),(73586,2,22211,0),(73587,10,22211,0),(73588,2,22212,0),(73589,10,22212,0),(73590,2,22213,0),(73591,10,22213,0),(73592,2,22214,0),(73593,10,22214,0),(73594,2,22215,0),(73595,10,22215,0),(73596,2,22216,0),(73597,10,22216,0),(73598,2,22217,0),(73599,10,22217,0),(73600,2,22218,0),(73601,10,22218,0),(73602,2,22219,0),(73603,10,22219,0),(73604,2,22220,0),(73605,10,22220,0),(73606,2,22221,0),(73607,10,22221,0),(73608,2,22222,0),(73609,10,22222,0),(73610,2,22223,0),(73611,10,22223,0),(73612,2,22224,0),(73613,10,22224,0),(73614,2,22225,0),(73615,10,22225,0),(73616,2,22226,0),(73617,10,22226,0),(73618,2,22227,0),(73619,10,22227,0),(73620,2,22228,0),(73621,10,22228,0),(73622,2,22229,0),(73623,10,22229,0),(73624,2,22230,0),(73625,10,22230,0),(73626,2,22231,0),(73627,10,22231,0),(73628,2,22232,0),(73629,10,22232,0),(73630,2,22233,0),(73631,10,22233,0),(73632,2,22234,0),(73633,10,22234,0),(73634,2,22235,0),(73635,10,22235,0),(73636,2,22236,0),(73637,10,22236,0),(73638,2,22237,0),(73639,10,22237,0),(73640,2,22238,0),(73641,10,22238,0),(73642,2,22239,0),(73643,10,22239,0),(73644,2,22240,0),(73645,10,22240,0),(73646,2,22241,0),(73647,10,22241,0),(73648,2,22242,0),(73649,10,22242,0),(73650,2,22243,0),(73651,10,22243,0),(73652,2,22244,0),(73653,10,22244,0),(73654,2,22245,0),(73655,10,22245,0),(73656,2,22246,0),(73657,10,22246,0),(73658,2,22247,0),(73659,10,22247,0),(73660,2,22248,0),(73661,10,22248,0),(73662,2,22249,0),(73663,10,22249,0),(73664,2,22250,0),(73665,10,22250,0),(73666,2,22251,0),(73667,10,22251,0),(73668,2,22252,0),(73669,10,22252,0),(73670,2,22253,0),(73671,10,22253,0),(73672,2,22254,0),(73673,10,22254,0),(73674,2,22255,0),(73675,10,22255,0),(73676,2,22256,0),(73677,10,22256,0),(73678,2,22257,0),(73679,10,22257,0),(73680,2,22258,0),(73681,10,22258,0),(73682,2,22259,0),(73683,10,22259,0),(73684,2,22260,0),(73685,10,22260,0),(73686,2,22261,0),(73687,10,22261,0),(73688,2,22262,0),(73689,10,22262,0),(73690,2,22263,0),(73691,10,22263,0),(73692,2,22264,0),(73693,10,22264,0),(73694,2,22265,0),(73695,10,22265,0),(73696,2,22266,0),(73697,10,22266,0),(73698,2,22267,0),(73699,10,22267,0),(73700,2,22268,0),(73701,10,22268,0),(73702,2,22269,0),(73703,10,22269,0),(73704,2,22270,0),(73705,10,22270,0),(73706,2,22271,0),(73707,10,22271,0),(73708,2,22272,0),(73709,10,22272,0),(73710,2,22273,0),(73711,10,22273,0),(73712,2,22274,0),(73713,10,22274,0),(73714,2,22275,0),(73715,10,22275,0),(73716,2,22276,0),(73717,10,22276,0),(73718,2,22277,0),(73719,10,22277,0),(73720,2,22278,0),(73721,10,22278,0),(73722,2,22279,0),(73723,10,22279,0),(73724,2,22280,0),(73725,10,22280,0),(73726,2,22281,0),(73727,10,22281,0),(73728,2,22282,0),(73729,10,22282,0),(73730,2,22283,0),(73731,10,22283,0),(73732,2,22284,0),(73733,10,22284,0),(73734,2,22285,0),(73735,10,22285,0),(73736,2,22286,0),(73737,10,22286,0),(73738,2,22287,0),(73739,10,22287,0),(73754,2,22288,0),(73755,10,22288,0),(73756,2,22289,0),(73757,10,22289,0),(73758,2,22290,0),(73759,10,22290,0),(73760,2,22291,0),(73761,10,22291,0),(73762,2,22292,0),(73763,10,22292,0),(73764,2,22293,0),(73765,10,22293,0),(73766,2,22294,0),(73767,10,22294,0),(73920,2,22296,0),(73921,10,22296,0),(73922,2,22297,0),(73923,10,22297,0),(73952,2,22298,0),(73953,10,22298,0),(73954,2,22299,0),(73955,10,22299,0),(73956,10,22300,0),(73957,2,22301,0),(73958,10,22301,0),(73959,10,22303,0),(73960,10,22308,0),(73961,10,22306,0),(73962,2,22307,0),(73963,10,22307,0),(73964,2,22309,0),(73965,10,22309,0),(73966,2,22310,0),(73967,10,22310,0),(73968,10,22312,0),(73969,10,22311,0),(73970,2,22313,0),(73971,10,22313,0),(73972,2,22314,0),(73973,10,22314,0),(73974,2,22315,0),(73975,10,22315,0),(73976,2,22316,0),(73977,10,22316,0),(73978,2,22317,0),(73979,10,22317,0);

--
